{"id":12805,"date":"2025-04-19T11:52:32","date_gmt":"2025-04-19T14:52:32","guid":{"rendered":"https:\/\/deputadotaveirajr.com.br\/index.php\/sete-motoristas-sao-presos-por-embriaguez-ao-volante-em-um-dia-no-rn-maior-registro-desde-2016\/"},"modified":"2025-04-19T11:52:32","modified_gmt":"2025-04-19T14:52:32","slug":"sete-motoristas-sao-presos-por-embriaguez-ao-volante-em-um-dia-no-rn-maior-registro-desde-2016","status":"publish","type":"page","link":"https:\/\/deputadotaveirajr.com.br\/index.php\/sete-motoristas-sao-presos-por-embriaguez-ao-volante-em-um-dia-no-rn-maior-registro-desde-2016\/","title":{"rendered":"Sete motoristas s\u00e3o presos por embriaguez ao volante em um dia no RN, maior registro desde 2016"},"content":{"rendered":"<p><img decoding=\"async\" src=\"https:\/\/s2-g1.glbimg.com\/UIJybNftUJzvDGpcG0kIm4JQfxs=\/i.s3.glbimg.com\/v1\/AUTH_59edd422c0c84a879bd37670ae4f538a\/internal_photos\/bs\/2025\/C\/m\/9NHYL1Q7ukOGqaK54E6A\/2016.jpg\" \/><br \/>     Pris\u00f5es ocorreram em Natal, Maca\u00edba e S\u00e3o Jos\u00e9 de Mipibu na noite desta sexta-feira (18). Motorisas foram autuado com base no Artigo 306 do CTB. Registro de policiais militares em blitz da Lei Seca desta sexta-feia (18) na Grande Natal<br \/>\nDivulga\u00e7\u00e3o\/CPRE<br \/>\nA Opera\u00e7\u00e3o da Lei Seca prendeu na noite desta sexta-feira (18), na Grande Natal, sete motoristas por embriaguez ao volante. Esse foi o maior n\u00famero de pris\u00f5es pelo crime no Rio Grande do Norte em um \u00fanico dia desde 2016, segundo o Comando de Policiamento Rodovi\u00e1rio Estadual (CPRE).<br \/>\nDe acordo com o CPRE, foram tr\u00eas pris\u00f5es realizadas em Natal, duas em Maca\u00edba e duas em S\u00e3o Jos\u00e9 de Mipibu.<br \/>\n\ud83d\udcf3Participe do canal do g1 RN no WhatsApp<br \/>\nO CPRE informou que os motoristas apresentaram, nos testes de baf\u00f4metro, valores superiores a 0.33mg\/l, o que configura crime de tr\u00e2nsito.<br \/>\n\ud83d\udea8 Pela lei, um teste do baf\u00f4metro n\u00e3o pode passar de 0,04 mg\/l. De 0,05 mg\/l a 0,33mg\/l \u00e9 considerada infra\u00e7\u00e3o grav\u00edssima e acima disso crime de tr\u00e2nsito.<br \/>\nO maior teor registrado nesta sexta-feira entre os motoristas submetidos ao teste de alcoolemia foi o de um idoso de 71 anos de idade, que teve resultado de 1.03 mg\/l. Ele foi abordado pela blitz em Maca\u00edba.<br \/>\nOs presos foram encaminhados \u00e0s delegacias de pol\u00edcia e autuados com base no Artigo 306 do C\u00f3digo de Tr\u00e2nsito Brasileiro, que trata de:<br \/>\n&#8220;Conduzir ve\u00edculo automotor com capacidade psicomotora alterada em raz\u00e3o da influ\u00eancia de \u00e1lcool ou de outra subst\u00e2ncia psicoativa que determine depend\u00eancia&#8221;.<br \/>\nO artigo prev\u00ea pena de seis meses a tr\u00eas anos de pris\u00e3o, al\u00e9m de multa e suspens\u00e3o ou perda da Carteira Nacional de Habilita\u00e7\u00e3o (CNH).<br \/>\n\u2b07\ufe0f Motorista foi preso ap\u00f3s fugir de Lei Seca em Natal. Veja reportagem abaixo:<br \/>\nMotorista \u00e9 preso ap\u00f3s fugir de lei seca<br \/>\nV\u00eddeos mais assistidos do g1 RN<\/p>","protected":false},"excerpt":{"rendered":"<p>Pris\u00f5es ocorreram em Natal, Maca\u00edba e S\u00e3o Jos\u00e9 de Mipibu na noite desta sexta-feira (18). Motorisas foram autuado com base no Artigo 306 do CTB. Registro de policiais militares em &#8230;<\/p>\n","protected":false},"author":0,"featured_media":12806,"parent":0,"menu_order":0,"comment_status":"closed","ping_status":"closed","template":"","meta":{"footnotes":""},"class_list":["post-12805","page","type-page","status-publish","has-post-thumbnail","hentry"],"yoast_head":"<!-- This site is optimized with the Yoast SEO plugin v27.1.1 - https:\/\/yoast.com\/product\/yoast-seo-wordpress\/ -->\n<title>Sete motoristas s\u00e3o presos por embriaguez ao volante em um dia no RN, maior registro desde 2016 - Taveira Jr<\/title>\n<meta name=\"robots\" content=\"index, follow, max-snippet:-1, max-image-preview:large, max-video-preview:-1\" \/>\n<link rel=\"canonical\" href=\"https:\/\/deputadotaveirajr.com.br\/index.php\/sete-motoristas-sao-presos-por-embriaguez-ao-volante-em-um-dia-no-rn-maior-registro-desde-2016\/\" \/>\n<meta property=\"og:locale\" content=\"pt_BR\" \/>\n<meta property=\"og:type\" content=\"article\" \/>\n<meta property=\"og:title\" content=\"Sete motoristas s\u00e3o presos por embriaguez ao volante em um dia no RN, maior registro desde 2016 - Taveira Jr\" \/>\n<meta property=\"og:description\" content=\"Pris\u00f5es ocorreram em Natal, Maca\u00edba e S\u00e3o Jos\u00e9 de Mipibu na noite desta sexta-feira (18). Motorisas foram autuado com base no Artigo 306 do CTB. Registro de policiais militares em ...\" \/>\n<meta property=\"og:url\" content=\"https:\/\/deputadotaveirajr.com.br\/index.php\/sete-motoristas-sao-presos-por-embriaguez-ao-volante-em-um-dia-no-rn-maior-registro-desde-2016\/\" \/>\n<meta property=\"og:site_name\" content=\"Taveira Jr\" \/>\n<meta property=\"og:image\" content=\"https:\/\/s2-g1.glbimg.com\/UIJybNftUJzvDGpcG0kIm4JQfxs=\/i.s3.glbimg.com\/v1\/AUTH_59edd422c0c84a879bd37670ae4f538a\/internal_photos\/bs\/2025\/C\/m\/9NHYL1Q7ukOGqaK54E6A\/2016.jpg\" \/>\n<meta name=\"twitter:card\" content=\"summary_large_image\" \/>\n<meta name=\"twitter:label1\" content=\"Est. tempo de leitura\" \/>\n\t<meta name=\"twitter:data1\" content=\"2 minutos\" \/>\n<script type=\"application\/ld+json\" class=\"yoast-schema-graph\">{\"@context\":\"https:\/\/schema.org\",\"@graph\":[{\"@type\":\"WebPage\",\"@id\":\"https:\/\/deputadotaveirajr.com.br\/index.php\/sete-motoristas-sao-presos-por-embriaguez-ao-volante-em-um-dia-no-rn-maior-registro-desde-2016\/\",\"url\":\"https:\/\/deputadotaveirajr.com.br\/index.php\/sete-motoristas-sao-presos-por-embriaguez-ao-volante-em-um-dia-no-rn-maior-registro-desde-2016\/\",\"name\":\"Sete motoristas s\u00e3o presos por embriaguez ao volante em um dia no RN, maior registro desde 2016 - Taveira Jr\",\"isPartOf\":{\"@id\":\"https:\/\/deputadotaveirajr.com.br\/#website\"},\"primaryImageOfPage\":{\"@id\":\"https:\/\/deputadotaveirajr.com.br\/index.php\/sete-motoristas-sao-presos-por-embriaguez-ao-volante-em-um-dia-no-rn-maior-registro-desde-2016\/#primaryimage\"},\"image\":{\"@id\":\"https:\/\/deputadotaveirajr.com.br\/index.php\/sete-motoristas-sao-presos-por-embriaguez-ao-volante-em-um-dia-no-rn-maior-registro-desde-2016\/#primaryimage\"},\"thumbnailUrl\":\"https:\/\/deputadotaveirajr.com.br\/wp-content\/uploads\/2025\/04\/2016-V5toao.jpg\",\"datePublished\":\"2025-04-19T14:52:32+00:00\",\"breadcrumb\":{\"@id\":\"https:\/\/deputadotaveirajr.com.br\/index.php\/sete-motoristas-sao-presos-por-embriaguez-ao-volante-em-um-dia-no-rn-maior-registro-desde-2016\/#breadcrumb\"},\"inLanguage\":\"pt-BR\",\"potentialAction\":[{\"@type\":\"ReadAction\",\"target\":[\"https:\/\/deputadotaveirajr.com.br\/index.php\/sete-motoristas-sao-presos-por-embriaguez-ao-volante-em-um-dia-no-rn-maior-registro-desde-2016\/\"]}]},{\"@type\":\"ImageObject\",\"inLanguage\":\"pt-BR\",\"@id\":\"https:\/\/deputadotaveirajr.com.br\/index.php\/sete-motoristas-sao-presos-por-embriaguez-ao-volante-em-um-dia-no-rn-maior-registro-desde-2016\/#primaryimage\",\"url\":\"https:\/\/deputadotaveirajr.com.br\/wp-content\/uploads\/2025\/04\/2016-V5toao.jpg\",\"contentUrl\":\"https:\/\/deputadotaveirajr.com.br\/wp-content\/uploads\/2025\/04\/2016-V5toao.jpg\",\"width\":1250,\"height\":1325},{\"@type\":\"BreadcrumbList\",\"@id\":\"https:\/\/deputadotaveirajr.com.br\/index.php\/sete-motoristas-sao-presos-por-embriaguez-ao-volante-em-um-dia-no-rn-maior-registro-desde-2016\/#breadcrumb\",\"itemListElement\":[{\"@type\":\"ListItem\",\"position\":1,\"name\":\"In\u00edcio\",\"item\":\"https:\/\/deputadotaveirajr.com.br\/\"},{\"@type\":\"ListItem\",\"position\":2,\"name\":\"Sete motoristas s\u00e3o presos por embriaguez ao volante em um dia no RN, maior registro desde 2016\"}]},{\"@type\":\"WebSite\",\"@id\":\"https:\/\/deputadotaveirajr.com.br\/#website\",\"url\":\"https:\/\/deputadotaveirajr.com.br\/\",\"name\":\"Taveira Jr\",\"description\":\"Deputado Estadual\",\"publisher\":{\"@id\":\"https:\/\/deputadotaveirajr.com.br\/#organization\"},\"potentialAction\":[{\"@type\":\"SearchAction\",\"target\":{\"@type\":\"EntryPoint\",\"urlTemplate\":\"https:\/\/deputadotaveirajr.com.br\/?s={search_term_string}\"},\"query-input\":{\"@type\":\"PropertyValueSpecification\",\"valueRequired\":true,\"valueName\":\"search_term_string\"}}],\"inLanguage\":\"pt-BR\"},{\"@type\":\"Organization\",\"@id\":\"https:\/\/deputadotaveirajr.com.br\/#organization\",\"name\":\"Taveira Jr\",\"url\":\"https:\/\/deputadotaveirajr.com.br\/\",\"logo\":{\"@type\":\"ImageObject\",\"inLanguage\":\"pt-BR\",\"@id\":\"https:\/\/deputadotaveirajr.com.br\/#\/schema\/logo\/image\/\",\"url\":\"https:\/\/deputadotaveirajr.com.br\/wp-content\/uploads\/2026\/01\/logolow2a.png\",\"contentUrl\":\"https:\/\/deputadotaveirajr.com.br\/wp-content\/uploads\/2026\/01\/logolow2a.png\",\"width\":290,\"height\":80,\"caption\":\"Taveira Jr\"},\"image\":{\"@id\":\"https:\/\/deputadotaveirajr.com.br\/#\/schema\/logo\/image\/\"}}]}<\/script>\n<!-- \/ Yoast SEO plugin. -->","yoast_head_json":{"title":"Sete motoristas s\u00e3o presos por embriaguez ao volante em um dia no RN, maior registro desde 2016 - Taveira Jr","robots":{"index":"index","follow":"follow","max-snippet":"max-snippet:-1","max-image-preview":"max-image-preview:large","max-video-preview":"max-video-preview:-1"},"canonical":"https:\/\/deputadotaveirajr.com.br\/index.php\/sete-motoristas-sao-presos-por-embriaguez-ao-volante-em-um-dia-no-rn-maior-registro-desde-2016\/","og_locale":"pt_BR","og_type":"article","og_title":"Sete motoristas s\u00e3o presos por embriaguez ao volante em um dia no RN, maior registro desde 2016 - Taveira Jr","og_description":"Pris\u00f5es ocorreram em Natal, Maca\u00edba e S\u00e3o Jos\u00e9 de Mipibu na noite desta sexta-feira (18). Motorisas foram autuado com base no Artigo 306 do CTB. Registro de policiais militares em ...","og_url":"https:\/\/deputadotaveirajr.com.br\/index.php\/sete-motoristas-sao-presos-por-embriaguez-ao-volante-em-um-dia-no-rn-maior-registro-desde-2016\/","og_site_name":"Taveira Jr","og_image":[{"url":"https:\/\/s2-g1.glbimg.com\/UIJybNftUJzvDGpcG0kIm4JQfxs=\/i.s3.glbimg.com\/v1\/AUTH_59edd422c0c84a879bd37670ae4f538a\/internal_photos\/bs\/2025\/C\/m\/9NHYL1Q7ukOGqaK54E6A\/2016.jpg","type":"","width":"","height":""}],"twitter_card":"summary_large_image","twitter_misc":{"Est. tempo de leitura":"2 minutos"},"schema":{"@context":"https:\/\/schema.org","@graph":[{"@type":"WebPage","@id":"https:\/\/deputadotaveirajr.com.br\/index.php\/sete-motoristas-sao-presos-por-embriaguez-ao-volante-em-um-dia-no-rn-maior-registro-desde-2016\/","url":"https:\/\/deputadotaveirajr.com.br\/index.php\/sete-motoristas-sao-presos-por-embriaguez-ao-volante-em-um-dia-no-rn-maior-registro-desde-2016\/","name":"Sete motoristas s\u00e3o presos por embriaguez ao volante em um dia no RN, maior registro desde 2016 - Taveira Jr","isPartOf":{"@id":"https:\/\/deputadotaveirajr.com.br\/#website"},"primaryImageOfPage":{"@id":"https:\/\/deputadotaveirajr.com.br\/index.php\/sete-motoristas-sao-presos-por-embriaguez-ao-volante-em-um-dia-no-rn-maior-registro-desde-2016\/#primaryimage"},"image":{"@id":"https:\/\/deputadotaveirajr.com.br\/index.php\/sete-motoristas-sao-presos-por-embriaguez-ao-volante-em-um-dia-no-rn-maior-registro-desde-2016\/#primaryimage"},"thumbnailUrl":"https:\/\/deputadotaveirajr.com.br\/wp-content\/uploads\/2025\/04\/2016-V5toao.jpg","datePublished":"2025-04-19T14:52:32+00:00","breadcrumb":{"@id":"https:\/\/deputadotaveirajr.com.br\/index.php\/sete-motoristas-sao-presos-por-embriaguez-ao-volante-em-um-dia-no-rn-maior-registro-desde-2016\/#breadcrumb"},"inLanguage":"pt-BR","potentialAction":[{"@type":"ReadAction","target":["https:\/\/deputadotaveirajr.com.br\/index.php\/sete-motoristas-sao-presos-por-embriaguez-ao-volante-em-um-dia-no-rn-maior-registro-desde-2016\/"]}]},{"@type":"ImageObject","inLanguage":"pt-BR","@id":"https:\/\/deputadotaveirajr.com.br\/index.php\/sete-motoristas-sao-presos-por-embriaguez-ao-volante-em-um-dia-no-rn-maior-registro-desde-2016\/#primaryimage","url":"https:\/\/deputadotaveirajr.com.br\/wp-content\/uploads\/2025\/04\/2016-V5toao.jpg","contentUrl":"https:\/\/deputadotaveirajr.com.br\/wp-content\/uploads\/2025\/04\/2016-V5toao.jpg","width":1250,"height":1325},{"@type":"BreadcrumbList","@id":"https:\/\/deputadotaveirajr.com.br\/index.php\/sete-motoristas-sao-presos-por-embriaguez-ao-volante-em-um-dia-no-rn-maior-registro-desde-2016\/#breadcrumb","itemListElement":[{"@type":"ListItem","position":1,"name":"In\u00edcio","item":"https:\/\/deputadotaveirajr.com.br\/"},{"@type":"ListItem","position":2,"name":"Sete motoristas s\u00e3o presos por embriaguez ao volante em um dia no RN, maior registro desde 2016"}]},{"@type":"WebSite","@id":"https:\/\/deputadotaveirajr.com.br\/#website","url":"https:\/\/deputadotaveirajr.com.br\/","name":"Taveira Jr","description":"Deputado Estadual","publisher":{"@id":"https:\/\/deputadotaveirajr.com.br\/#organization"},"potentialAction":[{"@type":"SearchAction","target":{"@type":"EntryPoint","urlTemplate":"https:\/\/deputadotaveirajr.com.br\/?s={search_term_string}"},"query-input":{"@type":"PropertyValueSpecification","valueRequired":true,"valueName":"search_term_string"}}],"inLanguage":"pt-BR"},{"@type":"Organization","@id":"https:\/\/deputadotaveirajr.com.br\/#organization","name":"Taveira Jr","url":"https:\/\/deputadotaveirajr.com.br\/","logo":{"@type":"ImageObject","inLanguage":"pt-BR","@id":"https:\/\/deputadotaveirajr.com.br\/#\/schema\/logo\/image\/","url":"https:\/\/deputadotaveirajr.com.br\/wp-content\/uploads\/2026\/01\/logolow2a.png","contentUrl":"https:\/\/deputadotaveirajr.com.br\/wp-content\/uploads\/2026\/01\/logolow2a.png","width":290,"height":80,"caption":"Taveira Jr"},"image":{"@id":"https:\/\/deputadotaveirajr.com.br\/#\/schema\/logo\/image\/"}}]}},"_links":{"self":[{"href":"https:\/\/deputadotaveirajr.com.br\/index.php\/wp-json\/wp\/v2\/pages\/12805","targetHints":{"allow":["GET"]}}],"collection":[{"href":"https:\/\/deputadotaveirajr.com.br\/index.php\/wp-json\/wp\/v2\/pages"}],"about":[{"href":"https:\/\/deputadotaveirajr.com.br\/index.php\/wp-json\/wp\/v2\/types\/page"}],"replies":[{"embeddable":true,"href":"https:\/\/deputadotaveirajr.com.br\/index.php\/wp-json\/wp\/v2\/comments?post=12805"}],"version-history":[{"count":0,"href":"https:\/\/deputadotaveirajr.com.br\/index.php\/wp-json\/wp\/v2\/pages\/12805\/revisions"}],"wp:featuredmedia":[{"embeddable":true,"href":"https:\/\/deputadotaveirajr.com.br\/index.php\/wp-json\/wp\/v2\/media\/12806"}],"wp:attachment":[{"href":"https:\/\/deputadotaveirajr.com.br\/index.php\/wp-json\/wp\/v2\/media?parent=12805"}],"curies":[{"name":"wp","href":"https:\/\/api.w.org\/{rel}","templated":true}]}}