{"id":12807,"date":"2025-04-19T10:47:22","date_gmt":"2025-04-19T13:47:22","guid":{"rendered":"https:\/\/deputadotaveirajr.com.br\/index.php\/video-incendio-atinge-pousada-em-sao-miguel-do-gostoso\/"},"modified":"2025-04-19T10:47:22","modified_gmt":"2025-04-19T13:47:22","slug":"video-incendio-atinge-pousada-em-sao-miguel-do-gostoso","status":"publish","type":"page","link":"https:\/\/deputadotaveirajr.com.br\/index.php\/video-incendio-atinge-pousada-em-sao-miguel-do-gostoso\/","title":{"rendered":"V\u00cdDEO: Inc\u00eandio atinge pousada em S\u00e3o Miguel do Gostoso"},"content":{"rendered":"<p><img decoding=\"async\" src=\"https:\/\/s2-g1.glbimg.com\/UOzzzF7DM3Ys9hZ0FUVT30WNScQ=\/i.s3.glbimg.com\/v1\/AUTH_59edd422c0c84a879bd37670ae4f538a\/internal_photos\/bs\/2025\/x\/j\/dA097ASlaiinIf0Q9Gdw\/incendio-sao-miguel.png\" \/><br \/>     Ningu\u00e9m ficou ferido, segundo o Corpo de Bombeiros, que informou ainda que chamas foram controladas antes de atingir \u00e1reas vizinhas. Moradores inicaram combate com baldes de \u00e1gua. Inc\u00eandio atinge pousada em S\u00e3o Miguel do Gostoso (RN)<br \/>\nUm inc\u00eandio na noite desta sexta-feira (18) atingiu uma pousada em S\u00e3o Miguel do Gostoso, cidade tur\u00edstica no litoral do Rio Grande do Norte localizada a cerca de 100 km de Natal. Ningu\u00e9m ficou ferido, segundo o Corpo de Bombeiros.<br \/>\nUm v\u00eddeo registrado pr\u00f3ximo ao local mostrou o momento em que o inc\u00eandio ocorreu e a altura que as chamas atingiram (veja v\u00eddeo).<br \/>\n\ud83d\udcf3Participe do canal do g1 RN no WhatsApp<br \/>\nO inc\u00eandio aconteceu numa comunidade conhecida como Reduto, por volta das 22h. O nome da pousada n\u00e3o foi informado pelas autoridades.<br \/>\nSegundo o Corpo de Bombeiros, as chamas se alastraram de forma r\u00e1pida &#8220;devido \u00e0 grande quantidade de madeira, al\u00e9m da a\u00e7\u00e3o dos fortes ventos caracter\u00edsticos da regi\u00e3o&#8221;.<br \/>\nO Corpo de Bombeiros informou que conseguiu controlar o inc\u00eandio e impedir que o fogo se espalhasse por \u00e1reas vizinhas. A popula\u00e7\u00e3o local combateu inicialmente o inc\u00eandio jogando baldes de \u00e1gua.<br \/>\nAs causas do inc\u00eandio eram desconhecidas, segundo a corpora\u00e7\u00e3o, que informou que a pousada vai passar por uma per\u00edcia t\u00e9cnica para identificar o que teria provocado as chamas.<br \/>\n&#8220;O Corpo de Bombeiros refor\u00e7a a import\u00e2ncia de medidas preventivas contra inc\u00eandios, especialmente em edifica\u00e7\u00f5es com grande fluxo de pessoas ou constru\u00eddas com materiais de f\u00e1cil combust\u00e3o&#8221;, informou em nota o Corpo de Bombeiros.<br \/>\nInc\u00eandios em S\u00e3o Miguel do Gostoso<br \/>\nReprodu\u00e7\u00e3o<br \/>\nV\u00eddeos mais assistidos do g1 RN<\/p>","protected":false},"excerpt":{"rendered":"<p>Ningu\u00e9m ficou ferido, segundo o Corpo de Bombeiros, que informou ainda que chamas foram controladas antes de atingir \u00e1reas vizinhas. Moradores inicaram combate com baldes de \u00e1gua. Inc\u00eandio atinge pousada &#8230;<\/p>\n","protected":false},"author":0,"featured_media":12808,"parent":0,"menu_order":0,"comment_status":"closed","ping_status":"closed","template":"","meta":{"footnotes":""},"class_list":["post-12807","page","type-page","status-publish","has-post-thumbnail","hentry"],"yoast_head":"<!-- This site is optimized with the Yoast SEO plugin v27.1.1 - https:\/\/yoast.com\/product\/yoast-seo-wordpress\/ -->\n<title>V\u00cdDEO: Inc\u00eandio atinge pousada em S\u00e3o Miguel do Gostoso - Taveira Jr<\/title>\n<meta name=\"robots\" content=\"index, follow, max-snippet:-1, max-image-preview:large, max-video-preview:-1\" \/>\n<link rel=\"canonical\" href=\"https:\/\/deputadotaveirajr.com.br\/index.php\/video-incendio-atinge-pousada-em-sao-miguel-do-gostoso\/\" \/>\n<meta property=\"og:locale\" content=\"pt_BR\" \/>\n<meta property=\"og:type\" content=\"article\" \/>\n<meta property=\"og:title\" content=\"V\u00cdDEO: Inc\u00eandio atinge pousada em S\u00e3o Miguel do Gostoso - Taveira Jr\" \/>\n<meta property=\"og:description\" content=\"Ningu\u00e9m ficou ferido, segundo o Corpo de Bombeiros, que informou ainda que chamas foram controladas antes de atingir \u00e1reas vizinhas. Moradores inicaram combate com baldes de \u00e1gua. Inc\u00eandio atinge pousada ...\" \/>\n<meta property=\"og:url\" content=\"https:\/\/deputadotaveirajr.com.br\/index.php\/video-incendio-atinge-pousada-em-sao-miguel-do-gostoso\/\" \/>\n<meta property=\"og:site_name\" content=\"Taveira Jr\" \/>\n<meta property=\"og:image\" content=\"https:\/\/s2-g1.glbimg.com\/UOzzzF7DM3Ys9hZ0FUVT30WNScQ=\/i.s3.glbimg.com\/v1\/AUTH_59edd422c0c84a879bd37670ae4f538a\/internal_photos\/bs\/2025\/x\/j\/dA097ASlaiinIf0Q9Gdw\/incendio-sao-miguel.png\" \/>\n<meta name=\"twitter:card\" content=\"summary_large_image\" \/>\n<meta name=\"twitter:label1\" content=\"Est. tempo de leitura\" \/>\n\t<meta name=\"twitter:data1\" content=\"1 minuto\" \/>\n<script type=\"application\/ld+json\" class=\"yoast-schema-graph\">{\"@context\":\"https:\/\/schema.org\",\"@graph\":[{\"@type\":\"WebPage\",\"@id\":\"https:\/\/deputadotaveirajr.com.br\/index.php\/video-incendio-atinge-pousada-em-sao-miguel-do-gostoso\/\",\"url\":\"https:\/\/deputadotaveirajr.com.br\/index.php\/video-incendio-atinge-pousada-em-sao-miguel-do-gostoso\/\",\"name\":\"V\u00cdDEO: Inc\u00eandio atinge pousada em S\u00e3o Miguel do Gostoso - Taveira Jr\",\"isPartOf\":{\"@id\":\"https:\/\/deputadotaveirajr.com.br\/#website\"},\"primaryImageOfPage\":{\"@id\":\"https:\/\/deputadotaveirajr.com.br\/index.php\/video-incendio-atinge-pousada-em-sao-miguel-do-gostoso\/#primaryimage\"},\"image\":{\"@id\":\"https:\/\/deputadotaveirajr.com.br\/index.php\/video-incendio-atinge-pousada-em-sao-miguel-do-gostoso\/#primaryimage\"},\"thumbnailUrl\":\"https:\/\/deputadotaveirajr.com.br\/wp-content\/uploads\/2025\/04\/incendio-sao-miguel-MtbNr9.jpg\",\"datePublished\":\"2025-04-19T13:47:22+00:00\",\"breadcrumb\":{\"@id\":\"https:\/\/deputadotaveirajr.com.br\/index.php\/video-incendio-atinge-pousada-em-sao-miguel-do-gostoso\/#breadcrumb\"},\"inLanguage\":\"pt-BR\",\"potentialAction\":[{\"@type\":\"ReadAction\",\"target\":[\"https:\/\/deputadotaveirajr.com.br\/index.php\/video-incendio-atinge-pousada-em-sao-miguel-do-gostoso\/\"]}]},{\"@type\":\"ImageObject\",\"inLanguage\":\"pt-BR\",\"@id\":\"https:\/\/deputadotaveirajr.com.br\/index.php\/video-incendio-atinge-pousada-em-sao-miguel-do-gostoso\/#primaryimage\",\"url\":\"https:\/\/deputadotaveirajr.com.br\/wp-content\/uploads\/2025\/04\/incendio-sao-miguel-MtbNr9.jpg\",\"contentUrl\":\"https:\/\/deputadotaveirajr.com.br\/wp-content\/uploads\/2025\/04\/incendio-sao-miguel-MtbNr9.jpg\",\"width\":2000,\"height\":2000},{\"@type\":\"BreadcrumbList\",\"@id\":\"https:\/\/deputadotaveirajr.com.br\/index.php\/video-incendio-atinge-pousada-em-sao-miguel-do-gostoso\/#breadcrumb\",\"itemListElement\":[{\"@type\":\"ListItem\",\"position\":1,\"name\":\"In\u00edcio\",\"item\":\"https:\/\/deputadotaveirajr.com.br\/\"},{\"@type\":\"ListItem\",\"position\":2,\"name\":\"V\u00cdDEO: Inc\u00eandio atinge pousada em S\u00e3o Miguel do Gostoso\"}]},{\"@type\":\"WebSite\",\"@id\":\"https:\/\/deputadotaveirajr.com.br\/#website\",\"url\":\"https:\/\/deputadotaveirajr.com.br\/\",\"name\":\"Taveira Jr\",\"description\":\"Deputado Estadual\",\"publisher\":{\"@id\":\"https:\/\/deputadotaveirajr.com.br\/#organization\"},\"potentialAction\":[{\"@type\":\"SearchAction\",\"target\":{\"@type\":\"EntryPoint\",\"urlTemplate\":\"https:\/\/deputadotaveirajr.com.br\/?s={search_term_string}\"},\"query-input\":{\"@type\":\"PropertyValueSpecification\",\"valueRequired\":true,\"valueName\":\"search_term_string\"}}],\"inLanguage\":\"pt-BR\"},{\"@type\":\"Organization\",\"@id\":\"https:\/\/deputadotaveirajr.com.br\/#organization\",\"name\":\"Taveira Jr\",\"url\":\"https:\/\/deputadotaveirajr.com.br\/\",\"logo\":{\"@type\":\"ImageObject\",\"inLanguage\":\"pt-BR\",\"@id\":\"https:\/\/deputadotaveirajr.com.br\/#\/schema\/logo\/image\/\",\"url\":\"https:\/\/deputadotaveirajr.com.br\/wp-content\/uploads\/2026\/01\/logolow2a.png\",\"contentUrl\":\"https:\/\/deputadotaveirajr.com.br\/wp-content\/uploads\/2026\/01\/logolow2a.png\",\"width\":290,\"height\":80,\"caption\":\"Taveira Jr\"},\"image\":{\"@id\":\"https:\/\/deputadotaveirajr.com.br\/#\/schema\/logo\/image\/\"}}]}<\/script>\n<!-- \/ Yoast SEO plugin. -->","yoast_head_json":{"title":"V\u00cdDEO: Inc\u00eandio atinge pousada em S\u00e3o Miguel do Gostoso - Taveira Jr","robots":{"index":"index","follow":"follow","max-snippet":"max-snippet:-1","max-image-preview":"max-image-preview:large","max-video-preview":"max-video-preview:-1"},"canonical":"https:\/\/deputadotaveirajr.com.br\/index.php\/video-incendio-atinge-pousada-em-sao-miguel-do-gostoso\/","og_locale":"pt_BR","og_type":"article","og_title":"V\u00cdDEO: Inc\u00eandio atinge pousada em S\u00e3o Miguel do Gostoso - Taveira Jr","og_description":"Ningu\u00e9m ficou ferido, segundo o Corpo de Bombeiros, que informou ainda que chamas foram controladas antes de atingir \u00e1reas vizinhas. Moradores inicaram combate com baldes de \u00e1gua. Inc\u00eandio atinge pousada ...","og_url":"https:\/\/deputadotaveirajr.com.br\/index.php\/video-incendio-atinge-pousada-em-sao-miguel-do-gostoso\/","og_site_name":"Taveira Jr","og_image":[{"url":"https:\/\/s2-g1.glbimg.com\/UOzzzF7DM3Ys9hZ0FUVT30WNScQ=\/i.s3.glbimg.com\/v1\/AUTH_59edd422c0c84a879bd37670ae4f538a\/internal_photos\/bs\/2025\/x\/j\/dA097ASlaiinIf0Q9Gdw\/incendio-sao-miguel.png","type":"","width":"","height":""}],"twitter_card":"summary_large_image","twitter_misc":{"Est. tempo de leitura":"1 minuto"},"schema":{"@context":"https:\/\/schema.org","@graph":[{"@type":"WebPage","@id":"https:\/\/deputadotaveirajr.com.br\/index.php\/video-incendio-atinge-pousada-em-sao-miguel-do-gostoso\/","url":"https:\/\/deputadotaveirajr.com.br\/index.php\/video-incendio-atinge-pousada-em-sao-miguel-do-gostoso\/","name":"V\u00cdDEO: Inc\u00eandio atinge pousada em S\u00e3o Miguel do Gostoso - Taveira Jr","isPartOf":{"@id":"https:\/\/deputadotaveirajr.com.br\/#website"},"primaryImageOfPage":{"@id":"https:\/\/deputadotaveirajr.com.br\/index.php\/video-incendio-atinge-pousada-em-sao-miguel-do-gostoso\/#primaryimage"},"image":{"@id":"https:\/\/deputadotaveirajr.com.br\/index.php\/video-incendio-atinge-pousada-em-sao-miguel-do-gostoso\/#primaryimage"},"thumbnailUrl":"https:\/\/deputadotaveirajr.com.br\/wp-content\/uploads\/2025\/04\/incendio-sao-miguel-MtbNr9.jpg","datePublished":"2025-04-19T13:47:22+00:00","breadcrumb":{"@id":"https:\/\/deputadotaveirajr.com.br\/index.php\/video-incendio-atinge-pousada-em-sao-miguel-do-gostoso\/#breadcrumb"},"inLanguage":"pt-BR","potentialAction":[{"@type":"ReadAction","target":["https:\/\/deputadotaveirajr.com.br\/index.php\/video-incendio-atinge-pousada-em-sao-miguel-do-gostoso\/"]}]},{"@type":"ImageObject","inLanguage":"pt-BR","@id":"https:\/\/deputadotaveirajr.com.br\/index.php\/video-incendio-atinge-pousada-em-sao-miguel-do-gostoso\/#primaryimage","url":"https:\/\/deputadotaveirajr.com.br\/wp-content\/uploads\/2025\/04\/incendio-sao-miguel-MtbNr9.jpg","contentUrl":"https:\/\/deputadotaveirajr.com.br\/wp-content\/uploads\/2025\/04\/incendio-sao-miguel-MtbNr9.jpg","width":2000,"height":2000},{"@type":"BreadcrumbList","@id":"https:\/\/deputadotaveirajr.com.br\/index.php\/video-incendio-atinge-pousada-em-sao-miguel-do-gostoso\/#breadcrumb","itemListElement":[{"@type":"ListItem","position":1,"name":"In\u00edcio","item":"https:\/\/deputadotaveirajr.com.br\/"},{"@type":"ListItem","position":2,"name":"V\u00cdDEO: Inc\u00eandio atinge pousada em S\u00e3o Miguel do Gostoso"}]},{"@type":"WebSite","@id":"https:\/\/deputadotaveirajr.com.br\/#website","url":"https:\/\/deputadotaveirajr.com.br\/","name":"Taveira Jr","description":"Deputado Estadual","publisher":{"@id":"https:\/\/deputadotaveirajr.com.br\/#organization"},"potentialAction":[{"@type":"SearchAction","target":{"@type":"EntryPoint","urlTemplate":"https:\/\/deputadotaveirajr.com.br\/?s={search_term_string}"},"query-input":{"@type":"PropertyValueSpecification","valueRequired":true,"valueName":"search_term_string"}}],"inLanguage":"pt-BR"},{"@type":"Organization","@id":"https:\/\/deputadotaveirajr.com.br\/#organization","name":"Taveira Jr","url":"https:\/\/deputadotaveirajr.com.br\/","logo":{"@type":"ImageObject","inLanguage":"pt-BR","@id":"https:\/\/deputadotaveirajr.com.br\/#\/schema\/logo\/image\/","url":"https:\/\/deputadotaveirajr.com.br\/wp-content\/uploads\/2026\/01\/logolow2a.png","contentUrl":"https:\/\/deputadotaveirajr.com.br\/wp-content\/uploads\/2026\/01\/logolow2a.png","width":290,"height":80,"caption":"Taveira Jr"},"image":{"@id":"https:\/\/deputadotaveirajr.com.br\/#\/schema\/logo\/image\/"}}]}},"_links":{"self":[{"href":"https:\/\/deputadotaveirajr.com.br\/index.php\/wp-json\/wp\/v2\/pages\/12807","targetHints":{"allow":["GET"]}}],"collection":[{"href":"https:\/\/deputadotaveirajr.com.br\/index.php\/wp-json\/wp\/v2\/pages"}],"about":[{"href":"https:\/\/deputadotaveirajr.com.br\/index.php\/wp-json\/wp\/v2\/types\/page"}],"replies":[{"embeddable":true,"href":"https:\/\/deputadotaveirajr.com.br\/index.php\/wp-json\/wp\/v2\/comments?post=12807"}],"version-history":[{"count":0,"href":"https:\/\/deputadotaveirajr.com.br\/index.php\/wp-json\/wp\/v2\/pages\/12807\/revisions"}],"wp:featuredmedia":[{"embeddable":true,"href":"https:\/\/deputadotaveirajr.com.br\/index.php\/wp-json\/wp\/v2\/media\/12808"}],"wp:attachment":[{"href":"https:\/\/deputadotaveirajr.com.br\/index.php\/wp-json\/wp\/v2\/media?parent=12807"}],"curies":[{"name":"wp","href":"https:\/\/api.w.org\/{rel}","templated":true}]}}