{"id":12813,"date":"2025-04-22T19:54:54","date_gmt":"2025-04-22T22:54:54","guid":{"rendered":"https:\/\/deputadotaveirajr.com.br\/index.php\/liminar-determina-gratuidade-em-renovacao-de-cnh-para-idosos-no-rn\/"},"modified":"2025-04-22T19:54:54","modified_gmt":"2025-04-22T22:54:54","slug":"liminar-determina-gratuidade-em-renovacao-de-cnh-para-idosos-no-rn","status":"publish","type":"page","link":"https:\/\/deputadotaveirajr.com.br\/index.php\/liminar-determina-gratuidade-em-renovacao-de-cnh-para-idosos-no-rn\/","title":{"rendered":"Liminar determina gratuidade em renova\u00e7\u00e3o de CNH para idosos no RN"},"content":{"rendered":"<p><img decoding=\"async\" src=\"https:\/\/s2-g1.glbimg.com\/JQRQtLsP3_WBGWsFXWzncTwSfnk=\/i.s3.glbimg.com\/v1\/AUTH_59edd422c0c84a879bd37670ae4f538a\/internal_photos\/bs\/2024\/m\/p\/Ra4J8KRPySCni5O56IiA\/foto-5.jpeg\" \/><br \/>     A\u00e7\u00e3o foi movida pelo Minist\u00e9rio P\u00fablico do RN com base em legisla\u00e7\u00e3o estadual e no Estatuto de Idoso. Detran informou que n\u00e3o iria se pronunciar at\u00e9 ser notificado oficialmente. CNH<br \/>\nMarley Lima\/ SupCom ALE-RR<br \/>\nUma decis\u00e3o liminar da  1\u00aa Vara de Execu\u00e7\u00e3o Fiscal e Tribut\u00e1ria de Natal determinou a gratuidade na taxa de renova\u00e7\u00e3o da Carteira Nacional de Habilita\u00e7\u00e3o (CNH) para idosos a partir de 65 anos no Rio Grande do Norte.<br \/>\nA decis\u00e3o judicial foi obtida em a\u00e7\u00e3o civil p\u00fablica movida pelo Minist\u00e9rio P\u00fablico do RN (MPRN) contra o Estado e o Departamento Estadual de Tr\u00e2nsito do RN (Detran\/RN).<br \/>\n\ud83d\udcf3Participe do canal do g1 RN no WhatsApp<br \/>\nO Detran-RN informou nesta ter\u00e7a-feira (22) que n\u00e3o iria se pronunciar e que aguardava notifica\u00e7\u00e3o oficial do judici\u00e1rio para saber o teor da decis\u00e3o, al\u00e9m de aguardar o direcionamento da Procuradoria-Geral do Estado.<br \/>\nA liminar obriga o Detran a suspender imediatamente a cobran\u00e7a da taxa, em cumprimento \u00e0 Lei Estadual n\u00ba 10.157\/2017 e ao Estatuto do Idoso, que garantem a gratuidade.<br \/>\nEm caso de descumprimento, a Justi\u00e7a determinou uma multa di\u00e1ria de R$ 5 mil, com o valor revertido para o Fundo Estadual da Pessoa Idosa.<br \/>\nViola\u00e7\u00e3o do princ\u00edpio de legalidade, diz MP<br \/>\nA a\u00e7\u00e3o do MPRN foi movida pela 42\u00aa Promotoria de Justi\u00e7a de Natal. Antes de acionar a Justi\u00e7a, o MP informou que fez diversas tentativas extrajudiciais de solucionar a quest\u00e3o, incluindo o envio de of\u00edcios e a realiza\u00e7\u00e3o de audi\u00eancias.<br \/>\nO MP alegava que a cobran\u00e7a da taxa representava viola\u00e7\u00e3o do princ\u00edpio da legalidade, abuso de poder administrativo, desvio de finalidade e a inconstitucionalidade pr\u00e1tica, al\u00e9m de ferir os princ\u00edpios da impessoalidade e da moralidade administrativa.<br \/>\n&#8220;Por\u00e9m, n\u00e3o houve uma manifesta\u00e7\u00e3o positiva, por parte do Governo do Estado, no sentido de cessar a cobran\u00e7a da taxa indevida&#8221;, informou o MP.<br \/>\nA legisla\u00e7\u00e3o estadual previa que o Detran estabelecesse o procedimento para a isen\u00e7\u00e3o em at\u00e9 45 dias ap\u00f3s a publica\u00e7\u00e3o da lei, o que n\u00e3o aconteceu, tornando a cobran\u00e7a irregular, segundo o MP.<br \/>\n&#8220;Logo, a cobran\u00e7a da taxa de renova\u00e7\u00e3o da CNH de idosos com mais de 65 anos \u00e9 considerada indevida e representa uma barreira econ\u00f4mica, com preju\u00edzo aos idosos, diante da omiss\u00e3o do Detran&#8221;, informou o MP.<br \/>\n\u2b07\ufe0f Detran liberou, no fim de 2024, a transfer\u00eancia de ve\u00edculos de forma completamente eletr\u00f4nica no RN. Veja abaixo:<br \/>\nDetran libera transfer\u00eancia de ve\u00edculos de forma eletr\u00f4nica no RN<br \/>\nV\u00eddeos mais assistidos do g1 RN<\/p>","protected":false},"excerpt":{"rendered":"<p>A\u00e7\u00e3o foi movida pelo Minist\u00e9rio P\u00fablico do RN com base em legisla\u00e7\u00e3o estadual e no Estatuto de Idoso. Detran informou que n\u00e3o iria se pronunciar at\u00e9 ser notificado oficialmente. CNH &#8230;<\/p>\n","protected":false},"author":0,"featured_media":12814,"parent":0,"menu_order":0,"comment_status":"closed","ping_status":"closed","template":"","meta":{"footnotes":""},"class_list":["post-12813","page","type-page","status-publish","has-post-thumbnail","hentry"],"yoast_head":"<!-- This site is optimized with the Yoast SEO plugin v27.1.1 - https:\/\/yoast.com\/product\/yoast-seo-wordpress\/ -->\n<title>Liminar determina gratuidade em renova\u00e7\u00e3o de CNH para idosos no RN - Taveira Jr<\/title>\n<meta name=\"robots\" content=\"index, follow, max-snippet:-1, max-image-preview:large, max-video-preview:-1\" \/>\n<link rel=\"canonical\" href=\"https:\/\/deputadotaveirajr.com.br\/index.php\/liminar-determina-gratuidade-em-renovacao-de-cnh-para-idosos-no-rn\/\" \/>\n<meta property=\"og:locale\" content=\"pt_BR\" \/>\n<meta property=\"og:type\" content=\"article\" \/>\n<meta property=\"og:title\" content=\"Liminar determina gratuidade em renova\u00e7\u00e3o de CNH para idosos no RN - Taveira Jr\" \/>\n<meta property=\"og:description\" content=\"A\u00e7\u00e3o foi movida pelo Minist\u00e9rio P\u00fablico do RN com base em legisla\u00e7\u00e3o estadual e no Estatuto de Idoso. Detran informou que n\u00e3o iria se pronunciar at\u00e9 ser notificado oficialmente. CNH ...\" \/>\n<meta property=\"og:url\" content=\"https:\/\/deputadotaveirajr.com.br\/index.php\/liminar-determina-gratuidade-em-renovacao-de-cnh-para-idosos-no-rn\/\" \/>\n<meta property=\"og:site_name\" content=\"Taveira Jr\" \/>\n<meta property=\"og:image\" content=\"https:\/\/s2-g1.glbimg.com\/JQRQtLsP3_WBGWsFXWzncTwSfnk=\/i.s3.glbimg.com\/v1\/AUTH_59edd422c0c84a879bd37670ae4f538a\/internal_photos\/bs\/2024\/m\/p\/Ra4J8KRPySCni5O56IiA\/foto-5.jpeg\" \/>\n<meta name=\"twitter:card\" content=\"summary_large_image\" \/>\n<meta name=\"twitter:label1\" content=\"Est. tempo de leitura\" \/>\n\t<meta name=\"twitter:data1\" content=\"2 minutos\" \/>\n<script type=\"application\/ld+json\" class=\"yoast-schema-graph\">{\"@context\":\"https:\/\/schema.org\",\"@graph\":[{\"@type\":\"WebPage\",\"@id\":\"https:\/\/deputadotaveirajr.com.br\/index.php\/liminar-determina-gratuidade-em-renovacao-de-cnh-para-idosos-no-rn\/\",\"url\":\"https:\/\/deputadotaveirajr.com.br\/index.php\/liminar-determina-gratuidade-em-renovacao-de-cnh-para-idosos-no-rn\/\",\"name\":\"Liminar determina gratuidade em renova\u00e7\u00e3o de CNH para idosos no RN - Taveira Jr\",\"isPartOf\":{\"@id\":\"https:\/\/deputadotaveirajr.com.br\/#website\"},\"primaryImageOfPage\":{\"@id\":\"https:\/\/deputadotaveirajr.com.br\/index.php\/liminar-determina-gratuidade-em-renovacao-de-cnh-para-idosos-no-rn\/#primaryimage\"},\"image\":{\"@id\":\"https:\/\/deputadotaveirajr.com.br\/index.php\/liminar-determina-gratuidade-em-renovacao-de-cnh-para-idosos-no-rn\/#primaryimage\"},\"thumbnailUrl\":\"https:\/\/deputadotaveirajr.com.br\/wp-content\/uploads\/2025\/04\/foto-5-D4Xmvw.jpg\",\"datePublished\":\"2025-04-22T22:54:54+00:00\",\"breadcrumb\":{\"@id\":\"https:\/\/deputadotaveirajr.com.br\/index.php\/liminar-determina-gratuidade-em-renovacao-de-cnh-para-idosos-no-rn\/#breadcrumb\"},\"inLanguage\":\"pt-BR\",\"potentialAction\":[{\"@type\":\"ReadAction\",\"target\":[\"https:\/\/deputadotaveirajr.com.br\/index.php\/liminar-determina-gratuidade-em-renovacao-de-cnh-para-idosos-no-rn\/\"]}]},{\"@type\":\"ImageObject\",\"inLanguage\":\"pt-BR\",\"@id\":\"https:\/\/deputadotaveirajr.com.br\/index.php\/liminar-determina-gratuidade-em-renovacao-de-cnh-para-idosos-no-rn\/#primaryimage\",\"url\":\"https:\/\/deputadotaveirajr.com.br\/wp-content\/uploads\/2025\/04\/foto-5-D4Xmvw.jpg\",\"contentUrl\":\"https:\/\/deputadotaveirajr.com.br\/wp-content\/uploads\/2025\/04\/foto-5-D4Xmvw.jpg\",\"width\":1600,\"height\":1066},{\"@type\":\"BreadcrumbList\",\"@id\":\"https:\/\/deputadotaveirajr.com.br\/index.php\/liminar-determina-gratuidade-em-renovacao-de-cnh-para-idosos-no-rn\/#breadcrumb\",\"itemListElement\":[{\"@type\":\"ListItem\",\"position\":1,\"name\":\"In\u00edcio\",\"item\":\"https:\/\/deputadotaveirajr.com.br\/\"},{\"@type\":\"ListItem\",\"position\":2,\"name\":\"Liminar determina gratuidade em renova\u00e7\u00e3o de CNH para idosos no RN\"}]},{\"@type\":\"WebSite\",\"@id\":\"https:\/\/deputadotaveirajr.com.br\/#website\",\"url\":\"https:\/\/deputadotaveirajr.com.br\/\",\"name\":\"Taveira Jr\",\"description\":\"Deputado Estadual\",\"publisher\":{\"@id\":\"https:\/\/deputadotaveirajr.com.br\/#organization\"},\"potentialAction\":[{\"@type\":\"SearchAction\",\"target\":{\"@type\":\"EntryPoint\",\"urlTemplate\":\"https:\/\/deputadotaveirajr.com.br\/?s={search_term_string}\"},\"query-input\":{\"@type\":\"PropertyValueSpecification\",\"valueRequired\":true,\"valueName\":\"search_term_string\"}}],\"inLanguage\":\"pt-BR\"},{\"@type\":\"Organization\",\"@id\":\"https:\/\/deputadotaveirajr.com.br\/#organization\",\"name\":\"Taveira Jr\",\"url\":\"https:\/\/deputadotaveirajr.com.br\/\",\"logo\":{\"@type\":\"ImageObject\",\"inLanguage\":\"pt-BR\",\"@id\":\"https:\/\/deputadotaveirajr.com.br\/#\/schema\/logo\/image\/\",\"url\":\"https:\/\/deputadotaveirajr.com.br\/wp-content\/uploads\/2026\/01\/logolow2a.png\",\"contentUrl\":\"https:\/\/deputadotaveirajr.com.br\/wp-content\/uploads\/2026\/01\/logolow2a.png\",\"width\":290,\"height\":80,\"caption\":\"Taveira Jr\"},\"image\":{\"@id\":\"https:\/\/deputadotaveirajr.com.br\/#\/schema\/logo\/image\/\"}}]}<\/script>\n<!-- \/ Yoast SEO plugin. -->","yoast_head_json":{"title":"Liminar determina gratuidade em renova\u00e7\u00e3o de CNH para idosos no RN - Taveira Jr","robots":{"index":"index","follow":"follow","max-snippet":"max-snippet:-1","max-image-preview":"max-image-preview:large","max-video-preview":"max-video-preview:-1"},"canonical":"https:\/\/deputadotaveirajr.com.br\/index.php\/liminar-determina-gratuidade-em-renovacao-de-cnh-para-idosos-no-rn\/","og_locale":"pt_BR","og_type":"article","og_title":"Liminar determina gratuidade em renova\u00e7\u00e3o de CNH para idosos no RN - Taveira Jr","og_description":"A\u00e7\u00e3o foi movida pelo Minist\u00e9rio P\u00fablico do RN com base em legisla\u00e7\u00e3o estadual e no Estatuto de Idoso. Detran informou que n\u00e3o iria se pronunciar at\u00e9 ser notificado oficialmente. CNH ...","og_url":"https:\/\/deputadotaveirajr.com.br\/index.php\/liminar-determina-gratuidade-em-renovacao-de-cnh-para-idosos-no-rn\/","og_site_name":"Taveira Jr","og_image":[{"url":"https:\/\/s2-g1.glbimg.com\/JQRQtLsP3_WBGWsFXWzncTwSfnk=\/i.s3.glbimg.com\/v1\/AUTH_59edd422c0c84a879bd37670ae4f538a\/internal_photos\/bs\/2024\/m\/p\/Ra4J8KRPySCni5O56IiA\/foto-5.jpeg","type":"","width":"","height":""}],"twitter_card":"summary_large_image","twitter_misc":{"Est. tempo de leitura":"2 minutos"},"schema":{"@context":"https:\/\/schema.org","@graph":[{"@type":"WebPage","@id":"https:\/\/deputadotaveirajr.com.br\/index.php\/liminar-determina-gratuidade-em-renovacao-de-cnh-para-idosos-no-rn\/","url":"https:\/\/deputadotaveirajr.com.br\/index.php\/liminar-determina-gratuidade-em-renovacao-de-cnh-para-idosos-no-rn\/","name":"Liminar determina gratuidade em renova\u00e7\u00e3o de CNH para idosos no RN - Taveira Jr","isPartOf":{"@id":"https:\/\/deputadotaveirajr.com.br\/#website"},"primaryImageOfPage":{"@id":"https:\/\/deputadotaveirajr.com.br\/index.php\/liminar-determina-gratuidade-em-renovacao-de-cnh-para-idosos-no-rn\/#primaryimage"},"image":{"@id":"https:\/\/deputadotaveirajr.com.br\/index.php\/liminar-determina-gratuidade-em-renovacao-de-cnh-para-idosos-no-rn\/#primaryimage"},"thumbnailUrl":"https:\/\/deputadotaveirajr.com.br\/wp-content\/uploads\/2025\/04\/foto-5-D4Xmvw.jpg","datePublished":"2025-04-22T22:54:54+00:00","breadcrumb":{"@id":"https:\/\/deputadotaveirajr.com.br\/index.php\/liminar-determina-gratuidade-em-renovacao-de-cnh-para-idosos-no-rn\/#breadcrumb"},"inLanguage":"pt-BR","potentialAction":[{"@type":"ReadAction","target":["https:\/\/deputadotaveirajr.com.br\/index.php\/liminar-determina-gratuidade-em-renovacao-de-cnh-para-idosos-no-rn\/"]}]},{"@type":"ImageObject","inLanguage":"pt-BR","@id":"https:\/\/deputadotaveirajr.com.br\/index.php\/liminar-determina-gratuidade-em-renovacao-de-cnh-para-idosos-no-rn\/#primaryimage","url":"https:\/\/deputadotaveirajr.com.br\/wp-content\/uploads\/2025\/04\/foto-5-D4Xmvw.jpg","contentUrl":"https:\/\/deputadotaveirajr.com.br\/wp-content\/uploads\/2025\/04\/foto-5-D4Xmvw.jpg","width":1600,"height":1066},{"@type":"BreadcrumbList","@id":"https:\/\/deputadotaveirajr.com.br\/index.php\/liminar-determina-gratuidade-em-renovacao-de-cnh-para-idosos-no-rn\/#breadcrumb","itemListElement":[{"@type":"ListItem","position":1,"name":"In\u00edcio","item":"https:\/\/deputadotaveirajr.com.br\/"},{"@type":"ListItem","position":2,"name":"Liminar determina gratuidade em renova\u00e7\u00e3o de CNH para idosos no RN"}]},{"@type":"WebSite","@id":"https:\/\/deputadotaveirajr.com.br\/#website","url":"https:\/\/deputadotaveirajr.com.br\/","name":"Taveira Jr","description":"Deputado Estadual","publisher":{"@id":"https:\/\/deputadotaveirajr.com.br\/#organization"},"potentialAction":[{"@type":"SearchAction","target":{"@type":"EntryPoint","urlTemplate":"https:\/\/deputadotaveirajr.com.br\/?s={search_term_string}"},"query-input":{"@type":"PropertyValueSpecification","valueRequired":true,"valueName":"search_term_string"}}],"inLanguage":"pt-BR"},{"@type":"Organization","@id":"https:\/\/deputadotaveirajr.com.br\/#organization","name":"Taveira Jr","url":"https:\/\/deputadotaveirajr.com.br\/","logo":{"@type":"ImageObject","inLanguage":"pt-BR","@id":"https:\/\/deputadotaveirajr.com.br\/#\/schema\/logo\/image\/","url":"https:\/\/deputadotaveirajr.com.br\/wp-content\/uploads\/2026\/01\/logolow2a.png","contentUrl":"https:\/\/deputadotaveirajr.com.br\/wp-content\/uploads\/2026\/01\/logolow2a.png","width":290,"height":80,"caption":"Taveira Jr"},"image":{"@id":"https:\/\/deputadotaveirajr.com.br\/#\/schema\/logo\/image\/"}}]}},"_links":{"self":[{"href":"https:\/\/deputadotaveirajr.com.br\/index.php\/wp-json\/wp\/v2\/pages\/12813","targetHints":{"allow":["GET"]}}],"collection":[{"href":"https:\/\/deputadotaveirajr.com.br\/index.php\/wp-json\/wp\/v2\/pages"}],"about":[{"href":"https:\/\/deputadotaveirajr.com.br\/index.php\/wp-json\/wp\/v2\/types\/page"}],"replies":[{"embeddable":true,"href":"https:\/\/deputadotaveirajr.com.br\/index.php\/wp-json\/wp\/v2\/comments?post=12813"}],"version-history":[{"count":0,"href":"https:\/\/deputadotaveirajr.com.br\/index.php\/wp-json\/wp\/v2\/pages\/12813\/revisions"}],"wp:featuredmedia":[{"embeddable":true,"href":"https:\/\/deputadotaveirajr.com.br\/index.php\/wp-json\/wp\/v2\/media\/12814"}],"wp:attachment":[{"href":"https:\/\/deputadotaveirajr.com.br\/index.php\/wp-json\/wp\/v2\/media?parent=12813"}],"curies":[{"name":"wp","href":"https:\/\/api.w.org\/{rel}","templated":true}]}}