{"id":12815,"date":"2025-04-22T19:00:37","date_gmt":"2025-04-22T22:00:37","guid":{"rendered":"https:\/\/deputadotaveirajr.com.br\/index.php\/quantidade-de-jacares-em-lago-chama-atencao-e-preocupa-moradores-na-grande-natal\/"},"modified":"2025-04-22T19:00:37","modified_gmt":"2025-04-22T22:00:37","slug":"quantidade-de-jacares-em-lago-chama-atencao-e-preocupa-moradores-na-grande-natal","status":"publish","type":"page","link":"https:\/\/deputadotaveirajr.com.br\/index.php\/quantidade-de-jacares-em-lago-chama-atencao-e-preocupa-moradores-na-grande-natal\/","title":{"rendered":"Quantidade de jacar\u00e9s em lago chama aten\u00e7\u00e3o e preocupa moradores na Grande Natal"},"content":{"rendered":"<p><img decoding=\"async\" src=\"https:\/\/s2-g1.glbimg.com\/6c5F1wcDtdfmT7zbLmyhMu9Mo34=\/i.s3.glbimg.com\/v1\/AUTH_59edd422c0c84a879bd37670ae4f538a\/internal_photos\/bs\/2025\/o\/0\/HHS50kTaAxPqHTvoNGuw\/whatsapp-image-2025-04-22-at-16.27.20.jpeg\" \/><br \/>     Animais s\u00e3o vistos em v\u00e1rios momentos do dia em \u00e1rea pr\u00f3xima a casas e at\u00e9 escola. Prefeitura de Maxaranguape acionou Ibama e Idema para conduzir retirada de jacar\u00e9s. Jacar\u00e9s em lago em Maracaja\u00fa, no litoral do Rio Grande do Norte<br \/>\nKleber Teixeira\/Inter TV Cabugi<br \/>\nO aumento na quantidade de jacar\u00e9s em um lago na praia de Maracaja\u00fa, na cidade de Maxaranguape, na Regi\u00e3o Metropolitana de Natal, tem chamado a aten\u00e7\u00e3o e assustado moradores da regi\u00e3o nos \u00faltimos meses.<br \/>\nO lago se forma todos os anos na mesma localidade no per\u00edodo de chuvas e fica perto de casas e a cerca de 500 metros de uma escola.<br \/>\n\ud83d\udcf3Participe do canal do g1 RN no WhatsApp<br \/>\nOs moradores contaram que os jacar\u00e9s apareceram h\u00e1 alguns anos, mas nunca na quantidade atual, o que tem assustado, j\u00e1 que houve registros de alguns que invadiram casas pr\u00f3ximas.<br \/>\n&#8220;Na casa da minha m\u00e3e, que mora aqui pr\u00f3ximo, um desses jacar\u00e9s entrou e travou uma briga com a cachorra dela, que \u00e9 de grande porte, que foi atingida na boca e cortou. Mas a cachorra matou o jacar\u00e9&#8221;, contou o professor Eider Santos.<br \/>\n&#8220;H\u00e1 outros relatos de pessoas que residem aquii perto de jacar\u00e9s perto do port\u00e3o das casas. O pessoal tem foto e tudo mais&#8221;, completou.<br \/>\nA Secretaria de Sustentabilidade Ambiental da cidade informou que acionou Instituto Brasileiro do Meio Ambiente e dos Recursos Naturais Renov\u00e1veis (Ibama) e o Instituto de Desenvolvimento Sustent\u00e1vel e Meio Ambiente do RN (Idema) h\u00e1 cerca de dois meses, mas n\u00e3o recebeu retorno para resolver a situa\u00e7\u00e3o.<br \/>\nSegundo a secretaria municipal, o objetivo do encontro foi analisar a situa\u00e7\u00e3o para se atuar na elabora\u00e7\u00e3o da Autoriza\u00e7\u00e3o de Captura de Material Biol\u00f3gico (ACMB).<br \/>\n&#8220;Essa autoriza\u00e7\u00e3o \u00e9 fundamental para viabilizar um estudo t\u00e9cnico que ir\u00e1 subsidiar esta Secretaria na tomada de decis\u00f5es adequadas e seguras quanto \u00e0 futura captura e reloca\u00e7\u00e3o dos animais para um ambiente apropriado&#8221;, informou a pasta em nota assinada pelo secret\u00e1rio Pablo Ricelly do Nascimento.<br \/>\nO Ibama informou que realizou a visita t\u00e9cnica e fez um levantamento inicial, mas n\u00e3o concluiu o estudo definitivo. O \u00f3rg\u00e3o informou ainda que o Centros de Triagem de Animais Silvestres (Cetas) do RN est\u00e1 em reforma e que indicou acionar a pol\u00edcia ambiental para auxiliar na transfer\u00eancia.<br \/>\n O Idema n\u00e3o havia respondido \u00e0 Inter TV Cabugi at\u00e9 a atualiza\u00e7\u00e3o mais recente desta reportagem.<br \/>\nAvalia\u00e7\u00e3o para captura dos animais<br \/>\nA ACBM, segundo a secretaria, requer um levantamento preciso de informa\u00e7\u00f5es, incluindo identifica\u00e7\u00e3o das esp\u00e9cies, tamanhos, quantidade de indiv\u00edduos e outros dados relevantes.<br \/>\n&#8220;O processo vai muito al\u00e9m de simplesmente capturar e soltar os animais, pois exige a defini\u00e7\u00e3o de um local adequado de soltura, que n\u00e3o cause desequil\u00edbrio ambiental nem represente risco \u00e0 popula\u00e7\u00e3o&#8221;, pontuou a nota.<br \/>\nA pasta refor\u00e7ou ainda que a execu\u00e7\u00e3o dessas a\u00e7\u00f5es demanda profissionais capacitados, com especializa\u00e7\u00e3o em manejo de fauna silvestre.<br \/>\nO professor Eider Santos, morador da regi\u00e3o, contou que acredita que h\u00e1 pelo menos 40 jacar\u00e9s no lago.<br \/>\n&#8220;De acordo com os relatos e v\u00eddeos gravados, a gente consegue captar entre 40 a 60 jacar\u00e9s. Mas eu acredito que tem mais, porque a gente tem essa lagoa, tem mais uma lagoa por tr\u00e1s da duna. Eu acredito que tem mais de 100 jacar\u00e9s&#8221;, disse.<br \/>\nJacar\u00e9 em lago em Maracaja\u00fa, no Rio Grande do Norte<br \/>\nKleber Teixeira\/Inter TV Cabugi<br \/>\nBeira do lago<br \/>\nEnquanto uma decis\u00e3o n\u00e3o \u00e9 tomada,  os jacar\u00e9s t\u00eam vivido na regi\u00e3o e aparecem tamb\u00e9m na beira do lago, sendo vistos por quem passa pelo local em v\u00e1rios momentos do dia.<br \/>\nA professora Mineia de Morais, que d\u00e1 aula na escola a 500 metros do lago, acredita que a presen\u00e7a dos animais representa um risco na regi\u00e3o.<br \/>\n&#8220;Temos crian\u00e7as pequenas, de 2 a 3 anos de idade, e \u00e9 arriscado. Nosso hor\u00e1rio [no col\u00e9gio] \u00e9 at\u00e9 17 horas, ent\u00e3o a gente fica muito preocupado devido a eles j\u00e1 estarem invadindo as casas&#8221;, disse.<br \/>\nA Secretaria de Sustentabilidade Ambiental informou que, por isso, tamb\u00e9m tem atuado na conscientiza\u00e7\u00e3o da popula\u00e7\u00e3o local para que evite alimentar os jacar\u00e9s com restos de comida.<br \/>\nDe acordo com a pasta, essa pr\u00e1tica &#8220;contribui para o crescimento acelerado e a procria\u00e7\u00e3o precoce desses animais, agravando ainda mais o problema&#8221;.<br \/>\nSegundo a pasta, desde que realizaram a vistoria t\u00e9cnica, os \u00f3rg\u00e3os ambientais Ibama e Idema n\u00e3o emitiram um posicionamento oficial para solucionar o caso.<br \/>\n\u2b07\ufe0f Fato ou Fake: Jacar\u00e9 \u00e9 encontrado entre as rodas de avi\u00e3o da florida. Veja abaixo:<br \/>\nFato ou Fake: Jacar\u00e9 \u00e9 encontrado entre as rodas de avi\u00e3o da florida<br \/>\nV\u00eddeos mais assistidos do g1 RN<\/p>","protected":false},"excerpt":{"rendered":"<p>Animais s\u00e3o vistos em v\u00e1rios momentos do dia em \u00e1rea pr\u00f3xima a casas e at\u00e9 escola. Prefeitura de Maxaranguape acionou Ibama e Idema para conduzir retirada de jacar\u00e9s. Jacar\u00e9s em &#8230;<\/p>\n","protected":false},"author":0,"featured_media":12816,"parent":0,"menu_order":0,"comment_status":"closed","ping_status":"closed","template":"","meta":{"footnotes":""},"class_list":["post-12815","page","type-page","status-publish","has-post-thumbnail","hentry"],"yoast_head":"<!-- This site is optimized with the Yoast SEO plugin v27.1.1 - https:\/\/yoast.com\/product\/yoast-seo-wordpress\/ -->\n<title>Quantidade de jacar\u00e9s em lago chama aten\u00e7\u00e3o e preocupa moradores na Grande Natal - Taveira Jr<\/title>\n<meta name=\"robots\" content=\"index, follow, max-snippet:-1, max-image-preview:large, max-video-preview:-1\" \/>\n<link rel=\"canonical\" href=\"https:\/\/deputadotaveirajr.com.br\/index.php\/quantidade-de-jacares-em-lago-chama-atencao-e-preocupa-moradores-na-grande-natal\/\" \/>\n<meta property=\"og:locale\" content=\"pt_BR\" \/>\n<meta property=\"og:type\" content=\"article\" \/>\n<meta property=\"og:title\" content=\"Quantidade de jacar\u00e9s em lago chama aten\u00e7\u00e3o e preocupa moradores na Grande Natal - Taveira Jr\" \/>\n<meta property=\"og:description\" content=\"Animais s\u00e3o vistos em v\u00e1rios momentos do dia em \u00e1rea pr\u00f3xima a casas e at\u00e9 escola. Prefeitura de Maxaranguape acionou Ibama e Idema para conduzir retirada de jacar\u00e9s. Jacar\u00e9s em ...\" \/>\n<meta property=\"og:url\" content=\"https:\/\/deputadotaveirajr.com.br\/index.php\/quantidade-de-jacares-em-lago-chama-atencao-e-preocupa-moradores-na-grande-natal\/\" \/>\n<meta property=\"og:site_name\" content=\"Taveira Jr\" \/>\n<meta property=\"og:image\" content=\"https:\/\/s2-g1.glbimg.com\/6c5F1wcDtdfmT7zbLmyhMu9Mo34=\/i.s3.glbimg.com\/v1\/AUTH_59edd422c0c84a879bd37670ae4f538a\/internal_photos\/bs\/2025\/o\/0\/HHS50kTaAxPqHTvoNGuw\/whatsapp-image-2025-04-22-at-16.27.20.jpeg\" \/>\n<meta name=\"twitter:card\" content=\"summary_large_image\" \/>\n<meta name=\"twitter:label1\" content=\"Est. tempo de leitura\" \/>\n\t<meta name=\"twitter:data1\" content=\"4 minutos\" \/>\n<script type=\"application\/ld+json\" class=\"yoast-schema-graph\">{\"@context\":\"https:\/\/schema.org\",\"@graph\":[{\"@type\":\"WebPage\",\"@id\":\"https:\/\/deputadotaveirajr.com.br\/index.php\/quantidade-de-jacares-em-lago-chama-atencao-e-preocupa-moradores-na-grande-natal\/\",\"url\":\"https:\/\/deputadotaveirajr.com.br\/index.php\/quantidade-de-jacares-em-lago-chama-atencao-e-preocupa-moradores-na-grande-natal\/\",\"name\":\"Quantidade de jacar\u00e9s em lago chama aten\u00e7\u00e3o e preocupa moradores na Grande Natal - Taveira Jr\",\"isPartOf\":{\"@id\":\"https:\/\/deputadotaveirajr.com.br\/#website\"},\"primaryImageOfPage\":{\"@id\":\"https:\/\/deputadotaveirajr.com.br\/index.php\/quantidade-de-jacares-em-lago-chama-atencao-e-preocupa-moradores-na-grande-natal\/#primaryimage\"},\"image\":{\"@id\":\"https:\/\/deputadotaveirajr.com.br\/index.php\/quantidade-de-jacares-em-lago-chama-atencao-e-preocupa-moradores-na-grande-natal\/#primaryimage\"},\"thumbnailUrl\":\"https:\/\/deputadotaveirajr.com.br\/wp-content\/uploads\/2025\/04\/whatsapp-image-2025-04-22-at-16.27.20-ugEXsY.jpg\",\"datePublished\":\"2025-04-22T22:00:37+00:00\",\"breadcrumb\":{\"@id\":\"https:\/\/deputadotaveirajr.com.br\/index.php\/quantidade-de-jacares-em-lago-chama-atencao-e-preocupa-moradores-na-grande-natal\/#breadcrumb\"},\"inLanguage\":\"pt-BR\",\"potentialAction\":[{\"@type\":\"ReadAction\",\"target\":[\"https:\/\/deputadotaveirajr.com.br\/index.php\/quantidade-de-jacares-em-lago-chama-atencao-e-preocupa-moradores-na-grande-natal\/\"]}]},{\"@type\":\"ImageObject\",\"inLanguage\":\"pt-BR\",\"@id\":\"https:\/\/deputadotaveirajr.com.br\/index.php\/quantidade-de-jacares-em-lago-chama-atencao-e-preocupa-moradores-na-grande-natal\/#primaryimage\",\"url\":\"https:\/\/deputadotaveirajr.com.br\/wp-content\/uploads\/2025\/04\/whatsapp-image-2025-04-22-at-16.27.20-ugEXsY.jpg\",\"contentUrl\":\"https:\/\/deputadotaveirajr.com.br\/wp-content\/uploads\/2025\/04\/whatsapp-image-2025-04-22-at-16.27.20-ugEXsY.jpg\",\"width\":1280,\"height\":720},{\"@type\":\"BreadcrumbList\",\"@id\":\"https:\/\/deputadotaveirajr.com.br\/index.php\/quantidade-de-jacares-em-lago-chama-atencao-e-preocupa-moradores-na-grande-natal\/#breadcrumb\",\"itemListElement\":[{\"@type\":\"ListItem\",\"position\":1,\"name\":\"In\u00edcio\",\"item\":\"https:\/\/deputadotaveirajr.com.br\/\"},{\"@type\":\"ListItem\",\"position\":2,\"name\":\"Quantidade de jacar\u00e9s em lago chama aten\u00e7\u00e3o e preocupa moradores na Grande Natal\"}]},{\"@type\":\"WebSite\",\"@id\":\"https:\/\/deputadotaveirajr.com.br\/#website\",\"url\":\"https:\/\/deputadotaveirajr.com.br\/\",\"name\":\"Taveira Jr\",\"description\":\"Deputado Estadual\",\"publisher\":{\"@id\":\"https:\/\/deputadotaveirajr.com.br\/#organization\"},\"potentialAction\":[{\"@type\":\"SearchAction\",\"target\":{\"@type\":\"EntryPoint\",\"urlTemplate\":\"https:\/\/deputadotaveirajr.com.br\/?s={search_term_string}\"},\"query-input\":{\"@type\":\"PropertyValueSpecification\",\"valueRequired\":true,\"valueName\":\"search_term_string\"}}],\"inLanguage\":\"pt-BR\"},{\"@type\":\"Organization\",\"@id\":\"https:\/\/deputadotaveirajr.com.br\/#organization\",\"name\":\"Taveira Jr\",\"url\":\"https:\/\/deputadotaveirajr.com.br\/\",\"logo\":{\"@type\":\"ImageObject\",\"inLanguage\":\"pt-BR\",\"@id\":\"https:\/\/deputadotaveirajr.com.br\/#\/schema\/logo\/image\/\",\"url\":\"https:\/\/deputadotaveirajr.com.br\/wp-content\/uploads\/2026\/01\/logolow2a.png\",\"contentUrl\":\"https:\/\/deputadotaveirajr.com.br\/wp-content\/uploads\/2026\/01\/logolow2a.png\",\"width\":290,\"height\":80,\"caption\":\"Taveira Jr\"},\"image\":{\"@id\":\"https:\/\/deputadotaveirajr.com.br\/#\/schema\/logo\/image\/\"}}]}<\/script>\n<!-- \/ Yoast SEO plugin. -->","yoast_head_json":{"title":"Quantidade de jacar\u00e9s em lago chama aten\u00e7\u00e3o e preocupa moradores na Grande Natal - Taveira Jr","robots":{"index":"index","follow":"follow","max-snippet":"max-snippet:-1","max-image-preview":"max-image-preview:large","max-video-preview":"max-video-preview:-1"},"canonical":"https:\/\/deputadotaveirajr.com.br\/index.php\/quantidade-de-jacares-em-lago-chama-atencao-e-preocupa-moradores-na-grande-natal\/","og_locale":"pt_BR","og_type":"article","og_title":"Quantidade de jacar\u00e9s em lago chama aten\u00e7\u00e3o e preocupa moradores na Grande Natal - Taveira Jr","og_description":"Animais s\u00e3o vistos em v\u00e1rios momentos do dia em \u00e1rea pr\u00f3xima a casas e at\u00e9 escola. Prefeitura de Maxaranguape acionou Ibama e Idema para conduzir retirada de jacar\u00e9s. Jacar\u00e9s em ...","og_url":"https:\/\/deputadotaveirajr.com.br\/index.php\/quantidade-de-jacares-em-lago-chama-atencao-e-preocupa-moradores-na-grande-natal\/","og_site_name":"Taveira Jr","og_image":[{"url":"https:\/\/s2-g1.glbimg.com\/6c5F1wcDtdfmT7zbLmyhMu9Mo34=\/i.s3.glbimg.com\/v1\/AUTH_59edd422c0c84a879bd37670ae4f538a\/internal_photos\/bs\/2025\/o\/0\/HHS50kTaAxPqHTvoNGuw\/whatsapp-image-2025-04-22-at-16.27.20.jpeg","type":"","width":"","height":""}],"twitter_card":"summary_large_image","twitter_misc":{"Est. tempo de leitura":"4 minutos"},"schema":{"@context":"https:\/\/schema.org","@graph":[{"@type":"WebPage","@id":"https:\/\/deputadotaveirajr.com.br\/index.php\/quantidade-de-jacares-em-lago-chama-atencao-e-preocupa-moradores-na-grande-natal\/","url":"https:\/\/deputadotaveirajr.com.br\/index.php\/quantidade-de-jacares-em-lago-chama-atencao-e-preocupa-moradores-na-grande-natal\/","name":"Quantidade de jacar\u00e9s em lago chama aten\u00e7\u00e3o e preocupa moradores na Grande Natal - Taveira Jr","isPartOf":{"@id":"https:\/\/deputadotaveirajr.com.br\/#website"},"primaryImageOfPage":{"@id":"https:\/\/deputadotaveirajr.com.br\/index.php\/quantidade-de-jacares-em-lago-chama-atencao-e-preocupa-moradores-na-grande-natal\/#primaryimage"},"image":{"@id":"https:\/\/deputadotaveirajr.com.br\/index.php\/quantidade-de-jacares-em-lago-chama-atencao-e-preocupa-moradores-na-grande-natal\/#primaryimage"},"thumbnailUrl":"https:\/\/deputadotaveirajr.com.br\/wp-content\/uploads\/2025\/04\/whatsapp-image-2025-04-22-at-16.27.20-ugEXsY.jpg","datePublished":"2025-04-22T22:00:37+00:00","breadcrumb":{"@id":"https:\/\/deputadotaveirajr.com.br\/index.php\/quantidade-de-jacares-em-lago-chama-atencao-e-preocupa-moradores-na-grande-natal\/#breadcrumb"},"inLanguage":"pt-BR","potentialAction":[{"@type":"ReadAction","target":["https:\/\/deputadotaveirajr.com.br\/index.php\/quantidade-de-jacares-em-lago-chama-atencao-e-preocupa-moradores-na-grande-natal\/"]}]},{"@type":"ImageObject","inLanguage":"pt-BR","@id":"https:\/\/deputadotaveirajr.com.br\/index.php\/quantidade-de-jacares-em-lago-chama-atencao-e-preocupa-moradores-na-grande-natal\/#primaryimage","url":"https:\/\/deputadotaveirajr.com.br\/wp-content\/uploads\/2025\/04\/whatsapp-image-2025-04-22-at-16.27.20-ugEXsY.jpg","contentUrl":"https:\/\/deputadotaveirajr.com.br\/wp-content\/uploads\/2025\/04\/whatsapp-image-2025-04-22-at-16.27.20-ugEXsY.jpg","width":1280,"height":720},{"@type":"BreadcrumbList","@id":"https:\/\/deputadotaveirajr.com.br\/index.php\/quantidade-de-jacares-em-lago-chama-atencao-e-preocupa-moradores-na-grande-natal\/#breadcrumb","itemListElement":[{"@type":"ListItem","position":1,"name":"In\u00edcio","item":"https:\/\/deputadotaveirajr.com.br\/"},{"@type":"ListItem","position":2,"name":"Quantidade de jacar\u00e9s em lago chama aten\u00e7\u00e3o e preocupa moradores na Grande Natal"}]},{"@type":"WebSite","@id":"https:\/\/deputadotaveirajr.com.br\/#website","url":"https:\/\/deputadotaveirajr.com.br\/","name":"Taveira Jr","description":"Deputado Estadual","publisher":{"@id":"https:\/\/deputadotaveirajr.com.br\/#organization"},"potentialAction":[{"@type":"SearchAction","target":{"@type":"EntryPoint","urlTemplate":"https:\/\/deputadotaveirajr.com.br\/?s={search_term_string}"},"query-input":{"@type":"PropertyValueSpecification","valueRequired":true,"valueName":"search_term_string"}}],"inLanguage":"pt-BR"},{"@type":"Organization","@id":"https:\/\/deputadotaveirajr.com.br\/#organization","name":"Taveira Jr","url":"https:\/\/deputadotaveirajr.com.br\/","logo":{"@type":"ImageObject","inLanguage":"pt-BR","@id":"https:\/\/deputadotaveirajr.com.br\/#\/schema\/logo\/image\/","url":"https:\/\/deputadotaveirajr.com.br\/wp-content\/uploads\/2026\/01\/logolow2a.png","contentUrl":"https:\/\/deputadotaveirajr.com.br\/wp-content\/uploads\/2026\/01\/logolow2a.png","width":290,"height":80,"caption":"Taveira Jr"},"image":{"@id":"https:\/\/deputadotaveirajr.com.br\/#\/schema\/logo\/image\/"}}]}},"_links":{"self":[{"href":"https:\/\/deputadotaveirajr.com.br\/index.php\/wp-json\/wp\/v2\/pages\/12815","targetHints":{"allow":["GET"]}}],"collection":[{"href":"https:\/\/deputadotaveirajr.com.br\/index.php\/wp-json\/wp\/v2\/pages"}],"about":[{"href":"https:\/\/deputadotaveirajr.com.br\/index.php\/wp-json\/wp\/v2\/types\/page"}],"replies":[{"embeddable":true,"href":"https:\/\/deputadotaveirajr.com.br\/index.php\/wp-json\/wp\/v2\/comments?post=12815"}],"version-history":[{"count":0,"href":"https:\/\/deputadotaveirajr.com.br\/index.php\/wp-json\/wp\/v2\/pages\/12815\/revisions"}],"wp:featuredmedia":[{"embeddable":true,"href":"https:\/\/deputadotaveirajr.com.br\/index.php\/wp-json\/wp\/v2\/media\/12816"}],"wp:attachment":[{"href":"https:\/\/deputadotaveirajr.com.br\/index.php\/wp-json\/wp\/v2\/media?parent=12815"}],"curies":[{"name":"wp","href":"https:\/\/api.w.org\/{rel}","templated":true}]}}