{"id":12864,"date":"2025-04-28T15:14:37","date_gmt":"2025-04-28T18:14:37","guid":{"rendered":"https:\/\/deputadotaveirajr.com.br\/index.php\/ufrn-revoga-titulos-honoris-causa-dados-a-dois-presidentes-do-brasil-na-ditadura-militar\/"},"modified":"2025-04-28T15:14:37","modified_gmt":"2025-04-28T18:14:37","slug":"ufrn-revoga-titulos-honoris-causa-dados-a-dois-presidentes-do-brasil-na-ditadura-militar","status":"publish","type":"page","link":"https:\/\/deputadotaveirajr.com.br\/index.php\/ufrn-revoga-titulos-honoris-causa-dados-a-dois-presidentes-do-brasil-na-ditadura-militar\/","title":{"rendered":"UFRN revoga t\u00edtulos Honoris Causa dados a dois presidentes do Brasil na ditadura militar"},"content":{"rendered":"<p><img decoding=\"async\" src=\"https:\/\/s2-g1.glbimg.com\/5xN-eLHUuFEpNvS_wYDRwQRxPE0=\/i.s3.glbimg.com\/v1\/AUTH_59edd422c0c84a879bd37670ae4f538a\/internal_photos\/bs\/2025\/9\/c\/1tuuxBQ0Cd3ppPJ90BoA\/casteloemedici.jpg\" \/><br \/>     Segundo UFRN, decis\u00e3o foi baseada em relat\u00f3rios da Comiss\u00e3o da Verdade que apontou que na ditadura militar &#8220;foram cometidas graves viola\u00e7\u00f5es de direitos humanos&#8221;.  Castelo Branco e M\u00e9dici tiveram t\u00edtulos retirados<br \/>\nPal\u00e1cio do Planalto\/arquivo<br \/>\nA Universidade Federal do Rio Grande do Norte (UFRN) decidiu revogar os t\u00edtulos &#8216;doutor honoris causa&#8217; de dois ex-presidentes do Brasil durante a ditadura militar: marechal Humberto de Alencar Castelo Branco, 1966, e general Em\u00edlio Garrastazu M\u00e9dici, em 1971.<br \/>\n\ud83d\udd0e Segundo o regimento geral da UFRN,  o t\u00edtulo de Doutor Honoris Causa \u00e9 concedido a personalidades nacionais ou estrangeiras que tenham contribu\u00eddo, de modo not\u00e1vel, para o progresso das ci\u00eancias, letras ou artes e aos que tenham beneficiado de forma excepcional a humanidade, o pa\u00eds, ou prestado relevantes servi\u00e7os \u00e0 universidade.<br \/>\n\ud83d\udcf3Participe do canal do g1 RN no WhatsApp<br \/>\nA decis\u00e3o para revogar as resolu\u00e7\u00f5es que concederam os t\u00edtulos foi aprovada pelo Conselho Universit\u00e1rio (Consuni) da UFRN na sexta-feira passada (25).<br \/>\nSegundo a UFRN, os dois atuaram como presidentes da Rep\u00fablica durante a ditadura militar, &#8220;quando foram cometidas graves viola\u00e7\u00f5es de direitos humanos&#8221;.<br \/>\nA revoga\u00e7\u00e3o foi acompanhada por movimentos estudantis, parlamentares, docentes e representantes da sociedade civil.<br \/>\nLEIA TAMB\u00c9M<br \/>\nHOMENAGEM: Dorgival Dantas recebe t\u00edtulo de Doutor Honoris Causa em solenidade da UERN<br \/>\nMICHEL MAYOR: Vencedor do Nobel de F\u00edsica \u00e9 Doutor Honoris Causa da UFRN<br \/>\nDecis\u00e3o baseada na Comiss\u00e3o da Verdade<br \/>\nAs propostas de revoga\u00e7\u00e3o foram encaminhadas ao Conselho pelo reitor da UFRN, Jos\u00e9 Daniel Diniz Melo, que baseou as justificativas a partir dos relat\u00f3rios da Comiss\u00e3o Nacional da Verdade e da Comiss\u00e3o da Verdade da UFRN.<br \/>\nOs documentos apontam an\u00e1lises, esclarecimentos e relatos que identificam pessoas \u201ccujas condutas concretas, por a\u00e7\u00e3o ou omiss\u00e3o, contribu\u00edram para a ocorr\u00eancia das graves viola\u00e7\u00f5es de direitos humanos\u201d, conforme o relat\u00f3rio da Comiss\u00e3o Nacional da Verdade, que coloca o marechal Castelo Branco em primeiro lugar nessa lista de autores.<br \/>\nO relat\u00f3rio da Comiss\u00e3o da Verdade da UFRN aponta ainda que o governo do general Em\u00edlio M\u00e9dici \u00e9 tido como &#8220;a \u00e9poca mais obscura dos governos militares&#8221;, em que o medo permanente \u201cfazia com que as pessoas evitassem determinados posicionamentos mais ostensivos\u201d, segundo relato do professor Geraldo Queiroz, reitor da UFRN entre 1991 e 1995.<br \/>\n&#8216;Conflito com princ\u00edpios da UFRN&#8217;<br \/>\nDe acordo com a UFRN, as propostas de revoga\u00e7\u00e3o apontavam que a concess\u00e3o do t\u00edtulo honor\u00edfico aos dois ex-presidentes representava um &#8220;conflito com os princ\u00edpios proclamados no atual Estatuto da UFRN, al\u00e9m de n\u00e3o atender aos crit\u00e9rios para outorga de t\u00edtulo honor\u00edfico de Doutor Honoris Causa descritos no Regimento Geral da institui\u00e7\u00e3o&#8221;.<br \/>\nDe acordo com o reitor da UFRN, Daniel Diniz, as revoga\u00e7\u00f5es constituem n\u00e3o apenas um ato simb\u00f3lico, mas tamb\u00e9m representam um resgate hist\u00f3rico, \u201cevitando que esse per\u00edodo sombrio da hist\u00f3ria do Brasil seja esquecido, para que jamais volte a se repetir\u201d.<br \/>\nEm 2024, quando o golpe militar completou 60 anos, a UFRN tamb\u00e9m revogou 33 atos normativos editados na universidade de 1964 a 1984, assim como concedeu a outorga simb\u00f3lica de t\u00edtulos a estudantes mortos durante o per\u00edodo da ditadura militar.<br \/>\nA\u00e7\u00f5es semelhantes de revoga\u00e7\u00e3o dos t\u00edtulos aconteceram nos \u00faltimos anos tamb\u00e9m em outras institui\u00e7\u00f5es, como na Universidade Federal do Paran\u00e1 (UFPR) e na Universidade Federal de Pelotas (UFPel).<br \/>\nUFRN campus Central, Natal<br \/>\nLucas Cortez\/Inter TV Cabugi<br \/>\nMPF recomendou retirada de homenagens em ruas e pra\u00e7as<br \/>\nNesta segunda-feira (28), o Minist\u00e9rio P\u00fablico Federal (MPF) recomendou ao governo do Estado, \u00e0 Assembleia Legislativa e \u00e0s prefeituras e c\u00e2maras de vereadores de 10 munic\u00edpios do Rio Grande do Norte a retirada de homenagens feitas \u00e0 ditadura militar e a colaboradores diretos do regime, que durou de 1964 a 1985.<br \/>\nPelo menos 80 ruas, pra\u00e7as e outros espa\u00e7os p\u00fablicos dessas cidades levam o nome de ex-ditadores ou fazem refer\u00eancia \u00e0 data do golpe de 1964, segundo o MPF.<br \/>\nA iniciativa abrange, por enquanto, apenas parte das homenagens identificadas em territ\u00f3rio potiguar, tratando somente munic\u00edpios cuja atua\u00e7\u00e3o cabe \u00e0 Procuradoria Regional dos Direitos do Cidad\u00e3o (PRDC).<br \/>\nSegundo levantamento do MPF, h\u00e1 pelo menos 542 pr\u00e9dios, salas, audit\u00f3rios, centros culturais, escolas, vias, bairros, monumentos e bens p\u00fablicos que se enquadram nessa situa\u00e7\u00e3o.<br \/>\nAs recomenda\u00e7\u00f5es estipularam ainda:<br \/>\n90 dias para: prefeituras, governo do estado, c\u00e2maras municipais e Assembleia Legislativa apresentarem um estudo com levantamento de todos os locais p\u00fablicos, em suas \u00e1reas de atua\u00e7\u00e3o, cujos nomes contenham refer\u00eancias, elogios ou homenagens a colaboradores da ditadura militar.<br \/>\n120 dias para: que esses locais tenham seus nomes modificados;<br \/>\n180 dias para: os entes p\u00fablicos apresentarem relat\u00f3rios contendo o nome de todas as pessoas mortas, desaparecidas ou torturadas durante o per\u00edodo militar em seus munic\u00edpios.<br \/>\nCom essas informa\u00e7\u00f5es, os casos envolvendo outras regi\u00f5es do estado ser\u00e3o encaminhados aos procuradores da Rep\u00fablica respons\u00e1veis, para que estes avaliem a ado\u00e7\u00e3o das medidas cab\u00edveis. Caso as recomenda\u00e7\u00f5es n\u00e3o sejam atendidas, o MPF poder\u00e1 ingressar com a\u00e7\u00f5es judiciais contra os gestores.<br \/>\nO procurador regional dos Direitos do Cidad\u00e3o, Emanuel Ferreira aponta que manter elogios ou homenagens a colaboradores da ditadura militar favorece a \u201cnaturaliza\u00e7\u00e3o e a aceita\u00e7\u00e3o de um per\u00edodo autorit\u00e1rio, promovendo continuidades que normalizam tentativas de golpe ainda hoje no Brasil\u201d.<br \/>\nEm 2024, o Supremo Tribunal Federal (STF) proibiu uso de recursos p\u00fablicos em comemora\u00e7\u00f5es relativas ao golpe de 1964. A PRDC entende que a manuten\u00e7\u00e3o das homenagens em espa\u00e7os p\u00fablicos podem configurar ato de improbidade administrativa.<br \/>\nEntidades da sociedade Civil lembram os 60 anos do golpe militar com uma caminhada em S\u00e3o Paulo<br \/>\nV\u00eddeos mais assistidos do g1 RN<\/p>","protected":false},"excerpt":{"rendered":"<p>Segundo UFRN, decis\u00e3o foi baseada em relat\u00f3rios da Comiss\u00e3o da Verdade que apontou que na ditadura militar &#8220;foram cometidas graves viola\u00e7\u00f5es de direitos humanos&#8221;. Castelo Branco e M\u00e9dici tiveram t\u00edtulos &#8230;<\/p>\n","protected":false},"author":0,"featured_media":12865,"parent":0,"menu_order":0,"comment_status":"closed","ping_status":"closed","template":"","meta":{"footnotes":""},"class_list":["post-12864","page","type-page","status-publish","has-post-thumbnail","hentry"],"yoast_head":"<!-- This site is optimized with the Yoast SEO plugin v27.1.1 - https:\/\/yoast.com\/product\/yoast-seo-wordpress\/ -->\n<title>UFRN revoga t\u00edtulos Honoris Causa dados a dois presidentes do Brasil na ditadura militar - Taveira Jr<\/title>\n<meta name=\"robots\" content=\"index, follow, max-snippet:-1, max-image-preview:large, max-video-preview:-1\" \/>\n<link rel=\"canonical\" href=\"https:\/\/deputadotaveirajr.com.br\/index.php\/ufrn-revoga-titulos-honoris-causa-dados-a-dois-presidentes-do-brasil-na-ditadura-militar\/\" \/>\n<meta property=\"og:locale\" content=\"pt_BR\" \/>\n<meta property=\"og:type\" content=\"article\" \/>\n<meta property=\"og:title\" content=\"UFRN revoga t\u00edtulos Honoris Causa dados a dois presidentes do Brasil na ditadura militar - Taveira Jr\" \/>\n<meta property=\"og:description\" content=\"Segundo UFRN, decis\u00e3o foi baseada em relat\u00f3rios da Comiss\u00e3o da Verdade que apontou que na ditadura militar &#8220;foram cometidas graves viola\u00e7\u00f5es de direitos humanos&#8221;. Castelo Branco e M\u00e9dici tiveram t\u00edtulos ...\" \/>\n<meta property=\"og:url\" content=\"https:\/\/deputadotaveirajr.com.br\/index.php\/ufrn-revoga-titulos-honoris-causa-dados-a-dois-presidentes-do-brasil-na-ditadura-militar\/\" \/>\n<meta property=\"og:site_name\" content=\"Taveira Jr\" \/>\n<meta property=\"og:image\" content=\"https:\/\/s2-g1.glbimg.com\/5xN-eLHUuFEpNvS_wYDRwQRxPE0=\/i.s3.glbimg.com\/v1\/AUTH_59edd422c0c84a879bd37670ae4f538a\/internal_photos\/bs\/2025\/9\/c\/1tuuxBQ0Cd3ppPJ90BoA\/casteloemedici.jpg\" \/>\n<meta name=\"twitter:card\" content=\"summary_large_image\" \/>\n<meta name=\"twitter:label1\" content=\"Est. tempo de leitura\" \/>\n\t<meta name=\"twitter:data1\" content=\"5 minutos\" \/>\n<script type=\"application\/ld+json\" class=\"yoast-schema-graph\">{\"@context\":\"https:\/\/schema.org\",\"@graph\":[{\"@type\":\"WebPage\",\"@id\":\"https:\/\/deputadotaveirajr.com.br\/index.php\/ufrn-revoga-titulos-honoris-causa-dados-a-dois-presidentes-do-brasil-na-ditadura-militar\/\",\"url\":\"https:\/\/deputadotaveirajr.com.br\/index.php\/ufrn-revoga-titulos-honoris-causa-dados-a-dois-presidentes-do-brasil-na-ditadura-militar\/\",\"name\":\"UFRN revoga t\u00edtulos Honoris Causa dados a dois presidentes do Brasil na ditadura militar - Taveira Jr\",\"isPartOf\":{\"@id\":\"https:\/\/deputadotaveirajr.com.br\/#website\"},\"primaryImageOfPage\":{\"@id\":\"https:\/\/deputadotaveirajr.com.br\/index.php\/ufrn-revoga-titulos-honoris-causa-dados-a-dois-presidentes-do-brasil-na-ditadura-militar\/#primaryimage\"},\"image\":{\"@id\":\"https:\/\/deputadotaveirajr.com.br\/index.php\/ufrn-revoga-titulos-honoris-causa-dados-a-dois-presidentes-do-brasil-na-ditadura-militar\/#primaryimage\"},\"thumbnailUrl\":\"https:\/\/deputadotaveirajr.com.br\/wp-content\/uploads\/2025\/04\/casteloemedici-ihaGxD.jpg\",\"datePublished\":\"2025-04-28T18:14:37+00:00\",\"breadcrumb\":{\"@id\":\"https:\/\/deputadotaveirajr.com.br\/index.php\/ufrn-revoga-titulos-honoris-causa-dados-a-dois-presidentes-do-brasil-na-ditadura-militar\/#breadcrumb\"},\"inLanguage\":\"pt-BR\",\"potentialAction\":[{\"@type\":\"ReadAction\",\"target\":[\"https:\/\/deputadotaveirajr.com.br\/index.php\/ufrn-revoga-titulos-honoris-causa-dados-a-dois-presidentes-do-brasil-na-ditadura-militar\/\"]}]},{\"@type\":\"ImageObject\",\"inLanguage\":\"pt-BR\",\"@id\":\"https:\/\/deputadotaveirajr.com.br\/index.php\/ufrn-revoga-titulos-honoris-causa-dados-a-dois-presidentes-do-brasil-na-ditadura-militar\/#primaryimage\",\"url\":\"https:\/\/deputadotaveirajr.com.br\/wp-content\/uploads\/2025\/04\/casteloemedici-ihaGxD.jpg\",\"contentUrl\":\"https:\/\/deputadotaveirajr.com.br\/wp-content\/uploads\/2025\/04\/casteloemedici-ihaGxD.jpg\",\"width\":1200,\"height\":1134},{\"@type\":\"BreadcrumbList\",\"@id\":\"https:\/\/deputadotaveirajr.com.br\/index.php\/ufrn-revoga-titulos-honoris-causa-dados-a-dois-presidentes-do-brasil-na-ditadura-militar\/#breadcrumb\",\"itemListElement\":[{\"@type\":\"ListItem\",\"position\":1,\"name\":\"In\u00edcio\",\"item\":\"https:\/\/deputadotaveirajr.com.br\/\"},{\"@type\":\"ListItem\",\"position\":2,\"name\":\"UFRN revoga t\u00edtulos Honoris Causa dados a dois presidentes do Brasil na ditadura militar\"}]},{\"@type\":\"WebSite\",\"@id\":\"https:\/\/deputadotaveirajr.com.br\/#website\",\"url\":\"https:\/\/deputadotaveirajr.com.br\/\",\"name\":\"Taveira Jr\",\"description\":\"Deputado Estadual\",\"publisher\":{\"@id\":\"https:\/\/deputadotaveirajr.com.br\/#organization\"},\"potentialAction\":[{\"@type\":\"SearchAction\",\"target\":{\"@type\":\"EntryPoint\",\"urlTemplate\":\"https:\/\/deputadotaveirajr.com.br\/?s={search_term_string}\"},\"query-input\":{\"@type\":\"PropertyValueSpecification\",\"valueRequired\":true,\"valueName\":\"search_term_string\"}}],\"inLanguage\":\"pt-BR\"},{\"@type\":\"Organization\",\"@id\":\"https:\/\/deputadotaveirajr.com.br\/#organization\",\"name\":\"Taveira Jr\",\"url\":\"https:\/\/deputadotaveirajr.com.br\/\",\"logo\":{\"@type\":\"ImageObject\",\"inLanguage\":\"pt-BR\",\"@id\":\"https:\/\/deputadotaveirajr.com.br\/#\/schema\/logo\/image\/\",\"url\":\"https:\/\/deputadotaveirajr.com.br\/wp-content\/uploads\/2026\/01\/logolow2a.png\",\"contentUrl\":\"https:\/\/deputadotaveirajr.com.br\/wp-content\/uploads\/2026\/01\/logolow2a.png\",\"width\":290,\"height\":80,\"caption\":\"Taveira Jr\"},\"image\":{\"@id\":\"https:\/\/deputadotaveirajr.com.br\/#\/schema\/logo\/image\/\"}}]}<\/script>\n<!-- \/ Yoast SEO plugin. -->","yoast_head_json":{"title":"UFRN revoga t\u00edtulos Honoris Causa dados a dois presidentes do Brasil na ditadura militar - Taveira Jr","robots":{"index":"index","follow":"follow","max-snippet":"max-snippet:-1","max-image-preview":"max-image-preview:large","max-video-preview":"max-video-preview:-1"},"canonical":"https:\/\/deputadotaveirajr.com.br\/index.php\/ufrn-revoga-titulos-honoris-causa-dados-a-dois-presidentes-do-brasil-na-ditadura-militar\/","og_locale":"pt_BR","og_type":"article","og_title":"UFRN revoga t\u00edtulos Honoris Causa dados a dois presidentes do Brasil na ditadura militar - Taveira Jr","og_description":"Segundo UFRN, decis\u00e3o foi baseada em relat\u00f3rios da Comiss\u00e3o da Verdade que apontou que na ditadura militar &#8220;foram cometidas graves viola\u00e7\u00f5es de direitos humanos&#8221;. Castelo Branco e M\u00e9dici tiveram t\u00edtulos ...","og_url":"https:\/\/deputadotaveirajr.com.br\/index.php\/ufrn-revoga-titulos-honoris-causa-dados-a-dois-presidentes-do-brasil-na-ditadura-militar\/","og_site_name":"Taveira Jr","og_image":[{"url":"https:\/\/s2-g1.glbimg.com\/5xN-eLHUuFEpNvS_wYDRwQRxPE0=\/i.s3.glbimg.com\/v1\/AUTH_59edd422c0c84a879bd37670ae4f538a\/internal_photos\/bs\/2025\/9\/c\/1tuuxBQ0Cd3ppPJ90BoA\/casteloemedici.jpg","type":"","width":"","height":""}],"twitter_card":"summary_large_image","twitter_misc":{"Est. tempo de leitura":"5 minutos"},"schema":{"@context":"https:\/\/schema.org","@graph":[{"@type":"WebPage","@id":"https:\/\/deputadotaveirajr.com.br\/index.php\/ufrn-revoga-titulos-honoris-causa-dados-a-dois-presidentes-do-brasil-na-ditadura-militar\/","url":"https:\/\/deputadotaveirajr.com.br\/index.php\/ufrn-revoga-titulos-honoris-causa-dados-a-dois-presidentes-do-brasil-na-ditadura-militar\/","name":"UFRN revoga t\u00edtulos Honoris Causa dados a dois presidentes do Brasil na ditadura militar - Taveira Jr","isPartOf":{"@id":"https:\/\/deputadotaveirajr.com.br\/#website"},"primaryImageOfPage":{"@id":"https:\/\/deputadotaveirajr.com.br\/index.php\/ufrn-revoga-titulos-honoris-causa-dados-a-dois-presidentes-do-brasil-na-ditadura-militar\/#primaryimage"},"image":{"@id":"https:\/\/deputadotaveirajr.com.br\/index.php\/ufrn-revoga-titulos-honoris-causa-dados-a-dois-presidentes-do-brasil-na-ditadura-militar\/#primaryimage"},"thumbnailUrl":"https:\/\/deputadotaveirajr.com.br\/wp-content\/uploads\/2025\/04\/casteloemedici-ihaGxD.jpg","datePublished":"2025-04-28T18:14:37+00:00","breadcrumb":{"@id":"https:\/\/deputadotaveirajr.com.br\/index.php\/ufrn-revoga-titulos-honoris-causa-dados-a-dois-presidentes-do-brasil-na-ditadura-militar\/#breadcrumb"},"inLanguage":"pt-BR","potentialAction":[{"@type":"ReadAction","target":["https:\/\/deputadotaveirajr.com.br\/index.php\/ufrn-revoga-titulos-honoris-causa-dados-a-dois-presidentes-do-brasil-na-ditadura-militar\/"]}]},{"@type":"ImageObject","inLanguage":"pt-BR","@id":"https:\/\/deputadotaveirajr.com.br\/index.php\/ufrn-revoga-titulos-honoris-causa-dados-a-dois-presidentes-do-brasil-na-ditadura-militar\/#primaryimage","url":"https:\/\/deputadotaveirajr.com.br\/wp-content\/uploads\/2025\/04\/casteloemedici-ihaGxD.jpg","contentUrl":"https:\/\/deputadotaveirajr.com.br\/wp-content\/uploads\/2025\/04\/casteloemedici-ihaGxD.jpg","width":1200,"height":1134},{"@type":"BreadcrumbList","@id":"https:\/\/deputadotaveirajr.com.br\/index.php\/ufrn-revoga-titulos-honoris-causa-dados-a-dois-presidentes-do-brasil-na-ditadura-militar\/#breadcrumb","itemListElement":[{"@type":"ListItem","position":1,"name":"In\u00edcio","item":"https:\/\/deputadotaveirajr.com.br\/"},{"@type":"ListItem","position":2,"name":"UFRN revoga t\u00edtulos Honoris Causa dados a dois presidentes do Brasil na ditadura militar"}]},{"@type":"WebSite","@id":"https:\/\/deputadotaveirajr.com.br\/#website","url":"https:\/\/deputadotaveirajr.com.br\/","name":"Taveira Jr","description":"Deputado Estadual","publisher":{"@id":"https:\/\/deputadotaveirajr.com.br\/#organization"},"potentialAction":[{"@type":"SearchAction","target":{"@type":"EntryPoint","urlTemplate":"https:\/\/deputadotaveirajr.com.br\/?s={search_term_string}"},"query-input":{"@type":"PropertyValueSpecification","valueRequired":true,"valueName":"search_term_string"}}],"inLanguage":"pt-BR"},{"@type":"Organization","@id":"https:\/\/deputadotaveirajr.com.br\/#organization","name":"Taveira Jr","url":"https:\/\/deputadotaveirajr.com.br\/","logo":{"@type":"ImageObject","inLanguage":"pt-BR","@id":"https:\/\/deputadotaveirajr.com.br\/#\/schema\/logo\/image\/","url":"https:\/\/deputadotaveirajr.com.br\/wp-content\/uploads\/2026\/01\/logolow2a.png","contentUrl":"https:\/\/deputadotaveirajr.com.br\/wp-content\/uploads\/2026\/01\/logolow2a.png","width":290,"height":80,"caption":"Taveira Jr"},"image":{"@id":"https:\/\/deputadotaveirajr.com.br\/#\/schema\/logo\/image\/"}}]}},"_links":{"self":[{"href":"https:\/\/deputadotaveirajr.com.br\/index.php\/wp-json\/wp\/v2\/pages\/12864","targetHints":{"allow":["GET"]}}],"collection":[{"href":"https:\/\/deputadotaveirajr.com.br\/index.php\/wp-json\/wp\/v2\/pages"}],"about":[{"href":"https:\/\/deputadotaveirajr.com.br\/index.php\/wp-json\/wp\/v2\/types\/page"}],"replies":[{"embeddable":true,"href":"https:\/\/deputadotaveirajr.com.br\/index.php\/wp-json\/wp\/v2\/comments?post=12864"}],"version-history":[{"count":0,"href":"https:\/\/deputadotaveirajr.com.br\/index.php\/wp-json\/wp\/v2\/pages\/12864\/revisions"}],"wp:featuredmedia":[{"embeddable":true,"href":"https:\/\/deputadotaveirajr.com.br\/index.php\/wp-json\/wp\/v2\/media\/12865"}],"wp:attachment":[{"href":"https:\/\/deputadotaveirajr.com.br\/index.php\/wp-json\/wp\/v2\/media?parent=12864"}],"curies":[{"name":"wp","href":"https:\/\/api.w.org\/{rel}","templated":true}]}}