{"id":12912,"date":"2025-05-02T08:43:36","date_gmt":"2025-05-02T11:43:36","guid":{"rendered":"https:\/\/deputadotaveirajr.com.br\/index.php\/prefeitura-de-natal-contrata-55-leitos-em-hospitais-privados-para-tentar-desafogar-upas\/"},"modified":"2025-05-02T08:43:36","modified_gmt":"2025-05-02T11:43:36","slug":"prefeitura-de-natal-contrata-55-leitos-em-hospitais-privados-para-tentar-desafogar-upas","status":"publish","type":"page","link":"https:\/\/deputadotaveirajr.com.br\/index.php\/prefeitura-de-natal-contrata-55-leitos-em-hospitais-privados-para-tentar-desafogar-upas\/","title":{"rendered":"Prefeitura de Natal contrata 55 leitos em hospitais privados para tentar desafogar UPAs"},"content":{"rendered":"<p><img decoding=\"async\" src=\"https:\/\/s2-g1.glbimg.com\/5w80bBD4eZU8KMGm1O9tgW417_g=\/i.s3.glbimg.com\/v1\/AUTH_59edd422c0c84a879bd37670ae4f538a\/internal_photos\/bs\/2025\/L\/8\/zev5UOQGuRC0HuWU2bow\/upa.jpg\" \/><br \/>     Usu\u00e1rios reclamam de longas esperas por atendimento em unidades de sa\u00fade da capital potiguar.  Prefeitura vai contratar leitos na rede particular para desafogar UPAs<br \/>\nA Prefeitura de Natal anunciou a contrata\u00e7\u00e3o emergencial de 55 leitos em hospitais particulares para aliviar a press\u00e3o sobre as unidades de pronto-atendimento (UPAs) da cidade. Usu\u00e1rios reclamam de lota\u00e7\u00e3o e longas esperas por atendimento nesses locais.<br \/>\n\ud83d\udcf3Participe do canal do g1 RN no WhatsApp<br \/>\nOs novos leitos ser\u00e3o distribu\u00eddos em tr\u00eas hospitais privados da cidade:<br \/>\nHospital Severino Lopes: 20 leitos<br \/>\nVita &#8211; Centro de Cuidados Extensivos: 15 leitos.<br \/>\nHospital Rio Grande: 20 leitos.<br \/>\nTodos os atendimentos nos leitos contratados ser\u00e3o realizados pelo Sistema \u00danico de Sa\u00fade (SUS) e regulados pela prefeitura. O custo da contrata\u00e7\u00e3o emergencial \u00e9 de mais de R$ 1 milh\u00e3o por m\u00eas, financiado por transfer\u00eancias do governo federal remanejadas pelo munic\u00edpio.<br \/>\nSegundo o secret\u00e1rio de sa\u00fade do munic\u00edpio, Geraldo Pinho, a expectativa \u00e9 de que os atendimentos via SUS nesses leitos comecem na pr\u00f3xima semana.<br \/>\n&#8220;Precisamos de mais leitos de retaguarda, tanto de leitos de psiquiatria, como leitos de enfermaria e essa contrata\u00e7\u00e3o emergencial visa isso, dar um desafogo, tentar amenizar essa superlota\u00e7\u00e3o moment\u00e2nea das nossas UPAs&#8221;, afirmou.<br \/>\nA contrata\u00e7\u00e3o de leitos deve continuar at\u00e9 a abertura da primeira fase do Hospital Municipal de Natal, prevista para acontecer entre agosto e setembro.<br \/>\n O novo hospital, localizado no conjunto Cidade Sat\u00e9lite, contar\u00e1 com 100 leitos, sendo 90 de enfermagem e 10 de UTI.<br \/>\nUPAs lotadas<br \/>\nNa UPA Cidade da Esperan\u00e7a, localizada na zona oeste de Natal, a recep\u00e7\u00e3o infantil, a \u00e1rea de espera da urg\u00eancia adulta e os corredores estavam lotados de pacientes entre a noite de quarta (30) e madrugada da quinta-feira (1\u00ba).<br \/>\nA principal reclama\u00e7\u00e3o era pela demora no atendimento. Muitos pacientes, incluindo crian\u00e7as com febre alta, aguardavam por horas sem receber atendimento m\u00e9dico.<br \/>\nNa UPA Potengi, na zona norte da cidade, a guarda municipal precisou intervir para conter um paciente exaltado que desacatou os profissionais de sa\u00fade. O homem tamb\u00e9m teria agredido um guarda municipal.<br \/>\nPacientes reclamam de espera por atendimento em UPAs de Natal<br \/>\nInter TV Cabugi\/Reprodu\u00e7\u00e3o<br \/>\nVeja os v\u00eddeos mais assistidos no g1 RN<\/p>","protected":false},"excerpt":{"rendered":"<p>Usu\u00e1rios reclamam de longas esperas por atendimento em unidades de sa\u00fade da capital potiguar. Prefeitura vai contratar leitos na rede particular para desafogar UPAs A Prefeitura de Natal anunciou a &#8230;<\/p>\n","protected":false},"author":0,"featured_media":12913,"parent":0,"menu_order":0,"comment_status":"closed","ping_status":"closed","template":"","meta":{"footnotes":""},"class_list":["post-12912","page","type-page","status-publish","has-post-thumbnail","hentry"],"yoast_head":"<!-- This site is optimized with the Yoast SEO plugin v27.1.1 - https:\/\/yoast.com\/product\/yoast-seo-wordpress\/ -->\n<title>Prefeitura de Natal contrata 55 leitos em hospitais privados para tentar desafogar UPAs - Taveira Jr<\/title>\n<meta name=\"robots\" content=\"index, follow, max-snippet:-1, max-image-preview:large, max-video-preview:-1\" \/>\n<link rel=\"canonical\" href=\"https:\/\/deputadotaveirajr.com.br\/index.php\/prefeitura-de-natal-contrata-55-leitos-em-hospitais-privados-para-tentar-desafogar-upas\/\" \/>\n<meta property=\"og:locale\" content=\"pt_BR\" \/>\n<meta property=\"og:type\" content=\"article\" \/>\n<meta property=\"og:title\" content=\"Prefeitura de Natal contrata 55 leitos em hospitais privados para tentar desafogar UPAs - Taveira Jr\" \/>\n<meta property=\"og:description\" content=\"Usu\u00e1rios reclamam de longas esperas por atendimento em unidades de sa\u00fade da capital potiguar. Prefeitura vai contratar leitos na rede particular para desafogar UPAs A Prefeitura de Natal anunciou a ...\" \/>\n<meta property=\"og:url\" content=\"https:\/\/deputadotaveirajr.com.br\/index.php\/prefeitura-de-natal-contrata-55-leitos-em-hospitais-privados-para-tentar-desafogar-upas\/\" \/>\n<meta property=\"og:site_name\" content=\"Taveira Jr\" \/>\n<meta property=\"og:image\" content=\"https:\/\/s2-g1.glbimg.com\/5w80bBD4eZU8KMGm1O9tgW417_g=\/i.s3.glbimg.com\/v1\/AUTH_59edd422c0c84a879bd37670ae4f538a\/internal_photos\/bs\/2025\/L\/8\/zev5UOQGuRC0HuWU2bow\/upa.jpg\" \/>\n<meta name=\"twitter:card\" content=\"summary_large_image\" \/>\n<meta name=\"twitter:label1\" content=\"Est. tempo de leitura\" \/>\n\t<meta name=\"twitter:data1\" content=\"2 minutos\" \/>\n<script type=\"application\/ld+json\" class=\"yoast-schema-graph\">{\"@context\":\"https:\/\/schema.org\",\"@graph\":[{\"@type\":\"WebPage\",\"@id\":\"https:\/\/deputadotaveirajr.com.br\/index.php\/prefeitura-de-natal-contrata-55-leitos-em-hospitais-privados-para-tentar-desafogar-upas\/\",\"url\":\"https:\/\/deputadotaveirajr.com.br\/index.php\/prefeitura-de-natal-contrata-55-leitos-em-hospitais-privados-para-tentar-desafogar-upas\/\",\"name\":\"Prefeitura de Natal contrata 55 leitos em hospitais privados para tentar desafogar UPAs - Taveira Jr\",\"isPartOf\":{\"@id\":\"https:\/\/deputadotaveirajr.com.br\/#website\"},\"primaryImageOfPage\":{\"@id\":\"https:\/\/deputadotaveirajr.com.br\/index.php\/prefeitura-de-natal-contrata-55-leitos-em-hospitais-privados-para-tentar-desafogar-upas\/#primaryimage\"},\"image\":{\"@id\":\"https:\/\/deputadotaveirajr.com.br\/index.php\/prefeitura-de-natal-contrata-55-leitos-em-hospitais-privados-para-tentar-desafogar-upas\/#primaryimage\"},\"thumbnailUrl\":\"https:\/\/deputadotaveirajr.com.br\/wp-content\/uploads\/2025\/05\/upa-pbTe3r.jpg\",\"datePublished\":\"2025-05-02T11:43:36+00:00\",\"breadcrumb\":{\"@id\":\"https:\/\/deputadotaveirajr.com.br\/index.php\/prefeitura-de-natal-contrata-55-leitos-em-hospitais-privados-para-tentar-desafogar-upas\/#breadcrumb\"},\"inLanguage\":\"pt-BR\",\"potentialAction\":[{\"@type\":\"ReadAction\",\"target\":[\"https:\/\/deputadotaveirajr.com.br\/index.php\/prefeitura-de-natal-contrata-55-leitos-em-hospitais-privados-para-tentar-desafogar-upas\/\"]}]},{\"@type\":\"ImageObject\",\"inLanguage\":\"pt-BR\",\"@id\":\"https:\/\/deputadotaveirajr.com.br\/index.php\/prefeitura-de-natal-contrata-55-leitos-em-hospitais-privados-para-tentar-desafogar-upas\/#primaryimage\",\"url\":\"https:\/\/deputadotaveirajr.com.br\/wp-content\/uploads\/2025\/05\/upa-pbTe3r.jpg\",\"contentUrl\":\"https:\/\/deputadotaveirajr.com.br\/wp-content\/uploads\/2025\/05\/upa-pbTe3r.jpg\",\"width\":1201,\"height\":617},{\"@type\":\"BreadcrumbList\",\"@id\":\"https:\/\/deputadotaveirajr.com.br\/index.php\/prefeitura-de-natal-contrata-55-leitos-em-hospitais-privados-para-tentar-desafogar-upas\/#breadcrumb\",\"itemListElement\":[{\"@type\":\"ListItem\",\"position\":1,\"name\":\"In\u00edcio\",\"item\":\"https:\/\/deputadotaveirajr.com.br\/\"},{\"@type\":\"ListItem\",\"position\":2,\"name\":\"Prefeitura de Natal contrata 55 leitos em hospitais privados para tentar desafogar UPAs\"}]},{\"@type\":\"WebSite\",\"@id\":\"https:\/\/deputadotaveirajr.com.br\/#website\",\"url\":\"https:\/\/deputadotaveirajr.com.br\/\",\"name\":\"Taveira Jr\",\"description\":\"Deputado Estadual\",\"publisher\":{\"@id\":\"https:\/\/deputadotaveirajr.com.br\/#organization\"},\"potentialAction\":[{\"@type\":\"SearchAction\",\"target\":{\"@type\":\"EntryPoint\",\"urlTemplate\":\"https:\/\/deputadotaveirajr.com.br\/?s={search_term_string}\"},\"query-input\":{\"@type\":\"PropertyValueSpecification\",\"valueRequired\":true,\"valueName\":\"search_term_string\"}}],\"inLanguage\":\"pt-BR\"},{\"@type\":\"Organization\",\"@id\":\"https:\/\/deputadotaveirajr.com.br\/#organization\",\"name\":\"Taveira Jr\",\"url\":\"https:\/\/deputadotaveirajr.com.br\/\",\"logo\":{\"@type\":\"ImageObject\",\"inLanguage\":\"pt-BR\",\"@id\":\"https:\/\/deputadotaveirajr.com.br\/#\/schema\/logo\/image\/\",\"url\":\"https:\/\/deputadotaveirajr.com.br\/wp-content\/uploads\/2026\/01\/logolow2a.png\",\"contentUrl\":\"https:\/\/deputadotaveirajr.com.br\/wp-content\/uploads\/2026\/01\/logolow2a.png\",\"width\":290,\"height\":80,\"caption\":\"Taveira Jr\"},\"image\":{\"@id\":\"https:\/\/deputadotaveirajr.com.br\/#\/schema\/logo\/image\/\"}}]}<\/script>\n<!-- \/ Yoast SEO plugin. -->","yoast_head_json":{"title":"Prefeitura de Natal contrata 55 leitos em hospitais privados para tentar desafogar UPAs - Taveira Jr","robots":{"index":"index","follow":"follow","max-snippet":"max-snippet:-1","max-image-preview":"max-image-preview:large","max-video-preview":"max-video-preview:-1"},"canonical":"https:\/\/deputadotaveirajr.com.br\/index.php\/prefeitura-de-natal-contrata-55-leitos-em-hospitais-privados-para-tentar-desafogar-upas\/","og_locale":"pt_BR","og_type":"article","og_title":"Prefeitura de Natal contrata 55 leitos em hospitais privados para tentar desafogar UPAs - Taveira Jr","og_description":"Usu\u00e1rios reclamam de longas esperas por atendimento em unidades de sa\u00fade da capital potiguar. Prefeitura vai contratar leitos na rede particular para desafogar UPAs A Prefeitura de Natal anunciou a ...","og_url":"https:\/\/deputadotaveirajr.com.br\/index.php\/prefeitura-de-natal-contrata-55-leitos-em-hospitais-privados-para-tentar-desafogar-upas\/","og_site_name":"Taveira Jr","og_image":[{"url":"https:\/\/s2-g1.glbimg.com\/5w80bBD4eZU8KMGm1O9tgW417_g=\/i.s3.glbimg.com\/v1\/AUTH_59edd422c0c84a879bd37670ae4f538a\/internal_photos\/bs\/2025\/L\/8\/zev5UOQGuRC0HuWU2bow\/upa.jpg","type":"","width":"","height":""}],"twitter_card":"summary_large_image","twitter_misc":{"Est. tempo de leitura":"2 minutos"},"schema":{"@context":"https:\/\/schema.org","@graph":[{"@type":"WebPage","@id":"https:\/\/deputadotaveirajr.com.br\/index.php\/prefeitura-de-natal-contrata-55-leitos-em-hospitais-privados-para-tentar-desafogar-upas\/","url":"https:\/\/deputadotaveirajr.com.br\/index.php\/prefeitura-de-natal-contrata-55-leitos-em-hospitais-privados-para-tentar-desafogar-upas\/","name":"Prefeitura de Natal contrata 55 leitos em hospitais privados para tentar desafogar UPAs - Taveira Jr","isPartOf":{"@id":"https:\/\/deputadotaveirajr.com.br\/#website"},"primaryImageOfPage":{"@id":"https:\/\/deputadotaveirajr.com.br\/index.php\/prefeitura-de-natal-contrata-55-leitos-em-hospitais-privados-para-tentar-desafogar-upas\/#primaryimage"},"image":{"@id":"https:\/\/deputadotaveirajr.com.br\/index.php\/prefeitura-de-natal-contrata-55-leitos-em-hospitais-privados-para-tentar-desafogar-upas\/#primaryimage"},"thumbnailUrl":"https:\/\/deputadotaveirajr.com.br\/wp-content\/uploads\/2025\/05\/upa-pbTe3r.jpg","datePublished":"2025-05-02T11:43:36+00:00","breadcrumb":{"@id":"https:\/\/deputadotaveirajr.com.br\/index.php\/prefeitura-de-natal-contrata-55-leitos-em-hospitais-privados-para-tentar-desafogar-upas\/#breadcrumb"},"inLanguage":"pt-BR","potentialAction":[{"@type":"ReadAction","target":["https:\/\/deputadotaveirajr.com.br\/index.php\/prefeitura-de-natal-contrata-55-leitos-em-hospitais-privados-para-tentar-desafogar-upas\/"]}]},{"@type":"ImageObject","inLanguage":"pt-BR","@id":"https:\/\/deputadotaveirajr.com.br\/index.php\/prefeitura-de-natal-contrata-55-leitos-em-hospitais-privados-para-tentar-desafogar-upas\/#primaryimage","url":"https:\/\/deputadotaveirajr.com.br\/wp-content\/uploads\/2025\/05\/upa-pbTe3r.jpg","contentUrl":"https:\/\/deputadotaveirajr.com.br\/wp-content\/uploads\/2025\/05\/upa-pbTe3r.jpg","width":1201,"height":617},{"@type":"BreadcrumbList","@id":"https:\/\/deputadotaveirajr.com.br\/index.php\/prefeitura-de-natal-contrata-55-leitos-em-hospitais-privados-para-tentar-desafogar-upas\/#breadcrumb","itemListElement":[{"@type":"ListItem","position":1,"name":"In\u00edcio","item":"https:\/\/deputadotaveirajr.com.br\/"},{"@type":"ListItem","position":2,"name":"Prefeitura de Natal contrata 55 leitos em hospitais privados para tentar desafogar UPAs"}]},{"@type":"WebSite","@id":"https:\/\/deputadotaveirajr.com.br\/#website","url":"https:\/\/deputadotaveirajr.com.br\/","name":"Taveira Jr","description":"Deputado Estadual","publisher":{"@id":"https:\/\/deputadotaveirajr.com.br\/#organization"},"potentialAction":[{"@type":"SearchAction","target":{"@type":"EntryPoint","urlTemplate":"https:\/\/deputadotaveirajr.com.br\/?s={search_term_string}"},"query-input":{"@type":"PropertyValueSpecification","valueRequired":true,"valueName":"search_term_string"}}],"inLanguage":"pt-BR"},{"@type":"Organization","@id":"https:\/\/deputadotaveirajr.com.br\/#organization","name":"Taveira Jr","url":"https:\/\/deputadotaveirajr.com.br\/","logo":{"@type":"ImageObject","inLanguage":"pt-BR","@id":"https:\/\/deputadotaveirajr.com.br\/#\/schema\/logo\/image\/","url":"https:\/\/deputadotaveirajr.com.br\/wp-content\/uploads\/2026\/01\/logolow2a.png","contentUrl":"https:\/\/deputadotaveirajr.com.br\/wp-content\/uploads\/2026\/01\/logolow2a.png","width":290,"height":80,"caption":"Taveira Jr"},"image":{"@id":"https:\/\/deputadotaveirajr.com.br\/#\/schema\/logo\/image\/"}}]}},"_links":{"self":[{"href":"https:\/\/deputadotaveirajr.com.br\/index.php\/wp-json\/wp\/v2\/pages\/12912","targetHints":{"allow":["GET"]}}],"collection":[{"href":"https:\/\/deputadotaveirajr.com.br\/index.php\/wp-json\/wp\/v2\/pages"}],"about":[{"href":"https:\/\/deputadotaveirajr.com.br\/index.php\/wp-json\/wp\/v2\/types\/page"}],"replies":[{"embeddable":true,"href":"https:\/\/deputadotaveirajr.com.br\/index.php\/wp-json\/wp\/v2\/comments?post=12912"}],"version-history":[{"count":0,"href":"https:\/\/deputadotaveirajr.com.br\/index.php\/wp-json\/wp\/v2\/pages\/12912\/revisions"}],"wp:featuredmedia":[{"embeddable":true,"href":"https:\/\/deputadotaveirajr.com.br\/index.php\/wp-json\/wp\/v2\/media\/12913"}],"wp:attachment":[{"href":"https:\/\/deputadotaveirajr.com.br\/index.php\/wp-json\/wp\/v2\/media?parent=12912"}],"curies":[{"name":"wp","href":"https:\/\/api.w.org\/{rel}","templated":true}]}}