{"id":12968,"date":"2025-05-11T13:57:25","date_gmt":"2025-05-11T16:57:25","guid":{"rendered":"https:\/\/deputadotaveirajr.com.br\/index.php\/rn-tem-cinco-tremores-de-terra-em-uma-semana-aponta-labsis\/"},"modified":"2025-05-11T13:57:25","modified_gmt":"2025-05-11T16:57:25","slug":"rn-tem-cinco-tremores-de-terra-em-uma-semana-aponta-labsis","status":"publish","type":"page","link":"https:\/\/deputadotaveirajr.com.br\/index.php\/rn-tem-cinco-tremores-de-terra-em-uma-semana-aponta-labsis\/","title":{"rendered":"RN tem cinco tremores de terra em uma semana, aponta LabSis"},"content":{"rendered":"<p><img decoding=\"async\" src=\"https:\/\/s2-g1.glbimg.com\/7USqt0iSsVkuyXDC49F4_MRsKE0=\/i.s3.glbimg.com\/v1\/AUTH_59edd422c0c84a879bd37670ae4f538a\/internal_photos\/bs\/2025\/I\/A\/WWktt4TY2RhA1aal42lQ\/labsisufrn.jpg\" \/><br \/>     Laborat\u00f3rio Sismol\u00f3gico da UFRN apontou, no entanto, que nenhum tremor foi sentido pelos moradores das cidades.  Tremor mais recente foi sentido em Lajes<br \/>\nLabSis UFRN<br \/>\nUm tremor de terra de 1.8 de magnitude preliminar foi registrado neste s\u00e1bado (10) na cidade de Lajes, distante cerca de 130 quil\u00f4metros de Natal.<br \/>\nSegundo o Laborat\u00f3rio Sismol\u00f3gico (LabSis) da Universidade Federal do Rio Grande do Norte (UFRN), esse foi o quinto tremor registrado no per\u00edodo de uma semana no estado.<br \/>\n\ud83d\udcf3Participe do canal do g1 RN no WhatsApp<br \/>\nSegundo o LabSis, o mais recente tremor, ocorrido em Lajes, foi \u00e0s 10h07 e, at\u00e9 este domingo (11), n\u00e3o havia relatos que moradores da regi\u00e3o tivessem sentido qualquer tremor.<br \/>\nOs outros tremores foram:<br \/>\nNa quinta-feira passada (8), um sismo natural de 1.9 de magnitude tamb\u00e9m atingiu a cidade de Currais Novos \u00e0s 12h47. N\u00e3o havia relatos de moradores que sentiram o tremor;<br \/>\nNa quarta-feira passada (7), um tremor de terra atingiu o munic\u00edpio de Ipangua\u00e7u. A atividade ocorreu \u00e0s 9h08 e teve magnitude preliminar de 1.8. Tamb\u00e9m n\u00e3o havia relatos de moradores sentindo o tremor.<br \/>\nNa segunda-feira passada (5), em Carnaubais, foram dois tremores: \u00e0s 9h42 e \u00e0s 10h33 &#8211; ambos de 1.5 de magnitude. O LabSis tamb\u00e9m informou que n\u00e3o havia relatos de moradores que sentiram.<br \/>\nA cidade de Carnaubais, inclusive, registrou mais de 20 tremores de terra em apenas dois dias no fim do m\u00eas de abril, sendo um deles de 3.0 de magnitude. N\u00e3o houve, no entanto, nenhum que tenha sido sentido pela popula\u00e7\u00e3o, segundo o LabSis.<br \/>\nVeja reportagem abaixo sobre os tremores sentidos em Carnaubais:<br \/>\nTremores de terra s\u00e3o registrados em Carnaubais<br \/>\nV\u00eddeos mais assistidos do g1 RN<\/p>","protected":false},"excerpt":{"rendered":"<p>Laborat\u00f3rio Sismol\u00f3gico da UFRN apontou, no entanto, que nenhum tremor foi sentido pelos moradores das cidades. Tremor mais recente foi sentido em Lajes LabSis UFRN Um tremor de terra de &#8230;<\/p>\n","protected":false},"author":0,"featured_media":12969,"parent":0,"menu_order":0,"comment_status":"closed","ping_status":"closed","template":"","meta":{"footnotes":""},"class_list":["post-12968","page","type-page","status-publish","has-post-thumbnail","hentry"],"yoast_head":"<!-- This site is optimized with the Yoast SEO plugin v27.1.1 - https:\/\/yoast.com\/product\/yoast-seo-wordpress\/ -->\n<title>RN tem cinco tremores de terra em uma semana, aponta LabSis - Taveira Jr<\/title>\n<meta name=\"robots\" content=\"index, follow, max-snippet:-1, max-image-preview:large, max-video-preview:-1\" \/>\n<link rel=\"canonical\" href=\"https:\/\/deputadotaveirajr.com.br\/index.php\/rn-tem-cinco-tremores-de-terra-em-uma-semana-aponta-labsis\/\" \/>\n<meta property=\"og:locale\" content=\"pt_BR\" \/>\n<meta property=\"og:type\" content=\"article\" \/>\n<meta property=\"og:title\" content=\"RN tem cinco tremores de terra em uma semana, aponta LabSis - Taveira Jr\" \/>\n<meta property=\"og:description\" content=\"Laborat\u00f3rio Sismol\u00f3gico da UFRN apontou, no entanto, que nenhum tremor foi sentido pelos moradores das cidades. Tremor mais recente foi sentido em Lajes LabSis UFRN Um tremor de terra de ...\" \/>\n<meta property=\"og:url\" content=\"https:\/\/deputadotaveirajr.com.br\/index.php\/rn-tem-cinco-tremores-de-terra-em-uma-semana-aponta-labsis\/\" \/>\n<meta property=\"og:site_name\" content=\"Taveira Jr\" \/>\n<meta property=\"og:image\" content=\"https:\/\/s2-g1.glbimg.com\/7USqt0iSsVkuyXDC49F4_MRsKE0=\/i.s3.glbimg.com\/v1\/AUTH_59edd422c0c84a879bd37670ae4f538a\/internal_photos\/bs\/2025\/I\/A\/WWktt4TY2RhA1aal42lQ\/labsisufrn.jpg\" \/>\n<meta name=\"twitter:card\" content=\"summary_large_image\" \/>\n<meta name=\"twitter:label1\" content=\"Est. tempo de leitura\" \/>\n\t<meta name=\"twitter:data1\" content=\"1 minuto\" \/>\n<script type=\"application\/ld+json\" class=\"yoast-schema-graph\">{\"@context\":\"https:\/\/schema.org\",\"@graph\":[{\"@type\":\"WebPage\",\"@id\":\"https:\/\/deputadotaveirajr.com.br\/index.php\/rn-tem-cinco-tremores-de-terra-em-uma-semana-aponta-labsis\/\",\"url\":\"https:\/\/deputadotaveirajr.com.br\/index.php\/rn-tem-cinco-tremores-de-terra-em-uma-semana-aponta-labsis\/\",\"name\":\"RN tem cinco tremores de terra em uma semana, aponta LabSis - Taveira Jr\",\"isPartOf\":{\"@id\":\"https:\/\/deputadotaveirajr.com.br\/#website\"},\"primaryImageOfPage\":{\"@id\":\"https:\/\/deputadotaveirajr.com.br\/index.php\/rn-tem-cinco-tremores-de-terra-em-uma-semana-aponta-labsis\/#primaryimage\"},\"image\":{\"@id\":\"https:\/\/deputadotaveirajr.com.br\/index.php\/rn-tem-cinco-tremores-de-terra-em-uma-semana-aponta-labsis\/#primaryimage\"},\"thumbnailUrl\":\"https:\/\/deputadotaveirajr.com.br\/wp-content\/uploads\/2025\/05\/labsisufrn-7RaLQP.jpg\",\"datePublished\":\"2025-05-11T16:57:25+00:00\",\"breadcrumb\":{\"@id\":\"https:\/\/deputadotaveirajr.com.br\/index.php\/rn-tem-cinco-tremores-de-terra-em-uma-semana-aponta-labsis\/#breadcrumb\"},\"inLanguage\":\"pt-BR\",\"potentialAction\":[{\"@type\":\"ReadAction\",\"target\":[\"https:\/\/deputadotaveirajr.com.br\/index.php\/rn-tem-cinco-tremores-de-terra-em-uma-semana-aponta-labsis\/\"]}]},{\"@type\":\"ImageObject\",\"inLanguage\":\"pt-BR\",\"@id\":\"https:\/\/deputadotaveirajr.com.br\/index.php\/rn-tem-cinco-tremores-de-terra-em-uma-semana-aponta-labsis\/#primaryimage\",\"url\":\"https:\/\/deputadotaveirajr.com.br\/wp-content\/uploads\/2025\/05\/labsisufrn-7RaLQP.jpg\",\"contentUrl\":\"https:\/\/deputadotaveirajr.com.br\/wp-content\/uploads\/2025\/05\/labsisufrn-7RaLQP.jpg\",\"width\":1250,\"height\":1022},{\"@type\":\"BreadcrumbList\",\"@id\":\"https:\/\/deputadotaveirajr.com.br\/index.php\/rn-tem-cinco-tremores-de-terra-em-uma-semana-aponta-labsis\/#breadcrumb\",\"itemListElement\":[{\"@type\":\"ListItem\",\"position\":1,\"name\":\"In\u00edcio\",\"item\":\"https:\/\/deputadotaveirajr.com.br\/\"},{\"@type\":\"ListItem\",\"position\":2,\"name\":\"RN tem cinco tremores de terra em uma semana, aponta LabSis\"}]},{\"@type\":\"WebSite\",\"@id\":\"https:\/\/deputadotaveirajr.com.br\/#website\",\"url\":\"https:\/\/deputadotaveirajr.com.br\/\",\"name\":\"Taveira Jr\",\"description\":\"Deputado Estadual\",\"publisher\":{\"@id\":\"https:\/\/deputadotaveirajr.com.br\/#organization\"},\"potentialAction\":[{\"@type\":\"SearchAction\",\"target\":{\"@type\":\"EntryPoint\",\"urlTemplate\":\"https:\/\/deputadotaveirajr.com.br\/?s={search_term_string}\"},\"query-input\":{\"@type\":\"PropertyValueSpecification\",\"valueRequired\":true,\"valueName\":\"search_term_string\"}}],\"inLanguage\":\"pt-BR\"},{\"@type\":\"Organization\",\"@id\":\"https:\/\/deputadotaveirajr.com.br\/#organization\",\"name\":\"Taveira Jr\",\"url\":\"https:\/\/deputadotaveirajr.com.br\/\",\"logo\":{\"@type\":\"ImageObject\",\"inLanguage\":\"pt-BR\",\"@id\":\"https:\/\/deputadotaveirajr.com.br\/#\/schema\/logo\/image\/\",\"url\":\"https:\/\/deputadotaveirajr.com.br\/wp-content\/uploads\/2026\/01\/logolow2a.png\",\"contentUrl\":\"https:\/\/deputadotaveirajr.com.br\/wp-content\/uploads\/2026\/01\/logolow2a.png\",\"width\":290,\"height\":80,\"caption\":\"Taveira Jr\"},\"image\":{\"@id\":\"https:\/\/deputadotaveirajr.com.br\/#\/schema\/logo\/image\/\"}}]}<\/script>\n<!-- \/ Yoast SEO plugin. -->","yoast_head_json":{"title":"RN tem cinco tremores de terra em uma semana, aponta LabSis - Taveira Jr","robots":{"index":"index","follow":"follow","max-snippet":"max-snippet:-1","max-image-preview":"max-image-preview:large","max-video-preview":"max-video-preview:-1"},"canonical":"https:\/\/deputadotaveirajr.com.br\/index.php\/rn-tem-cinco-tremores-de-terra-em-uma-semana-aponta-labsis\/","og_locale":"pt_BR","og_type":"article","og_title":"RN tem cinco tremores de terra em uma semana, aponta LabSis - Taveira Jr","og_description":"Laborat\u00f3rio Sismol\u00f3gico da UFRN apontou, no entanto, que nenhum tremor foi sentido pelos moradores das cidades. Tremor mais recente foi sentido em Lajes LabSis UFRN Um tremor de terra de ...","og_url":"https:\/\/deputadotaveirajr.com.br\/index.php\/rn-tem-cinco-tremores-de-terra-em-uma-semana-aponta-labsis\/","og_site_name":"Taveira Jr","og_image":[{"url":"https:\/\/s2-g1.glbimg.com\/7USqt0iSsVkuyXDC49F4_MRsKE0=\/i.s3.glbimg.com\/v1\/AUTH_59edd422c0c84a879bd37670ae4f538a\/internal_photos\/bs\/2025\/I\/A\/WWktt4TY2RhA1aal42lQ\/labsisufrn.jpg","type":"","width":"","height":""}],"twitter_card":"summary_large_image","twitter_misc":{"Est. tempo de leitura":"1 minuto"},"schema":{"@context":"https:\/\/schema.org","@graph":[{"@type":"WebPage","@id":"https:\/\/deputadotaveirajr.com.br\/index.php\/rn-tem-cinco-tremores-de-terra-em-uma-semana-aponta-labsis\/","url":"https:\/\/deputadotaveirajr.com.br\/index.php\/rn-tem-cinco-tremores-de-terra-em-uma-semana-aponta-labsis\/","name":"RN tem cinco tremores de terra em uma semana, aponta LabSis - Taveira Jr","isPartOf":{"@id":"https:\/\/deputadotaveirajr.com.br\/#website"},"primaryImageOfPage":{"@id":"https:\/\/deputadotaveirajr.com.br\/index.php\/rn-tem-cinco-tremores-de-terra-em-uma-semana-aponta-labsis\/#primaryimage"},"image":{"@id":"https:\/\/deputadotaveirajr.com.br\/index.php\/rn-tem-cinco-tremores-de-terra-em-uma-semana-aponta-labsis\/#primaryimage"},"thumbnailUrl":"https:\/\/deputadotaveirajr.com.br\/wp-content\/uploads\/2025\/05\/labsisufrn-7RaLQP.jpg","datePublished":"2025-05-11T16:57:25+00:00","breadcrumb":{"@id":"https:\/\/deputadotaveirajr.com.br\/index.php\/rn-tem-cinco-tremores-de-terra-em-uma-semana-aponta-labsis\/#breadcrumb"},"inLanguage":"pt-BR","potentialAction":[{"@type":"ReadAction","target":["https:\/\/deputadotaveirajr.com.br\/index.php\/rn-tem-cinco-tremores-de-terra-em-uma-semana-aponta-labsis\/"]}]},{"@type":"ImageObject","inLanguage":"pt-BR","@id":"https:\/\/deputadotaveirajr.com.br\/index.php\/rn-tem-cinco-tremores-de-terra-em-uma-semana-aponta-labsis\/#primaryimage","url":"https:\/\/deputadotaveirajr.com.br\/wp-content\/uploads\/2025\/05\/labsisufrn-7RaLQP.jpg","contentUrl":"https:\/\/deputadotaveirajr.com.br\/wp-content\/uploads\/2025\/05\/labsisufrn-7RaLQP.jpg","width":1250,"height":1022},{"@type":"BreadcrumbList","@id":"https:\/\/deputadotaveirajr.com.br\/index.php\/rn-tem-cinco-tremores-de-terra-em-uma-semana-aponta-labsis\/#breadcrumb","itemListElement":[{"@type":"ListItem","position":1,"name":"In\u00edcio","item":"https:\/\/deputadotaveirajr.com.br\/"},{"@type":"ListItem","position":2,"name":"RN tem cinco tremores de terra em uma semana, aponta LabSis"}]},{"@type":"WebSite","@id":"https:\/\/deputadotaveirajr.com.br\/#website","url":"https:\/\/deputadotaveirajr.com.br\/","name":"Taveira Jr","description":"Deputado Estadual","publisher":{"@id":"https:\/\/deputadotaveirajr.com.br\/#organization"},"potentialAction":[{"@type":"SearchAction","target":{"@type":"EntryPoint","urlTemplate":"https:\/\/deputadotaveirajr.com.br\/?s={search_term_string}"},"query-input":{"@type":"PropertyValueSpecification","valueRequired":true,"valueName":"search_term_string"}}],"inLanguage":"pt-BR"},{"@type":"Organization","@id":"https:\/\/deputadotaveirajr.com.br\/#organization","name":"Taveira Jr","url":"https:\/\/deputadotaveirajr.com.br\/","logo":{"@type":"ImageObject","inLanguage":"pt-BR","@id":"https:\/\/deputadotaveirajr.com.br\/#\/schema\/logo\/image\/","url":"https:\/\/deputadotaveirajr.com.br\/wp-content\/uploads\/2026\/01\/logolow2a.png","contentUrl":"https:\/\/deputadotaveirajr.com.br\/wp-content\/uploads\/2026\/01\/logolow2a.png","width":290,"height":80,"caption":"Taveira Jr"},"image":{"@id":"https:\/\/deputadotaveirajr.com.br\/#\/schema\/logo\/image\/"}}]}},"_links":{"self":[{"href":"https:\/\/deputadotaveirajr.com.br\/index.php\/wp-json\/wp\/v2\/pages\/12968","targetHints":{"allow":["GET"]}}],"collection":[{"href":"https:\/\/deputadotaveirajr.com.br\/index.php\/wp-json\/wp\/v2\/pages"}],"about":[{"href":"https:\/\/deputadotaveirajr.com.br\/index.php\/wp-json\/wp\/v2\/types\/page"}],"replies":[{"embeddable":true,"href":"https:\/\/deputadotaveirajr.com.br\/index.php\/wp-json\/wp\/v2\/comments?post=12968"}],"version-history":[{"count":0,"href":"https:\/\/deputadotaveirajr.com.br\/index.php\/wp-json\/wp\/v2\/pages\/12968\/revisions"}],"wp:featuredmedia":[{"embeddable":true,"href":"https:\/\/deputadotaveirajr.com.br\/index.php\/wp-json\/wp\/v2\/media\/12969"}],"wp:attachment":[{"href":"https:\/\/deputadotaveirajr.com.br\/index.php\/wp-json\/wp\/v2\/media?parent=12968"}],"curies":[{"name":"wp","href":"https:\/\/api.w.org\/{rel}","templated":true}]}}