{"id":12976,"date":"2025-05-11T08:19:21","date_gmt":"2025-05-11T11:19:21","guid":{"rendered":"https:\/\/deputadotaveirajr.com.br\/index.php\/receita-aprenda-a-fazer-um-gratinado-de-batata-doce-com-queijo-coalho\/"},"modified":"2025-05-11T08:19:21","modified_gmt":"2025-05-11T11:19:21","slug":"receita-aprenda-a-fazer-um-gratinado-de-batata-doce-com-queijo-coalho","status":"publish","type":"page","link":"https:\/\/deputadotaveirajr.com.br\/index.php\/receita-aprenda-a-fazer-um-gratinado-de-batata-doce-com-queijo-coalho\/","title":{"rendered":"Receita: aprenda a fazer um gratinado de batata-doce com queijo coalho"},"content":{"rendered":"<p><img decoding=\"async\" src=\"https:\/\/s2-g1.glbimg.com\/Mv7rQ_Ppw7OrHRXl8tdOO82hE2g=\/i.s3.glbimg.com\/v1\/AUTH_59edd422c0c84a879bd37670ae4f538a\/internal_photos\/bs\/2025\/B\/y\/pLAPrjS02Z56EYUshXjw\/whatsapp-image-2025-05-10-at-18.42.04.jpeg\" \/><br \/>     Receita deste domingo (11) do Inter TV Rural deixa qualquer almo\u00e7o ou jantar com cara de festa com 6 ingredientes. Gratinado de batata doce com queijo coalho<br \/>\nInter TV Costa Branca<br \/>\nA receita deste domingo (11) do Inter TV Rural deixa qualquer almo\u00e7o ou jantar com cara de festa. Com apenas 6 ingredientes, \u00e9 poss\u00edvel fazer um gratinado saboroso com itens acess\u00edveis e regionais.<br \/>\nEsse \u00e9 o caso da batata-doce e do queijo coalho. Um prato r\u00e1pido de preparar, que apesar de simples, \u00e9 nutritivo e vai bem como acompanhamento nas principais refei\u00e7\u00f5es.<br \/>\n\ud83d\udcf3Participe do canal do g1 RN no WhatsApp<br \/>\nIngredientes<br \/>\n1 kg de batata-doce cozida em \u00e1gua e sal e cortada em rodelas<br \/>\n300 g de queijo coalho cortado em cubos pequenos<br \/>\n50 g ou 3 colheres de sopa de manteiga<br \/>\n50 g de farinha de trigo (aproximadamente de 3 colheres de sopa rasas)<br \/>\n1 litro de leite<br \/>\nSal, pimenta do reino e noz moscada a gosto<br \/>\nModo de preparo<br \/>\nVamos utilizar a batata-doce de casca roxa, mas pode ser qualquer variedade. O ponto ideal \u00e9 quando ela est\u00e1 cozida, por\u00e9m ainda firme. Para essa receita, vamos preservar a casca da batata. Ap\u00f3s cozida, vamos cortar as rodelas, que n\u00e3o devem ser muito finas.<br \/>\n\u27a1\ufe0f  A pr\u00f3xima etapa da receita \u00e9 o preparo do molho branco. Em uma panela, colocamos a manteiga para derreter e logo ap\u00f3s, adicionamos a farinha de trigo. Misturamos os dois ingredientes at\u00e9 formar uma massinha que leva o nome de \u201croux\u201d, uma forma de espessar os molhos. Devemos cozinhar a farinha junto a manteiga por cerca de 2 minutos, mexendo o tempo inteiro.<br \/>\n\u27a1\ufe0f  Ap\u00f3s esse tempo, adicionamos o leite aos poucos. Primeiro colocamos metade, aguardamos os ingredientes incorporarem e, em seguida, quando a mistura estiver bem lisinha, colocamos o restante do leite, mexendo sempre. Nesse processo o fogo deve estar alto.<br \/>\n\u27a1\ufe0f  Ap\u00f3s mexer e observar que o molho est\u00e1 levantando fervura, podemos temperar a mistura com sal, pimenta do reino (opcional) e noz moscada, de prefer\u00eancia ralada na hora. Continuamos a mexer, para n\u00e3o grudar no fundo e nas laterais da panela. O molho deve continuar no fogo, por cerca de 6 minutos e em seguida, podemos desligar o fogo.<br \/>\nA etapa seguinte \u00e9 a montagem do gratinado.<br \/>\n\u27a1\ufe0f  Em uma assadeira (escolhemos o formato retangular, mas pode ser outra), vamos untar com um fio de azeite e, em seguida, colocamos uma camada de molho branco. Por cima, uma camada com as rodelas de batata-doce.<br \/>\n\u27a1\ufe0f  Ap\u00f3s preencher a camada por completo, vamos adicionar alguns cubos de queijo coalho por cima das batatas. Depois, cobrimos com mais uma camada, generosa, de molho branco.<br \/>\nFinalizamos com mais uma camada de batata-doce e colocamos uma cobertura generosa de molho branco. Por cima, os cubos de queijo coalho. Se sobrar ingredientes, podemos fazer outra montagem em um recipiente menor.<br \/>\n\u27a1\ufe0f  Levamos a assadeira ao forno preaquecido a 180\u00b0 para gratinar. O ponto ideal \u00e9 quando a superf\u00edcie fica levemente dourada.<br \/>\nA nossa receita ficou cerca de 30 minutos no forno, mas esse tempo pode variar. O ideal \u00e9 servir ainda quente ou morno.<br \/>\nConhe\u00e7a os benef\u00edcios da batata-doce para a sa\u00fade<br \/>\nV\u00eddeos mais assistidos do g1 RN<\/p>","protected":false},"excerpt":{"rendered":"<p>Receita deste domingo (11) do Inter TV Rural deixa qualquer almo\u00e7o ou jantar com cara de festa com 6 ingredientes. Gratinado de batata doce com queijo coalho Inter TV Costa &#8230;<\/p>\n","protected":false},"author":0,"featured_media":12977,"parent":0,"menu_order":0,"comment_status":"closed","ping_status":"closed","template":"","meta":{"footnotes":""},"class_list":["post-12976","page","type-page","status-publish","has-post-thumbnail","hentry"],"yoast_head":"<!-- This site is optimized with the Yoast SEO plugin v27.1.1 - https:\/\/yoast.com\/product\/yoast-seo-wordpress\/ -->\n<title>Receita: aprenda a fazer um gratinado de batata-doce com queijo coalho - Taveira Jr<\/title>\n<meta name=\"robots\" content=\"index, follow, max-snippet:-1, max-image-preview:large, max-video-preview:-1\" \/>\n<link rel=\"canonical\" href=\"https:\/\/deputadotaveirajr.com.br\/index.php\/receita-aprenda-a-fazer-um-gratinado-de-batata-doce-com-queijo-coalho\/\" \/>\n<meta property=\"og:locale\" content=\"pt_BR\" \/>\n<meta property=\"og:type\" content=\"article\" \/>\n<meta property=\"og:title\" content=\"Receita: aprenda a fazer um gratinado de batata-doce com queijo coalho - Taveira Jr\" \/>\n<meta property=\"og:description\" content=\"Receita deste domingo (11) do Inter TV Rural deixa qualquer almo\u00e7o ou jantar com cara de festa com 6 ingredientes. Gratinado de batata doce com queijo coalho Inter TV Costa ...\" \/>\n<meta property=\"og:url\" content=\"https:\/\/deputadotaveirajr.com.br\/index.php\/receita-aprenda-a-fazer-um-gratinado-de-batata-doce-com-queijo-coalho\/\" \/>\n<meta property=\"og:site_name\" content=\"Taveira Jr\" \/>\n<meta property=\"og:image\" content=\"https:\/\/s2-g1.glbimg.com\/Mv7rQ_Ppw7OrHRXl8tdOO82hE2g=\/i.s3.glbimg.com\/v1\/AUTH_59edd422c0c84a879bd37670ae4f538a\/internal_photos\/bs\/2025\/B\/y\/pLAPrjS02Z56EYUshXjw\/whatsapp-image-2025-05-10-at-18.42.04.jpeg\" \/>\n<meta name=\"twitter:card\" content=\"summary_large_image\" \/>\n<meta name=\"twitter:label1\" content=\"Est. tempo de leitura\" \/>\n\t<meta name=\"twitter:data1\" content=\"3 minutos\" \/>\n<script type=\"application\/ld+json\" class=\"yoast-schema-graph\">{\"@context\":\"https:\/\/schema.org\",\"@graph\":[{\"@type\":\"WebPage\",\"@id\":\"https:\/\/deputadotaveirajr.com.br\/index.php\/receita-aprenda-a-fazer-um-gratinado-de-batata-doce-com-queijo-coalho\/\",\"url\":\"https:\/\/deputadotaveirajr.com.br\/index.php\/receita-aprenda-a-fazer-um-gratinado-de-batata-doce-com-queijo-coalho\/\",\"name\":\"Receita: aprenda a fazer um gratinado de batata-doce com queijo coalho - Taveira Jr\",\"isPartOf\":{\"@id\":\"https:\/\/deputadotaveirajr.com.br\/#website\"},\"primaryImageOfPage\":{\"@id\":\"https:\/\/deputadotaveirajr.com.br\/index.php\/receita-aprenda-a-fazer-um-gratinado-de-batata-doce-com-queijo-coalho\/#primaryimage\"},\"image\":{\"@id\":\"https:\/\/deputadotaveirajr.com.br\/index.php\/receita-aprenda-a-fazer-um-gratinado-de-batata-doce-com-queijo-coalho\/#primaryimage\"},\"thumbnailUrl\":\"https:\/\/deputadotaveirajr.com.br\/wp-content\/uploads\/2025\/05\/whatsapp-image-2025-05-10-at-18.42.04-RJwDHo.jpg\",\"datePublished\":\"2025-05-11T11:19:21+00:00\",\"breadcrumb\":{\"@id\":\"https:\/\/deputadotaveirajr.com.br\/index.php\/receita-aprenda-a-fazer-um-gratinado-de-batata-doce-com-queijo-coalho\/#breadcrumb\"},\"inLanguage\":\"pt-BR\",\"potentialAction\":[{\"@type\":\"ReadAction\",\"target\":[\"https:\/\/deputadotaveirajr.com.br\/index.php\/receita-aprenda-a-fazer-um-gratinado-de-batata-doce-com-queijo-coalho\/\"]}]},{\"@type\":\"ImageObject\",\"inLanguage\":\"pt-BR\",\"@id\":\"https:\/\/deputadotaveirajr.com.br\/index.php\/receita-aprenda-a-fazer-um-gratinado-de-batata-doce-com-queijo-coalho\/#primaryimage\",\"url\":\"https:\/\/deputadotaveirajr.com.br\/wp-content\/uploads\/2025\/05\/whatsapp-image-2025-05-10-at-18.42.04-RJwDHo.jpg\",\"contentUrl\":\"https:\/\/deputadotaveirajr.com.br\/wp-content\/uploads\/2025\/05\/whatsapp-image-2025-05-10-at-18.42.04-RJwDHo.jpg\",\"width\":1600,\"height\":1200},{\"@type\":\"BreadcrumbList\",\"@id\":\"https:\/\/deputadotaveirajr.com.br\/index.php\/receita-aprenda-a-fazer-um-gratinado-de-batata-doce-com-queijo-coalho\/#breadcrumb\",\"itemListElement\":[{\"@type\":\"ListItem\",\"position\":1,\"name\":\"In\u00edcio\",\"item\":\"https:\/\/deputadotaveirajr.com.br\/\"},{\"@type\":\"ListItem\",\"position\":2,\"name\":\"Receita: aprenda a fazer um gratinado de batata-doce com queijo coalho\"}]},{\"@type\":\"WebSite\",\"@id\":\"https:\/\/deputadotaveirajr.com.br\/#website\",\"url\":\"https:\/\/deputadotaveirajr.com.br\/\",\"name\":\"Taveira Jr\",\"description\":\"Deputado Estadual\",\"publisher\":{\"@id\":\"https:\/\/deputadotaveirajr.com.br\/#organization\"},\"potentialAction\":[{\"@type\":\"SearchAction\",\"target\":{\"@type\":\"EntryPoint\",\"urlTemplate\":\"https:\/\/deputadotaveirajr.com.br\/?s={search_term_string}\"},\"query-input\":{\"@type\":\"PropertyValueSpecification\",\"valueRequired\":true,\"valueName\":\"search_term_string\"}}],\"inLanguage\":\"pt-BR\"},{\"@type\":\"Organization\",\"@id\":\"https:\/\/deputadotaveirajr.com.br\/#organization\",\"name\":\"Taveira Jr\",\"url\":\"https:\/\/deputadotaveirajr.com.br\/\",\"logo\":{\"@type\":\"ImageObject\",\"inLanguage\":\"pt-BR\",\"@id\":\"https:\/\/deputadotaveirajr.com.br\/#\/schema\/logo\/image\/\",\"url\":\"https:\/\/deputadotaveirajr.com.br\/wp-content\/uploads\/2026\/01\/logolow2a.png\",\"contentUrl\":\"https:\/\/deputadotaveirajr.com.br\/wp-content\/uploads\/2026\/01\/logolow2a.png\",\"width\":290,\"height\":80,\"caption\":\"Taveira Jr\"},\"image\":{\"@id\":\"https:\/\/deputadotaveirajr.com.br\/#\/schema\/logo\/image\/\"}}]}<\/script>\n<!-- \/ Yoast SEO plugin. -->","yoast_head_json":{"title":"Receita: aprenda a fazer um gratinado de batata-doce com queijo coalho - Taveira Jr","robots":{"index":"index","follow":"follow","max-snippet":"max-snippet:-1","max-image-preview":"max-image-preview:large","max-video-preview":"max-video-preview:-1"},"canonical":"https:\/\/deputadotaveirajr.com.br\/index.php\/receita-aprenda-a-fazer-um-gratinado-de-batata-doce-com-queijo-coalho\/","og_locale":"pt_BR","og_type":"article","og_title":"Receita: aprenda a fazer um gratinado de batata-doce com queijo coalho - Taveira Jr","og_description":"Receita deste domingo (11) do Inter TV Rural deixa qualquer almo\u00e7o ou jantar com cara de festa com 6 ingredientes. Gratinado de batata doce com queijo coalho Inter TV Costa ...","og_url":"https:\/\/deputadotaveirajr.com.br\/index.php\/receita-aprenda-a-fazer-um-gratinado-de-batata-doce-com-queijo-coalho\/","og_site_name":"Taveira Jr","og_image":[{"url":"https:\/\/s2-g1.glbimg.com\/Mv7rQ_Ppw7OrHRXl8tdOO82hE2g=\/i.s3.glbimg.com\/v1\/AUTH_59edd422c0c84a879bd37670ae4f538a\/internal_photos\/bs\/2025\/B\/y\/pLAPrjS02Z56EYUshXjw\/whatsapp-image-2025-05-10-at-18.42.04.jpeg","type":"","width":"","height":""}],"twitter_card":"summary_large_image","twitter_misc":{"Est. tempo de leitura":"3 minutos"},"schema":{"@context":"https:\/\/schema.org","@graph":[{"@type":"WebPage","@id":"https:\/\/deputadotaveirajr.com.br\/index.php\/receita-aprenda-a-fazer-um-gratinado-de-batata-doce-com-queijo-coalho\/","url":"https:\/\/deputadotaveirajr.com.br\/index.php\/receita-aprenda-a-fazer-um-gratinado-de-batata-doce-com-queijo-coalho\/","name":"Receita: aprenda a fazer um gratinado de batata-doce com queijo coalho - Taveira Jr","isPartOf":{"@id":"https:\/\/deputadotaveirajr.com.br\/#website"},"primaryImageOfPage":{"@id":"https:\/\/deputadotaveirajr.com.br\/index.php\/receita-aprenda-a-fazer-um-gratinado-de-batata-doce-com-queijo-coalho\/#primaryimage"},"image":{"@id":"https:\/\/deputadotaveirajr.com.br\/index.php\/receita-aprenda-a-fazer-um-gratinado-de-batata-doce-com-queijo-coalho\/#primaryimage"},"thumbnailUrl":"https:\/\/deputadotaveirajr.com.br\/wp-content\/uploads\/2025\/05\/whatsapp-image-2025-05-10-at-18.42.04-RJwDHo.jpg","datePublished":"2025-05-11T11:19:21+00:00","breadcrumb":{"@id":"https:\/\/deputadotaveirajr.com.br\/index.php\/receita-aprenda-a-fazer-um-gratinado-de-batata-doce-com-queijo-coalho\/#breadcrumb"},"inLanguage":"pt-BR","potentialAction":[{"@type":"ReadAction","target":["https:\/\/deputadotaveirajr.com.br\/index.php\/receita-aprenda-a-fazer-um-gratinado-de-batata-doce-com-queijo-coalho\/"]}]},{"@type":"ImageObject","inLanguage":"pt-BR","@id":"https:\/\/deputadotaveirajr.com.br\/index.php\/receita-aprenda-a-fazer-um-gratinado-de-batata-doce-com-queijo-coalho\/#primaryimage","url":"https:\/\/deputadotaveirajr.com.br\/wp-content\/uploads\/2025\/05\/whatsapp-image-2025-05-10-at-18.42.04-RJwDHo.jpg","contentUrl":"https:\/\/deputadotaveirajr.com.br\/wp-content\/uploads\/2025\/05\/whatsapp-image-2025-05-10-at-18.42.04-RJwDHo.jpg","width":1600,"height":1200},{"@type":"BreadcrumbList","@id":"https:\/\/deputadotaveirajr.com.br\/index.php\/receita-aprenda-a-fazer-um-gratinado-de-batata-doce-com-queijo-coalho\/#breadcrumb","itemListElement":[{"@type":"ListItem","position":1,"name":"In\u00edcio","item":"https:\/\/deputadotaveirajr.com.br\/"},{"@type":"ListItem","position":2,"name":"Receita: aprenda a fazer um gratinado de batata-doce com queijo coalho"}]},{"@type":"WebSite","@id":"https:\/\/deputadotaveirajr.com.br\/#website","url":"https:\/\/deputadotaveirajr.com.br\/","name":"Taveira Jr","description":"Deputado Estadual","publisher":{"@id":"https:\/\/deputadotaveirajr.com.br\/#organization"},"potentialAction":[{"@type":"SearchAction","target":{"@type":"EntryPoint","urlTemplate":"https:\/\/deputadotaveirajr.com.br\/?s={search_term_string}"},"query-input":{"@type":"PropertyValueSpecification","valueRequired":true,"valueName":"search_term_string"}}],"inLanguage":"pt-BR"},{"@type":"Organization","@id":"https:\/\/deputadotaveirajr.com.br\/#organization","name":"Taveira Jr","url":"https:\/\/deputadotaveirajr.com.br\/","logo":{"@type":"ImageObject","inLanguage":"pt-BR","@id":"https:\/\/deputadotaveirajr.com.br\/#\/schema\/logo\/image\/","url":"https:\/\/deputadotaveirajr.com.br\/wp-content\/uploads\/2026\/01\/logolow2a.png","contentUrl":"https:\/\/deputadotaveirajr.com.br\/wp-content\/uploads\/2026\/01\/logolow2a.png","width":290,"height":80,"caption":"Taveira Jr"},"image":{"@id":"https:\/\/deputadotaveirajr.com.br\/#\/schema\/logo\/image\/"}}]}},"_links":{"self":[{"href":"https:\/\/deputadotaveirajr.com.br\/index.php\/wp-json\/wp\/v2\/pages\/12976","targetHints":{"allow":["GET"]}}],"collection":[{"href":"https:\/\/deputadotaveirajr.com.br\/index.php\/wp-json\/wp\/v2\/pages"}],"about":[{"href":"https:\/\/deputadotaveirajr.com.br\/index.php\/wp-json\/wp\/v2\/types\/page"}],"replies":[{"embeddable":true,"href":"https:\/\/deputadotaveirajr.com.br\/index.php\/wp-json\/wp\/v2\/comments?post=12976"}],"version-history":[{"count":0,"href":"https:\/\/deputadotaveirajr.com.br\/index.php\/wp-json\/wp\/v2\/pages\/12976\/revisions"}],"wp:featuredmedia":[{"embeddable":true,"href":"https:\/\/deputadotaveirajr.com.br\/index.php\/wp-json\/wp\/v2\/media\/12977"}],"wp:attachment":[{"href":"https:\/\/deputadotaveirajr.com.br\/index.php\/wp-json\/wp\/v2\/media?parent=12976"}],"curies":[{"name":"wp","href":"https:\/\/api.w.org\/{rel}","templated":true}]}}