{"id":12978,"date":"2025-05-12T09:05:23","date_gmt":"2025-05-12T12:05:23","guid":{"rendered":"https:\/\/deputadotaveirajr.com.br\/index.php\/taxa-de-licenciamento-de-497-mil-veiculos-do-rn-vence-nesta-segunda-12-veja-quais-e-como-pagar\/"},"modified":"2025-05-12T09:05:23","modified_gmt":"2025-05-12T12:05:23","slug":"taxa-de-licenciamento-de-497-mil-veiculos-do-rn-vence-nesta-segunda-12-veja-quais-e-como-pagar","status":"publish","type":"page","link":"https:\/\/deputadotaveirajr.com.br\/index.php\/taxa-de-licenciamento-de-497-mil-veiculos-do-rn-vence-nesta-segunda-12-veja-quais-e-como-pagar\/","title":{"rendered":"Taxa de licenciamento de 497 mil ve\u00edculos do RN vence nesta segunda (12); veja quais e como pagar"},"content":{"rendered":"<p><img decoding=\"async\" src=\"https:\/\/s2-g1.glbimg.com\/rV8mbzqAfeAVXLLyZFCKuK1rUmM=\/i.s3.glbimg.com\/v1\/AUTH_59edd422c0c84a879bd37670ae4f538a\/internal_photos\/bs\/2024\/T\/G\/DUFeXbROKay7lDsJJcAA\/whatsapp-image-2024-08-26-at-09.58.29.jpeg\" \/><br \/>     Taxa \u00e9 de R$ 90 para todos os ve\u00edculos do estado, independentemente do ano de fabrica\u00e7\u00e3o e modelo. Tr\u00e2nsito em Natal (RN) Rio Grande do Norte BR-101 carros ve\u00edculos congestionamento engarrafamento<br \/>\nS\u00e9rgio Henrique Santos\/Inter TV Cabugi<br \/>\nA Taxa de Licenciamento de 497 mil ve\u00edculos com placas finais 6, 7 e 8 devem ser pagos nesta segunda-feira (12), segundo informou o Departamento Estadual de Tr\u00e2nsito do RN (Detran). O valor do licenciamento \u00e9 de R$ 90.<br \/>\nA taxa \u00e9 obrigat\u00f3ria para todos os ve\u00edculos, independentemente do ano de fabrica\u00e7\u00e3o e modelo.<br \/>\n\ud83d\udcf3Participe do canal do g1 RN no WhatsApp<br \/>\nAtualmente o Rio Grande do Norte soma uma frota veicular de 1.641.758 autom\u00f3veis. O calend\u00e1rio de pagamento do licenciamento segue at\u00e9 junho, com ve\u00edculos com final 9 e 0.<br \/>\nO n\u00e3o pagamento da taxa impede a emiss\u00e3o do CRLV, documento exigido para a circula\u00e7\u00e3o dos ve\u00edculos.<br \/>\nCaso o propriet\u00e1rio n\u00e3o realize o pagamento at\u00e9 o vencimento, pode ser multado e ter o ve\u00edculo retido, ficando impedido de circular at\u00e9 que a regulariza\u00e7\u00e3o seja feita.<br \/>\nComo pagar<br \/>\nPara efetuar o pagamento da taxa o propriet\u00e1rio do ve\u00edculo deve acessar o portal de servi\u00e7os do Detran, realizar o login com CPF e senha, clicar em &#8220;Ve\u00edculo&#8221; e selecionar &#8220;Meus Ve\u00edculos&#8221;. Todas as informa\u00e7\u00f5es do ve\u00edculo e d\u00e9bitos ser\u00e3o exibidas na tela.<br \/>\nO propriet\u00e1rio pode ent\u00e3o clicar na taxa que deseja pagar, o que abrir\u00e1 uma nova aba com a op\u00e7\u00e3o de emitir o boleto banc\u00e1rio direcionado ao Banco do Brasil ou demais institui\u00e7\u00f5es financeiras. Tamb\u00e9m h\u00e1 a op\u00e7\u00e3o de pagamento via PIX.<br \/>\nAl\u00e9m disso, o cidad\u00e3o pode consultar d\u00e9bitos de ve\u00edculos em nome de terceiros atrav\u00e9s do Portal de Servi\u00e7os do Detran. Para isso, deve acessar a op\u00e7\u00e3o &#8220;Consulta de Ve\u00edculo&#8221; e preencher os dados da placa e do Renavam.<br \/>\nNota Potiguar<br \/>\nO Detran em parceria com a Secretaria Estadual da Fazenda (Sefaz) tamb\u00e9m criou possibilidade de emiss\u00e3o da guia de pagamento do Licenciamento para aqueles propriet\u00e1rios que utilizam o \u201cAplicativo Nota Potiguar\u201d.<br \/>\nNessas situa\u00e7\u00f5es, o cidad\u00e3o abre o aplicativo e na tela inicial aciona o bot\u00e3o \u201cIPVA\u201d, logo em seguida \u00e9 mostrada a rela\u00e7\u00e3o de d\u00e9bitos do ve\u00edculo cadastrado em seu nome e entre esses consta o Licenciamento, que ao ser clicado \u00e9 gerada a guia de pagamento.<br \/>\nVeja os v\u00eddeos mais assistidos no g1 RN<\/p>","protected":false},"excerpt":{"rendered":"<p>Taxa \u00e9 de R$ 90 para todos os ve\u00edculos do estado, independentemente do ano de fabrica\u00e7\u00e3o e modelo. Tr\u00e2nsito em Natal (RN) Rio Grande do Norte BR-101 carros ve\u00edculos congestionamento &#8230;<\/p>\n","protected":false},"author":0,"featured_media":12979,"parent":0,"menu_order":0,"comment_status":"closed","ping_status":"closed","template":"","meta":{"footnotes":""},"class_list":["post-12978","page","type-page","status-publish","has-post-thumbnail","hentry"],"yoast_head":"<!-- This site is optimized with the Yoast SEO plugin v27.1.1 - https:\/\/yoast.com\/product\/yoast-seo-wordpress\/ -->\n<title>Taxa de licenciamento de 497 mil ve\u00edculos do RN vence nesta segunda (12); veja quais e como pagar - Taveira Jr<\/title>\n<meta name=\"robots\" content=\"index, follow, max-snippet:-1, max-image-preview:large, max-video-preview:-1\" \/>\n<link rel=\"canonical\" href=\"https:\/\/deputadotaveirajr.com.br\/index.php\/taxa-de-licenciamento-de-497-mil-veiculos-do-rn-vence-nesta-segunda-12-veja-quais-e-como-pagar\/\" \/>\n<meta property=\"og:locale\" content=\"pt_BR\" \/>\n<meta property=\"og:type\" content=\"article\" \/>\n<meta property=\"og:title\" content=\"Taxa de licenciamento de 497 mil ve\u00edculos do RN vence nesta segunda (12); veja quais e como pagar - Taveira Jr\" \/>\n<meta property=\"og:description\" content=\"Taxa \u00e9 de R$ 90 para todos os ve\u00edculos do estado, independentemente do ano de fabrica\u00e7\u00e3o e modelo. Tr\u00e2nsito em Natal (RN) Rio Grande do Norte BR-101 carros ve\u00edculos congestionamento ...\" \/>\n<meta property=\"og:url\" content=\"https:\/\/deputadotaveirajr.com.br\/index.php\/taxa-de-licenciamento-de-497-mil-veiculos-do-rn-vence-nesta-segunda-12-veja-quais-e-como-pagar\/\" \/>\n<meta property=\"og:site_name\" content=\"Taveira Jr\" \/>\n<meta property=\"og:image\" content=\"https:\/\/s2-g1.glbimg.com\/rV8mbzqAfeAVXLLyZFCKuK1rUmM=\/i.s3.glbimg.com\/v1\/AUTH_59edd422c0c84a879bd37670ae4f538a\/internal_photos\/bs\/2024\/T\/G\/DUFeXbROKay7lDsJJcAA\/whatsapp-image-2024-08-26-at-09.58.29.jpeg\" \/>\n<meta name=\"twitter:card\" content=\"summary_large_image\" \/>\n<meta name=\"twitter:label1\" content=\"Est. tempo de leitura\" \/>\n\t<meta name=\"twitter:data1\" content=\"2 minutos\" \/>\n<script type=\"application\/ld+json\" class=\"yoast-schema-graph\">{\"@context\":\"https:\/\/schema.org\",\"@graph\":[{\"@type\":\"WebPage\",\"@id\":\"https:\/\/deputadotaveirajr.com.br\/index.php\/taxa-de-licenciamento-de-497-mil-veiculos-do-rn-vence-nesta-segunda-12-veja-quais-e-como-pagar\/\",\"url\":\"https:\/\/deputadotaveirajr.com.br\/index.php\/taxa-de-licenciamento-de-497-mil-veiculos-do-rn-vence-nesta-segunda-12-veja-quais-e-como-pagar\/\",\"name\":\"Taxa de licenciamento de 497 mil ve\u00edculos do RN vence nesta segunda (12); veja quais e como pagar - Taveira Jr\",\"isPartOf\":{\"@id\":\"https:\/\/deputadotaveirajr.com.br\/#website\"},\"primaryImageOfPage\":{\"@id\":\"https:\/\/deputadotaveirajr.com.br\/index.php\/taxa-de-licenciamento-de-497-mil-veiculos-do-rn-vence-nesta-segunda-12-veja-quais-e-como-pagar\/#primaryimage\"},\"image\":{\"@id\":\"https:\/\/deputadotaveirajr.com.br\/index.php\/taxa-de-licenciamento-de-497-mil-veiculos-do-rn-vence-nesta-segunda-12-veja-quais-e-como-pagar\/#primaryimage\"},\"thumbnailUrl\":\"https:\/\/deputadotaveirajr.com.br\/wp-content\/uploads\/2025\/05\/whatsapp-image-2024-08-26-at-09.58.29-MjlO5v.jpg\",\"datePublished\":\"2025-05-12T12:05:23+00:00\",\"breadcrumb\":{\"@id\":\"https:\/\/deputadotaveirajr.com.br\/index.php\/taxa-de-licenciamento-de-497-mil-veiculos-do-rn-vence-nesta-segunda-12-veja-quais-e-como-pagar\/#breadcrumb\"},\"inLanguage\":\"pt-BR\",\"potentialAction\":[{\"@type\":\"ReadAction\",\"target\":[\"https:\/\/deputadotaveirajr.com.br\/index.php\/taxa-de-licenciamento-de-497-mil-veiculos-do-rn-vence-nesta-segunda-12-veja-quais-e-como-pagar\/\"]}]},{\"@type\":\"ImageObject\",\"inLanguage\":\"pt-BR\",\"@id\":\"https:\/\/deputadotaveirajr.com.br\/index.php\/taxa-de-licenciamento-de-497-mil-veiculos-do-rn-vence-nesta-segunda-12-veja-quais-e-como-pagar\/#primaryimage\",\"url\":\"https:\/\/deputadotaveirajr.com.br\/wp-content\/uploads\/2025\/05\/whatsapp-image-2024-08-26-at-09.58.29-MjlO5v.jpg\",\"contentUrl\":\"https:\/\/deputadotaveirajr.com.br\/wp-content\/uploads\/2025\/05\/whatsapp-image-2024-08-26-at-09.58.29-MjlO5v.jpg\",\"width\":1599,\"height\":899},{\"@type\":\"BreadcrumbList\",\"@id\":\"https:\/\/deputadotaveirajr.com.br\/index.php\/taxa-de-licenciamento-de-497-mil-veiculos-do-rn-vence-nesta-segunda-12-veja-quais-e-como-pagar\/#breadcrumb\",\"itemListElement\":[{\"@type\":\"ListItem\",\"position\":1,\"name\":\"In\u00edcio\",\"item\":\"https:\/\/deputadotaveirajr.com.br\/\"},{\"@type\":\"ListItem\",\"position\":2,\"name\":\"Taxa de licenciamento de 497 mil ve\u00edculos do RN vence nesta segunda (12); veja quais e como pagar\"}]},{\"@type\":\"WebSite\",\"@id\":\"https:\/\/deputadotaveirajr.com.br\/#website\",\"url\":\"https:\/\/deputadotaveirajr.com.br\/\",\"name\":\"Taveira Jr\",\"description\":\"Deputado Estadual\",\"publisher\":{\"@id\":\"https:\/\/deputadotaveirajr.com.br\/#organization\"},\"potentialAction\":[{\"@type\":\"SearchAction\",\"target\":{\"@type\":\"EntryPoint\",\"urlTemplate\":\"https:\/\/deputadotaveirajr.com.br\/?s={search_term_string}\"},\"query-input\":{\"@type\":\"PropertyValueSpecification\",\"valueRequired\":true,\"valueName\":\"search_term_string\"}}],\"inLanguage\":\"pt-BR\"},{\"@type\":\"Organization\",\"@id\":\"https:\/\/deputadotaveirajr.com.br\/#organization\",\"name\":\"Taveira Jr\",\"url\":\"https:\/\/deputadotaveirajr.com.br\/\",\"logo\":{\"@type\":\"ImageObject\",\"inLanguage\":\"pt-BR\",\"@id\":\"https:\/\/deputadotaveirajr.com.br\/#\/schema\/logo\/image\/\",\"url\":\"https:\/\/deputadotaveirajr.com.br\/wp-content\/uploads\/2026\/01\/logolow2a.png\",\"contentUrl\":\"https:\/\/deputadotaveirajr.com.br\/wp-content\/uploads\/2026\/01\/logolow2a.png\",\"width\":290,\"height\":80,\"caption\":\"Taveira Jr\"},\"image\":{\"@id\":\"https:\/\/deputadotaveirajr.com.br\/#\/schema\/logo\/image\/\"}}]}<\/script>\n<!-- \/ Yoast SEO plugin. -->","yoast_head_json":{"title":"Taxa de licenciamento de 497 mil ve\u00edculos do RN vence nesta segunda (12); veja quais e como pagar - Taveira Jr","robots":{"index":"index","follow":"follow","max-snippet":"max-snippet:-1","max-image-preview":"max-image-preview:large","max-video-preview":"max-video-preview:-1"},"canonical":"https:\/\/deputadotaveirajr.com.br\/index.php\/taxa-de-licenciamento-de-497-mil-veiculos-do-rn-vence-nesta-segunda-12-veja-quais-e-como-pagar\/","og_locale":"pt_BR","og_type":"article","og_title":"Taxa de licenciamento de 497 mil ve\u00edculos do RN vence nesta segunda (12); veja quais e como pagar - Taveira Jr","og_description":"Taxa \u00e9 de R$ 90 para todos os ve\u00edculos do estado, independentemente do ano de fabrica\u00e7\u00e3o e modelo. Tr\u00e2nsito em Natal (RN) Rio Grande do Norte BR-101 carros ve\u00edculos congestionamento ...","og_url":"https:\/\/deputadotaveirajr.com.br\/index.php\/taxa-de-licenciamento-de-497-mil-veiculos-do-rn-vence-nesta-segunda-12-veja-quais-e-como-pagar\/","og_site_name":"Taveira Jr","og_image":[{"url":"https:\/\/s2-g1.glbimg.com\/rV8mbzqAfeAVXLLyZFCKuK1rUmM=\/i.s3.glbimg.com\/v1\/AUTH_59edd422c0c84a879bd37670ae4f538a\/internal_photos\/bs\/2024\/T\/G\/DUFeXbROKay7lDsJJcAA\/whatsapp-image-2024-08-26-at-09.58.29.jpeg","type":"","width":"","height":""}],"twitter_card":"summary_large_image","twitter_misc":{"Est. tempo de leitura":"2 minutos"},"schema":{"@context":"https:\/\/schema.org","@graph":[{"@type":"WebPage","@id":"https:\/\/deputadotaveirajr.com.br\/index.php\/taxa-de-licenciamento-de-497-mil-veiculos-do-rn-vence-nesta-segunda-12-veja-quais-e-como-pagar\/","url":"https:\/\/deputadotaveirajr.com.br\/index.php\/taxa-de-licenciamento-de-497-mil-veiculos-do-rn-vence-nesta-segunda-12-veja-quais-e-como-pagar\/","name":"Taxa de licenciamento de 497 mil ve\u00edculos do RN vence nesta segunda (12); veja quais e como pagar - Taveira Jr","isPartOf":{"@id":"https:\/\/deputadotaveirajr.com.br\/#website"},"primaryImageOfPage":{"@id":"https:\/\/deputadotaveirajr.com.br\/index.php\/taxa-de-licenciamento-de-497-mil-veiculos-do-rn-vence-nesta-segunda-12-veja-quais-e-como-pagar\/#primaryimage"},"image":{"@id":"https:\/\/deputadotaveirajr.com.br\/index.php\/taxa-de-licenciamento-de-497-mil-veiculos-do-rn-vence-nesta-segunda-12-veja-quais-e-como-pagar\/#primaryimage"},"thumbnailUrl":"https:\/\/deputadotaveirajr.com.br\/wp-content\/uploads\/2025\/05\/whatsapp-image-2024-08-26-at-09.58.29-MjlO5v.jpg","datePublished":"2025-05-12T12:05:23+00:00","breadcrumb":{"@id":"https:\/\/deputadotaveirajr.com.br\/index.php\/taxa-de-licenciamento-de-497-mil-veiculos-do-rn-vence-nesta-segunda-12-veja-quais-e-como-pagar\/#breadcrumb"},"inLanguage":"pt-BR","potentialAction":[{"@type":"ReadAction","target":["https:\/\/deputadotaveirajr.com.br\/index.php\/taxa-de-licenciamento-de-497-mil-veiculos-do-rn-vence-nesta-segunda-12-veja-quais-e-como-pagar\/"]}]},{"@type":"ImageObject","inLanguage":"pt-BR","@id":"https:\/\/deputadotaveirajr.com.br\/index.php\/taxa-de-licenciamento-de-497-mil-veiculos-do-rn-vence-nesta-segunda-12-veja-quais-e-como-pagar\/#primaryimage","url":"https:\/\/deputadotaveirajr.com.br\/wp-content\/uploads\/2025\/05\/whatsapp-image-2024-08-26-at-09.58.29-MjlO5v.jpg","contentUrl":"https:\/\/deputadotaveirajr.com.br\/wp-content\/uploads\/2025\/05\/whatsapp-image-2024-08-26-at-09.58.29-MjlO5v.jpg","width":1599,"height":899},{"@type":"BreadcrumbList","@id":"https:\/\/deputadotaveirajr.com.br\/index.php\/taxa-de-licenciamento-de-497-mil-veiculos-do-rn-vence-nesta-segunda-12-veja-quais-e-como-pagar\/#breadcrumb","itemListElement":[{"@type":"ListItem","position":1,"name":"In\u00edcio","item":"https:\/\/deputadotaveirajr.com.br\/"},{"@type":"ListItem","position":2,"name":"Taxa de licenciamento de 497 mil ve\u00edculos do RN vence nesta segunda (12); veja quais e como pagar"}]},{"@type":"WebSite","@id":"https:\/\/deputadotaveirajr.com.br\/#website","url":"https:\/\/deputadotaveirajr.com.br\/","name":"Taveira Jr","description":"Deputado Estadual","publisher":{"@id":"https:\/\/deputadotaveirajr.com.br\/#organization"},"potentialAction":[{"@type":"SearchAction","target":{"@type":"EntryPoint","urlTemplate":"https:\/\/deputadotaveirajr.com.br\/?s={search_term_string}"},"query-input":{"@type":"PropertyValueSpecification","valueRequired":true,"valueName":"search_term_string"}}],"inLanguage":"pt-BR"},{"@type":"Organization","@id":"https:\/\/deputadotaveirajr.com.br\/#organization","name":"Taveira Jr","url":"https:\/\/deputadotaveirajr.com.br\/","logo":{"@type":"ImageObject","inLanguage":"pt-BR","@id":"https:\/\/deputadotaveirajr.com.br\/#\/schema\/logo\/image\/","url":"https:\/\/deputadotaveirajr.com.br\/wp-content\/uploads\/2026\/01\/logolow2a.png","contentUrl":"https:\/\/deputadotaveirajr.com.br\/wp-content\/uploads\/2026\/01\/logolow2a.png","width":290,"height":80,"caption":"Taveira Jr"},"image":{"@id":"https:\/\/deputadotaveirajr.com.br\/#\/schema\/logo\/image\/"}}]}},"_links":{"self":[{"href":"https:\/\/deputadotaveirajr.com.br\/index.php\/wp-json\/wp\/v2\/pages\/12978","targetHints":{"allow":["GET"]}}],"collection":[{"href":"https:\/\/deputadotaveirajr.com.br\/index.php\/wp-json\/wp\/v2\/pages"}],"about":[{"href":"https:\/\/deputadotaveirajr.com.br\/index.php\/wp-json\/wp\/v2\/types\/page"}],"replies":[{"embeddable":true,"href":"https:\/\/deputadotaveirajr.com.br\/index.php\/wp-json\/wp\/v2\/comments?post=12978"}],"version-history":[{"count":0,"href":"https:\/\/deputadotaveirajr.com.br\/index.php\/wp-json\/wp\/v2\/pages\/12978\/revisions"}],"wp:featuredmedia":[{"embeddable":true,"href":"https:\/\/deputadotaveirajr.com.br\/index.php\/wp-json\/wp\/v2\/media\/12979"}],"wp:attachment":[{"href":"https:\/\/deputadotaveirajr.com.br\/index.php\/wp-json\/wp\/v2\/media?parent=12978"}],"curies":[{"name":"wp","href":"https:\/\/api.w.org\/{rel}","templated":true}]}}