{"id":13028,"date":"2025-05-17T12:48:33","date_gmt":"2025-05-17T15:48:33","guid":{"rendered":"https:\/\/deputadotaveirajr.com.br\/index.php\/festival-leva-cientistas-a-bares-de-natal-para-conversas-sobre-saude-tecnologia-meio-ambiente-e-inovacao\/"},"modified":"2025-05-17T12:48:33","modified_gmt":"2025-05-17T15:48:33","slug":"festival-leva-cientistas-a-bares-de-natal-para-conversas-sobre-saude-tecnologia-meio-ambiente-e-inovacao","status":"publish","type":"page","link":"https:\/\/deputadotaveirajr.com.br\/index.php\/festival-leva-cientistas-a-bares-de-natal-para-conversas-sobre-saude-tecnologia-meio-ambiente-e-inovacao\/","title":{"rendered":"Festival leva cientistas a bares de Natal para conversas sobre sa\u00fade, tecnologia, meio ambiente e inova\u00e7\u00e3o"},"content":{"rendered":"<p><img decoding=\"async\" src=\"https:\/\/s2-g1.glbimg.com\/MLVU3Udp2L2sMdpIMO2CMLKuOcw=\/i.s3.glbimg.com\/v1\/AUTH_59edd422c0c84a879bd37670ae4f538a\/internal_photos\/bs\/2025\/C\/j\/R004fQRcS7NKDmlD9GuQ\/pint-of-cience.jpg\" \/><br \/>     &#8216;Pint of Science&#8217; acontece de 19 a 21 de maio em estabelecimentos da capital potiguar. Confira a programa\u00e7\u00e3o.   Edi\u00e7\u00e3o anterior do &#8216;Pint of Science&#8217; em Mossor\u00f3 no Rio Grande do Norte<br \/>\nDivulga\u00e7\u00e3o<br \/>\nDiscuss\u00f5es cient\u00edficas sobre diversas \u00e1reas do conhecimento realizadas em locais descontra\u00eddos como bares. Essa \u00e9 a proposta do Pint of Science, um festival internacional de divulga\u00e7\u00e3o cient\u00edfica que busca aproximar a ci\u00eancia da sociedade e que vai acontecer entre os dias 19 e 21 de maio em Natal.<br \/>\nA edi\u00e7\u00e3o do evento vai reunir dezenas de pesquisadores e especialistas em estabelecimentos de Natal para discutir temas relevantes relacionados a sa\u00fade, tecnologia, meio ambiente e inova\u00e7\u00e3o.<br \/>\n\ud83d\udcf3Participe do canal do g1 RN no WhatsApp<br \/>\nEm 2025, o evento ocorre em tr\u00eas bares de Natal: o Bar 54, no bairro de Ponta Negra; o Mahalila, em Potil\u00e2ndia; e o Bardallos, na Cidade Alta.<br \/>\nA programa\u00e7\u00e3o no Bardallos acontece apenas no dia 21; no Mahalila, nos dias 20 e 21; e no Bar 54, nos tr\u00eas dias. Veja a programa\u00e7\u00e3o completa mais abaixo nesta mat\u00e9ria.<br \/>\nTrazido da Inglaterra ao Brasil, o evento \u00e9 atualmente organizado por uma rede de colabora\u00e7\u00e3o nacional e internacional.<br \/>\nNo Rio Grande do Norte, a equipe organizadora \u00e9 coordenada por Andressa Radiske e Carolina Gonzalez, professoras pesquisadoras do Instituto Santos Dumont (ISD), e Janine Inez-Rossato, professora da Universidade Federal do Rio Grande do Norte (UFRN).<br \/>\nO tema escolhido para 2025 \u2013 \u201cTempo de mudan\u00e7as\u201d \u2013 visa destacar t\u00f3picos sobre as mudan\u00e7as no clima e na vida no planeta, pol\u00edtica e a ordem global do mundo, e como funciona a ci\u00eancia, a educa\u00e7\u00e3o e as universidades.<br \/>\nOs encontros s\u00e3o uma oportunidade para o p\u00fablico interagir e dialogar com cientistas sobre diversas tem\u00e1ticas, como preven\u00e7\u00e3o contra a dengue, a polui\u00e7\u00e3o aqu\u00e1tica e os riscos dos avan\u00e7os tecnol\u00f3gicos ao meio ambiente.<br \/>\nComo participar<br \/>\nO festival Pint of Science \u00e9 aberto ao p\u00fablico e n\u00e3o precisa de inscri\u00e7\u00f5es ou confirma\u00e7\u00f5es de presen\u00e7a.<br \/>\nAs conversas que comp\u00f5em a programa\u00e7\u00e3o ocorrem de forma simult\u00e2nea nos bares participantes, sempre com in\u00edcio \u00e0s 19h.<br \/>\nPara conhecer a programa\u00e7\u00e3o completa, acesse o perfil do Instagram do ISD: https:\/\/www.instagram.com\/isdnarede.<br \/>\nPrograma\u00e7\u00e3o<br \/>\nSegunda-feira (19) &#8211; a partir das 19h<br \/>\nLocal: Bar 54<br \/>\n&#8220;Certeza mesmo, s\u00f3 a da estat\u00edstica?&#8221; &#8211; Carla Almeida Vivacqua, do Departamento de Estat\u00edstica da UFRN<br \/>\n&#8220;Do caos ao qubit: A incerteza qu\u00e2ntica e as novas fronteiras da tecnologia&#8221; &#8211; Rafael Chaves, do Instituto Internacional de F\u00edsica da UFRN<br \/>\nTer\u00e7a-feira (20) &#8211; a partir das 19h<br \/>\nLocal: Bar 54<br \/>\n&#8220;Candida auris &#8211; o superfungo que tem assustado o mundo&#8221; &#8211; Rafael Bastos, do Departamento de Microbiologia e Parasitologia da UFRN<br \/>\n&#8220;Polui\u00e7\u00e3o pl\u00e1stica e os impactos da biota aqu\u00e1tica&#8221; &#8211; Juliana D\u00e9o Dias, do Departamento de oceanografia e limnologia da UFRN<br \/>\nLocal: Bar Mahalila<br \/>\n &#8220;Como me vejo e como sou vista (o): identidade racial e classifica\u00e7\u00e3o por ra\u00e7a\/cor no Brasil&#8221; &#8211; Luciana Concei\u00e7\u00e3o de Lima, do Departamento de Demografia e Ci\u00eancias Atuariais da UFRN<br \/>\n&#8220;Corpos Racializados, Experi\u00eancias Cruzadas: Uma imers\u00e3o interseccional no abismo racial do Brasil&#8221; &#8211; Andressa Lidicy Morais Lima Freitas, Instituto Humanitas de Estudos Integrados da UFRN<br \/>\nQuarta-feira (21) &#8211; a partir das 19h<br \/>\nLocal: Bar 54<br \/>\n&#8220;Os animais pe\u00e7onhentos e a epidemiologia dos acidentes em Natal &#8211; RN&#8221; &#8211; Juraci Alves de Lima, Coordenadora do Centro de Zoonoses de Natal.<br \/>\nDa pe\u00e7onha \u00e0 farm\u00e1cia: Como escorpi\u00f5es e serpentes inspiram novos medicamentos&#8221; &#8211; Matheus de Freitas Fernandes Pedrosa, do Departamento de Farm\u00e1cia da UFRN.<br \/>\nLocal: Bar Bardallos<br \/>\n&#8220;Picadas e problemas: aventura e desventuras no mundo dos Arbov\u00edrus&#8221; &#8211; Jos\u00e9lio Maria Galv\u00e3o de Ara\u00fajo, do Departamento de Microbiologia e Parasitologia da UFRN<br \/>\n&#8220;Implementa\u00e7\u00e3o do m\u00e9todo Wolbachia em Natal&#8221; &#8211; Edilson do Carmo Marins J\u00fanior, WMP Brasil\/Fiocruz<br \/>\n&#8220;Um papo tropical&#8221; &#8211; Manoelita Alves, do Departamento de Infectologia da UFRN e Instituto Santos Dumont (ISD)<br \/>\nLocal: Bar Mahalila<br \/>\n&#8220;O avan\u00e7o tecnol\u00f3gico exponencial e seus riscos ao meio ambiente e ao pr\u00f3prio ser humano&#8221; &#8211; Edson Noriyuki Ito, do Departamento de Engenharia de Materiais da UFRN<br \/>\n&#8220;Peneiras Moleculares: S\u00edntese eco-amig\u00e1vel e aplica\u00e7\u00f5es ambientais&#8221; &#8211; Sebele Pergher, do Instituto de Qu\u00edmica da UFRN<\/p>\n<p>Pesquisadores potiguares desenvolve tecnologia para diagn\u00f3stico precoce da ELA<br \/>\nVeja os v\u00eddeos mais assistidos no g1 RN<\/p>","protected":false},"excerpt":{"rendered":"<p>&#8216;Pint of Science&#8217; acontece de 19 a 21 de maio em estabelecimentos da capital potiguar. Confira a programa\u00e7\u00e3o. Edi\u00e7\u00e3o anterior do &#8216;Pint of Science&#8217; em Mossor\u00f3 no Rio Grande do &#8230;<\/p>\n","protected":false},"author":0,"featured_media":13029,"parent":0,"menu_order":0,"comment_status":"closed","ping_status":"closed","template":"","meta":{"footnotes":""},"class_list":["post-13028","page","type-page","status-publish","has-post-thumbnail","hentry"],"yoast_head":"<!-- This site is optimized with the Yoast SEO plugin v27.1.1 - https:\/\/yoast.com\/product\/yoast-seo-wordpress\/ -->\n<title>Festival leva cientistas a bares de Natal para conversas sobre sa\u00fade, tecnologia, meio ambiente e inova\u00e7\u00e3o - Taveira Jr<\/title>\n<meta name=\"robots\" content=\"index, follow, max-snippet:-1, max-image-preview:large, max-video-preview:-1\" \/>\n<link rel=\"canonical\" href=\"https:\/\/deputadotaveirajr.com.br\/index.php\/festival-leva-cientistas-a-bares-de-natal-para-conversas-sobre-saude-tecnologia-meio-ambiente-e-inovacao\/\" \/>\n<meta property=\"og:locale\" content=\"pt_BR\" \/>\n<meta property=\"og:type\" content=\"article\" \/>\n<meta property=\"og:title\" content=\"Festival leva cientistas a bares de Natal para conversas sobre sa\u00fade, tecnologia, meio ambiente e inova\u00e7\u00e3o - Taveira Jr\" \/>\n<meta property=\"og:description\" content=\"&#8216;Pint of Science&#8217; acontece de 19 a 21 de maio em estabelecimentos da capital potiguar. Confira a programa\u00e7\u00e3o. Edi\u00e7\u00e3o anterior do &#8216;Pint of Science&#8217; em Mossor\u00f3 no Rio Grande do ...\" \/>\n<meta property=\"og:url\" content=\"https:\/\/deputadotaveirajr.com.br\/index.php\/festival-leva-cientistas-a-bares-de-natal-para-conversas-sobre-saude-tecnologia-meio-ambiente-e-inovacao\/\" \/>\n<meta property=\"og:site_name\" content=\"Taveira Jr\" \/>\n<meta property=\"og:image\" content=\"https:\/\/s2-g1.glbimg.com\/MLVU3Udp2L2sMdpIMO2CMLKuOcw=\/i.s3.glbimg.com\/v1\/AUTH_59edd422c0c84a879bd37670ae4f538a\/internal_photos\/bs\/2025\/C\/j\/R004fQRcS7NKDmlD9GuQ\/pint-of-cience.jpg\" \/>\n<meta name=\"twitter:card\" content=\"summary_large_image\" \/>\n<meta name=\"twitter:label1\" content=\"Est. tempo de leitura\" \/>\n\t<meta name=\"twitter:data1\" content=\"4 minutos\" \/>\n<script type=\"application\/ld+json\" class=\"yoast-schema-graph\">{\"@context\":\"https:\/\/schema.org\",\"@graph\":[{\"@type\":\"WebPage\",\"@id\":\"https:\/\/deputadotaveirajr.com.br\/index.php\/festival-leva-cientistas-a-bares-de-natal-para-conversas-sobre-saude-tecnologia-meio-ambiente-e-inovacao\/\",\"url\":\"https:\/\/deputadotaveirajr.com.br\/index.php\/festival-leva-cientistas-a-bares-de-natal-para-conversas-sobre-saude-tecnologia-meio-ambiente-e-inovacao\/\",\"name\":\"Festival leva cientistas a bares de Natal para conversas sobre sa\u00fade, tecnologia, meio ambiente e inova\u00e7\u00e3o - Taveira Jr\",\"isPartOf\":{\"@id\":\"https:\/\/deputadotaveirajr.com.br\/#website\"},\"primaryImageOfPage\":{\"@id\":\"https:\/\/deputadotaveirajr.com.br\/index.php\/festival-leva-cientistas-a-bares-de-natal-para-conversas-sobre-saude-tecnologia-meio-ambiente-e-inovacao\/#primaryimage\"},\"image\":{\"@id\":\"https:\/\/deputadotaveirajr.com.br\/index.php\/festival-leva-cientistas-a-bares-de-natal-para-conversas-sobre-saude-tecnologia-meio-ambiente-e-inovacao\/#primaryimage\"},\"thumbnailUrl\":\"https:\/\/deputadotaveirajr.com.br\/wp-content\/uploads\/2025\/05\/pint-of-cience-VtZjl5.png\",\"datePublished\":\"2025-05-17T15:48:33+00:00\",\"breadcrumb\":{\"@id\":\"https:\/\/deputadotaveirajr.com.br\/index.php\/festival-leva-cientistas-a-bares-de-natal-para-conversas-sobre-saude-tecnologia-meio-ambiente-e-inovacao\/#breadcrumb\"},\"inLanguage\":\"pt-BR\",\"potentialAction\":[{\"@type\":\"ReadAction\",\"target\":[\"https:\/\/deputadotaveirajr.com.br\/index.php\/festival-leva-cientistas-a-bares-de-natal-para-conversas-sobre-saude-tecnologia-meio-ambiente-e-inovacao\/\"]}]},{\"@type\":\"ImageObject\",\"inLanguage\":\"pt-BR\",\"@id\":\"https:\/\/deputadotaveirajr.com.br\/index.php\/festival-leva-cientistas-a-bares-de-natal-para-conversas-sobre-saude-tecnologia-meio-ambiente-e-inovacao\/#primaryimage\",\"url\":\"https:\/\/deputadotaveirajr.com.br\/wp-content\/uploads\/2025\/05\/pint-of-cience-VtZjl5.png\",\"contentUrl\":\"https:\/\/deputadotaveirajr.com.br\/wp-content\/uploads\/2025\/05\/pint-of-cience-VtZjl5.png\",\"width\":1200,\"height\":988},{\"@type\":\"BreadcrumbList\",\"@id\":\"https:\/\/deputadotaveirajr.com.br\/index.php\/festival-leva-cientistas-a-bares-de-natal-para-conversas-sobre-saude-tecnologia-meio-ambiente-e-inovacao\/#breadcrumb\",\"itemListElement\":[{\"@type\":\"ListItem\",\"position\":1,\"name\":\"In\u00edcio\",\"item\":\"https:\/\/deputadotaveirajr.com.br\/\"},{\"@type\":\"ListItem\",\"position\":2,\"name\":\"Festival leva cientistas a bares de Natal para conversas sobre sa\u00fade, tecnologia, meio ambiente e inova\u00e7\u00e3o\"}]},{\"@type\":\"WebSite\",\"@id\":\"https:\/\/deputadotaveirajr.com.br\/#website\",\"url\":\"https:\/\/deputadotaveirajr.com.br\/\",\"name\":\"Taveira Jr\",\"description\":\"Deputado Estadual\",\"publisher\":{\"@id\":\"https:\/\/deputadotaveirajr.com.br\/#organization\"},\"potentialAction\":[{\"@type\":\"SearchAction\",\"target\":{\"@type\":\"EntryPoint\",\"urlTemplate\":\"https:\/\/deputadotaveirajr.com.br\/?s={search_term_string}\"},\"query-input\":{\"@type\":\"PropertyValueSpecification\",\"valueRequired\":true,\"valueName\":\"search_term_string\"}}],\"inLanguage\":\"pt-BR\"},{\"@type\":\"Organization\",\"@id\":\"https:\/\/deputadotaveirajr.com.br\/#organization\",\"name\":\"Taveira Jr\",\"url\":\"https:\/\/deputadotaveirajr.com.br\/\",\"logo\":{\"@type\":\"ImageObject\",\"inLanguage\":\"pt-BR\",\"@id\":\"https:\/\/deputadotaveirajr.com.br\/#\/schema\/logo\/image\/\",\"url\":\"https:\/\/deputadotaveirajr.com.br\/wp-content\/uploads\/2026\/01\/logolow2a.png\",\"contentUrl\":\"https:\/\/deputadotaveirajr.com.br\/wp-content\/uploads\/2026\/01\/logolow2a.png\",\"width\":290,\"height\":80,\"caption\":\"Taveira Jr\"},\"image\":{\"@id\":\"https:\/\/deputadotaveirajr.com.br\/#\/schema\/logo\/image\/\"}}]}<\/script>\n<!-- \/ Yoast SEO plugin. -->","yoast_head_json":{"title":"Festival leva cientistas a bares de Natal para conversas sobre sa\u00fade, tecnologia, meio ambiente e inova\u00e7\u00e3o - Taveira Jr","robots":{"index":"index","follow":"follow","max-snippet":"max-snippet:-1","max-image-preview":"max-image-preview:large","max-video-preview":"max-video-preview:-1"},"canonical":"https:\/\/deputadotaveirajr.com.br\/index.php\/festival-leva-cientistas-a-bares-de-natal-para-conversas-sobre-saude-tecnologia-meio-ambiente-e-inovacao\/","og_locale":"pt_BR","og_type":"article","og_title":"Festival leva cientistas a bares de Natal para conversas sobre sa\u00fade, tecnologia, meio ambiente e inova\u00e7\u00e3o - Taveira Jr","og_description":"&#8216;Pint of Science&#8217; acontece de 19 a 21 de maio em estabelecimentos da capital potiguar. Confira a programa\u00e7\u00e3o. Edi\u00e7\u00e3o anterior do &#8216;Pint of Science&#8217; em Mossor\u00f3 no Rio Grande do ...","og_url":"https:\/\/deputadotaveirajr.com.br\/index.php\/festival-leva-cientistas-a-bares-de-natal-para-conversas-sobre-saude-tecnologia-meio-ambiente-e-inovacao\/","og_site_name":"Taveira Jr","og_image":[{"url":"https:\/\/s2-g1.glbimg.com\/MLVU3Udp2L2sMdpIMO2CMLKuOcw=\/i.s3.glbimg.com\/v1\/AUTH_59edd422c0c84a879bd37670ae4f538a\/internal_photos\/bs\/2025\/C\/j\/R004fQRcS7NKDmlD9GuQ\/pint-of-cience.jpg","type":"","width":"","height":""}],"twitter_card":"summary_large_image","twitter_misc":{"Est. tempo de leitura":"4 minutos"},"schema":{"@context":"https:\/\/schema.org","@graph":[{"@type":"WebPage","@id":"https:\/\/deputadotaveirajr.com.br\/index.php\/festival-leva-cientistas-a-bares-de-natal-para-conversas-sobre-saude-tecnologia-meio-ambiente-e-inovacao\/","url":"https:\/\/deputadotaveirajr.com.br\/index.php\/festival-leva-cientistas-a-bares-de-natal-para-conversas-sobre-saude-tecnologia-meio-ambiente-e-inovacao\/","name":"Festival leva cientistas a bares de Natal para conversas sobre sa\u00fade, tecnologia, meio ambiente e inova\u00e7\u00e3o - Taveira Jr","isPartOf":{"@id":"https:\/\/deputadotaveirajr.com.br\/#website"},"primaryImageOfPage":{"@id":"https:\/\/deputadotaveirajr.com.br\/index.php\/festival-leva-cientistas-a-bares-de-natal-para-conversas-sobre-saude-tecnologia-meio-ambiente-e-inovacao\/#primaryimage"},"image":{"@id":"https:\/\/deputadotaveirajr.com.br\/index.php\/festival-leva-cientistas-a-bares-de-natal-para-conversas-sobre-saude-tecnologia-meio-ambiente-e-inovacao\/#primaryimage"},"thumbnailUrl":"https:\/\/deputadotaveirajr.com.br\/wp-content\/uploads\/2025\/05\/pint-of-cience-VtZjl5.png","datePublished":"2025-05-17T15:48:33+00:00","breadcrumb":{"@id":"https:\/\/deputadotaveirajr.com.br\/index.php\/festival-leva-cientistas-a-bares-de-natal-para-conversas-sobre-saude-tecnologia-meio-ambiente-e-inovacao\/#breadcrumb"},"inLanguage":"pt-BR","potentialAction":[{"@type":"ReadAction","target":["https:\/\/deputadotaveirajr.com.br\/index.php\/festival-leva-cientistas-a-bares-de-natal-para-conversas-sobre-saude-tecnologia-meio-ambiente-e-inovacao\/"]}]},{"@type":"ImageObject","inLanguage":"pt-BR","@id":"https:\/\/deputadotaveirajr.com.br\/index.php\/festival-leva-cientistas-a-bares-de-natal-para-conversas-sobre-saude-tecnologia-meio-ambiente-e-inovacao\/#primaryimage","url":"https:\/\/deputadotaveirajr.com.br\/wp-content\/uploads\/2025\/05\/pint-of-cience-VtZjl5.png","contentUrl":"https:\/\/deputadotaveirajr.com.br\/wp-content\/uploads\/2025\/05\/pint-of-cience-VtZjl5.png","width":1200,"height":988},{"@type":"BreadcrumbList","@id":"https:\/\/deputadotaveirajr.com.br\/index.php\/festival-leva-cientistas-a-bares-de-natal-para-conversas-sobre-saude-tecnologia-meio-ambiente-e-inovacao\/#breadcrumb","itemListElement":[{"@type":"ListItem","position":1,"name":"In\u00edcio","item":"https:\/\/deputadotaveirajr.com.br\/"},{"@type":"ListItem","position":2,"name":"Festival leva cientistas a bares de Natal para conversas sobre sa\u00fade, tecnologia, meio ambiente e inova\u00e7\u00e3o"}]},{"@type":"WebSite","@id":"https:\/\/deputadotaveirajr.com.br\/#website","url":"https:\/\/deputadotaveirajr.com.br\/","name":"Taveira Jr","description":"Deputado Estadual","publisher":{"@id":"https:\/\/deputadotaveirajr.com.br\/#organization"},"potentialAction":[{"@type":"SearchAction","target":{"@type":"EntryPoint","urlTemplate":"https:\/\/deputadotaveirajr.com.br\/?s={search_term_string}"},"query-input":{"@type":"PropertyValueSpecification","valueRequired":true,"valueName":"search_term_string"}}],"inLanguage":"pt-BR"},{"@type":"Organization","@id":"https:\/\/deputadotaveirajr.com.br\/#organization","name":"Taveira Jr","url":"https:\/\/deputadotaveirajr.com.br\/","logo":{"@type":"ImageObject","inLanguage":"pt-BR","@id":"https:\/\/deputadotaveirajr.com.br\/#\/schema\/logo\/image\/","url":"https:\/\/deputadotaveirajr.com.br\/wp-content\/uploads\/2026\/01\/logolow2a.png","contentUrl":"https:\/\/deputadotaveirajr.com.br\/wp-content\/uploads\/2026\/01\/logolow2a.png","width":290,"height":80,"caption":"Taveira Jr"},"image":{"@id":"https:\/\/deputadotaveirajr.com.br\/#\/schema\/logo\/image\/"}}]}},"_links":{"self":[{"href":"https:\/\/deputadotaveirajr.com.br\/index.php\/wp-json\/wp\/v2\/pages\/13028","targetHints":{"allow":["GET"]}}],"collection":[{"href":"https:\/\/deputadotaveirajr.com.br\/index.php\/wp-json\/wp\/v2\/pages"}],"about":[{"href":"https:\/\/deputadotaveirajr.com.br\/index.php\/wp-json\/wp\/v2\/types\/page"}],"replies":[{"embeddable":true,"href":"https:\/\/deputadotaveirajr.com.br\/index.php\/wp-json\/wp\/v2\/comments?post=13028"}],"version-history":[{"count":0,"href":"https:\/\/deputadotaveirajr.com.br\/index.php\/wp-json\/wp\/v2\/pages\/13028\/revisions"}],"wp:featuredmedia":[{"embeddable":true,"href":"https:\/\/deputadotaveirajr.com.br\/index.php\/wp-json\/wp\/v2\/media\/13029"}],"wp:attachment":[{"href":"https:\/\/deputadotaveirajr.com.br\/index.php\/wp-json\/wp\/v2\/media?parent=13028"}],"curies":[{"name":"wp","href":"https:\/\/api.w.org\/{rel}","templated":true}]}}