{"id":13105,"date":"2025-05-28T17:51:02","date_gmt":"2025-05-28T20:51:02","guid":{"rendered":"https:\/\/deputadotaveirajr.com.br\/index.php\/doencas-respiratorias-representam-44-dos-casos-de-internacao-de-criancas-no-rn\/"},"modified":"2025-05-28T17:51:02","modified_gmt":"2025-05-28T20:51:02","slug":"doencas-respiratorias-representam-44-dos-casos-de-internacao-de-criancas-no-rn","status":"publish","type":"page","link":"https:\/\/deputadotaveirajr.com.br\/index.php\/doencas-respiratorias-representam-44-dos-casos-de-internacao-de-criancas-no-rn\/","title":{"rendered":"Doen\u00e7as respirat\u00f3rias representam 44% dos casos de interna\u00e7\u00e3o de crian\u00e7as no RN"},"content":{"rendered":"<p><img decoding=\"async\" src=\"https:\/\/s2-g1.glbimg.com\/Q-xxwvqwfMqr4tbORJo_iuLPBgI=\/i.s3.glbimg.com\/v1\/AUTH_59edd422c0c84a879bd37670ae4f538a\/internal_photos\/bs\/2025\/3\/b\/e9v7zEQaOoAo6xOUgWxg\/img-20471.jpg\" \/><br \/>     Situa\u00e7\u00e3o \u00e9 tida como controlada no momento. Segundo Sesap, a m\u00e9dia de internados por doen\u00e7as respirat\u00f3rias considerando todos os leitos \u00e9 de 14%. Leito infantil em hospital<br \/>\nAgnes Cavalcante\/Sesacre\/ARQUIVO<br \/>\nAs doen\u00e7as respirat\u00f3rias representavam, nesta quarta-feira (28), 44% dos casos de interna\u00e7\u00e3o de crian\u00e7as e adolescentes em leitos pedi\u00e1tricos na rede p\u00fablica de sa\u00fade do Rio Grande do Norte. Os dados foram repassados pela Secretaria de Estado da Sa\u00fade P\u00fablica (Sesap) a pedido do g1.<br \/>\nDe acordo com a Sesap, na m\u00e9dia geral dos leitos &#8211; considerando os adultos e neonatal, al\u00e9m dos pedi\u00e1tricos &#8211; os doentes respirat\u00f3rios representavam 14% do total das interna\u00e7\u00f5es.<br \/>\n\ud83d\udcf3Participe do canal do g1 RN no WhatsApp<br \/>\nApesar da propor\u00e7\u00e3o maior nos leitos pedi\u00e1tricos, a pasta informou que a situa\u00e7\u00e3o \u00e9 tida como controlada no momento.<br \/>\nNo Rio Grande do Norte, nesta quarta (28), havia 84 crian\u00e7as internadas em leitos pedi\u00e1tricos na rede p\u00fablica de sa\u00fade do RN com doen\u00e7as respirat\u00f3rias, segundo a Sesap. Dessas, 21 estavam em UTIs e 63 em enfermarias.<br \/>\n\ud83d\udd0e No Brasil, as doen\u00e7as respirat\u00f3rias avan\u00e7aram em alguns estados. Nesta quarta (28), Pernambuco decretou estado de emerg\u00eancia ap\u00f3s o aumento de casos de S\u00edndromes Respirat\u00f3rias Agudas Graves (SRAG) em crian\u00e7as e pela superlota\u00e7\u00e3o dos leitos pedi\u00e1tricos na rede de sa\u00fade do estado.<br \/>\n\ud83d\udd0e No Rio Grande do Sul, o aumento de casos respirat\u00f3rios graves tamb\u00e9m gerou um decreto de emerg\u00eancia neste m\u00eas, assim como em Minas Gerais.  No Maranh\u00e3o, por exemplo, o aumento de casos fez alguns munic\u00edpios adotarem medidas para evitar o cont\u00e1gio.<br \/>\nO Regula RN, plataforma que monitora as regula\u00e7\u00f5es no Rio Grande do Norte, mostrava que n\u00e3o havia press\u00e3o sobre os leitos da rede p\u00fablica de sa\u00fade nesta quarta: havia 45 leitos cr\u00edticos dispon\u00edveis e 78 leitos cl\u00ednicos.<br \/>\nO RN recentemente anunciou abertura de 30 novos leitos.<br \/>\n\u27a1\ufe0f Contexto: A S\u00edndrome Respirat\u00f3ria Aguda Grave (SRAG) abrange casos de s\u00edndrome gripal mais agressivos que comprometem a respira\u00e7\u00e3o e podem levar \u00e0 interna\u00e7\u00e3o por causarem febre, dores, dificuldade de respirar e tosses por um per\u00edodo mais prolongado. As causas podem ser v\u00edrus respirat\u00f3rios, bact\u00e9rias, fungos e outros agentes. Se n\u00e3o tratado ou em pacientes mais fr\u00e1geis, como idosos, pode levar \u00e0 morte.<br \/>\nLEIA TAMB\u00c9M<br \/>\nIMUNIZA\u00c7\u00c3O: Natal e Mossor\u00f3 liberam vacina\u00e7\u00e3o contra a Influenza para todos os p\u00fablicos.<br \/>\nCasos no RN<br \/>\nO boletim epidemiol\u00f3gico mais recente da Sesap com dados de doen\u00e7as respirat\u00f3rias apontava que o estado registrava 50 \u00f3bitos por SRAG neste ano, al\u00e9m de 19 por Covid. Alguns dados foram atualizados at\u00e9 o dia 10 de maio e outros at\u00e9 14.<br \/>\n&#8220;Analisando a classifica\u00e7\u00e3o e a evolu\u00e7\u00e3o dos casos de SRAG no RN, \u00e9 aparente que a distribui\u00e7\u00e3o das notifica\u00e7\u00f5es de SRAG por faixa et\u00e1ria mostra um n\u00famero maior em crian\u00e7as de 0 at\u00e9 9 anos, correspondendo a 48,3% das notifica\u00e7\u00f5es&#8221;, cita o documento.<br \/>\n&#8220;Por\u00e9m em rela\u00e7\u00e3o aos \u00f3bitos, observa-se um n\u00famero expressivo a partir dos 75 anos, correspondendo a 44,4% dos \u00f3bitos notificados&#8221;, completa.<br \/>\nSegundo o documento, as comorbidades mais prevalentes em pacientes com SRAG s\u00e3o as doen\u00e7as cardiovasculares cr\u00f4nicas e asma, totalizando, cada uma, 25% dos casos, seguido de diabetes mellitus e doen\u00e7a neurol\u00f3gica cr\u00f4nica, com 14%, cada.<br \/>\n&#8220;Esses resultados ressaltam a necessidade de um cuidado especial e acompanhamento diferenciado para os pacientes que possuem essas condi\u00e7\u00f5es cr\u00f4nicas, devido ao maior risco de complica\u00e7\u00f5es associadas a SRAG&#8221;, refor\u00e7a o documento.<br \/>\nQuanto \u00e0 Covid, o documento revela que at\u00e9 10 de maio havia 9.563 notifica\u00e7\u00f5es entre casos confirmados e suspeitos. Desse total, foram 2.087 (21,82%) de notifica\u00e7\u00f5es de casos confirmados e 7.476 (78,17%) de casos suspeitos.<br \/>\nEm rela\u00e7\u00e3o aos v\u00edrus que circulam, o documento aponta que:<br \/>\nQuanto ao rinov\u00edrus, a circula\u00e7\u00e3o se mant\u00e9m sustentada e com tend\u00eancia de aumento a partir da 10\u00aa semana do ano;<br \/>\nQuanto ao v\u00edrus sincicial respirat\u00f3rio (VSR), \u00e9 observada a entrada de circula\u00e7\u00e3o a partir da semana 10 e aumento a partir da semana 19;<br \/>\nJ\u00e1 a influenza tem um aumento consider\u00e1vel a partir da semana 13, &#8220;mantendo-se sustentada at\u00e9 o momento e, sendo, na atualidade, o v\u00edrus de maior circula\u00e7\u00e3o em nosso Estado, caracterizando o per\u00edodo da sazonalidade&#8221;.<br \/>\nBoletim da Fiocruz alerta para o avan\u00e7o da SRAG em 20 estados brasileiros<br \/>\nV\u00eddeos mais assistidos do g1 RN<\/p>","protected":false},"excerpt":{"rendered":"<p>Situa\u00e7\u00e3o \u00e9 tida como controlada no momento. Segundo Sesap, a m\u00e9dia de internados por doen\u00e7as respirat\u00f3rias considerando todos os leitos \u00e9 de 14%. Leito infantil em hospital Agnes Cavalcante\/Sesacre\/ARQUIVO As &#8230;<\/p>\n","protected":false},"author":0,"featured_media":13106,"parent":0,"menu_order":0,"comment_status":"closed","ping_status":"closed","template":"","meta":{"footnotes":""},"class_list":["post-13105","page","type-page","status-publish","has-post-thumbnail","hentry"],"yoast_head":"<!-- This site is optimized with the Yoast SEO plugin v27.1.1 - https:\/\/yoast.com\/product\/yoast-seo-wordpress\/ -->\n<title>Doen\u00e7as respirat\u00f3rias representam 44% dos casos de interna\u00e7\u00e3o de crian\u00e7as no RN - Taveira Jr<\/title>\n<meta name=\"robots\" content=\"index, follow, max-snippet:-1, max-image-preview:large, max-video-preview:-1\" \/>\n<link rel=\"canonical\" href=\"https:\/\/deputadotaveirajr.com.br\/index.php\/doencas-respiratorias-representam-44-dos-casos-de-internacao-de-criancas-no-rn\/\" \/>\n<meta property=\"og:locale\" content=\"pt_BR\" \/>\n<meta property=\"og:type\" content=\"article\" \/>\n<meta property=\"og:title\" content=\"Doen\u00e7as respirat\u00f3rias representam 44% dos casos de interna\u00e7\u00e3o de crian\u00e7as no RN - Taveira Jr\" \/>\n<meta property=\"og:description\" content=\"Situa\u00e7\u00e3o \u00e9 tida como controlada no momento. Segundo Sesap, a m\u00e9dia de internados por doen\u00e7as respirat\u00f3rias considerando todos os leitos \u00e9 de 14%. Leito infantil em hospital Agnes Cavalcante\/Sesacre\/ARQUIVO As ...\" \/>\n<meta property=\"og:url\" content=\"https:\/\/deputadotaveirajr.com.br\/index.php\/doencas-respiratorias-representam-44-dos-casos-de-internacao-de-criancas-no-rn\/\" \/>\n<meta property=\"og:site_name\" content=\"Taveira Jr\" \/>\n<meta property=\"og:image\" content=\"https:\/\/s2-g1.glbimg.com\/Q-xxwvqwfMqr4tbORJo_iuLPBgI=\/i.s3.glbimg.com\/v1\/AUTH_59edd422c0c84a879bd37670ae4f538a\/internal_photos\/bs\/2025\/3\/b\/e9v7zEQaOoAo6xOUgWxg\/img-20471.jpg\" \/>\n<meta name=\"twitter:card\" content=\"summary_large_image\" \/>\n<meta name=\"twitter:label1\" content=\"Est. tempo de leitura\" \/>\n\t<meta name=\"twitter:data1\" content=\"4 minutos\" \/>\n<script type=\"application\/ld+json\" class=\"yoast-schema-graph\">{\"@context\":\"https:\/\/schema.org\",\"@graph\":[{\"@type\":\"WebPage\",\"@id\":\"https:\/\/deputadotaveirajr.com.br\/index.php\/doencas-respiratorias-representam-44-dos-casos-de-internacao-de-criancas-no-rn\/\",\"url\":\"https:\/\/deputadotaveirajr.com.br\/index.php\/doencas-respiratorias-representam-44-dos-casos-de-internacao-de-criancas-no-rn\/\",\"name\":\"Doen\u00e7as respirat\u00f3rias representam 44% dos casos de interna\u00e7\u00e3o de crian\u00e7as no RN - Taveira Jr\",\"isPartOf\":{\"@id\":\"https:\/\/deputadotaveirajr.com.br\/#website\"},\"primaryImageOfPage\":{\"@id\":\"https:\/\/deputadotaveirajr.com.br\/index.php\/doencas-respiratorias-representam-44-dos-casos-de-internacao-de-criancas-no-rn\/#primaryimage\"},\"image\":{\"@id\":\"https:\/\/deputadotaveirajr.com.br\/index.php\/doencas-respiratorias-representam-44-dos-casos-de-internacao-de-criancas-no-rn\/#primaryimage\"},\"thumbnailUrl\":\"https:\/\/deputadotaveirajr.com.br\/wp-content\/uploads\/2025\/05\/img-20471-mrubSd.jpg\",\"datePublished\":\"2025-05-28T20:51:02+00:00\",\"breadcrumb\":{\"@id\":\"https:\/\/deputadotaveirajr.com.br\/index.php\/doencas-respiratorias-representam-44-dos-casos-de-internacao-de-criancas-no-rn\/#breadcrumb\"},\"inLanguage\":\"pt-BR\",\"potentialAction\":[{\"@type\":\"ReadAction\",\"target\":[\"https:\/\/deputadotaveirajr.com.br\/index.php\/doencas-respiratorias-representam-44-dos-casos-de-internacao-de-criancas-no-rn\/\"]}]},{\"@type\":\"ImageObject\",\"inLanguage\":\"pt-BR\",\"@id\":\"https:\/\/deputadotaveirajr.com.br\/index.php\/doencas-respiratorias-representam-44-dos-casos-de-internacao-de-criancas-no-rn\/#primaryimage\",\"url\":\"https:\/\/deputadotaveirajr.com.br\/wp-content\/uploads\/2025\/05\/img-20471-mrubSd.jpg\",\"contentUrl\":\"https:\/\/deputadotaveirajr.com.br\/wp-content\/uploads\/2025\/05\/img-20471-mrubSd.jpg\",\"width\":1350,\"height\":1080},{\"@type\":\"BreadcrumbList\",\"@id\":\"https:\/\/deputadotaveirajr.com.br\/index.php\/doencas-respiratorias-representam-44-dos-casos-de-internacao-de-criancas-no-rn\/#breadcrumb\",\"itemListElement\":[{\"@type\":\"ListItem\",\"position\":1,\"name\":\"In\u00edcio\",\"item\":\"https:\/\/deputadotaveirajr.com.br\/\"},{\"@type\":\"ListItem\",\"position\":2,\"name\":\"Doen\u00e7as respirat\u00f3rias representam 44% dos casos de interna\u00e7\u00e3o de crian\u00e7as no RN\"}]},{\"@type\":\"WebSite\",\"@id\":\"https:\/\/deputadotaveirajr.com.br\/#website\",\"url\":\"https:\/\/deputadotaveirajr.com.br\/\",\"name\":\"Taveira Jr\",\"description\":\"Deputado Estadual\",\"publisher\":{\"@id\":\"https:\/\/deputadotaveirajr.com.br\/#organization\"},\"potentialAction\":[{\"@type\":\"SearchAction\",\"target\":{\"@type\":\"EntryPoint\",\"urlTemplate\":\"https:\/\/deputadotaveirajr.com.br\/?s={search_term_string}\"},\"query-input\":{\"@type\":\"PropertyValueSpecification\",\"valueRequired\":true,\"valueName\":\"search_term_string\"}}],\"inLanguage\":\"pt-BR\"},{\"@type\":\"Organization\",\"@id\":\"https:\/\/deputadotaveirajr.com.br\/#organization\",\"name\":\"Taveira Jr\",\"url\":\"https:\/\/deputadotaveirajr.com.br\/\",\"logo\":{\"@type\":\"ImageObject\",\"inLanguage\":\"pt-BR\",\"@id\":\"https:\/\/deputadotaveirajr.com.br\/#\/schema\/logo\/image\/\",\"url\":\"https:\/\/deputadotaveirajr.com.br\/wp-content\/uploads\/2026\/01\/logolow2a.png\",\"contentUrl\":\"https:\/\/deputadotaveirajr.com.br\/wp-content\/uploads\/2026\/01\/logolow2a.png\",\"width\":290,\"height\":80,\"caption\":\"Taveira Jr\"},\"image\":{\"@id\":\"https:\/\/deputadotaveirajr.com.br\/#\/schema\/logo\/image\/\"}}]}<\/script>\n<!-- \/ Yoast SEO plugin. -->","yoast_head_json":{"title":"Doen\u00e7as respirat\u00f3rias representam 44% dos casos de interna\u00e7\u00e3o de crian\u00e7as no RN - Taveira Jr","robots":{"index":"index","follow":"follow","max-snippet":"max-snippet:-1","max-image-preview":"max-image-preview:large","max-video-preview":"max-video-preview:-1"},"canonical":"https:\/\/deputadotaveirajr.com.br\/index.php\/doencas-respiratorias-representam-44-dos-casos-de-internacao-de-criancas-no-rn\/","og_locale":"pt_BR","og_type":"article","og_title":"Doen\u00e7as respirat\u00f3rias representam 44% dos casos de interna\u00e7\u00e3o de crian\u00e7as no RN - Taveira Jr","og_description":"Situa\u00e7\u00e3o \u00e9 tida como controlada no momento. Segundo Sesap, a m\u00e9dia de internados por doen\u00e7as respirat\u00f3rias considerando todos os leitos \u00e9 de 14%. Leito infantil em hospital Agnes Cavalcante\/Sesacre\/ARQUIVO As ...","og_url":"https:\/\/deputadotaveirajr.com.br\/index.php\/doencas-respiratorias-representam-44-dos-casos-de-internacao-de-criancas-no-rn\/","og_site_name":"Taveira Jr","og_image":[{"url":"https:\/\/s2-g1.glbimg.com\/Q-xxwvqwfMqr4tbORJo_iuLPBgI=\/i.s3.glbimg.com\/v1\/AUTH_59edd422c0c84a879bd37670ae4f538a\/internal_photos\/bs\/2025\/3\/b\/e9v7zEQaOoAo6xOUgWxg\/img-20471.jpg","type":"","width":"","height":""}],"twitter_card":"summary_large_image","twitter_misc":{"Est. tempo de leitura":"4 minutos"},"schema":{"@context":"https:\/\/schema.org","@graph":[{"@type":"WebPage","@id":"https:\/\/deputadotaveirajr.com.br\/index.php\/doencas-respiratorias-representam-44-dos-casos-de-internacao-de-criancas-no-rn\/","url":"https:\/\/deputadotaveirajr.com.br\/index.php\/doencas-respiratorias-representam-44-dos-casos-de-internacao-de-criancas-no-rn\/","name":"Doen\u00e7as respirat\u00f3rias representam 44% dos casos de interna\u00e7\u00e3o de crian\u00e7as no RN - Taveira Jr","isPartOf":{"@id":"https:\/\/deputadotaveirajr.com.br\/#website"},"primaryImageOfPage":{"@id":"https:\/\/deputadotaveirajr.com.br\/index.php\/doencas-respiratorias-representam-44-dos-casos-de-internacao-de-criancas-no-rn\/#primaryimage"},"image":{"@id":"https:\/\/deputadotaveirajr.com.br\/index.php\/doencas-respiratorias-representam-44-dos-casos-de-internacao-de-criancas-no-rn\/#primaryimage"},"thumbnailUrl":"https:\/\/deputadotaveirajr.com.br\/wp-content\/uploads\/2025\/05\/img-20471-mrubSd.jpg","datePublished":"2025-05-28T20:51:02+00:00","breadcrumb":{"@id":"https:\/\/deputadotaveirajr.com.br\/index.php\/doencas-respiratorias-representam-44-dos-casos-de-internacao-de-criancas-no-rn\/#breadcrumb"},"inLanguage":"pt-BR","potentialAction":[{"@type":"ReadAction","target":["https:\/\/deputadotaveirajr.com.br\/index.php\/doencas-respiratorias-representam-44-dos-casos-de-internacao-de-criancas-no-rn\/"]}]},{"@type":"ImageObject","inLanguage":"pt-BR","@id":"https:\/\/deputadotaveirajr.com.br\/index.php\/doencas-respiratorias-representam-44-dos-casos-de-internacao-de-criancas-no-rn\/#primaryimage","url":"https:\/\/deputadotaveirajr.com.br\/wp-content\/uploads\/2025\/05\/img-20471-mrubSd.jpg","contentUrl":"https:\/\/deputadotaveirajr.com.br\/wp-content\/uploads\/2025\/05\/img-20471-mrubSd.jpg","width":1350,"height":1080},{"@type":"BreadcrumbList","@id":"https:\/\/deputadotaveirajr.com.br\/index.php\/doencas-respiratorias-representam-44-dos-casos-de-internacao-de-criancas-no-rn\/#breadcrumb","itemListElement":[{"@type":"ListItem","position":1,"name":"In\u00edcio","item":"https:\/\/deputadotaveirajr.com.br\/"},{"@type":"ListItem","position":2,"name":"Doen\u00e7as respirat\u00f3rias representam 44% dos casos de interna\u00e7\u00e3o de crian\u00e7as no RN"}]},{"@type":"WebSite","@id":"https:\/\/deputadotaveirajr.com.br\/#website","url":"https:\/\/deputadotaveirajr.com.br\/","name":"Taveira Jr","description":"Deputado Estadual","publisher":{"@id":"https:\/\/deputadotaveirajr.com.br\/#organization"},"potentialAction":[{"@type":"SearchAction","target":{"@type":"EntryPoint","urlTemplate":"https:\/\/deputadotaveirajr.com.br\/?s={search_term_string}"},"query-input":{"@type":"PropertyValueSpecification","valueRequired":true,"valueName":"search_term_string"}}],"inLanguage":"pt-BR"},{"@type":"Organization","@id":"https:\/\/deputadotaveirajr.com.br\/#organization","name":"Taveira Jr","url":"https:\/\/deputadotaveirajr.com.br\/","logo":{"@type":"ImageObject","inLanguage":"pt-BR","@id":"https:\/\/deputadotaveirajr.com.br\/#\/schema\/logo\/image\/","url":"https:\/\/deputadotaveirajr.com.br\/wp-content\/uploads\/2026\/01\/logolow2a.png","contentUrl":"https:\/\/deputadotaveirajr.com.br\/wp-content\/uploads\/2026\/01\/logolow2a.png","width":290,"height":80,"caption":"Taveira Jr"},"image":{"@id":"https:\/\/deputadotaveirajr.com.br\/#\/schema\/logo\/image\/"}}]}},"_links":{"self":[{"href":"https:\/\/deputadotaveirajr.com.br\/index.php\/wp-json\/wp\/v2\/pages\/13105","targetHints":{"allow":["GET"]}}],"collection":[{"href":"https:\/\/deputadotaveirajr.com.br\/index.php\/wp-json\/wp\/v2\/pages"}],"about":[{"href":"https:\/\/deputadotaveirajr.com.br\/index.php\/wp-json\/wp\/v2\/types\/page"}],"replies":[{"embeddable":true,"href":"https:\/\/deputadotaveirajr.com.br\/index.php\/wp-json\/wp\/v2\/comments?post=13105"}],"version-history":[{"count":0,"href":"https:\/\/deputadotaveirajr.com.br\/index.php\/wp-json\/wp\/v2\/pages\/13105\/revisions"}],"wp:featuredmedia":[{"embeddable":true,"href":"https:\/\/deputadotaveirajr.com.br\/index.php\/wp-json\/wp\/v2\/media\/13106"}],"wp:attachment":[{"href":"https:\/\/deputadotaveirajr.com.br\/index.php\/wp-json\/wp\/v2\/media?parent=13105"}],"curies":[{"name":"wp","href":"https:\/\/api.w.org\/{rel}","templated":true}]}}