{"id":13143,"date":"2025-06-03T15:51:59","date_gmt":"2025-06-03T18:51:59","guid":{"rendered":"https:\/\/deputadotaveirajr.com.br\/index.php\/suspeito-de-arrombar-gabinete-de-deputado-estadual-na-assembleia-legislativa-e-preso-em-natal\/"},"modified":"2025-06-03T15:51:59","modified_gmt":"2025-06-03T18:51:59","slug":"suspeito-de-arrombar-gabinete-de-deputado-estadual-na-assembleia-legislativa-e-preso-em-natal","status":"publish","type":"page","link":"https:\/\/deputadotaveirajr.com.br\/index.php\/suspeito-de-arrombar-gabinete-de-deputado-estadual-na-assembleia-legislativa-e-preso-em-natal\/","title":{"rendered":"Suspeito de arrombar gabinete de deputado estadual na Assembleia Legislativa \u00e9 preso em Natal"},"content":{"rendered":"<p><img decoding=\"async\" src=\"https:\/\/s2-g1.glbimg.com\/g4Dv51twxcq1LQ-E4HzeN93gYFU=\/i.s3.glbimg.com\/v1\/AUTH_59edd422c0c84a879bd37670ae4f538a\/internal_photos\/bs\/2025\/8\/1\/S3mAOfTg6q6ElaGczkTQ\/whatsapp-image-2025-06-03-at-14.35.58.jpeg\" \/><br \/>     Crime aconteceu no dia 24 de maio no gabinete de Gustavo Carvalho. Segundo pol\u00edcia, suspeito responde a outros diversos processos por furtos a estabelecimentos comerciais.  Pol\u00edcia cumpriu mandado de pris\u00e3o contra suspeito de 19 anos de idade<br \/>\nDivulga\u00e7\u00e3o\/Pol\u00edcia Civil<br \/>\nUm homem de 19 anos de idade, suspeito de arrombar o gabinete do deputado estadual Gustavo Carvalho (PL) na Assembleia Legislativa do Rio Grande do Norte (ALRN), foi preso nesta ter\u00e7a-feira (3) na Cidade Alta, na Zona Leste de Natal.<br \/>\nO crime aconteceu no dia 24 de maio. Na ocasi\u00e3o, foram levados um computador e uma televis\u00e3o, que ficava na recep\u00e7\u00e3o. O suspeito arrombou a porta do gabinete que d\u00e1 acesso ao jardim.<br \/>\n\ud83d\udcf3Participe do canal do g1 RN no WhatsApp<br \/>\nA pris\u00e3o foi realizada por policiais civis da Delegacia Especializada em Furtos e Roubos de Natal (DEFUR\/Natal). Durante interrogat\u00f3rio, o suspeito confessou o crime<br \/>\nOs policiais cumpriram um mandado de pris\u00e3o preventiva que havia sido expedido contra o suspeito. Ele responde pelo crime de furto qualificado pelo rompimento de obst\u00e1culo.<br \/>\nHist\u00f3rico<br \/>\nSegundo a Pol\u00edcia Civil, o suspeito responde a outros diversos processos por furtos a estabelecimentos comerciais na regi\u00e3o central da capital.<br \/>\nEm 2024 e 2025, foi preso em flagrante tr\u00eas vezes, mas, por se tratarem de crimes sem viol\u00eancia ou grave amea\u00e7a, foi posto em liberdade provis\u00f3ria mediante medidas cautelares.<br \/>\nAs investiga\u00e7\u00f5es do crime no gabinete foram iniciadas imediatamente ap\u00f3s o registro da ocorr\u00eancia e contaram com o apoio do Gabinete de Seguran\u00e7a Institucional (GSI\/ALRN).<br \/>\nAp\u00f3s os procedimentos legais, o suspeito foi encaminhado ao sistema prisional para ficar \u00e0 disposi\u00e7\u00e3o da Justi\u00e7a.<br \/>\nAssembleia Legislativa do Rio Grande do Norte ALRN RN Pal\u00e1cio Jos\u00e9 Augusto sede fachada frente<br \/>\nS\u00e9rgio Henrique Santos\/Inter TV Cabugi<br \/>\n\u2b07\ufe0f Confira as not\u00edcias da pol\u00edtica no RN<br \/>\nConfira as not\u00edcias da pol\u00edtica no RN<br \/>\nV\u00eddeos mais assistidos do g1 RN<\/p>","protected":false},"excerpt":{"rendered":"<p>Crime aconteceu no dia 24 de maio no gabinete de Gustavo Carvalho. Segundo pol\u00edcia, suspeito responde a outros diversos processos por furtos a estabelecimentos comerciais. Pol\u00edcia cumpriu mandado de pris\u00e3o &#8230;<\/p>\n","protected":false},"author":0,"featured_media":13144,"parent":0,"menu_order":0,"comment_status":"closed","ping_status":"closed","template":"","meta":{"footnotes":""},"class_list":["post-13143","page","type-page","status-publish","has-post-thumbnail","hentry"],"yoast_head":"<!-- This site is optimized with the Yoast SEO plugin v27.1.1 - https:\/\/yoast.com\/product\/yoast-seo-wordpress\/ -->\n<title>Suspeito de arrombar gabinete de deputado estadual na Assembleia Legislativa \u00e9 preso em Natal - Taveira Jr<\/title>\n<meta name=\"robots\" content=\"index, follow, max-snippet:-1, max-image-preview:large, max-video-preview:-1\" \/>\n<link rel=\"canonical\" href=\"https:\/\/deputadotaveirajr.com.br\/index.php\/suspeito-de-arrombar-gabinete-de-deputado-estadual-na-assembleia-legislativa-e-preso-em-natal\/\" \/>\n<meta property=\"og:locale\" content=\"pt_BR\" \/>\n<meta property=\"og:type\" content=\"article\" \/>\n<meta property=\"og:title\" content=\"Suspeito de arrombar gabinete de deputado estadual na Assembleia Legislativa \u00e9 preso em Natal - Taveira Jr\" \/>\n<meta property=\"og:description\" content=\"Crime aconteceu no dia 24 de maio no gabinete de Gustavo Carvalho. Segundo pol\u00edcia, suspeito responde a outros diversos processos por furtos a estabelecimentos comerciais. Pol\u00edcia cumpriu mandado de pris\u00e3o ...\" \/>\n<meta property=\"og:url\" content=\"https:\/\/deputadotaveirajr.com.br\/index.php\/suspeito-de-arrombar-gabinete-de-deputado-estadual-na-assembleia-legislativa-e-preso-em-natal\/\" \/>\n<meta property=\"og:site_name\" content=\"Taveira Jr\" \/>\n<meta property=\"og:image\" content=\"https:\/\/s2-g1.glbimg.com\/g4Dv51twxcq1LQ-E4HzeN93gYFU=\/i.s3.glbimg.com\/v1\/AUTH_59edd422c0c84a879bd37670ae4f538a\/internal_photos\/bs\/2025\/8\/1\/S3mAOfTg6q6ElaGczkTQ\/whatsapp-image-2025-06-03-at-14.35.58.jpeg\" \/>\n<meta name=\"twitter:card\" content=\"summary_large_image\" \/>\n<meta name=\"twitter:label1\" content=\"Est. tempo de leitura\" \/>\n\t<meta name=\"twitter:data1\" content=\"2 minutos\" \/>\n<script type=\"application\/ld+json\" class=\"yoast-schema-graph\">{\"@context\":\"https:\/\/schema.org\",\"@graph\":[{\"@type\":\"WebPage\",\"@id\":\"https:\/\/deputadotaveirajr.com.br\/index.php\/suspeito-de-arrombar-gabinete-de-deputado-estadual-na-assembleia-legislativa-e-preso-em-natal\/\",\"url\":\"https:\/\/deputadotaveirajr.com.br\/index.php\/suspeito-de-arrombar-gabinete-de-deputado-estadual-na-assembleia-legislativa-e-preso-em-natal\/\",\"name\":\"Suspeito de arrombar gabinete de deputado estadual na Assembleia Legislativa \u00e9 preso em Natal - Taveira Jr\",\"isPartOf\":{\"@id\":\"https:\/\/deputadotaveirajr.com.br\/#website\"},\"primaryImageOfPage\":{\"@id\":\"https:\/\/deputadotaveirajr.com.br\/index.php\/suspeito-de-arrombar-gabinete-de-deputado-estadual-na-assembleia-legislativa-e-preso-em-natal\/#primaryimage\"},\"image\":{\"@id\":\"https:\/\/deputadotaveirajr.com.br\/index.php\/suspeito-de-arrombar-gabinete-de-deputado-estadual-na-assembleia-legislativa-e-preso-em-natal\/#primaryimage\"},\"thumbnailUrl\":\"https:\/\/deputadotaveirajr.com.br\/wp-content\/uploads\/2025\/06\/whatsapp-image-2025-06-03-at-14.35.58-tnmQtc.jpg\",\"datePublished\":\"2025-06-03T18:51:59+00:00\",\"breadcrumb\":{\"@id\":\"https:\/\/deputadotaveirajr.com.br\/index.php\/suspeito-de-arrombar-gabinete-de-deputado-estadual-na-assembleia-legislativa-e-preso-em-natal\/#breadcrumb\"},\"inLanguage\":\"pt-BR\",\"potentialAction\":[{\"@type\":\"ReadAction\",\"target\":[\"https:\/\/deputadotaveirajr.com.br\/index.php\/suspeito-de-arrombar-gabinete-de-deputado-estadual-na-assembleia-legislativa-e-preso-em-natal\/\"]}]},{\"@type\":\"ImageObject\",\"inLanguage\":\"pt-BR\",\"@id\":\"https:\/\/deputadotaveirajr.com.br\/index.php\/suspeito-de-arrombar-gabinete-de-deputado-estadual-na-assembleia-legislativa-e-preso-em-natal\/#primaryimage\",\"url\":\"https:\/\/deputadotaveirajr.com.br\/wp-content\/uploads\/2025\/06\/whatsapp-image-2025-06-03-at-14.35.58-tnmQtc.jpg\",\"contentUrl\":\"https:\/\/deputadotaveirajr.com.br\/wp-content\/uploads\/2025\/06\/whatsapp-image-2025-06-03-at-14.35.58-tnmQtc.jpg\",\"width\":1250,\"height\":680},{\"@type\":\"BreadcrumbList\",\"@id\":\"https:\/\/deputadotaveirajr.com.br\/index.php\/suspeito-de-arrombar-gabinete-de-deputado-estadual-na-assembleia-legislativa-e-preso-em-natal\/#breadcrumb\",\"itemListElement\":[{\"@type\":\"ListItem\",\"position\":1,\"name\":\"In\u00edcio\",\"item\":\"https:\/\/deputadotaveirajr.com.br\/\"},{\"@type\":\"ListItem\",\"position\":2,\"name\":\"Suspeito de arrombar gabinete de deputado estadual na Assembleia Legislativa \u00e9 preso em Natal\"}]},{\"@type\":\"WebSite\",\"@id\":\"https:\/\/deputadotaveirajr.com.br\/#website\",\"url\":\"https:\/\/deputadotaveirajr.com.br\/\",\"name\":\"Taveira Jr\",\"description\":\"Deputado Estadual\",\"publisher\":{\"@id\":\"https:\/\/deputadotaveirajr.com.br\/#organization\"},\"potentialAction\":[{\"@type\":\"SearchAction\",\"target\":{\"@type\":\"EntryPoint\",\"urlTemplate\":\"https:\/\/deputadotaveirajr.com.br\/?s={search_term_string}\"},\"query-input\":{\"@type\":\"PropertyValueSpecification\",\"valueRequired\":true,\"valueName\":\"search_term_string\"}}],\"inLanguage\":\"pt-BR\"},{\"@type\":\"Organization\",\"@id\":\"https:\/\/deputadotaveirajr.com.br\/#organization\",\"name\":\"Taveira Jr\",\"url\":\"https:\/\/deputadotaveirajr.com.br\/\",\"logo\":{\"@type\":\"ImageObject\",\"inLanguage\":\"pt-BR\",\"@id\":\"https:\/\/deputadotaveirajr.com.br\/#\/schema\/logo\/image\/\",\"url\":\"https:\/\/deputadotaveirajr.com.br\/wp-content\/uploads\/2026\/01\/logolow2a.png\",\"contentUrl\":\"https:\/\/deputadotaveirajr.com.br\/wp-content\/uploads\/2026\/01\/logolow2a.png\",\"width\":290,\"height\":80,\"caption\":\"Taveira Jr\"},\"image\":{\"@id\":\"https:\/\/deputadotaveirajr.com.br\/#\/schema\/logo\/image\/\"}}]}<\/script>\n<!-- \/ Yoast SEO plugin. -->","yoast_head_json":{"title":"Suspeito de arrombar gabinete de deputado estadual na Assembleia Legislativa \u00e9 preso em Natal - Taveira Jr","robots":{"index":"index","follow":"follow","max-snippet":"max-snippet:-1","max-image-preview":"max-image-preview:large","max-video-preview":"max-video-preview:-1"},"canonical":"https:\/\/deputadotaveirajr.com.br\/index.php\/suspeito-de-arrombar-gabinete-de-deputado-estadual-na-assembleia-legislativa-e-preso-em-natal\/","og_locale":"pt_BR","og_type":"article","og_title":"Suspeito de arrombar gabinete de deputado estadual na Assembleia Legislativa \u00e9 preso em Natal - Taveira Jr","og_description":"Crime aconteceu no dia 24 de maio no gabinete de Gustavo Carvalho. Segundo pol\u00edcia, suspeito responde a outros diversos processos por furtos a estabelecimentos comerciais. Pol\u00edcia cumpriu mandado de pris\u00e3o ...","og_url":"https:\/\/deputadotaveirajr.com.br\/index.php\/suspeito-de-arrombar-gabinete-de-deputado-estadual-na-assembleia-legislativa-e-preso-em-natal\/","og_site_name":"Taveira Jr","og_image":[{"url":"https:\/\/s2-g1.glbimg.com\/g4Dv51twxcq1LQ-E4HzeN93gYFU=\/i.s3.glbimg.com\/v1\/AUTH_59edd422c0c84a879bd37670ae4f538a\/internal_photos\/bs\/2025\/8\/1\/S3mAOfTg6q6ElaGczkTQ\/whatsapp-image-2025-06-03-at-14.35.58.jpeg","type":"","width":"","height":""}],"twitter_card":"summary_large_image","twitter_misc":{"Est. tempo de leitura":"2 minutos"},"schema":{"@context":"https:\/\/schema.org","@graph":[{"@type":"WebPage","@id":"https:\/\/deputadotaveirajr.com.br\/index.php\/suspeito-de-arrombar-gabinete-de-deputado-estadual-na-assembleia-legislativa-e-preso-em-natal\/","url":"https:\/\/deputadotaveirajr.com.br\/index.php\/suspeito-de-arrombar-gabinete-de-deputado-estadual-na-assembleia-legislativa-e-preso-em-natal\/","name":"Suspeito de arrombar gabinete de deputado estadual na Assembleia Legislativa \u00e9 preso em Natal - Taveira Jr","isPartOf":{"@id":"https:\/\/deputadotaveirajr.com.br\/#website"},"primaryImageOfPage":{"@id":"https:\/\/deputadotaveirajr.com.br\/index.php\/suspeito-de-arrombar-gabinete-de-deputado-estadual-na-assembleia-legislativa-e-preso-em-natal\/#primaryimage"},"image":{"@id":"https:\/\/deputadotaveirajr.com.br\/index.php\/suspeito-de-arrombar-gabinete-de-deputado-estadual-na-assembleia-legislativa-e-preso-em-natal\/#primaryimage"},"thumbnailUrl":"https:\/\/deputadotaveirajr.com.br\/wp-content\/uploads\/2025\/06\/whatsapp-image-2025-06-03-at-14.35.58-tnmQtc.jpg","datePublished":"2025-06-03T18:51:59+00:00","breadcrumb":{"@id":"https:\/\/deputadotaveirajr.com.br\/index.php\/suspeito-de-arrombar-gabinete-de-deputado-estadual-na-assembleia-legislativa-e-preso-em-natal\/#breadcrumb"},"inLanguage":"pt-BR","potentialAction":[{"@type":"ReadAction","target":["https:\/\/deputadotaveirajr.com.br\/index.php\/suspeito-de-arrombar-gabinete-de-deputado-estadual-na-assembleia-legislativa-e-preso-em-natal\/"]}]},{"@type":"ImageObject","inLanguage":"pt-BR","@id":"https:\/\/deputadotaveirajr.com.br\/index.php\/suspeito-de-arrombar-gabinete-de-deputado-estadual-na-assembleia-legislativa-e-preso-em-natal\/#primaryimage","url":"https:\/\/deputadotaveirajr.com.br\/wp-content\/uploads\/2025\/06\/whatsapp-image-2025-06-03-at-14.35.58-tnmQtc.jpg","contentUrl":"https:\/\/deputadotaveirajr.com.br\/wp-content\/uploads\/2025\/06\/whatsapp-image-2025-06-03-at-14.35.58-tnmQtc.jpg","width":1250,"height":680},{"@type":"BreadcrumbList","@id":"https:\/\/deputadotaveirajr.com.br\/index.php\/suspeito-de-arrombar-gabinete-de-deputado-estadual-na-assembleia-legislativa-e-preso-em-natal\/#breadcrumb","itemListElement":[{"@type":"ListItem","position":1,"name":"In\u00edcio","item":"https:\/\/deputadotaveirajr.com.br\/"},{"@type":"ListItem","position":2,"name":"Suspeito de arrombar gabinete de deputado estadual na Assembleia Legislativa \u00e9 preso em Natal"}]},{"@type":"WebSite","@id":"https:\/\/deputadotaveirajr.com.br\/#website","url":"https:\/\/deputadotaveirajr.com.br\/","name":"Taveira Jr","description":"Deputado Estadual","publisher":{"@id":"https:\/\/deputadotaveirajr.com.br\/#organization"},"potentialAction":[{"@type":"SearchAction","target":{"@type":"EntryPoint","urlTemplate":"https:\/\/deputadotaveirajr.com.br\/?s={search_term_string}"},"query-input":{"@type":"PropertyValueSpecification","valueRequired":true,"valueName":"search_term_string"}}],"inLanguage":"pt-BR"},{"@type":"Organization","@id":"https:\/\/deputadotaveirajr.com.br\/#organization","name":"Taveira Jr","url":"https:\/\/deputadotaveirajr.com.br\/","logo":{"@type":"ImageObject","inLanguage":"pt-BR","@id":"https:\/\/deputadotaveirajr.com.br\/#\/schema\/logo\/image\/","url":"https:\/\/deputadotaveirajr.com.br\/wp-content\/uploads\/2026\/01\/logolow2a.png","contentUrl":"https:\/\/deputadotaveirajr.com.br\/wp-content\/uploads\/2026\/01\/logolow2a.png","width":290,"height":80,"caption":"Taveira Jr"},"image":{"@id":"https:\/\/deputadotaveirajr.com.br\/#\/schema\/logo\/image\/"}}]}},"_links":{"self":[{"href":"https:\/\/deputadotaveirajr.com.br\/index.php\/wp-json\/wp\/v2\/pages\/13143","targetHints":{"allow":["GET"]}}],"collection":[{"href":"https:\/\/deputadotaveirajr.com.br\/index.php\/wp-json\/wp\/v2\/pages"}],"about":[{"href":"https:\/\/deputadotaveirajr.com.br\/index.php\/wp-json\/wp\/v2\/types\/page"}],"replies":[{"embeddable":true,"href":"https:\/\/deputadotaveirajr.com.br\/index.php\/wp-json\/wp\/v2\/comments?post=13143"}],"version-history":[{"count":0,"href":"https:\/\/deputadotaveirajr.com.br\/index.php\/wp-json\/wp\/v2\/pages\/13143\/revisions"}],"wp:featuredmedia":[{"embeddable":true,"href":"https:\/\/deputadotaveirajr.com.br\/index.php\/wp-json\/wp\/v2\/media\/13144"}],"wp:attachment":[{"href":"https:\/\/deputadotaveirajr.com.br\/index.php\/wp-json\/wp\/v2\/media?parent=13143"}],"curies":[{"name":"wp","href":"https:\/\/api.w.org\/{rel}","templated":true}]}}