{"id":13151,"date":"2025-06-06T18:53:08","date_gmt":"2025-06-06T21:53:08","guid":{"rendered":"https:\/\/deputadotaveirajr.com.br\/index.php\/obra-em-marquise-que-caiu-e-matou-idoso-e-interditada-em-natal\/"},"modified":"2025-06-06T18:53:08","modified_gmt":"2025-06-06T21:53:08","slug":"obra-em-marquise-que-caiu-e-matou-idoso-e-interditada-em-natal","status":"publish","type":"page","link":"https:\/\/deputadotaveirajr.com.br\/index.php\/obra-em-marquise-que-caiu-e-matou-idoso-e-interditada-em-natal\/","title":{"rendered":"Obra em marquise que caiu e matou idoso \u00e9 interditada em Natal"},"content":{"rendered":"<p><img decoding=\"async\" src=\"https:\/\/s2-g1.glbimg.com\/VSVsWTLtdEqJETZXGl0ROIaYHcI=\/i.s3.glbimg.com\/v1\/AUTH_59edd422c0c84a879bd37670ae4f538a\/internal_photos\/bs\/2025\/k\/4\/nEIJ6STzSowP3DV1lDBg\/whatsapp-image-2025-06-06-at-12.48.37.jpeg\" \/><br \/>     Outros dois im\u00f3veis vizinhos tamb\u00e9m foram interditados pela Defesa Civil, que afirmou que obra tinha alvar\u00e1. Crea informou que n\u00e3o havia profissional registrado para esse servi\u00e7o. Barbeiro de 81 anos morre em desabamento de marquise em Natal<br \/>\nA obra na marquise que caiu e matou um idoso de 81 anos de idade foi interditada pela Defesa Civil de Natal. Outros dois im\u00f3veis vizinhos \u00e0 resid\u00eancia onde o acidente aconteceu tamb\u00e9m foram interditados pelo \u00f3rg\u00e3o municipal.<br \/>\n\ud83d\udd0e O barbeiro Dami\u00e3o Bezerra de Oliveira passava pela cal\u00e7ada da casa na Rua Alberto Silva, no bairro Tirol, na quinta-feira (5), e morreu ap\u00f3s a marquise em obra cair em cima dele. Ele trabalhava na regi\u00e3o e havia sa\u00eddo para almo\u00e7ar.<br \/>\n\ud83d\udcf3Participe do canal do g1 RN no WhatsApp<br \/>\nDe acordo com a Defesa Civil, a obra era de demoli\u00e7\u00e3o e tinha registros na Secretaria Municipal de Ambiente e Meio Urbanismo (Semurb) para acontecer, mas pode ter tido falhas na execu\u00e7\u00e3o.<br \/>\n&#8220;Possivelmente foi algum erro executivo da obra que causou a v\u00edtima no local, que deveria ser isolada a \u00e1rea, que se tratava de uma obra de demoli\u00e7\u00e3o e poderia n\u00e3o ter ceifado a vida do idoso&#8221;, explicou o diretor da Defesa Civil de Natal, Samuel Souto.<br \/>\nSegundo o Conselho Regional de Engenharia e Agronomia do Rio Grande do Norte (Crea-RN), a obra n\u00e3o tinha registros e nem respons\u00e1vel t\u00e9cnico. Por isso, para o Conselho, a obra \u00e9 tida inicialmente como irregular.<br \/>\n&#8220;N\u00e3o havia nenhum registro no Crea desta obra, nem do registro da obra, nem de profissional. Ent\u00e3o, a princ\u00edpio, \u00e9 preliminar, mas ela estaria irregular. N\u00e3o havia um profissional respons\u00e1vel, habilitado&#8221;, explicou presidente do Crea, Roberto Wagner.<br \/>\nFiscaliza\u00e7\u00e3o do Crea na resid\u00eancia onde marquise caiu<br \/>\nS\u00e9rgio Henrique Santos\/Inter TV Cabugi<br \/>\nInvestiga\u00e7\u00e3o<br \/>\nO im\u00f3vel est\u00e1 registrado como esp\u00f3lio, em nome dos herdeiros do antigo propriet\u00e1rio. A Pol\u00edcia Civil investiga as causas do acidente e solicitou per\u00edcia ao Instituto T\u00e9cnico-Cient\u00edfico de Per\u00edcia (Itep).<br \/>\nO Crea informou que vai autuar os propriet\u00e1rios por exerc\u00edcio irregular da profiss\u00e3o porque a obra n\u00e3o tinha um engenheiro respons\u00e1vel.<br \/>\nO presidente do Conselho afirmou ainda que a cada 1 mil fiscaliza\u00e7\u00f5es que o Crea faz, 700 possuem esse tipo de situa\u00e7\u00e3o, &#8220;onde o leigo est\u00e1 exercendo uma atividade que n\u00e3o tem conhecimento, n\u00e3o tem atribui\u00e7\u00e3o para tal, pondo em risco os ocupantes do im\u00f3vel, pondo em risco a sociedade e, por assim dizer, gastando muito mais&#8221;.<br \/>\nA obra havia sido iniciada no ano passado, foi paralisada e recentemente retomada. Para o presidente do Crea, houve falta de escoramento na viga de sustenta\u00e7\u00e3o da marquise.<br \/>\n&#8220;A gente tamb\u00e9m percebeu a aus\u00eancia de cuidado com a fachada, uma viga que estava em balan\u00e7o, que n\u00e3o tinha escoramento e que havia gente passando por baixo, assim como infelizmente ocorreu uma v\u00edtima&#8221;, disse o presidente do Crea.<br \/>\nDesabamento aconteceu na Rua Alberto Silva<br \/>\nBrunno Rocha\/Inter TV Cabugi<br \/>\nEle refor\u00e7ou que mesmo que o servi\u00e7o n\u00e3o pare\u00e7a complexo \u00e9 necess\u00e1rio a atua\u00e7\u00e3o de um profissional da \u00e1rea.<br \/>\n&#8220;\u00c9 um conselho, \u00e9 um alerta para a sociedade. assim como para construir, \u00e9 necess\u00e1rio um profissional habilitado, no caso um engenheiro civil, ou se for uma estrutura mec\u00e2nica, um engenheiro mec\u00e2nico, para demolir tamb\u00e9m&#8221;, explicou.<br \/>\nO acidente<br \/>\nO barbeiro Dami\u00e3o Bezerra de Oliveira, de 81 anos, morreu ap\u00f3s uma marquise em obra cair por cima dele na tarde de quinta-feira (5) na Rua Alberto Silva, no bairro Tirol, na Zona Leste de Natal.<br \/>\nO acidente aconteceu por volta das 13h. Segundo o Corpo de Bombeiros, o homem morreu na hora.<br \/>\n&#8220;Chegando ao local, foi verificado que existia uma v\u00edtima por baixo dos escombros. Ent\u00e3o, a gente retirou esses escombros da v\u00edtima e constatou que ela estava em \u00f3bito&#8221;, explicou o oficial de opera\u00e7\u00f5es do Corpo de Bombeiros, Tenente Iranildo Filho.<br \/>\nMoradores da regi\u00e3o contaram \u00e0 Inter TV Cabugi que o homem era barbeiro, trabalhava pr\u00f3ximo, e havia ido almo\u00e7ar. A marquise teria desabado quando ele passava na cal\u00e7ada. Uma mulher que tamb\u00e9m passava no momento do desabamento conseguiu se salvar.<br \/>\nQueda de marquise na Rua Alberto Silva, em Natal<br \/>\nBrunno Rocha\/Inter TV Cabugi<br \/>\nV\u00eddeos mais assistidos do g1 RN<\/p>","protected":false},"excerpt":{"rendered":"<p>Outros dois im\u00f3veis vizinhos tamb\u00e9m foram interditados pela Defesa Civil, que afirmou que obra tinha alvar\u00e1. Crea informou que n\u00e3o havia profissional registrado para esse servi\u00e7o. Barbeiro de 81 anos &#8230;<\/p>\n","protected":false},"author":0,"featured_media":13152,"parent":0,"menu_order":0,"comment_status":"closed","ping_status":"closed","template":"","meta":{"footnotes":""},"class_list":["post-13151","page","type-page","status-publish","has-post-thumbnail","hentry"],"yoast_head":"<!-- This site is optimized with the Yoast SEO plugin v27.1.1 - https:\/\/yoast.com\/product\/yoast-seo-wordpress\/ -->\n<title>Obra em marquise que caiu e matou idoso \u00e9 interditada em Natal - Taveira Jr<\/title>\n<meta name=\"robots\" content=\"index, follow, max-snippet:-1, max-image-preview:large, max-video-preview:-1\" \/>\n<link rel=\"canonical\" href=\"https:\/\/deputadotaveirajr.com.br\/index.php\/obra-em-marquise-que-caiu-e-matou-idoso-e-interditada-em-natal\/\" \/>\n<meta property=\"og:locale\" content=\"pt_BR\" \/>\n<meta property=\"og:type\" content=\"article\" \/>\n<meta property=\"og:title\" content=\"Obra em marquise que caiu e matou idoso \u00e9 interditada em Natal - Taveira Jr\" \/>\n<meta property=\"og:description\" content=\"Outros dois im\u00f3veis vizinhos tamb\u00e9m foram interditados pela Defesa Civil, que afirmou que obra tinha alvar\u00e1. Crea informou que n\u00e3o havia profissional registrado para esse servi\u00e7o. Barbeiro de 81 anos ...\" \/>\n<meta property=\"og:url\" content=\"https:\/\/deputadotaveirajr.com.br\/index.php\/obra-em-marquise-que-caiu-e-matou-idoso-e-interditada-em-natal\/\" \/>\n<meta property=\"og:site_name\" content=\"Taveira Jr\" \/>\n<meta property=\"og:image\" content=\"https:\/\/s2-g1.glbimg.com\/VSVsWTLtdEqJETZXGl0ROIaYHcI=\/i.s3.glbimg.com\/v1\/AUTH_59edd422c0c84a879bd37670ae4f538a\/internal_photos\/bs\/2025\/k\/4\/nEIJ6STzSowP3DV1lDBg\/whatsapp-image-2025-06-06-at-12.48.37.jpeg\" \/>\n<meta name=\"twitter:card\" content=\"summary_large_image\" \/>\n<meta name=\"twitter:label1\" content=\"Est. tempo de leitura\" \/>\n\t<meta name=\"twitter:data1\" content=\"4 minutos\" \/>\n<script type=\"application\/ld+json\" class=\"yoast-schema-graph\">{\"@context\":\"https:\/\/schema.org\",\"@graph\":[{\"@type\":\"WebPage\",\"@id\":\"https:\/\/deputadotaveirajr.com.br\/index.php\/obra-em-marquise-que-caiu-e-matou-idoso-e-interditada-em-natal\/\",\"url\":\"https:\/\/deputadotaveirajr.com.br\/index.php\/obra-em-marquise-que-caiu-e-matou-idoso-e-interditada-em-natal\/\",\"name\":\"Obra em marquise que caiu e matou idoso \u00e9 interditada em Natal - Taveira Jr\",\"isPartOf\":{\"@id\":\"https:\/\/deputadotaveirajr.com.br\/#website\"},\"primaryImageOfPage\":{\"@id\":\"https:\/\/deputadotaveirajr.com.br\/index.php\/obra-em-marquise-que-caiu-e-matou-idoso-e-interditada-em-natal\/#primaryimage\"},\"image\":{\"@id\":\"https:\/\/deputadotaveirajr.com.br\/index.php\/obra-em-marquise-que-caiu-e-matou-idoso-e-interditada-em-natal\/#primaryimage\"},\"thumbnailUrl\":\"https:\/\/deputadotaveirajr.com.br\/wp-content\/uploads\/2025\/06\/whatsapp-image-2025-06-06-at-12.48.37-7TkM3k-scaled.jpg\",\"datePublished\":\"2025-06-06T21:53:08+00:00\",\"breadcrumb\":{\"@id\":\"https:\/\/deputadotaveirajr.com.br\/index.php\/obra-em-marquise-que-caiu-e-matou-idoso-e-interditada-em-natal\/#breadcrumb\"},\"inLanguage\":\"pt-BR\",\"potentialAction\":[{\"@type\":\"ReadAction\",\"target\":[\"https:\/\/deputadotaveirajr.com.br\/index.php\/obra-em-marquise-que-caiu-e-matou-idoso-e-interditada-em-natal\/\"]}]},{\"@type\":\"ImageObject\",\"inLanguage\":\"pt-BR\",\"@id\":\"https:\/\/deputadotaveirajr.com.br\/index.php\/obra-em-marquise-que-caiu-e-matou-idoso-e-interditada-em-natal\/#primaryimage\",\"url\":\"https:\/\/deputadotaveirajr.com.br\/wp-content\/uploads\/2025\/06\/whatsapp-image-2025-06-06-at-12.48.37-7TkM3k-scaled.jpg\",\"contentUrl\":\"https:\/\/deputadotaveirajr.com.br\/wp-content\/uploads\/2025\/06\/whatsapp-image-2025-06-06-at-12.48.37-7TkM3k-scaled.jpg\",\"width\":2560,\"height\":1920},{\"@type\":\"BreadcrumbList\",\"@id\":\"https:\/\/deputadotaveirajr.com.br\/index.php\/obra-em-marquise-que-caiu-e-matou-idoso-e-interditada-em-natal\/#breadcrumb\",\"itemListElement\":[{\"@type\":\"ListItem\",\"position\":1,\"name\":\"In\u00edcio\",\"item\":\"https:\/\/deputadotaveirajr.com.br\/\"},{\"@type\":\"ListItem\",\"position\":2,\"name\":\"Obra em marquise que caiu e matou idoso \u00e9 interditada em Natal\"}]},{\"@type\":\"WebSite\",\"@id\":\"https:\/\/deputadotaveirajr.com.br\/#website\",\"url\":\"https:\/\/deputadotaveirajr.com.br\/\",\"name\":\"Taveira Jr\",\"description\":\"Deputado Estadual\",\"publisher\":{\"@id\":\"https:\/\/deputadotaveirajr.com.br\/#organization\"},\"potentialAction\":[{\"@type\":\"SearchAction\",\"target\":{\"@type\":\"EntryPoint\",\"urlTemplate\":\"https:\/\/deputadotaveirajr.com.br\/?s={search_term_string}\"},\"query-input\":{\"@type\":\"PropertyValueSpecification\",\"valueRequired\":true,\"valueName\":\"search_term_string\"}}],\"inLanguage\":\"pt-BR\"},{\"@type\":\"Organization\",\"@id\":\"https:\/\/deputadotaveirajr.com.br\/#organization\",\"name\":\"Taveira Jr\",\"url\":\"https:\/\/deputadotaveirajr.com.br\/\",\"logo\":{\"@type\":\"ImageObject\",\"inLanguage\":\"pt-BR\",\"@id\":\"https:\/\/deputadotaveirajr.com.br\/#\/schema\/logo\/image\/\",\"url\":\"https:\/\/deputadotaveirajr.com.br\/wp-content\/uploads\/2026\/01\/logolow2a.png\",\"contentUrl\":\"https:\/\/deputadotaveirajr.com.br\/wp-content\/uploads\/2026\/01\/logolow2a.png\",\"width\":290,\"height\":80,\"caption\":\"Taveira Jr\"},\"image\":{\"@id\":\"https:\/\/deputadotaveirajr.com.br\/#\/schema\/logo\/image\/\"}}]}<\/script>\n<!-- \/ Yoast SEO plugin. -->","yoast_head_json":{"title":"Obra em marquise que caiu e matou idoso \u00e9 interditada em Natal - Taveira Jr","robots":{"index":"index","follow":"follow","max-snippet":"max-snippet:-1","max-image-preview":"max-image-preview:large","max-video-preview":"max-video-preview:-1"},"canonical":"https:\/\/deputadotaveirajr.com.br\/index.php\/obra-em-marquise-que-caiu-e-matou-idoso-e-interditada-em-natal\/","og_locale":"pt_BR","og_type":"article","og_title":"Obra em marquise que caiu e matou idoso \u00e9 interditada em Natal - Taveira Jr","og_description":"Outros dois im\u00f3veis vizinhos tamb\u00e9m foram interditados pela Defesa Civil, que afirmou que obra tinha alvar\u00e1. Crea informou que n\u00e3o havia profissional registrado para esse servi\u00e7o. Barbeiro de 81 anos ...","og_url":"https:\/\/deputadotaveirajr.com.br\/index.php\/obra-em-marquise-que-caiu-e-matou-idoso-e-interditada-em-natal\/","og_site_name":"Taveira Jr","og_image":[{"url":"https:\/\/s2-g1.glbimg.com\/VSVsWTLtdEqJETZXGl0ROIaYHcI=\/i.s3.glbimg.com\/v1\/AUTH_59edd422c0c84a879bd37670ae4f538a\/internal_photos\/bs\/2025\/k\/4\/nEIJ6STzSowP3DV1lDBg\/whatsapp-image-2025-06-06-at-12.48.37.jpeg","type":"","width":"","height":""}],"twitter_card":"summary_large_image","twitter_misc":{"Est. tempo de leitura":"4 minutos"},"schema":{"@context":"https:\/\/schema.org","@graph":[{"@type":"WebPage","@id":"https:\/\/deputadotaveirajr.com.br\/index.php\/obra-em-marquise-que-caiu-e-matou-idoso-e-interditada-em-natal\/","url":"https:\/\/deputadotaveirajr.com.br\/index.php\/obra-em-marquise-que-caiu-e-matou-idoso-e-interditada-em-natal\/","name":"Obra em marquise que caiu e matou idoso \u00e9 interditada em Natal - Taveira Jr","isPartOf":{"@id":"https:\/\/deputadotaveirajr.com.br\/#website"},"primaryImageOfPage":{"@id":"https:\/\/deputadotaveirajr.com.br\/index.php\/obra-em-marquise-que-caiu-e-matou-idoso-e-interditada-em-natal\/#primaryimage"},"image":{"@id":"https:\/\/deputadotaveirajr.com.br\/index.php\/obra-em-marquise-que-caiu-e-matou-idoso-e-interditada-em-natal\/#primaryimage"},"thumbnailUrl":"https:\/\/deputadotaveirajr.com.br\/wp-content\/uploads\/2025\/06\/whatsapp-image-2025-06-06-at-12.48.37-7TkM3k-scaled.jpg","datePublished":"2025-06-06T21:53:08+00:00","breadcrumb":{"@id":"https:\/\/deputadotaveirajr.com.br\/index.php\/obra-em-marquise-que-caiu-e-matou-idoso-e-interditada-em-natal\/#breadcrumb"},"inLanguage":"pt-BR","potentialAction":[{"@type":"ReadAction","target":["https:\/\/deputadotaveirajr.com.br\/index.php\/obra-em-marquise-que-caiu-e-matou-idoso-e-interditada-em-natal\/"]}]},{"@type":"ImageObject","inLanguage":"pt-BR","@id":"https:\/\/deputadotaveirajr.com.br\/index.php\/obra-em-marquise-que-caiu-e-matou-idoso-e-interditada-em-natal\/#primaryimage","url":"https:\/\/deputadotaveirajr.com.br\/wp-content\/uploads\/2025\/06\/whatsapp-image-2025-06-06-at-12.48.37-7TkM3k-scaled.jpg","contentUrl":"https:\/\/deputadotaveirajr.com.br\/wp-content\/uploads\/2025\/06\/whatsapp-image-2025-06-06-at-12.48.37-7TkM3k-scaled.jpg","width":2560,"height":1920},{"@type":"BreadcrumbList","@id":"https:\/\/deputadotaveirajr.com.br\/index.php\/obra-em-marquise-que-caiu-e-matou-idoso-e-interditada-em-natal\/#breadcrumb","itemListElement":[{"@type":"ListItem","position":1,"name":"In\u00edcio","item":"https:\/\/deputadotaveirajr.com.br\/"},{"@type":"ListItem","position":2,"name":"Obra em marquise que caiu e matou idoso \u00e9 interditada em Natal"}]},{"@type":"WebSite","@id":"https:\/\/deputadotaveirajr.com.br\/#website","url":"https:\/\/deputadotaveirajr.com.br\/","name":"Taveira Jr","description":"Deputado Estadual","publisher":{"@id":"https:\/\/deputadotaveirajr.com.br\/#organization"},"potentialAction":[{"@type":"SearchAction","target":{"@type":"EntryPoint","urlTemplate":"https:\/\/deputadotaveirajr.com.br\/?s={search_term_string}"},"query-input":{"@type":"PropertyValueSpecification","valueRequired":true,"valueName":"search_term_string"}}],"inLanguage":"pt-BR"},{"@type":"Organization","@id":"https:\/\/deputadotaveirajr.com.br\/#organization","name":"Taveira Jr","url":"https:\/\/deputadotaveirajr.com.br\/","logo":{"@type":"ImageObject","inLanguage":"pt-BR","@id":"https:\/\/deputadotaveirajr.com.br\/#\/schema\/logo\/image\/","url":"https:\/\/deputadotaveirajr.com.br\/wp-content\/uploads\/2026\/01\/logolow2a.png","contentUrl":"https:\/\/deputadotaveirajr.com.br\/wp-content\/uploads\/2026\/01\/logolow2a.png","width":290,"height":80,"caption":"Taveira Jr"},"image":{"@id":"https:\/\/deputadotaveirajr.com.br\/#\/schema\/logo\/image\/"}}]}},"_links":{"self":[{"href":"https:\/\/deputadotaveirajr.com.br\/index.php\/wp-json\/wp\/v2\/pages\/13151","targetHints":{"allow":["GET"]}}],"collection":[{"href":"https:\/\/deputadotaveirajr.com.br\/index.php\/wp-json\/wp\/v2\/pages"}],"about":[{"href":"https:\/\/deputadotaveirajr.com.br\/index.php\/wp-json\/wp\/v2\/types\/page"}],"replies":[{"embeddable":true,"href":"https:\/\/deputadotaveirajr.com.br\/index.php\/wp-json\/wp\/v2\/comments?post=13151"}],"version-history":[{"count":0,"href":"https:\/\/deputadotaveirajr.com.br\/index.php\/wp-json\/wp\/v2\/pages\/13151\/revisions"}],"wp:featuredmedia":[{"embeddable":true,"href":"https:\/\/deputadotaveirajr.com.br\/index.php\/wp-json\/wp\/v2\/media\/13152"}],"wp:attachment":[{"href":"https:\/\/deputadotaveirajr.com.br\/index.php\/wp-json\/wp\/v2\/media?parent=13151"}],"curies":[{"name":"wp","href":"https:\/\/api.w.org\/{rel}","templated":true}]}}