{"id":13177,"date":"2025-06-10T08:53:06","date_gmt":"2025-06-10T11:53:06","guid":{"rendered":"https:\/\/deputadotaveirajr.com.br\/index.php\/lotofacil-aposta-de-caico-acerta-15-dezenas-e-leva-mais-de-r-500-mil\/"},"modified":"2025-06-10T08:53:06","modified_gmt":"2025-06-10T11:53:06","slug":"lotofacil-aposta-de-caico-acerta-15-dezenas-e-leva-mais-de-r-500-mil","status":"publish","type":"page","link":"https:\/\/deputadotaveirajr.com.br\/index.php\/lotofacil-aposta-de-caico-acerta-15-dezenas-e-leva-mais-de-r-500-mil\/","title":{"rendered":"Lotof\u00e1cil: aposta de Caic\u00f3 acerta 15 dezenas e leva mais de R$ 500 mil"},"content":{"rendered":"<p><img decoding=\"async\" src=\"https:\/\/s2-g1.glbimg.com\/-YI_RKOcomFLjduYu3e5YYigfXk=\/i.s3.glbimg.com\/v1\/AUTH_59edd422c0c84a879bd37670ae4f538a\/internal_photos\/bs\/2024\/b\/5\/lXfrQXSt2zgN5LfBHLKQ\/pm-agride-1-.jpg\" \/><br \/>     Ganhador acertou as 15 dezenas no concurso 3413, sorteado pela Caixa Econ\u00f4mica Federal. Al\u00e9m de Caic\u00f3, houve outras duas apostas ganhadoras no Brasil. Bilhete volante loteria lotof\u00e1cil<br \/>\nMarcelo Brandt\/g1<br \/>\nUma aposta registrada em Caic\u00f3, no interior do Rio Grande do Norte, acertou as 15 dezenas da Lotof\u00e1cil e levou um pr\u00eamio de mais de R$ 500 mil.<br \/>\nO sorteio do concurso 3413 foi realizado na segunda (9), pela Caixa Econ\u00f4mica Federal. Entre os ganhadores, tamb\u00e9m est\u00e3o apostas do Cear\u00e1 e S\u00e3o Paulo.<br \/>\nOs n\u00fameros sorteados foram: 01-02-03-04-09-11-12-13-16-18-19-20-22-23-25.<br \/>\nNo RN, a aposta pr\u00eamiada foi realizada em Caic\u00f3, na loteria Kiloteca. No total, tr\u00eas apostas acertaram os 15 n\u00fameros. Al\u00e9m de do RN, os outros ganhadores s\u00e3o de Eus\u00e9bio, no Cear\u00e1, e da capital paulista.<br \/>\nComo jogar<br \/>\nNa Lotof\u00e1cil, os apostadores podem marcar entre 15 e 20 n\u00fameros, dentre os 25 dispon\u00edveis no volante, e faturar pr\u00eamios se acertarem 11, 12, 13, 14 ou 15 n\u00fameros. Ainda \u00e9 poss\u00edvel optar pela escolha dos n\u00fameros pelo sistema da Caixa Econ\u00f4mica Federal (CEF), por meio da Surpresinha, ou concorrer com a mesma aposta por 3, 6, 12, 18 ou 24 concursos consecutivos atrav\u00e9s da Teimosinha.<br \/>\nAinda \u00e9 poss\u00edvel jogar em grupo, por meio do Bol\u00e3o das Loterias. Na Lotof\u00e1cil, os bol\u00f5es t\u00eam pre\u00e7o m\u00ednimo de R$ 12, sendo que cada cota n\u00e3o pode ser inferior a R$ 4.<br \/>\nV\u00cdDEOS: Mais vistos do RN<\/p>","protected":false},"excerpt":{"rendered":"<p>Ganhador acertou as 15 dezenas no concurso 3413, sorteado pela Caixa Econ\u00f4mica Federal. Al\u00e9m de Caic\u00f3, houve outras duas apostas ganhadoras no Brasil. Bilhete volante loteria lotof\u00e1cil Marcelo Brandt\/g1 Uma &#8230;<\/p>\n","protected":false},"author":0,"featured_media":13178,"parent":0,"menu_order":0,"comment_status":"closed","ping_status":"closed","template":"","meta":{"footnotes":""},"class_list":["post-13177","page","type-page","status-publish","has-post-thumbnail","hentry"],"yoast_head":"<!-- This site is optimized with the Yoast SEO plugin v27.1.1 - https:\/\/yoast.com\/product\/yoast-seo-wordpress\/ -->\n<title>Lotof\u00e1cil: aposta de Caic\u00f3 acerta 15 dezenas e leva mais de R$ 500 mil - Taveira Jr<\/title>\n<meta name=\"robots\" content=\"index, follow, max-snippet:-1, max-image-preview:large, max-video-preview:-1\" \/>\n<link rel=\"canonical\" href=\"https:\/\/deputadotaveirajr.com.br\/index.php\/lotofacil-aposta-de-caico-acerta-15-dezenas-e-leva-mais-de-r-500-mil\/\" \/>\n<meta property=\"og:locale\" content=\"pt_BR\" \/>\n<meta property=\"og:type\" content=\"article\" \/>\n<meta property=\"og:title\" content=\"Lotof\u00e1cil: aposta de Caic\u00f3 acerta 15 dezenas e leva mais de R$ 500 mil - Taveira Jr\" \/>\n<meta property=\"og:description\" content=\"Ganhador acertou as 15 dezenas no concurso 3413, sorteado pela Caixa Econ\u00f4mica Federal. Al\u00e9m de Caic\u00f3, houve outras duas apostas ganhadoras no Brasil. Bilhete volante loteria lotof\u00e1cil Marcelo Brandt\/g1 Uma ...\" \/>\n<meta property=\"og:url\" content=\"https:\/\/deputadotaveirajr.com.br\/index.php\/lotofacil-aposta-de-caico-acerta-15-dezenas-e-leva-mais-de-r-500-mil\/\" \/>\n<meta property=\"og:site_name\" content=\"Taveira Jr\" \/>\n<meta property=\"og:image\" content=\"https:\/\/s2-g1.glbimg.com\/-YI_RKOcomFLjduYu3e5YYigfXk=\/i.s3.glbimg.com\/v1\/AUTH_59edd422c0c84a879bd37670ae4f538a\/internal_photos\/bs\/2024\/b\/5\/lXfrQXSt2zgN5LfBHLKQ\/pm-agride-1-.jpg\" \/>\n<meta name=\"twitter:card\" content=\"summary_large_image\" \/>\n<meta name=\"twitter:label1\" content=\"Est. tempo de leitura\" \/>\n\t<meta name=\"twitter:data1\" content=\"1 minuto\" \/>\n<script type=\"application\/ld+json\" class=\"yoast-schema-graph\">{\"@context\":\"https:\/\/schema.org\",\"@graph\":[{\"@type\":\"WebPage\",\"@id\":\"https:\/\/deputadotaveirajr.com.br\/index.php\/lotofacil-aposta-de-caico-acerta-15-dezenas-e-leva-mais-de-r-500-mil\/\",\"url\":\"https:\/\/deputadotaveirajr.com.br\/index.php\/lotofacil-aposta-de-caico-acerta-15-dezenas-e-leva-mais-de-r-500-mil\/\",\"name\":\"Lotof\u00e1cil: aposta de Caic\u00f3 acerta 15 dezenas e leva mais de R$ 500 mil - Taveira Jr\",\"isPartOf\":{\"@id\":\"https:\/\/deputadotaveirajr.com.br\/#website\"},\"primaryImageOfPage\":{\"@id\":\"https:\/\/deputadotaveirajr.com.br\/index.php\/lotofacil-aposta-de-caico-acerta-15-dezenas-e-leva-mais-de-r-500-mil\/#primaryimage\"},\"image\":{\"@id\":\"https:\/\/deputadotaveirajr.com.br\/index.php\/lotofacil-aposta-de-caico-acerta-15-dezenas-e-leva-mais-de-r-500-mil\/#primaryimage\"},\"thumbnailUrl\":\"https:\/\/deputadotaveirajr.com.br\/wp-content\/uploads\/2025\/06\/pm-agride-1-gccxuI.jpg\",\"datePublished\":\"2025-06-10T11:53:06+00:00\",\"breadcrumb\":{\"@id\":\"https:\/\/deputadotaveirajr.com.br\/index.php\/lotofacil-aposta-de-caico-acerta-15-dezenas-e-leva-mais-de-r-500-mil\/#breadcrumb\"},\"inLanguage\":\"pt-BR\",\"potentialAction\":[{\"@type\":\"ReadAction\",\"target\":[\"https:\/\/deputadotaveirajr.com.br\/index.php\/lotofacil-aposta-de-caico-acerta-15-dezenas-e-leva-mais-de-r-500-mil\/\"]}]},{\"@type\":\"ImageObject\",\"inLanguage\":\"pt-BR\",\"@id\":\"https:\/\/deputadotaveirajr.com.br\/index.php\/lotofacil-aposta-de-caico-acerta-15-dezenas-e-leva-mais-de-r-500-mil\/#primaryimage\",\"url\":\"https:\/\/deputadotaveirajr.com.br\/wp-content\/uploads\/2025\/06\/pm-agride-1-gccxuI.jpg\",\"contentUrl\":\"https:\/\/deputadotaveirajr.com.br\/wp-content\/uploads\/2025\/06\/pm-agride-1-gccxuI.jpg\",\"width\":1700,\"height\":1065},{\"@type\":\"BreadcrumbList\",\"@id\":\"https:\/\/deputadotaveirajr.com.br\/index.php\/lotofacil-aposta-de-caico-acerta-15-dezenas-e-leva-mais-de-r-500-mil\/#breadcrumb\",\"itemListElement\":[{\"@type\":\"ListItem\",\"position\":1,\"name\":\"In\u00edcio\",\"item\":\"https:\/\/deputadotaveirajr.com.br\/\"},{\"@type\":\"ListItem\",\"position\":2,\"name\":\"Lotof\u00e1cil: aposta de Caic\u00f3 acerta 15 dezenas e leva mais de R$ 500 mil\"}]},{\"@type\":\"WebSite\",\"@id\":\"https:\/\/deputadotaveirajr.com.br\/#website\",\"url\":\"https:\/\/deputadotaveirajr.com.br\/\",\"name\":\"Taveira Jr\",\"description\":\"Deputado Estadual\",\"publisher\":{\"@id\":\"https:\/\/deputadotaveirajr.com.br\/#organization\"},\"potentialAction\":[{\"@type\":\"SearchAction\",\"target\":{\"@type\":\"EntryPoint\",\"urlTemplate\":\"https:\/\/deputadotaveirajr.com.br\/?s={search_term_string}\"},\"query-input\":{\"@type\":\"PropertyValueSpecification\",\"valueRequired\":true,\"valueName\":\"search_term_string\"}}],\"inLanguage\":\"pt-BR\"},{\"@type\":\"Organization\",\"@id\":\"https:\/\/deputadotaveirajr.com.br\/#organization\",\"name\":\"Taveira Jr\",\"url\":\"https:\/\/deputadotaveirajr.com.br\/\",\"logo\":{\"@type\":\"ImageObject\",\"inLanguage\":\"pt-BR\",\"@id\":\"https:\/\/deputadotaveirajr.com.br\/#\/schema\/logo\/image\/\",\"url\":\"https:\/\/deputadotaveirajr.com.br\/wp-content\/uploads\/2026\/01\/logolow2a.png\",\"contentUrl\":\"https:\/\/deputadotaveirajr.com.br\/wp-content\/uploads\/2026\/01\/logolow2a.png\",\"width\":290,\"height\":80,\"caption\":\"Taveira Jr\"},\"image\":{\"@id\":\"https:\/\/deputadotaveirajr.com.br\/#\/schema\/logo\/image\/\"}}]}<\/script>\n<!-- \/ Yoast SEO plugin. -->","yoast_head_json":{"title":"Lotof\u00e1cil: aposta de Caic\u00f3 acerta 15 dezenas e leva mais de R$ 500 mil - Taveira Jr","robots":{"index":"index","follow":"follow","max-snippet":"max-snippet:-1","max-image-preview":"max-image-preview:large","max-video-preview":"max-video-preview:-1"},"canonical":"https:\/\/deputadotaveirajr.com.br\/index.php\/lotofacil-aposta-de-caico-acerta-15-dezenas-e-leva-mais-de-r-500-mil\/","og_locale":"pt_BR","og_type":"article","og_title":"Lotof\u00e1cil: aposta de Caic\u00f3 acerta 15 dezenas e leva mais de R$ 500 mil - Taveira Jr","og_description":"Ganhador acertou as 15 dezenas no concurso 3413, sorteado pela Caixa Econ\u00f4mica Federal. Al\u00e9m de Caic\u00f3, houve outras duas apostas ganhadoras no Brasil. Bilhete volante loteria lotof\u00e1cil Marcelo Brandt\/g1 Uma ...","og_url":"https:\/\/deputadotaveirajr.com.br\/index.php\/lotofacil-aposta-de-caico-acerta-15-dezenas-e-leva-mais-de-r-500-mil\/","og_site_name":"Taveira Jr","og_image":[{"url":"https:\/\/s2-g1.glbimg.com\/-YI_RKOcomFLjduYu3e5YYigfXk=\/i.s3.glbimg.com\/v1\/AUTH_59edd422c0c84a879bd37670ae4f538a\/internal_photos\/bs\/2024\/b\/5\/lXfrQXSt2zgN5LfBHLKQ\/pm-agride-1-.jpg","type":"","width":"","height":""}],"twitter_card":"summary_large_image","twitter_misc":{"Est. tempo de leitura":"1 minuto"},"schema":{"@context":"https:\/\/schema.org","@graph":[{"@type":"WebPage","@id":"https:\/\/deputadotaveirajr.com.br\/index.php\/lotofacil-aposta-de-caico-acerta-15-dezenas-e-leva-mais-de-r-500-mil\/","url":"https:\/\/deputadotaveirajr.com.br\/index.php\/lotofacil-aposta-de-caico-acerta-15-dezenas-e-leva-mais-de-r-500-mil\/","name":"Lotof\u00e1cil: aposta de Caic\u00f3 acerta 15 dezenas e leva mais de R$ 500 mil - Taveira Jr","isPartOf":{"@id":"https:\/\/deputadotaveirajr.com.br\/#website"},"primaryImageOfPage":{"@id":"https:\/\/deputadotaveirajr.com.br\/index.php\/lotofacil-aposta-de-caico-acerta-15-dezenas-e-leva-mais-de-r-500-mil\/#primaryimage"},"image":{"@id":"https:\/\/deputadotaveirajr.com.br\/index.php\/lotofacil-aposta-de-caico-acerta-15-dezenas-e-leva-mais-de-r-500-mil\/#primaryimage"},"thumbnailUrl":"https:\/\/deputadotaveirajr.com.br\/wp-content\/uploads\/2025\/06\/pm-agride-1-gccxuI.jpg","datePublished":"2025-06-10T11:53:06+00:00","breadcrumb":{"@id":"https:\/\/deputadotaveirajr.com.br\/index.php\/lotofacil-aposta-de-caico-acerta-15-dezenas-e-leva-mais-de-r-500-mil\/#breadcrumb"},"inLanguage":"pt-BR","potentialAction":[{"@type":"ReadAction","target":["https:\/\/deputadotaveirajr.com.br\/index.php\/lotofacil-aposta-de-caico-acerta-15-dezenas-e-leva-mais-de-r-500-mil\/"]}]},{"@type":"ImageObject","inLanguage":"pt-BR","@id":"https:\/\/deputadotaveirajr.com.br\/index.php\/lotofacil-aposta-de-caico-acerta-15-dezenas-e-leva-mais-de-r-500-mil\/#primaryimage","url":"https:\/\/deputadotaveirajr.com.br\/wp-content\/uploads\/2025\/06\/pm-agride-1-gccxuI.jpg","contentUrl":"https:\/\/deputadotaveirajr.com.br\/wp-content\/uploads\/2025\/06\/pm-agride-1-gccxuI.jpg","width":1700,"height":1065},{"@type":"BreadcrumbList","@id":"https:\/\/deputadotaveirajr.com.br\/index.php\/lotofacil-aposta-de-caico-acerta-15-dezenas-e-leva-mais-de-r-500-mil\/#breadcrumb","itemListElement":[{"@type":"ListItem","position":1,"name":"In\u00edcio","item":"https:\/\/deputadotaveirajr.com.br\/"},{"@type":"ListItem","position":2,"name":"Lotof\u00e1cil: aposta de Caic\u00f3 acerta 15 dezenas e leva mais de R$ 500 mil"}]},{"@type":"WebSite","@id":"https:\/\/deputadotaveirajr.com.br\/#website","url":"https:\/\/deputadotaveirajr.com.br\/","name":"Taveira Jr","description":"Deputado Estadual","publisher":{"@id":"https:\/\/deputadotaveirajr.com.br\/#organization"},"potentialAction":[{"@type":"SearchAction","target":{"@type":"EntryPoint","urlTemplate":"https:\/\/deputadotaveirajr.com.br\/?s={search_term_string}"},"query-input":{"@type":"PropertyValueSpecification","valueRequired":true,"valueName":"search_term_string"}}],"inLanguage":"pt-BR"},{"@type":"Organization","@id":"https:\/\/deputadotaveirajr.com.br\/#organization","name":"Taveira Jr","url":"https:\/\/deputadotaveirajr.com.br\/","logo":{"@type":"ImageObject","inLanguage":"pt-BR","@id":"https:\/\/deputadotaveirajr.com.br\/#\/schema\/logo\/image\/","url":"https:\/\/deputadotaveirajr.com.br\/wp-content\/uploads\/2026\/01\/logolow2a.png","contentUrl":"https:\/\/deputadotaveirajr.com.br\/wp-content\/uploads\/2026\/01\/logolow2a.png","width":290,"height":80,"caption":"Taveira Jr"},"image":{"@id":"https:\/\/deputadotaveirajr.com.br\/#\/schema\/logo\/image\/"}}]}},"_links":{"self":[{"href":"https:\/\/deputadotaveirajr.com.br\/index.php\/wp-json\/wp\/v2\/pages\/13177","targetHints":{"allow":["GET"]}}],"collection":[{"href":"https:\/\/deputadotaveirajr.com.br\/index.php\/wp-json\/wp\/v2\/pages"}],"about":[{"href":"https:\/\/deputadotaveirajr.com.br\/index.php\/wp-json\/wp\/v2\/types\/page"}],"replies":[{"embeddable":true,"href":"https:\/\/deputadotaveirajr.com.br\/index.php\/wp-json\/wp\/v2\/comments?post=13177"}],"version-history":[{"count":0,"href":"https:\/\/deputadotaveirajr.com.br\/index.php\/wp-json\/wp\/v2\/pages\/13177\/revisions"}],"wp:featuredmedia":[{"embeddable":true,"href":"https:\/\/deputadotaveirajr.com.br\/index.php\/wp-json\/wp\/v2\/media\/13178"}],"wp:attachment":[{"href":"https:\/\/deputadotaveirajr.com.br\/index.php\/wp-json\/wp\/v2\/media?parent=13177"}],"curies":[{"name":"wp","href":"https:\/\/api.w.org\/{rel}","templated":true}]}}