{"id":13194,"date":"2025-06-13T18:38:11","date_gmt":"2025-06-13T21:38:11","guid":{"rendered":"https:\/\/deputadotaveirajr.com.br\/index.php\/sao-joao-no-rn-veja-programacao-do-fim-de-semana-nas-principais-cidades\/"},"modified":"2025-06-13T18:38:11","modified_gmt":"2025-06-13T21:38:11","slug":"sao-joao-no-rn-veja-programacao-do-fim-de-semana-nas-principais-cidades","status":"publish","type":"page","link":"https:\/\/deputadotaveirajr.com.br\/index.php\/sao-joao-no-rn-veja-programacao-do-fim-de-semana-nas-principais-cidades\/","title":{"rendered":"S\u00e3o Jo\u00e3o no RN: veja programa\u00e7\u00e3o do fim de semana nas principais cidades"},"content":{"rendered":"<p><img decoding=\"async\" src=\"https:\/\/s2-g1.glbimg.com\/DeOeb2xFNNq6b4e2UQ8dVmPo82U=\/i.s3.glbimg.com\/v1\/AUTH_59edd422c0c84a879bd37670ae4f538a\/internal_photos\/bs\/2025\/r\/S\/ZbpUFHSR2HyKAt7w0MUA\/dji-20250607220005-0029-d.jpg\" \/><br \/>     Programa\u00e7\u00e3o re\u00fane atra\u00e7\u00f5es musicais e culturais nas principais cidades do estado entre 14 e 15 de junho. S\u00e3o Jo\u00e3o de Natal reuniu mais de 300 mil pessoas no primeiro fim de semana<br \/>\nBia Azevedo<br \/>\nO S\u00e3o Jo\u00e3o 2025 no Rio Grande do Norte tem uma s\u00e9rie de eventos para o p\u00fablico aproveitar e curtir o per\u00edodo. Entre os dias 14 e 15 de junho, as principais cidades do estado promovem festas com shows, apresenta\u00e7\u00f5es culturais e atividades tradicionais. A programa\u00e7\u00e3o inclui Natal, Mossor\u00f3, Ass\u00fa, Maca\u00edba e Cear\u00e1-Mirim.<br \/>\n\ud83d\udcf3Participe do canal do g1 RN no WhatsApp<br \/>\nConfira abaixo os detalhes da programa\u00e7\u00e3o que o g1 reuniu nas principais cidades do estado para o fim de semana:<br \/>\nS\u00e3o Jo\u00e3o de Natal<br \/>\nA capital potiguar continua com uma programa\u00e7\u00e3o gratuita e acess\u00edvel, promovendo a cultura nordestina e a inclus\u00e3o social. No final de semana, as atra\u00e7\u00f5es incluem:<br \/>\nS\u00e1bado (14\/06): Gustavo Mioto, Ra\u00e7a Negra e Jo\u00e3o Gomes<br \/>\nDomingo (15\/06): Simone Mendes, Xand Avi\u00e3o e Belo<br \/>\nAl\u00e9m dos shows, h\u00e1 espa\u00e7os reservados para pessoas com defici\u00eancia (PCD) em todos os polos. A programa\u00e7\u00e3o segue at\u00e9 o dia 29 de junho.<br \/>\nMossor\u00f3 Cidade Junina<br \/>\nMossor\u00f3, conhecida por sua tradi\u00e7\u00e3o junina, continua com a programa\u00e7\u00e3o do &#8220;Mossor\u00f3 Cidade Junina&#8221;, que vai at\u00e9 o dia 28 de junho. No final de semana, destaque para:<br \/>\nS\u00e1bado (14\/06): Calcinha Preta, Natanzinho Lima e Ramon e Randinho<br \/>\nS\u00e3o Jo\u00e3o do Ass\u00fa<br \/>\nAss\u00fa celebra o S\u00e3o Jo\u00e3o com uma programa\u00e7\u00e3o diversificada, incluindo arraiais, polos culturais e grandes shows na Pra\u00e7a S\u00e3o Jo\u00e3o. O evento ocorre entre os dias 14 e 24 de junho, com destaque para:<br \/>\nS\u00e1bado (14\/06): Natanzinho Lima e Tarc\u00edsio do Acordeon<br \/>\nDomingo (15\/06): Kadu Martins e Raynel Guedes<br \/>\nA festa tamb\u00e9m conta com apresenta\u00e7\u00f5es culturais e religiosas, al\u00e9m de espa\u00e7os para empreendedores locais e exposi\u00e7\u00f5es institucionais.<br \/>\nS\u00e3o Jo\u00e3o de Maca\u00edba<br \/>\nMaca\u00edba celebra o S\u00e3o Jo\u00e3o do Povo de 6 de junho a 5 de julho, com eventos distribu\u00eddos entre a zona rural e o Centro da cidade. Para o final de semana, as atra\u00e7\u00f5es confirmadas s\u00e3o:<br \/>\nS\u00e1bado (14\/06): Yuri Filho e Lukas Fernandes<br \/>\nDomingo (15\/06): Z\u00e9 Ra\u00ed e Z\u00e9 Filho<br \/>\nA programa\u00e7\u00e3o \u00e9 gratuita.<br \/>\nS\u00e3o Jo\u00e3o de Cear\u00e1-Mirim<br \/>\nCear\u00e1-Mirim realiza o Santo Ant\u00f4nio do Povo nos dias 14 e 15 de junho. O evento ter\u00e1 shows, apresenta\u00e7\u00f5es culturais e atividades tradicionais, com grandes atra\u00e7\u00f5es nacionais.<br \/>\nS\u00e1bado (14\/06): Gustavo Mioto e Amanda &amp; Ruama<br \/>\nDomingo (15\/06): Simone Mendes e Kadu Martins<br \/>\ng1 RN tem p\u00e1gina especial sobre o S\u00e3o Jo\u00e3o de Natal<br \/>\nVeja os v\u00eddeos mais assistidos do g1 RN<\/p>","protected":false},"excerpt":{"rendered":"<p>Programa\u00e7\u00e3o re\u00fane atra\u00e7\u00f5es musicais e culturais nas principais cidades do estado entre 14 e 15 de junho. S\u00e3o Jo\u00e3o de Natal reuniu mais de 300 mil pessoas no primeiro fim &#8230;<\/p>\n","protected":false},"author":0,"featured_media":13195,"parent":0,"menu_order":0,"comment_status":"closed","ping_status":"closed","template":"","meta":{"footnotes":""},"class_list":["post-13194","page","type-page","status-publish","has-post-thumbnail","hentry"],"yoast_head":"<!-- This site is optimized with the Yoast SEO plugin v27.1.1 - https:\/\/yoast.com\/product\/yoast-seo-wordpress\/ -->\n<title>S\u00e3o Jo\u00e3o no RN: veja programa\u00e7\u00e3o do fim de semana nas principais cidades - Taveira Jr<\/title>\n<meta name=\"robots\" content=\"index, follow, max-snippet:-1, max-image-preview:large, max-video-preview:-1\" \/>\n<link rel=\"canonical\" href=\"https:\/\/deputadotaveirajr.com.br\/index.php\/sao-joao-no-rn-veja-programacao-do-fim-de-semana-nas-principais-cidades\/\" \/>\n<meta property=\"og:locale\" content=\"pt_BR\" \/>\n<meta property=\"og:type\" content=\"article\" \/>\n<meta property=\"og:title\" content=\"S\u00e3o Jo\u00e3o no RN: veja programa\u00e7\u00e3o do fim de semana nas principais cidades - Taveira Jr\" \/>\n<meta property=\"og:description\" content=\"Programa\u00e7\u00e3o re\u00fane atra\u00e7\u00f5es musicais e culturais nas principais cidades do estado entre 14 e 15 de junho. S\u00e3o Jo\u00e3o de Natal reuniu mais de 300 mil pessoas no primeiro fim ...\" \/>\n<meta property=\"og:url\" content=\"https:\/\/deputadotaveirajr.com.br\/index.php\/sao-joao-no-rn-veja-programacao-do-fim-de-semana-nas-principais-cidades\/\" \/>\n<meta property=\"og:site_name\" content=\"Taveira Jr\" \/>\n<meta property=\"og:image\" content=\"https:\/\/s2-g1.glbimg.com\/DeOeb2xFNNq6b4e2UQ8dVmPo82U=\/i.s3.glbimg.com\/v1\/AUTH_59edd422c0c84a879bd37670ae4f538a\/internal_photos\/bs\/2025\/r\/S\/ZbpUFHSR2HyKAt7w0MUA\/dji-20250607220005-0029-d.jpg\" \/>\n<meta name=\"twitter:card\" content=\"summary_large_image\" \/>\n<meta name=\"twitter:label1\" content=\"Est. tempo de leitura\" \/>\n\t<meta name=\"twitter:data1\" content=\"2 minutos\" \/>\n<script type=\"application\/ld+json\" class=\"yoast-schema-graph\">{\"@context\":\"https:\/\/schema.org\",\"@graph\":[{\"@type\":\"WebPage\",\"@id\":\"https:\/\/deputadotaveirajr.com.br\/index.php\/sao-joao-no-rn-veja-programacao-do-fim-de-semana-nas-principais-cidades\/\",\"url\":\"https:\/\/deputadotaveirajr.com.br\/index.php\/sao-joao-no-rn-veja-programacao-do-fim-de-semana-nas-principais-cidades\/\",\"name\":\"S\u00e3o Jo\u00e3o no RN: veja programa\u00e7\u00e3o do fim de semana nas principais cidades - Taveira Jr\",\"isPartOf\":{\"@id\":\"https:\/\/deputadotaveirajr.com.br\/#website\"},\"primaryImageOfPage\":{\"@id\":\"https:\/\/deputadotaveirajr.com.br\/index.php\/sao-joao-no-rn-veja-programacao-do-fim-de-semana-nas-principais-cidades\/#primaryimage\"},\"image\":{\"@id\":\"https:\/\/deputadotaveirajr.com.br\/index.php\/sao-joao-no-rn-veja-programacao-do-fim-de-semana-nas-principais-cidades\/#primaryimage\"},\"thumbnailUrl\":\"https:\/\/deputadotaveirajr.com.br\/wp-content\/uploads\/2025\/06\/dji-20250607220005-0029-d-vWALe5-scaled.jpg\",\"datePublished\":\"2025-06-13T21:38:11+00:00\",\"breadcrumb\":{\"@id\":\"https:\/\/deputadotaveirajr.com.br\/index.php\/sao-joao-no-rn-veja-programacao-do-fim-de-semana-nas-principais-cidades\/#breadcrumb\"},\"inLanguage\":\"pt-BR\",\"potentialAction\":[{\"@type\":\"ReadAction\",\"target\":[\"https:\/\/deputadotaveirajr.com.br\/index.php\/sao-joao-no-rn-veja-programacao-do-fim-de-semana-nas-principais-cidades\/\"]}]},{\"@type\":\"ImageObject\",\"inLanguage\":\"pt-BR\",\"@id\":\"https:\/\/deputadotaveirajr.com.br\/index.php\/sao-joao-no-rn-veja-programacao-do-fim-de-semana-nas-principais-cidades\/#primaryimage\",\"url\":\"https:\/\/deputadotaveirajr.com.br\/wp-content\/uploads\/2025\/06\/dji-20250607220005-0029-d-vWALe5-scaled.jpg\",\"contentUrl\":\"https:\/\/deputadotaveirajr.com.br\/wp-content\/uploads\/2025\/06\/dji-20250607220005-0029-d-vWALe5-scaled.jpg\",\"width\":2560,\"height\":1440},{\"@type\":\"BreadcrumbList\",\"@id\":\"https:\/\/deputadotaveirajr.com.br\/index.php\/sao-joao-no-rn-veja-programacao-do-fim-de-semana-nas-principais-cidades\/#breadcrumb\",\"itemListElement\":[{\"@type\":\"ListItem\",\"position\":1,\"name\":\"In\u00edcio\",\"item\":\"https:\/\/deputadotaveirajr.com.br\/\"},{\"@type\":\"ListItem\",\"position\":2,\"name\":\"S\u00e3o Jo\u00e3o no RN: veja programa\u00e7\u00e3o do fim de semana nas principais cidades\"}]},{\"@type\":\"WebSite\",\"@id\":\"https:\/\/deputadotaveirajr.com.br\/#website\",\"url\":\"https:\/\/deputadotaveirajr.com.br\/\",\"name\":\"Taveira Jr\",\"description\":\"Deputado Estadual\",\"publisher\":{\"@id\":\"https:\/\/deputadotaveirajr.com.br\/#organization\"},\"potentialAction\":[{\"@type\":\"SearchAction\",\"target\":{\"@type\":\"EntryPoint\",\"urlTemplate\":\"https:\/\/deputadotaveirajr.com.br\/?s={search_term_string}\"},\"query-input\":{\"@type\":\"PropertyValueSpecification\",\"valueRequired\":true,\"valueName\":\"search_term_string\"}}],\"inLanguage\":\"pt-BR\"},{\"@type\":\"Organization\",\"@id\":\"https:\/\/deputadotaveirajr.com.br\/#organization\",\"name\":\"Taveira Jr\",\"url\":\"https:\/\/deputadotaveirajr.com.br\/\",\"logo\":{\"@type\":\"ImageObject\",\"inLanguage\":\"pt-BR\",\"@id\":\"https:\/\/deputadotaveirajr.com.br\/#\/schema\/logo\/image\/\",\"url\":\"https:\/\/deputadotaveirajr.com.br\/wp-content\/uploads\/2026\/01\/logolow2a.png\",\"contentUrl\":\"https:\/\/deputadotaveirajr.com.br\/wp-content\/uploads\/2026\/01\/logolow2a.png\",\"width\":290,\"height\":80,\"caption\":\"Taveira Jr\"},\"image\":{\"@id\":\"https:\/\/deputadotaveirajr.com.br\/#\/schema\/logo\/image\/\"}}]}<\/script>\n<!-- \/ Yoast SEO plugin. -->","yoast_head_json":{"title":"S\u00e3o Jo\u00e3o no RN: veja programa\u00e7\u00e3o do fim de semana nas principais cidades - Taveira Jr","robots":{"index":"index","follow":"follow","max-snippet":"max-snippet:-1","max-image-preview":"max-image-preview:large","max-video-preview":"max-video-preview:-1"},"canonical":"https:\/\/deputadotaveirajr.com.br\/index.php\/sao-joao-no-rn-veja-programacao-do-fim-de-semana-nas-principais-cidades\/","og_locale":"pt_BR","og_type":"article","og_title":"S\u00e3o Jo\u00e3o no RN: veja programa\u00e7\u00e3o do fim de semana nas principais cidades - Taveira Jr","og_description":"Programa\u00e7\u00e3o re\u00fane atra\u00e7\u00f5es musicais e culturais nas principais cidades do estado entre 14 e 15 de junho. S\u00e3o Jo\u00e3o de Natal reuniu mais de 300 mil pessoas no primeiro fim ...","og_url":"https:\/\/deputadotaveirajr.com.br\/index.php\/sao-joao-no-rn-veja-programacao-do-fim-de-semana-nas-principais-cidades\/","og_site_name":"Taveira Jr","og_image":[{"url":"https:\/\/s2-g1.glbimg.com\/DeOeb2xFNNq6b4e2UQ8dVmPo82U=\/i.s3.glbimg.com\/v1\/AUTH_59edd422c0c84a879bd37670ae4f538a\/internal_photos\/bs\/2025\/r\/S\/ZbpUFHSR2HyKAt7w0MUA\/dji-20250607220005-0029-d.jpg","type":"","width":"","height":""}],"twitter_card":"summary_large_image","twitter_misc":{"Est. tempo de leitura":"2 minutos"},"schema":{"@context":"https:\/\/schema.org","@graph":[{"@type":"WebPage","@id":"https:\/\/deputadotaveirajr.com.br\/index.php\/sao-joao-no-rn-veja-programacao-do-fim-de-semana-nas-principais-cidades\/","url":"https:\/\/deputadotaveirajr.com.br\/index.php\/sao-joao-no-rn-veja-programacao-do-fim-de-semana-nas-principais-cidades\/","name":"S\u00e3o Jo\u00e3o no RN: veja programa\u00e7\u00e3o do fim de semana nas principais cidades - Taveira Jr","isPartOf":{"@id":"https:\/\/deputadotaveirajr.com.br\/#website"},"primaryImageOfPage":{"@id":"https:\/\/deputadotaveirajr.com.br\/index.php\/sao-joao-no-rn-veja-programacao-do-fim-de-semana-nas-principais-cidades\/#primaryimage"},"image":{"@id":"https:\/\/deputadotaveirajr.com.br\/index.php\/sao-joao-no-rn-veja-programacao-do-fim-de-semana-nas-principais-cidades\/#primaryimage"},"thumbnailUrl":"https:\/\/deputadotaveirajr.com.br\/wp-content\/uploads\/2025\/06\/dji-20250607220005-0029-d-vWALe5-scaled.jpg","datePublished":"2025-06-13T21:38:11+00:00","breadcrumb":{"@id":"https:\/\/deputadotaveirajr.com.br\/index.php\/sao-joao-no-rn-veja-programacao-do-fim-de-semana-nas-principais-cidades\/#breadcrumb"},"inLanguage":"pt-BR","potentialAction":[{"@type":"ReadAction","target":["https:\/\/deputadotaveirajr.com.br\/index.php\/sao-joao-no-rn-veja-programacao-do-fim-de-semana-nas-principais-cidades\/"]}]},{"@type":"ImageObject","inLanguage":"pt-BR","@id":"https:\/\/deputadotaveirajr.com.br\/index.php\/sao-joao-no-rn-veja-programacao-do-fim-de-semana-nas-principais-cidades\/#primaryimage","url":"https:\/\/deputadotaveirajr.com.br\/wp-content\/uploads\/2025\/06\/dji-20250607220005-0029-d-vWALe5-scaled.jpg","contentUrl":"https:\/\/deputadotaveirajr.com.br\/wp-content\/uploads\/2025\/06\/dji-20250607220005-0029-d-vWALe5-scaled.jpg","width":2560,"height":1440},{"@type":"BreadcrumbList","@id":"https:\/\/deputadotaveirajr.com.br\/index.php\/sao-joao-no-rn-veja-programacao-do-fim-de-semana-nas-principais-cidades\/#breadcrumb","itemListElement":[{"@type":"ListItem","position":1,"name":"In\u00edcio","item":"https:\/\/deputadotaveirajr.com.br\/"},{"@type":"ListItem","position":2,"name":"S\u00e3o Jo\u00e3o no RN: veja programa\u00e7\u00e3o do fim de semana nas principais cidades"}]},{"@type":"WebSite","@id":"https:\/\/deputadotaveirajr.com.br\/#website","url":"https:\/\/deputadotaveirajr.com.br\/","name":"Taveira Jr","description":"Deputado Estadual","publisher":{"@id":"https:\/\/deputadotaveirajr.com.br\/#organization"},"potentialAction":[{"@type":"SearchAction","target":{"@type":"EntryPoint","urlTemplate":"https:\/\/deputadotaveirajr.com.br\/?s={search_term_string}"},"query-input":{"@type":"PropertyValueSpecification","valueRequired":true,"valueName":"search_term_string"}}],"inLanguage":"pt-BR"},{"@type":"Organization","@id":"https:\/\/deputadotaveirajr.com.br\/#organization","name":"Taveira Jr","url":"https:\/\/deputadotaveirajr.com.br\/","logo":{"@type":"ImageObject","inLanguage":"pt-BR","@id":"https:\/\/deputadotaveirajr.com.br\/#\/schema\/logo\/image\/","url":"https:\/\/deputadotaveirajr.com.br\/wp-content\/uploads\/2026\/01\/logolow2a.png","contentUrl":"https:\/\/deputadotaveirajr.com.br\/wp-content\/uploads\/2026\/01\/logolow2a.png","width":290,"height":80,"caption":"Taveira Jr"},"image":{"@id":"https:\/\/deputadotaveirajr.com.br\/#\/schema\/logo\/image\/"}}]}},"_links":{"self":[{"href":"https:\/\/deputadotaveirajr.com.br\/index.php\/wp-json\/wp\/v2\/pages\/13194","targetHints":{"allow":["GET"]}}],"collection":[{"href":"https:\/\/deputadotaveirajr.com.br\/index.php\/wp-json\/wp\/v2\/pages"}],"about":[{"href":"https:\/\/deputadotaveirajr.com.br\/index.php\/wp-json\/wp\/v2\/types\/page"}],"replies":[{"embeddable":true,"href":"https:\/\/deputadotaveirajr.com.br\/index.php\/wp-json\/wp\/v2\/comments?post=13194"}],"version-history":[{"count":0,"href":"https:\/\/deputadotaveirajr.com.br\/index.php\/wp-json\/wp\/v2\/pages\/13194\/revisions"}],"wp:featuredmedia":[{"embeddable":true,"href":"https:\/\/deputadotaveirajr.com.br\/index.php\/wp-json\/wp\/v2\/media\/13195"}],"wp:attachment":[{"href":"https:\/\/deputadotaveirajr.com.br\/index.php\/wp-json\/wp\/v2\/media?parent=13194"}],"curies":[{"name":"wp","href":"https:\/\/api.w.org\/{rel}","templated":true}]}}