{"id":13478,"date":"2025-06-26T16:39:40","date_gmt":"2025-06-26T19:39:40","guid":{"rendered":"https:\/\/deputadotaveirajr.com.br\/index.php\/quem-foi-viuva-machado-livro-desmistifica-lenda-e-conta-historia-da-mulher-por-tras-da-fama\/"},"modified":"2025-06-26T16:39:40","modified_gmt":"2025-06-26T19:39:40","slug":"quem-foi-viuva-machado-livro-desmistifica-lenda-e-conta-historia-da-mulher-por-tras-da-fama","status":"publish","type":"page","link":"https:\/\/deputadotaveirajr.com.br\/index.php\/quem-foi-viuva-machado-livro-desmistifica-lenda-e-conta-historia-da-mulher-por-tras-da-fama\/","title":{"rendered":"Quem foi Vi\u00fava Machado? Livro desmistifica lenda e conta hist\u00f3ria da mulher por tr\u00e1s da fama"},"content":{"rendered":"<p><img decoding=\"async\" src=\"https:\/\/s2-g1.glbimg.com\/_qbUxTSCtUxQM5QV3aMgp8vEWD0=\/i.s3.glbimg.com\/v1\/AUTH_59edd422c0c84a879bd37670ae4f538a\/internal_photos\/bs\/2025\/k\/N\/Za2b2pTtOymAzcpXlj2Q\/elza-bezerra-2.jpg\" \/><br \/>     Am\u00e9lia Machado era mulher por tr\u00e1s do folclore com o nome vi\u00fava em Natal. Ela rompeu barreiras ao se tornar comerciante ainda na d\u00e9cada de 1930. Livro e exposi\u00e7\u00e3o sobre a vida da &#8220;Vi\u00fava Machado&#8221;<br \/>\nDesmistificar a hist\u00f3ria da lenda da Vi\u00fava Machado, figura conhecida e folcl\u00f3rica da cidade de Natal no s\u00e9culo passado, e desvendar a trajet\u00f3ria real de Am\u00e9lia Duarte Machado, o nome por tr\u00e1s dessa fama.<br \/>\nEsse foi o objetivo da escritora Maria Elza Bezerra Cirne, que lan\u00e7a nesta quinta-feira (26), \u00e0s 17h,  na Pinacoteca, em Natal, o livro \u201cVi\u00fava Machado \u2013 A grandeza de uma mulher\u201d.<br \/>\n&#8220;Todo mundo s\u00f3 conhece Dona Am\u00e9lia pela Vi\u00fava Machado, a parte maldosa da lenda que inventaram contra ela&#8221;, contou a escritora.<br \/>\n\ud83d\udcf3Participe do canal do g1 RN no WhatsApp<br \/>\nA vi\u00fava Machado se tornou alvo de boatos em Natal ap\u00f3s a morte do marido, ainda na d\u00e9cada de 1930. A lenda sobre o nome &#8211; que n\u00e3o \u00e9 verdadeira &#8211; pairou por anos na cidade de Natal e era usada tamb\u00e9m para assustar crian\u00e7as, afirmando que elas seriam alvo de persegui\u00e7\u00e3o da vi\u00fava.<br \/>\nPara a escritora Maria Elza Cirne, muito dessa lenda se deu pelo empoderamento de Am\u00e9lia Duarte Machado enquanto comerciante ap\u00f3s a morte do marido, em um tempo em que o machismo era ainda mais presente e as mulheres sofriam uma repress\u00e3o social maior.<br \/>\n&#8220;Ele [o marido] faleceu no Rio de Janeiro, que era a ent\u00e3o capital federal. E ela viveu um grande dilema de ter que tomar uma decis\u00e3o se ela, como n\u00e3o tinha filhos, seria a protagonista passaria a ser comerciante &#8211; e naquela \u00e9poca nem se falava ainda em empres\u00e1ria, o termo era comerciante mesmo&#8221;, contou.<br \/>\nLivro conta a hist\u00f3ria da Vi\u00fava Machado, em Natal<br \/>\nDivulga\u00e7\u00e3o<br \/>\nCasal influente na sociedade potiguar<br \/>\nO livro da escritora \u00e9 resultado de tr\u00eas anos de pesquisa, que teve como base uma comiss\u00e3o criada para estudar a vida das mulheres pioneiras no Rio Grande do Norte.<br \/>\n&#8220;Eu resgato a hist\u00f3ria do do casal, porque na verdade n\u00e3o \u00e9 s\u00f3 ela, eles constru\u00edram juntos esse imp\u00e9rio comercial e imobili\u00e1rio na cidade, porque ele era de uma vis\u00e3o \u00e0 frente do tempo. Tanto ele quanto ela&#8221;, contou.<br \/>\nMaria Elza contou que Am\u00e9lia Machado exercia &#8220;o papel do feminino daquela \u00e9poca, de ser dona de casa e tentar ser m\u00e3e&#8221;, mas que n\u00e3o conseguiu ser m\u00e3e biol\u00f3gica. Ela teve 14 perdas na maternidade &#8211; foram 11 abortos e tr\u00eas filhos, ainda novos, que morreram.<br \/>\nSegundo a escritora, a Vi\u00fava Machado era de origem humilde, mas, ao lado do marido, construiu um imp\u00e9rio na cidade e se tornou relevante na sociedade potiguar, recebendo no palacete em que morava personalidades importantes.<br \/>\nO marido morreu, segundo a escritora, em um momento de grande poderio econ\u00f4mico e de influ\u00eancia do casal.<br \/>\n&#8220;Aqui eu fa\u00e7o um paralelo no livro sobre quando as as aviadoras come\u00e7aram a atravessar o Atl\u00e2ntico e n\u00e3o tinham instrumentos adequados. Eu fiz um paralelo com a vida de Dona Am\u00e9lia. Ela teve que tomar essa decis\u00e3o. Isso [a morte do marido] foi em 1934&#8221;, contou.<br \/>\n&#8220;Em 1935 o Estado estava em ebuli\u00e7\u00e3o pol\u00edtica muito forte. Ela foi realmente uma mulher de coragem para tomar essa decis\u00e3o de assumir os neg\u00f3cios do marido&#8221;.<br \/>\n\u2b07\ufe0f Veja, abaixo, o epis\u00f3dio do Fez Hist\u00f3ria Aqui, do RN 1, que conta a vida da Vi\u00fava Machado<br \/>\nFez Hist\u00f3ria Aqui &#8211; Vi\u00fava Machado<br \/>\nInspira\u00e7\u00f5es e atua\u00e7\u00e3o al\u00e9m do com\u00e9rcio<br \/>\nA escritora conta que neste tempo &#8220;o papel da mulher era bem delimitado para ser dona de casa&#8221; e Am\u00e9lia Machado &#8220;foi uma grande dona de casa, dama da sociedade&#8221;, mas que a atua\u00e7\u00e3o dela como comerciante para a \u00e9poca &#8211; em um movimento visto como \u00e0 frente do tempo &#8211; tamb\u00e9m foi inspirada em outras protagonistas femininas anteriores.<br \/>\n&#8220;Tem passagem que v\u00e1rias protagonistas femininas est\u00e3o l\u00e1 e eu digo que foram inspiradoras para dona Am\u00e9lia tomar essa decis\u00e3o e ela se torna uma grande comerciante dando continuidade aos neg\u00f3cios do marido, inclusive durante a Segunda Guerra Mundial, que teve Natal como ponto estrat\u00e9gico&#8221;, contou.<br \/>\nA escritora Maria Elza contou ainda que Am\u00e9lia Machado foi uma benem\u00e9rita, al\u00e9m da atua\u00e7\u00e3o como comerciante.<br \/>\n&#8220;Ela doou terrenos para para o Estado &#8211; ou vendido ou foi desapropriado. Foi uma grande doadora para a Igreja Cat\u00f3lica, ajudou muita gente, e depois ela adotou um filho &#8211; que ela vai se realizar a\u00ed como mulher, m\u00e3e, quando ela \u00e9 av\u00f3. Porque o filho casou, ficou morando com ela no palacete e ela se torna av\u00f3 de quatro netos&#8221;, contou.<br \/>\nEntrela\u00e7o da hist\u00f3ria de Natal com a Vi\u00fava Machado<br \/>\nPara al\u00e9m do conhecimento popular na cidade da lenda da Vi\u00fava Machado, a escritora tamb\u00e9m refor\u00e7a que a hist\u00f3ria da cidade se entrela\u00e7a com a de Am\u00e9lia Machado e a do marido.<br \/>\nE essa hist\u00f3ria tamb\u00e9m est\u00e1 sendo contada em uma exposi\u00e7\u00e3o que ocorre na Pinacoteca e que faz parte do lan\u00e7amento do livro.<br \/>\n&#8220;Eu digo que cada espa\u00e7o de Natal algu\u00e9m vai ter alguma rela\u00e7\u00e3o com eles. Ma exposi\u00e7\u00e3o, voc\u00eas v\u00e3o poder ver, tem uma maquete que mostra a cidade e os espa\u00e7os urbanos que eles ocuparam&#8221;, contou.<br \/>\nPara a escritora, o livro \u00e9 &#8220;um resgate hist\u00f3rico n\u00e3o s\u00f3 da vida dela, mas da hist\u00f3ria da nossa cidade, contextualizando o Brasil, o mundo, as conquistas femininas do in\u00edcio do s\u00e9culo&#8221;.<br \/>\n&#8220;A vida dela est\u00e1 no livro. Mas \u00e9 uma vida n\u00e3o limitada a vida dela. \u00c9 a nossa hist\u00f3ria, a nossa mem\u00f3ria que est\u00e1 aqui&#8221;.<br \/>\nV\u00eddeos mais assistidos do g1 RN<\/p>","protected":false},"excerpt":{"rendered":"<p>Am\u00e9lia Machado era mulher por tr\u00e1s do folclore com o nome vi\u00fava em Natal. Ela rompeu barreiras ao se tornar comerciante ainda na d\u00e9cada de 1930. Livro e exposi\u00e7\u00e3o sobre &#8230;<\/p>\n","protected":false},"author":0,"featured_media":13479,"parent":0,"menu_order":0,"comment_status":"closed","ping_status":"closed","template":"","meta":{"footnotes":""},"class_list":["post-13478","page","type-page","status-publish","has-post-thumbnail","hentry"],"yoast_head":"<!-- This site is optimized with the Yoast SEO plugin v27.1.1 - https:\/\/yoast.com\/product\/yoast-seo-wordpress\/ -->\n<title>Quem foi Vi\u00fava Machado? Livro desmistifica lenda e conta hist\u00f3ria da mulher por tr\u00e1s da fama - Taveira Jr<\/title>\n<meta name=\"robots\" content=\"index, follow, max-snippet:-1, max-image-preview:large, max-video-preview:-1\" \/>\n<link rel=\"canonical\" href=\"https:\/\/deputadotaveirajr.com.br\/index.php\/quem-foi-viuva-machado-livro-desmistifica-lenda-e-conta-historia-da-mulher-por-tras-da-fama\/\" \/>\n<meta property=\"og:locale\" content=\"pt_BR\" \/>\n<meta property=\"og:type\" content=\"article\" \/>\n<meta property=\"og:title\" content=\"Quem foi Vi\u00fava Machado? Livro desmistifica lenda e conta hist\u00f3ria da mulher por tr\u00e1s da fama - Taveira Jr\" \/>\n<meta property=\"og:description\" content=\"Am\u00e9lia Machado era mulher por tr\u00e1s do folclore com o nome vi\u00fava em Natal. Ela rompeu barreiras ao se tornar comerciante ainda na d\u00e9cada de 1930. Livro e exposi\u00e7\u00e3o sobre ...\" \/>\n<meta property=\"og:url\" content=\"https:\/\/deputadotaveirajr.com.br\/index.php\/quem-foi-viuva-machado-livro-desmistifica-lenda-e-conta-historia-da-mulher-por-tras-da-fama\/\" \/>\n<meta property=\"og:site_name\" content=\"Taveira Jr\" \/>\n<meta property=\"og:image\" content=\"https:\/\/s2-g1.glbimg.com\/_qbUxTSCtUxQM5QV3aMgp8vEWD0=\/i.s3.glbimg.com\/v1\/AUTH_59edd422c0c84a879bd37670ae4f538a\/internal_photos\/bs\/2025\/k\/N\/Za2b2pTtOymAzcpXlj2Q\/elza-bezerra-2.jpg\" \/>\n<meta name=\"twitter:card\" content=\"summary_large_image\" \/>\n<meta name=\"twitter:label1\" content=\"Est. tempo de leitura\" \/>\n\t<meta name=\"twitter:data1\" content=\"5 minutos\" \/>\n<script type=\"application\/ld+json\" class=\"yoast-schema-graph\">{\"@context\":\"https:\/\/schema.org\",\"@graph\":[{\"@type\":\"WebPage\",\"@id\":\"https:\/\/deputadotaveirajr.com.br\/index.php\/quem-foi-viuva-machado-livro-desmistifica-lenda-e-conta-historia-da-mulher-por-tras-da-fama\/\",\"url\":\"https:\/\/deputadotaveirajr.com.br\/index.php\/quem-foi-viuva-machado-livro-desmistifica-lenda-e-conta-historia-da-mulher-por-tras-da-fama\/\",\"name\":\"Quem foi Vi\u00fava Machado? Livro desmistifica lenda e conta hist\u00f3ria da mulher por tr\u00e1s da fama - Taveira Jr\",\"isPartOf\":{\"@id\":\"https:\/\/deputadotaveirajr.com.br\/#website\"},\"primaryImageOfPage\":{\"@id\":\"https:\/\/deputadotaveirajr.com.br\/index.php\/quem-foi-viuva-machado-livro-desmistifica-lenda-e-conta-historia-da-mulher-por-tras-da-fama\/#primaryimage\"},\"image\":{\"@id\":\"https:\/\/deputadotaveirajr.com.br\/index.php\/quem-foi-viuva-machado-livro-desmistifica-lenda-e-conta-historia-da-mulher-por-tras-da-fama\/#primaryimage\"},\"thumbnailUrl\":\"https:\/\/deputadotaveirajr.com.br\/wp-content\/uploads\/2025\/06\/elza-bezerra-2-tEBAK9.jpg\",\"datePublished\":\"2025-06-26T19:39:40+00:00\",\"breadcrumb\":{\"@id\":\"https:\/\/deputadotaveirajr.com.br\/index.php\/quem-foi-viuva-machado-livro-desmistifica-lenda-e-conta-historia-da-mulher-por-tras-da-fama\/#breadcrumb\"},\"inLanguage\":\"pt-BR\",\"potentialAction\":[{\"@type\":\"ReadAction\",\"target\":[\"https:\/\/deputadotaveirajr.com.br\/index.php\/quem-foi-viuva-machado-livro-desmistifica-lenda-e-conta-historia-da-mulher-por-tras-da-fama\/\"]}]},{\"@type\":\"ImageObject\",\"inLanguage\":\"pt-BR\",\"@id\":\"https:\/\/deputadotaveirajr.com.br\/index.php\/quem-foi-viuva-machado-livro-desmistifica-lenda-e-conta-historia-da-mulher-por-tras-da-fama\/#primaryimage\",\"url\":\"https:\/\/deputadotaveirajr.com.br\/wp-content\/uploads\/2025\/06\/elza-bezerra-2-tEBAK9.jpg\",\"contentUrl\":\"https:\/\/deputadotaveirajr.com.br\/wp-content\/uploads\/2025\/06\/elza-bezerra-2-tEBAK9.jpg\",\"width\":1772,\"height\":1181},{\"@type\":\"BreadcrumbList\",\"@id\":\"https:\/\/deputadotaveirajr.com.br\/index.php\/quem-foi-viuva-machado-livro-desmistifica-lenda-e-conta-historia-da-mulher-por-tras-da-fama\/#breadcrumb\",\"itemListElement\":[{\"@type\":\"ListItem\",\"position\":1,\"name\":\"In\u00edcio\",\"item\":\"https:\/\/deputadotaveirajr.com.br\/\"},{\"@type\":\"ListItem\",\"position\":2,\"name\":\"Quem foi Vi\u00fava Machado? Livro desmistifica lenda e conta hist\u00f3ria da mulher por tr\u00e1s da fama\"}]},{\"@type\":\"WebSite\",\"@id\":\"https:\/\/deputadotaveirajr.com.br\/#website\",\"url\":\"https:\/\/deputadotaveirajr.com.br\/\",\"name\":\"Taveira Jr\",\"description\":\"Deputado Estadual\",\"publisher\":{\"@id\":\"https:\/\/deputadotaveirajr.com.br\/#organization\"},\"potentialAction\":[{\"@type\":\"SearchAction\",\"target\":{\"@type\":\"EntryPoint\",\"urlTemplate\":\"https:\/\/deputadotaveirajr.com.br\/?s={search_term_string}\"},\"query-input\":{\"@type\":\"PropertyValueSpecification\",\"valueRequired\":true,\"valueName\":\"search_term_string\"}}],\"inLanguage\":\"pt-BR\"},{\"@type\":\"Organization\",\"@id\":\"https:\/\/deputadotaveirajr.com.br\/#organization\",\"name\":\"Taveira Jr\",\"url\":\"https:\/\/deputadotaveirajr.com.br\/\",\"logo\":{\"@type\":\"ImageObject\",\"inLanguage\":\"pt-BR\",\"@id\":\"https:\/\/deputadotaveirajr.com.br\/#\/schema\/logo\/image\/\",\"url\":\"https:\/\/deputadotaveirajr.com.br\/wp-content\/uploads\/2026\/01\/logolow2a.png\",\"contentUrl\":\"https:\/\/deputadotaveirajr.com.br\/wp-content\/uploads\/2026\/01\/logolow2a.png\",\"width\":290,\"height\":80,\"caption\":\"Taveira Jr\"},\"image\":{\"@id\":\"https:\/\/deputadotaveirajr.com.br\/#\/schema\/logo\/image\/\"}}]}<\/script>\n<!-- \/ Yoast SEO plugin. -->","yoast_head_json":{"title":"Quem foi Vi\u00fava Machado? Livro desmistifica lenda e conta hist\u00f3ria da mulher por tr\u00e1s da fama - Taveira Jr","robots":{"index":"index","follow":"follow","max-snippet":"max-snippet:-1","max-image-preview":"max-image-preview:large","max-video-preview":"max-video-preview:-1"},"canonical":"https:\/\/deputadotaveirajr.com.br\/index.php\/quem-foi-viuva-machado-livro-desmistifica-lenda-e-conta-historia-da-mulher-por-tras-da-fama\/","og_locale":"pt_BR","og_type":"article","og_title":"Quem foi Vi\u00fava Machado? Livro desmistifica lenda e conta hist\u00f3ria da mulher por tr\u00e1s da fama - Taveira Jr","og_description":"Am\u00e9lia Machado era mulher por tr\u00e1s do folclore com o nome vi\u00fava em Natal. Ela rompeu barreiras ao se tornar comerciante ainda na d\u00e9cada de 1930. Livro e exposi\u00e7\u00e3o sobre ...","og_url":"https:\/\/deputadotaveirajr.com.br\/index.php\/quem-foi-viuva-machado-livro-desmistifica-lenda-e-conta-historia-da-mulher-por-tras-da-fama\/","og_site_name":"Taveira Jr","og_image":[{"url":"https:\/\/s2-g1.glbimg.com\/_qbUxTSCtUxQM5QV3aMgp8vEWD0=\/i.s3.glbimg.com\/v1\/AUTH_59edd422c0c84a879bd37670ae4f538a\/internal_photos\/bs\/2025\/k\/N\/Za2b2pTtOymAzcpXlj2Q\/elza-bezerra-2.jpg","type":"","width":"","height":""}],"twitter_card":"summary_large_image","twitter_misc":{"Est. tempo de leitura":"5 minutos"},"schema":{"@context":"https:\/\/schema.org","@graph":[{"@type":"WebPage","@id":"https:\/\/deputadotaveirajr.com.br\/index.php\/quem-foi-viuva-machado-livro-desmistifica-lenda-e-conta-historia-da-mulher-por-tras-da-fama\/","url":"https:\/\/deputadotaveirajr.com.br\/index.php\/quem-foi-viuva-machado-livro-desmistifica-lenda-e-conta-historia-da-mulher-por-tras-da-fama\/","name":"Quem foi Vi\u00fava Machado? Livro desmistifica lenda e conta hist\u00f3ria da mulher por tr\u00e1s da fama - Taveira Jr","isPartOf":{"@id":"https:\/\/deputadotaveirajr.com.br\/#website"},"primaryImageOfPage":{"@id":"https:\/\/deputadotaveirajr.com.br\/index.php\/quem-foi-viuva-machado-livro-desmistifica-lenda-e-conta-historia-da-mulher-por-tras-da-fama\/#primaryimage"},"image":{"@id":"https:\/\/deputadotaveirajr.com.br\/index.php\/quem-foi-viuva-machado-livro-desmistifica-lenda-e-conta-historia-da-mulher-por-tras-da-fama\/#primaryimage"},"thumbnailUrl":"https:\/\/deputadotaveirajr.com.br\/wp-content\/uploads\/2025\/06\/elza-bezerra-2-tEBAK9.jpg","datePublished":"2025-06-26T19:39:40+00:00","breadcrumb":{"@id":"https:\/\/deputadotaveirajr.com.br\/index.php\/quem-foi-viuva-machado-livro-desmistifica-lenda-e-conta-historia-da-mulher-por-tras-da-fama\/#breadcrumb"},"inLanguage":"pt-BR","potentialAction":[{"@type":"ReadAction","target":["https:\/\/deputadotaveirajr.com.br\/index.php\/quem-foi-viuva-machado-livro-desmistifica-lenda-e-conta-historia-da-mulher-por-tras-da-fama\/"]}]},{"@type":"ImageObject","inLanguage":"pt-BR","@id":"https:\/\/deputadotaveirajr.com.br\/index.php\/quem-foi-viuva-machado-livro-desmistifica-lenda-e-conta-historia-da-mulher-por-tras-da-fama\/#primaryimage","url":"https:\/\/deputadotaveirajr.com.br\/wp-content\/uploads\/2025\/06\/elza-bezerra-2-tEBAK9.jpg","contentUrl":"https:\/\/deputadotaveirajr.com.br\/wp-content\/uploads\/2025\/06\/elza-bezerra-2-tEBAK9.jpg","width":1772,"height":1181},{"@type":"BreadcrumbList","@id":"https:\/\/deputadotaveirajr.com.br\/index.php\/quem-foi-viuva-machado-livro-desmistifica-lenda-e-conta-historia-da-mulher-por-tras-da-fama\/#breadcrumb","itemListElement":[{"@type":"ListItem","position":1,"name":"In\u00edcio","item":"https:\/\/deputadotaveirajr.com.br\/"},{"@type":"ListItem","position":2,"name":"Quem foi Vi\u00fava Machado? Livro desmistifica lenda e conta hist\u00f3ria da mulher por tr\u00e1s da fama"}]},{"@type":"WebSite","@id":"https:\/\/deputadotaveirajr.com.br\/#website","url":"https:\/\/deputadotaveirajr.com.br\/","name":"Taveira Jr","description":"Deputado Estadual","publisher":{"@id":"https:\/\/deputadotaveirajr.com.br\/#organization"},"potentialAction":[{"@type":"SearchAction","target":{"@type":"EntryPoint","urlTemplate":"https:\/\/deputadotaveirajr.com.br\/?s={search_term_string}"},"query-input":{"@type":"PropertyValueSpecification","valueRequired":true,"valueName":"search_term_string"}}],"inLanguage":"pt-BR"},{"@type":"Organization","@id":"https:\/\/deputadotaveirajr.com.br\/#organization","name":"Taveira Jr","url":"https:\/\/deputadotaveirajr.com.br\/","logo":{"@type":"ImageObject","inLanguage":"pt-BR","@id":"https:\/\/deputadotaveirajr.com.br\/#\/schema\/logo\/image\/","url":"https:\/\/deputadotaveirajr.com.br\/wp-content\/uploads\/2026\/01\/logolow2a.png","contentUrl":"https:\/\/deputadotaveirajr.com.br\/wp-content\/uploads\/2026\/01\/logolow2a.png","width":290,"height":80,"caption":"Taveira Jr"},"image":{"@id":"https:\/\/deputadotaveirajr.com.br\/#\/schema\/logo\/image\/"}}]}},"_links":{"self":[{"href":"https:\/\/deputadotaveirajr.com.br\/index.php\/wp-json\/wp\/v2\/pages\/13478","targetHints":{"allow":["GET"]}}],"collection":[{"href":"https:\/\/deputadotaveirajr.com.br\/index.php\/wp-json\/wp\/v2\/pages"}],"about":[{"href":"https:\/\/deputadotaveirajr.com.br\/index.php\/wp-json\/wp\/v2\/types\/page"}],"replies":[{"embeddable":true,"href":"https:\/\/deputadotaveirajr.com.br\/index.php\/wp-json\/wp\/v2\/comments?post=13478"}],"version-history":[{"count":0,"href":"https:\/\/deputadotaveirajr.com.br\/index.php\/wp-json\/wp\/v2\/pages\/13478\/revisions"}],"wp:featuredmedia":[{"embeddable":true,"href":"https:\/\/deputadotaveirajr.com.br\/index.php\/wp-json\/wp\/v2\/media\/13479"}],"wp:attachment":[{"href":"https:\/\/deputadotaveirajr.com.br\/index.php\/wp-json\/wp\/v2\/media?parent=13478"}],"curies":[{"name":"wp","href":"https:\/\/api.w.org\/{rel}","templated":true}]}}