{"id":13486,"date":"2025-06-26T19:32:28","date_gmt":"2025-06-26T22:32:28","guid":{"rendered":"https:\/\/deputadotaveirajr.com.br\/index.php\/justica-manda-soltar-motorista-envolvido-em-acidente-que-matou-familia-no-rn\/"},"modified":"2025-06-26T19:32:28","modified_gmt":"2025-06-26T22:32:28","slug":"justica-manda-soltar-motorista-envolvido-em-acidente-que-matou-familia-no-rn","status":"publish","type":"page","link":"https:\/\/deputadotaveirajr.com.br\/index.php\/justica-manda-soltar-motorista-envolvido-em-acidente-que-matou-familia-no-rn\/","title":{"rendered":"Justi\u00e7a manda soltar motorista envolvido em acidente que matou fam\u00edlia no RN"},"content":{"rendered":"<p><img decoding=\"async\" src=\"https:\/\/s2-g1.glbimg.com\/URU6mmHaToyOH-SzYVyjqb4Lfg0=\/i.s3.glbimg.com\/v1\/AUTH_59edd422c0c84a879bd37670ae4f538a\/internal_photos\/bs\/2025\/c\/h\/cB3xPlQ6eCHwtMt2FAug\/familia-morta-acidente.jpg\" \/><br \/>     Motorista, segundo a PRF, estava embriagado e invadiu contram\u00e3o, colidindo com carro onde estava fam\u00edlia que morreu na hora. Acidente aconteceu na BR-226. Fam\u00edlia morta em acidente na BR-226 em Senador El\u00f3i de Souza<br \/>\nReprodu\u00e7\u00e3o\/Inter TV Cabugi<br \/>\nA Justi\u00e7a do Rio Grande do Norte mandou soltar nesta quinta-feira (26) o motorista de 27 anos de idade envolvido no acidente que terminou com a morte de uma fam\u00edlia &#8211; pai, m\u00e3e e filho &#8211; no domingo passado (23) na cidade de Senador El\u00f3i de Souza, no interior do estado.<br \/>\nO motorista havia passado por uma audi\u00eancia de cust\u00f3dia na segunda (23), quando teve a pris\u00e3o em flagrante convertida em pris\u00e3o preventiva. O homem foi preso em flagrante logo ap\u00f3s o acidente porque, segundo a Pol\u00edcia Rodovi\u00e1ria Federal (PRF), estava alcoolizado.<br \/>\n\ud83d\udcf3Participe do canal do g1 RN no WhatsApp<br \/>\nSegundo a nova decis\u00e3o judicial, o &#8220;homic\u00eddio culposo na condu\u00e7\u00e3o de ve\u00edculo automotor, ainda que em raz\u00e3o da condi\u00e7\u00e3o de embriaguez ao volante, \u00e9 incompat\u00edvel com a pris\u00e3o preventiva&#8221;.<br \/>\nO juiz relator da decis\u00e3o pontuou que &#8220;apenas se admite essa medida cautelar quando se trata de crime doloso com pena privativa de liberdade m\u00e1xima superior a quatro anos, reincid\u00eancia em crime doloso ou envolvimento em situa\u00e7\u00e3o de viol\u00eancia dom\u00e9stica e familiar&#8221;.<br \/>\nA decis\u00e3o substituiu a cust\u00f3dia do motorista por medidas cautelares previstas no C\u00f3digo de Processo Penal. As medidas s\u00e3o:<br \/>\ncomparecimento peri\u00f3dico em ju\u00edzo, no prazo e nas condi\u00e7\u00f5es fixadas pelo juiz do processo origin\u00e1rio, para informar e justificar atividades;<br \/>\nproibi\u00e7\u00e3o de ausentar-se da comarca por mais de tr\u00eas dias sem autoriza\u00e7\u00e3o do ju\u00edzo processante.<br \/>\nO homem teve ferimentos leves no acidente. Ele havia sido levado para a Delegacia de Santa Cruz, onde foi autuado por homic\u00eddio culposo, les\u00e3o corporal e embriaguez ao volante. Na segunda, foi transferido para a Cadeia P\u00fablica de Nova Cruz.<br \/>\nO acidente aconteceu na manh\u00e3 do domingo (23). O motorista embriagado, segundo a PRF, invadiu a contram\u00e3o a atingiu o carro onde estava a fam\u00edlia e outras quatro crian\u00e7as.<br \/>\nA fam\u00edlia que morreu estava nos bancos da frente do ve\u00edculo, com a crian\u00e7a no colo, segundo a Pol\u00edcia Rodovi\u00e1ria Federal. As v\u00edtimas foram identificadas como:<br \/>\nFernando Ven\u00e2ncio da Silva<br \/>\nAna Paula Ven\u00e2ncio<br \/>\nRafael Ven\u00e2ncio, de 2 anos de idade, filho do casal<br \/>\nCasal e filho morrem em acidente na BR-226, no RN<br \/>\nO acidente<br \/>\nA colis\u00e3o aconteceu na BR-226 na altura do munic\u00edpio Senador El\u00f3i de Souza &#8211; inicialmente a PRF havia informado ser em Tangar\u00e1. Segundo a Pol\u00edcia Rodovi\u00e1ria Federal, os dois ve\u00edculos bateram de frente.<br \/>\n&#8220;Se identificou que esse motorista invadiu a contram\u00e3o e realizou essa colis\u00e3o frontal. Estava com ind\u00edcios de embriaguez&#8221;, explicou a inspetor da PRF, Julianne Vilela.<br \/>\nUm dos carros seguia de Cuit\u00e9, na Para\u00edba, em dire\u00e7\u00e3o a Natal. O outro, onde estava a fam\u00edlia que morreu, seguia de S\u00e3o Paulo do Potengi com destino a Tangar\u00e1, onde as v\u00edtimas participariam da festa de anivers\u00e1rio.<br \/>\nA PRF informou que o condutor que estava sozinho no ve\u00edculo registrou teor alco\u00f3lico de 1,14 mg\/L no teste do baf\u00f4metro.<br \/>\n\ud83d\udea8  Pela lei, um teste do baf\u00f4metro n\u00e3o pode passar de 0,04 mg\/l. De 0,05 mg\/l a 0,33mg\/l \u00e9 considerada infra\u00e7\u00e3o grav\u00edssima e acima disso crime de tr\u00e2nsito.<br \/>\nAcidente aconteceu na BR-226 no interior do RN<br \/>\nDivulga\u00e7\u00e3o\/PRF<br \/>\nCrian\u00e7as feridas<br \/>\nDuas das quatro crian\u00e7as que estavam no banco de tr\u00e1s foram socorridas com gravidade para o Pronto-Socorro Cl\u00f3vis Sarinho, no Hospital Walfredo Gurgel em Natal.<br \/>\nUma das crian\u00e7as, uma menina de 6 anos, passou por cirurgia de f\u00eamur no Hospital Walfredo Gurgel. Um menino de tr\u00eas anos tamb\u00e9m ficou internado, mas sem ferimentos graves.<br \/>\nAs outras duas crian\u00e7as receberam alta horas depois do acidente no hospital de Bom Jesus, onde foram atendidas.<br \/>\nAs crian\u00e7as s\u00e3o filhas de um casal de amigos, que estava em uma motocicleta atr\u00e1s do ve\u00edculo e viu o acidente acontecer.<br \/>\nV\u00eddeos mais assistidos do g1 RN<\/p>","protected":false},"excerpt":{"rendered":"<p>Motorista, segundo a PRF, estava embriagado e invadiu contram\u00e3o, colidindo com carro onde estava fam\u00edlia que morreu na hora. Acidente aconteceu na BR-226. Fam\u00edlia morta em acidente na BR-226 em &#8230;<\/p>\n","protected":false},"author":0,"featured_media":13487,"parent":0,"menu_order":0,"comment_status":"closed","ping_status":"closed","template":"","meta":{"footnotes":""},"class_list":["post-13486","page","type-page","status-publish","has-post-thumbnail","hentry"],"yoast_head":"<!-- This site is optimized with the Yoast SEO plugin v27.1.1 - https:\/\/yoast.com\/product\/yoast-seo-wordpress\/ -->\n<title>Justi\u00e7a manda soltar motorista envolvido em acidente que matou fam\u00edlia no RN - Taveira Jr<\/title>\n<meta name=\"robots\" content=\"index, follow, max-snippet:-1, max-image-preview:large, max-video-preview:-1\" \/>\n<link rel=\"canonical\" href=\"https:\/\/deputadotaveirajr.com.br\/index.php\/justica-manda-soltar-motorista-envolvido-em-acidente-que-matou-familia-no-rn\/\" \/>\n<meta property=\"og:locale\" content=\"pt_BR\" \/>\n<meta property=\"og:type\" content=\"article\" \/>\n<meta property=\"og:title\" content=\"Justi\u00e7a manda soltar motorista envolvido em acidente que matou fam\u00edlia no RN - Taveira Jr\" \/>\n<meta property=\"og:description\" content=\"Motorista, segundo a PRF, estava embriagado e invadiu contram\u00e3o, colidindo com carro onde estava fam\u00edlia que morreu na hora. Acidente aconteceu na BR-226. Fam\u00edlia morta em acidente na BR-226 em ...\" \/>\n<meta property=\"og:url\" content=\"https:\/\/deputadotaveirajr.com.br\/index.php\/justica-manda-soltar-motorista-envolvido-em-acidente-que-matou-familia-no-rn\/\" \/>\n<meta property=\"og:site_name\" content=\"Taveira Jr\" \/>\n<meta property=\"og:image\" content=\"https:\/\/s2-g1.glbimg.com\/URU6mmHaToyOH-SzYVyjqb4Lfg0=\/i.s3.glbimg.com\/v1\/AUTH_59edd422c0c84a879bd37670ae4f538a\/internal_photos\/bs\/2025\/c\/h\/cB3xPlQ6eCHwtMt2FAug\/familia-morta-acidente.jpg\" \/>\n<meta name=\"twitter:card\" content=\"summary_large_image\" \/>\n<meta name=\"twitter:label1\" content=\"Est. tempo de leitura\" \/>\n\t<meta name=\"twitter:data1\" content=\"4 minutos\" \/>\n<script type=\"application\/ld+json\" class=\"yoast-schema-graph\">{\"@context\":\"https:\/\/schema.org\",\"@graph\":[{\"@type\":\"WebPage\",\"@id\":\"https:\/\/deputadotaveirajr.com.br\/index.php\/justica-manda-soltar-motorista-envolvido-em-acidente-que-matou-familia-no-rn\/\",\"url\":\"https:\/\/deputadotaveirajr.com.br\/index.php\/justica-manda-soltar-motorista-envolvido-em-acidente-que-matou-familia-no-rn\/\",\"name\":\"Justi\u00e7a manda soltar motorista envolvido em acidente que matou fam\u00edlia no RN - Taveira Jr\",\"isPartOf\":{\"@id\":\"https:\/\/deputadotaveirajr.com.br\/#website\"},\"primaryImageOfPage\":{\"@id\":\"https:\/\/deputadotaveirajr.com.br\/index.php\/justica-manda-soltar-motorista-envolvido-em-acidente-que-matou-familia-no-rn\/#primaryimage\"},\"image\":{\"@id\":\"https:\/\/deputadotaveirajr.com.br\/index.php\/justica-manda-soltar-motorista-envolvido-em-acidente-que-matou-familia-no-rn\/#primaryimage\"},\"thumbnailUrl\":\"https:\/\/deputadotaveirajr.com.br\/wp-content\/uploads\/2025\/06\/familia-morta-acidente-lHnWaj.jpg\",\"datePublished\":\"2025-06-26T22:32:28+00:00\",\"breadcrumb\":{\"@id\":\"https:\/\/deputadotaveirajr.com.br\/index.php\/justica-manda-soltar-motorista-envolvido-em-acidente-que-matou-familia-no-rn\/#breadcrumb\"},\"inLanguage\":\"pt-BR\",\"potentialAction\":[{\"@type\":\"ReadAction\",\"target\":[\"https:\/\/deputadotaveirajr.com.br\/index.php\/justica-manda-soltar-motorista-envolvido-em-acidente-que-matou-familia-no-rn\/\"]}]},{\"@type\":\"ImageObject\",\"inLanguage\":\"pt-BR\",\"@id\":\"https:\/\/deputadotaveirajr.com.br\/index.php\/justica-manda-soltar-motorista-envolvido-em-acidente-que-matou-familia-no-rn\/#primaryimage\",\"url\":\"https:\/\/deputadotaveirajr.com.br\/wp-content\/uploads\/2025\/06\/familia-morta-acidente-lHnWaj.jpg\",\"contentUrl\":\"https:\/\/deputadotaveirajr.com.br\/wp-content\/uploads\/2025\/06\/familia-morta-acidente-lHnWaj.jpg\",\"width\":1466,\"height\":882},{\"@type\":\"BreadcrumbList\",\"@id\":\"https:\/\/deputadotaveirajr.com.br\/index.php\/justica-manda-soltar-motorista-envolvido-em-acidente-que-matou-familia-no-rn\/#breadcrumb\",\"itemListElement\":[{\"@type\":\"ListItem\",\"position\":1,\"name\":\"In\u00edcio\",\"item\":\"https:\/\/deputadotaveirajr.com.br\/\"},{\"@type\":\"ListItem\",\"position\":2,\"name\":\"Justi\u00e7a manda soltar motorista envolvido em acidente que matou fam\u00edlia no RN\"}]},{\"@type\":\"WebSite\",\"@id\":\"https:\/\/deputadotaveirajr.com.br\/#website\",\"url\":\"https:\/\/deputadotaveirajr.com.br\/\",\"name\":\"Taveira Jr\",\"description\":\"Deputado Estadual\",\"publisher\":{\"@id\":\"https:\/\/deputadotaveirajr.com.br\/#organization\"},\"potentialAction\":[{\"@type\":\"SearchAction\",\"target\":{\"@type\":\"EntryPoint\",\"urlTemplate\":\"https:\/\/deputadotaveirajr.com.br\/?s={search_term_string}\"},\"query-input\":{\"@type\":\"PropertyValueSpecification\",\"valueRequired\":true,\"valueName\":\"search_term_string\"}}],\"inLanguage\":\"pt-BR\"},{\"@type\":\"Organization\",\"@id\":\"https:\/\/deputadotaveirajr.com.br\/#organization\",\"name\":\"Taveira Jr\",\"url\":\"https:\/\/deputadotaveirajr.com.br\/\",\"logo\":{\"@type\":\"ImageObject\",\"inLanguage\":\"pt-BR\",\"@id\":\"https:\/\/deputadotaveirajr.com.br\/#\/schema\/logo\/image\/\",\"url\":\"https:\/\/deputadotaveirajr.com.br\/wp-content\/uploads\/2026\/01\/logolow2a.png\",\"contentUrl\":\"https:\/\/deputadotaveirajr.com.br\/wp-content\/uploads\/2026\/01\/logolow2a.png\",\"width\":290,\"height\":80,\"caption\":\"Taveira Jr\"},\"image\":{\"@id\":\"https:\/\/deputadotaveirajr.com.br\/#\/schema\/logo\/image\/\"}}]}<\/script>\n<!-- \/ Yoast SEO plugin. -->","yoast_head_json":{"title":"Justi\u00e7a manda soltar motorista envolvido em acidente que matou fam\u00edlia no RN - Taveira Jr","robots":{"index":"index","follow":"follow","max-snippet":"max-snippet:-1","max-image-preview":"max-image-preview:large","max-video-preview":"max-video-preview:-1"},"canonical":"https:\/\/deputadotaveirajr.com.br\/index.php\/justica-manda-soltar-motorista-envolvido-em-acidente-que-matou-familia-no-rn\/","og_locale":"pt_BR","og_type":"article","og_title":"Justi\u00e7a manda soltar motorista envolvido em acidente que matou fam\u00edlia no RN - Taveira Jr","og_description":"Motorista, segundo a PRF, estava embriagado e invadiu contram\u00e3o, colidindo com carro onde estava fam\u00edlia que morreu na hora. Acidente aconteceu na BR-226. Fam\u00edlia morta em acidente na BR-226 em ...","og_url":"https:\/\/deputadotaveirajr.com.br\/index.php\/justica-manda-soltar-motorista-envolvido-em-acidente-que-matou-familia-no-rn\/","og_site_name":"Taveira Jr","og_image":[{"url":"https:\/\/s2-g1.glbimg.com\/URU6mmHaToyOH-SzYVyjqb4Lfg0=\/i.s3.glbimg.com\/v1\/AUTH_59edd422c0c84a879bd37670ae4f538a\/internal_photos\/bs\/2025\/c\/h\/cB3xPlQ6eCHwtMt2FAug\/familia-morta-acidente.jpg","type":"","width":"","height":""}],"twitter_card":"summary_large_image","twitter_misc":{"Est. tempo de leitura":"4 minutos"},"schema":{"@context":"https:\/\/schema.org","@graph":[{"@type":"WebPage","@id":"https:\/\/deputadotaveirajr.com.br\/index.php\/justica-manda-soltar-motorista-envolvido-em-acidente-que-matou-familia-no-rn\/","url":"https:\/\/deputadotaveirajr.com.br\/index.php\/justica-manda-soltar-motorista-envolvido-em-acidente-que-matou-familia-no-rn\/","name":"Justi\u00e7a manda soltar motorista envolvido em acidente que matou fam\u00edlia no RN - Taveira Jr","isPartOf":{"@id":"https:\/\/deputadotaveirajr.com.br\/#website"},"primaryImageOfPage":{"@id":"https:\/\/deputadotaveirajr.com.br\/index.php\/justica-manda-soltar-motorista-envolvido-em-acidente-que-matou-familia-no-rn\/#primaryimage"},"image":{"@id":"https:\/\/deputadotaveirajr.com.br\/index.php\/justica-manda-soltar-motorista-envolvido-em-acidente-que-matou-familia-no-rn\/#primaryimage"},"thumbnailUrl":"https:\/\/deputadotaveirajr.com.br\/wp-content\/uploads\/2025\/06\/familia-morta-acidente-lHnWaj.jpg","datePublished":"2025-06-26T22:32:28+00:00","breadcrumb":{"@id":"https:\/\/deputadotaveirajr.com.br\/index.php\/justica-manda-soltar-motorista-envolvido-em-acidente-que-matou-familia-no-rn\/#breadcrumb"},"inLanguage":"pt-BR","potentialAction":[{"@type":"ReadAction","target":["https:\/\/deputadotaveirajr.com.br\/index.php\/justica-manda-soltar-motorista-envolvido-em-acidente-que-matou-familia-no-rn\/"]}]},{"@type":"ImageObject","inLanguage":"pt-BR","@id":"https:\/\/deputadotaveirajr.com.br\/index.php\/justica-manda-soltar-motorista-envolvido-em-acidente-que-matou-familia-no-rn\/#primaryimage","url":"https:\/\/deputadotaveirajr.com.br\/wp-content\/uploads\/2025\/06\/familia-morta-acidente-lHnWaj.jpg","contentUrl":"https:\/\/deputadotaveirajr.com.br\/wp-content\/uploads\/2025\/06\/familia-morta-acidente-lHnWaj.jpg","width":1466,"height":882},{"@type":"BreadcrumbList","@id":"https:\/\/deputadotaveirajr.com.br\/index.php\/justica-manda-soltar-motorista-envolvido-em-acidente-que-matou-familia-no-rn\/#breadcrumb","itemListElement":[{"@type":"ListItem","position":1,"name":"In\u00edcio","item":"https:\/\/deputadotaveirajr.com.br\/"},{"@type":"ListItem","position":2,"name":"Justi\u00e7a manda soltar motorista envolvido em acidente que matou fam\u00edlia no RN"}]},{"@type":"WebSite","@id":"https:\/\/deputadotaveirajr.com.br\/#website","url":"https:\/\/deputadotaveirajr.com.br\/","name":"Taveira Jr","description":"Deputado Estadual","publisher":{"@id":"https:\/\/deputadotaveirajr.com.br\/#organization"},"potentialAction":[{"@type":"SearchAction","target":{"@type":"EntryPoint","urlTemplate":"https:\/\/deputadotaveirajr.com.br\/?s={search_term_string}"},"query-input":{"@type":"PropertyValueSpecification","valueRequired":true,"valueName":"search_term_string"}}],"inLanguage":"pt-BR"},{"@type":"Organization","@id":"https:\/\/deputadotaveirajr.com.br\/#organization","name":"Taveira Jr","url":"https:\/\/deputadotaveirajr.com.br\/","logo":{"@type":"ImageObject","inLanguage":"pt-BR","@id":"https:\/\/deputadotaveirajr.com.br\/#\/schema\/logo\/image\/","url":"https:\/\/deputadotaveirajr.com.br\/wp-content\/uploads\/2026\/01\/logolow2a.png","contentUrl":"https:\/\/deputadotaveirajr.com.br\/wp-content\/uploads\/2026\/01\/logolow2a.png","width":290,"height":80,"caption":"Taveira Jr"},"image":{"@id":"https:\/\/deputadotaveirajr.com.br\/#\/schema\/logo\/image\/"}}]}},"_links":{"self":[{"href":"https:\/\/deputadotaveirajr.com.br\/index.php\/wp-json\/wp\/v2\/pages\/13486","targetHints":{"allow":["GET"]}}],"collection":[{"href":"https:\/\/deputadotaveirajr.com.br\/index.php\/wp-json\/wp\/v2\/pages"}],"about":[{"href":"https:\/\/deputadotaveirajr.com.br\/index.php\/wp-json\/wp\/v2\/types\/page"}],"replies":[{"embeddable":true,"href":"https:\/\/deputadotaveirajr.com.br\/index.php\/wp-json\/wp\/v2\/comments?post=13486"}],"version-history":[{"count":0,"href":"https:\/\/deputadotaveirajr.com.br\/index.php\/wp-json\/wp\/v2\/pages\/13486\/revisions"}],"wp:featuredmedia":[{"embeddable":true,"href":"https:\/\/deputadotaveirajr.com.br\/index.php\/wp-json\/wp\/v2\/media\/13487"}],"wp:attachment":[{"href":"https:\/\/deputadotaveirajr.com.br\/index.php\/wp-json\/wp\/v2\/media?parent=13486"}],"curies":[{"name":"wp","href":"https:\/\/api.w.org\/{rel}","templated":true}]}}