{"id":13505,"date":"2025-06-28T13:16:39","date_gmt":"2025-06-28T16:16:39","guid":{"rendered":"https:\/\/deputadotaveirajr.com.br\/index.php\/litoral-da-grande-natal-tem-quatro-pontos-improprios-para-o-banho-no-fim-de-semana\/"},"modified":"2025-06-28T13:16:39","modified_gmt":"2025-06-28T16:16:39","slug":"litoral-da-grande-natal-tem-quatro-pontos-improprios-para-o-banho-no-fim-de-semana","status":"publish","type":"page","link":"https:\/\/deputadotaveirajr.com.br\/index.php\/litoral-da-grande-natal-tem-quatro-pontos-improprios-para-o-banho-no-fim-de-semana\/","title":{"rendered":"Litoral da Grande Natal tem quatro pontos impr\u00f3prios para o banho no fim de semana"},"content":{"rendered":"<p><img decoding=\"async\" src=\"https:\/\/s2-g1.glbimg.com\/H7RfahOXCCRfPyuvHip769cKaf4=\/i.s3.glbimg.com\/v1\/AUTH_59edd422c0c84a879bd37670ae4f538a\/internal_photos\/bs\/2024\/5\/0\/NcHaxiQA258SJB10ibRw\/whatsapp-image-2024-08-24-at-10.53.06.jpeg\" \/><br \/>     Outros 29 trechos de praias e rios analisados est\u00e3o pr\u00f3prios para banhistas, segundo o Idema.  Rio Pirangi (Pium) \u00e9 um dos trechos considerados impr\u00f3prios pelo Boletim de Balneabilidade do Idema<br \/>\nDanny Nunes<br \/>\nO litoral da regi\u00e3o metropolitana de Natal tem pelo menos quatro pontos impr\u00f3prios para banho neste fim de semana, de acordo com o Boletim da Balneabilidade das Praias do Rio Grande do Norte emitido nesta sexta-feira (27) pelo Instituto de Desenvolvimento Sustent\u00e1vel de Meio Ambiente (Idema).<br \/>\nDe acordo com o documento, do total de 33 trechos analisados, 29 praias est\u00e3o pr\u00f3prias para o banho.<br \/>\n\ud83d\udcf3Participe do canal do g1 RN no WhatsApp<br \/>\nOs pontos identificados como impr\u00f3prios s\u00e3o:<br \/>\nFoz do Rio Pirangi, em N\u00edsia Floresta;<br \/>\nRio Pirangi (Ponte Nova), em Parnamirim<br \/>\nRio Pirangi-Pium (Balne\u00e1rio Pium), em Parnamirim<br \/>\nAreia Preta (Escadaria de M\u00e3e Lu\u00edza), em Natal.<br \/>\nSegundo o Idema, uma base de dados analisa a quantidade de coliformes termotolerantes encontrados nas amostras de \u00e1gua coletadas semanalmente.<br \/>\nA classifica\u00e7\u00e3o tem por base as normas determinadas na Resolu\u00e7\u00e3o n.\u00ba 274\/2000 do Conselho Nacional do Meio Ambiente &#8211; Conama.<br \/>\nOs pesquisadores usam os resultados de cinco semanas consecutivas, para avaliar se o trecho est\u00e1 impr\u00f3prio ou n\u00e3o.<br \/>\nSe dois ou mais desses resultados possu\u00edrem mais de mil coliformes fecais por 100 ml de \u00e1gua, a praia \u00e9 classificada como impr\u00f3pria.<br \/>\nE se na an\u00e1lise mais recente houver mais de 2.500 coliformes fecais, com apenas esse resultado ela j\u00e1 passa a ser considerada impr\u00f3pria.<br \/>\nO estudo \u00e9 uma parceria entre o Instituto de Desenvolvimento Sustent\u00e1vel e Meio Ambiente (Idema), o Instituto Federal de Educa\u00e7\u00e3o, Ci\u00eancia e Tecnologia do Rio Grande do Norte (IFRN) e a Funda\u00e7\u00e3o de Apoio \u00e0 Educa\u00e7\u00e3o e ao Desenvolvimento Tecnol\u00f3gico do RN (FUNCERN), e faz parte do Programa \u00c1gua Azul.<br \/>\nConte\u0302iner com alimentos e bebidas encalha na Grande Natal<br \/>\nVeja os v\u00eddeos mais assistidos no g1 RN<\/p>","protected":false},"excerpt":{"rendered":"<p>Outros 29 trechos de praias e rios analisados est\u00e3o pr\u00f3prios para banhistas, segundo o Idema. Rio Pirangi (Pium) \u00e9 um dos trechos considerados impr\u00f3prios pelo Boletim de Balneabilidade do Idema &#8230;<\/p>\n","protected":false},"author":0,"featured_media":13506,"parent":0,"menu_order":0,"comment_status":"closed","ping_status":"closed","template":"","meta":{"footnotes":""},"class_list":["post-13505","page","type-page","status-publish","has-post-thumbnail","hentry"],"yoast_head":"<!-- This site is optimized with the Yoast SEO plugin v27.1.1 - https:\/\/yoast.com\/product\/yoast-seo-wordpress\/ -->\n<title>Litoral da Grande Natal tem quatro pontos impr\u00f3prios para o banho no fim de semana - Taveira Jr<\/title>\n<meta name=\"robots\" content=\"index, follow, max-snippet:-1, max-image-preview:large, max-video-preview:-1\" \/>\n<link rel=\"canonical\" href=\"https:\/\/deputadotaveirajr.com.br\/index.php\/litoral-da-grande-natal-tem-quatro-pontos-improprios-para-o-banho-no-fim-de-semana\/\" \/>\n<meta property=\"og:locale\" content=\"pt_BR\" \/>\n<meta property=\"og:type\" content=\"article\" \/>\n<meta property=\"og:title\" content=\"Litoral da Grande Natal tem quatro pontos impr\u00f3prios para o banho no fim de semana - Taveira Jr\" \/>\n<meta property=\"og:description\" content=\"Outros 29 trechos de praias e rios analisados est\u00e3o pr\u00f3prios para banhistas, segundo o Idema. Rio Pirangi (Pium) \u00e9 um dos trechos considerados impr\u00f3prios pelo Boletim de Balneabilidade do Idema ...\" \/>\n<meta property=\"og:url\" content=\"https:\/\/deputadotaveirajr.com.br\/index.php\/litoral-da-grande-natal-tem-quatro-pontos-improprios-para-o-banho-no-fim-de-semana\/\" \/>\n<meta property=\"og:site_name\" content=\"Taveira Jr\" \/>\n<meta property=\"og:image\" content=\"https:\/\/s2-g1.glbimg.com\/H7RfahOXCCRfPyuvHip769cKaf4=\/i.s3.glbimg.com\/v1\/AUTH_59edd422c0c84a879bd37670ae4f538a\/internal_photos\/bs\/2024\/5\/0\/NcHaxiQA258SJB10ibRw\/whatsapp-image-2024-08-24-at-10.53.06.jpeg\" \/>\n<meta name=\"twitter:card\" content=\"summary_large_image\" \/>\n<meta name=\"twitter:label1\" content=\"Est. tempo de leitura\" \/>\n\t<meta name=\"twitter:data1\" content=\"2 minutos\" \/>\n<script type=\"application\/ld+json\" class=\"yoast-schema-graph\">{\"@context\":\"https:\/\/schema.org\",\"@graph\":[{\"@type\":\"WebPage\",\"@id\":\"https:\/\/deputadotaveirajr.com.br\/index.php\/litoral-da-grande-natal-tem-quatro-pontos-improprios-para-o-banho-no-fim-de-semana\/\",\"url\":\"https:\/\/deputadotaveirajr.com.br\/index.php\/litoral-da-grande-natal-tem-quatro-pontos-improprios-para-o-banho-no-fim-de-semana\/\",\"name\":\"Litoral da Grande Natal tem quatro pontos impr\u00f3prios para o banho no fim de semana - Taveira Jr\",\"isPartOf\":{\"@id\":\"https:\/\/deputadotaveirajr.com.br\/#website\"},\"primaryImageOfPage\":{\"@id\":\"https:\/\/deputadotaveirajr.com.br\/index.php\/litoral-da-grande-natal-tem-quatro-pontos-improprios-para-o-banho-no-fim-de-semana\/#primaryimage\"},\"image\":{\"@id\":\"https:\/\/deputadotaveirajr.com.br\/index.php\/litoral-da-grande-natal-tem-quatro-pontos-improprios-para-o-banho-no-fim-de-semana\/#primaryimage\"},\"thumbnailUrl\":\"https:\/\/deputadotaveirajr.com.br\/wp-content\/uploads\/2025\/06\/whatsapp-image-2024-08-24-at-10.53.06-BnpbHK.jpg\",\"datePublished\":\"2025-06-28T16:16:39+00:00\",\"breadcrumb\":{\"@id\":\"https:\/\/deputadotaveirajr.com.br\/index.php\/litoral-da-grande-natal-tem-quatro-pontos-improprios-para-o-banho-no-fim-de-semana\/#breadcrumb\"},\"inLanguage\":\"pt-BR\",\"potentialAction\":[{\"@type\":\"ReadAction\",\"target\":[\"https:\/\/deputadotaveirajr.com.br\/index.php\/litoral-da-grande-natal-tem-quatro-pontos-improprios-para-o-banho-no-fim-de-semana\/\"]}]},{\"@type\":\"ImageObject\",\"inLanguage\":\"pt-BR\",\"@id\":\"https:\/\/deputadotaveirajr.com.br\/index.php\/litoral-da-grande-natal-tem-quatro-pontos-improprios-para-o-banho-no-fim-de-semana\/#primaryimage\",\"url\":\"https:\/\/deputadotaveirajr.com.br\/wp-content\/uploads\/2025\/06\/whatsapp-image-2024-08-24-at-10.53.06-BnpbHK.jpg\",\"contentUrl\":\"https:\/\/deputadotaveirajr.com.br\/wp-content\/uploads\/2025\/06\/whatsapp-image-2024-08-24-at-10.53.06-BnpbHK.jpg\",\"width\":1600,\"height\":1200},{\"@type\":\"BreadcrumbList\",\"@id\":\"https:\/\/deputadotaveirajr.com.br\/index.php\/litoral-da-grande-natal-tem-quatro-pontos-improprios-para-o-banho-no-fim-de-semana\/#breadcrumb\",\"itemListElement\":[{\"@type\":\"ListItem\",\"position\":1,\"name\":\"In\u00edcio\",\"item\":\"https:\/\/deputadotaveirajr.com.br\/\"},{\"@type\":\"ListItem\",\"position\":2,\"name\":\"Litoral da Grande Natal tem quatro pontos impr\u00f3prios para o banho no fim de semana\"}]},{\"@type\":\"WebSite\",\"@id\":\"https:\/\/deputadotaveirajr.com.br\/#website\",\"url\":\"https:\/\/deputadotaveirajr.com.br\/\",\"name\":\"Taveira Jr\",\"description\":\"Deputado Estadual\",\"publisher\":{\"@id\":\"https:\/\/deputadotaveirajr.com.br\/#organization\"},\"potentialAction\":[{\"@type\":\"SearchAction\",\"target\":{\"@type\":\"EntryPoint\",\"urlTemplate\":\"https:\/\/deputadotaveirajr.com.br\/?s={search_term_string}\"},\"query-input\":{\"@type\":\"PropertyValueSpecification\",\"valueRequired\":true,\"valueName\":\"search_term_string\"}}],\"inLanguage\":\"pt-BR\"},{\"@type\":\"Organization\",\"@id\":\"https:\/\/deputadotaveirajr.com.br\/#organization\",\"name\":\"Taveira Jr\",\"url\":\"https:\/\/deputadotaveirajr.com.br\/\",\"logo\":{\"@type\":\"ImageObject\",\"inLanguage\":\"pt-BR\",\"@id\":\"https:\/\/deputadotaveirajr.com.br\/#\/schema\/logo\/image\/\",\"url\":\"https:\/\/deputadotaveirajr.com.br\/wp-content\/uploads\/2026\/01\/logolow2a.png\",\"contentUrl\":\"https:\/\/deputadotaveirajr.com.br\/wp-content\/uploads\/2026\/01\/logolow2a.png\",\"width\":290,\"height\":80,\"caption\":\"Taveira Jr\"},\"image\":{\"@id\":\"https:\/\/deputadotaveirajr.com.br\/#\/schema\/logo\/image\/\"}}]}<\/script>\n<!-- \/ Yoast SEO plugin. -->","yoast_head_json":{"title":"Litoral da Grande Natal tem quatro pontos impr\u00f3prios para o banho no fim de semana - Taveira Jr","robots":{"index":"index","follow":"follow","max-snippet":"max-snippet:-1","max-image-preview":"max-image-preview:large","max-video-preview":"max-video-preview:-1"},"canonical":"https:\/\/deputadotaveirajr.com.br\/index.php\/litoral-da-grande-natal-tem-quatro-pontos-improprios-para-o-banho-no-fim-de-semana\/","og_locale":"pt_BR","og_type":"article","og_title":"Litoral da Grande Natal tem quatro pontos impr\u00f3prios para o banho no fim de semana - Taveira Jr","og_description":"Outros 29 trechos de praias e rios analisados est\u00e3o pr\u00f3prios para banhistas, segundo o Idema. Rio Pirangi (Pium) \u00e9 um dos trechos considerados impr\u00f3prios pelo Boletim de Balneabilidade do Idema ...","og_url":"https:\/\/deputadotaveirajr.com.br\/index.php\/litoral-da-grande-natal-tem-quatro-pontos-improprios-para-o-banho-no-fim-de-semana\/","og_site_name":"Taveira Jr","og_image":[{"url":"https:\/\/s2-g1.glbimg.com\/H7RfahOXCCRfPyuvHip769cKaf4=\/i.s3.glbimg.com\/v1\/AUTH_59edd422c0c84a879bd37670ae4f538a\/internal_photos\/bs\/2024\/5\/0\/NcHaxiQA258SJB10ibRw\/whatsapp-image-2024-08-24-at-10.53.06.jpeg","type":"","width":"","height":""}],"twitter_card":"summary_large_image","twitter_misc":{"Est. tempo de leitura":"2 minutos"},"schema":{"@context":"https:\/\/schema.org","@graph":[{"@type":"WebPage","@id":"https:\/\/deputadotaveirajr.com.br\/index.php\/litoral-da-grande-natal-tem-quatro-pontos-improprios-para-o-banho-no-fim-de-semana\/","url":"https:\/\/deputadotaveirajr.com.br\/index.php\/litoral-da-grande-natal-tem-quatro-pontos-improprios-para-o-banho-no-fim-de-semana\/","name":"Litoral da Grande Natal tem quatro pontos impr\u00f3prios para o banho no fim de semana - Taveira Jr","isPartOf":{"@id":"https:\/\/deputadotaveirajr.com.br\/#website"},"primaryImageOfPage":{"@id":"https:\/\/deputadotaveirajr.com.br\/index.php\/litoral-da-grande-natal-tem-quatro-pontos-improprios-para-o-banho-no-fim-de-semana\/#primaryimage"},"image":{"@id":"https:\/\/deputadotaveirajr.com.br\/index.php\/litoral-da-grande-natal-tem-quatro-pontos-improprios-para-o-banho-no-fim-de-semana\/#primaryimage"},"thumbnailUrl":"https:\/\/deputadotaveirajr.com.br\/wp-content\/uploads\/2025\/06\/whatsapp-image-2024-08-24-at-10.53.06-BnpbHK.jpg","datePublished":"2025-06-28T16:16:39+00:00","breadcrumb":{"@id":"https:\/\/deputadotaveirajr.com.br\/index.php\/litoral-da-grande-natal-tem-quatro-pontos-improprios-para-o-banho-no-fim-de-semana\/#breadcrumb"},"inLanguage":"pt-BR","potentialAction":[{"@type":"ReadAction","target":["https:\/\/deputadotaveirajr.com.br\/index.php\/litoral-da-grande-natal-tem-quatro-pontos-improprios-para-o-banho-no-fim-de-semana\/"]}]},{"@type":"ImageObject","inLanguage":"pt-BR","@id":"https:\/\/deputadotaveirajr.com.br\/index.php\/litoral-da-grande-natal-tem-quatro-pontos-improprios-para-o-banho-no-fim-de-semana\/#primaryimage","url":"https:\/\/deputadotaveirajr.com.br\/wp-content\/uploads\/2025\/06\/whatsapp-image-2024-08-24-at-10.53.06-BnpbHK.jpg","contentUrl":"https:\/\/deputadotaveirajr.com.br\/wp-content\/uploads\/2025\/06\/whatsapp-image-2024-08-24-at-10.53.06-BnpbHK.jpg","width":1600,"height":1200},{"@type":"BreadcrumbList","@id":"https:\/\/deputadotaveirajr.com.br\/index.php\/litoral-da-grande-natal-tem-quatro-pontos-improprios-para-o-banho-no-fim-de-semana\/#breadcrumb","itemListElement":[{"@type":"ListItem","position":1,"name":"In\u00edcio","item":"https:\/\/deputadotaveirajr.com.br\/"},{"@type":"ListItem","position":2,"name":"Litoral da Grande Natal tem quatro pontos impr\u00f3prios para o banho no fim de semana"}]},{"@type":"WebSite","@id":"https:\/\/deputadotaveirajr.com.br\/#website","url":"https:\/\/deputadotaveirajr.com.br\/","name":"Taveira Jr","description":"Deputado Estadual","publisher":{"@id":"https:\/\/deputadotaveirajr.com.br\/#organization"},"potentialAction":[{"@type":"SearchAction","target":{"@type":"EntryPoint","urlTemplate":"https:\/\/deputadotaveirajr.com.br\/?s={search_term_string}"},"query-input":{"@type":"PropertyValueSpecification","valueRequired":true,"valueName":"search_term_string"}}],"inLanguage":"pt-BR"},{"@type":"Organization","@id":"https:\/\/deputadotaveirajr.com.br\/#organization","name":"Taveira Jr","url":"https:\/\/deputadotaveirajr.com.br\/","logo":{"@type":"ImageObject","inLanguage":"pt-BR","@id":"https:\/\/deputadotaveirajr.com.br\/#\/schema\/logo\/image\/","url":"https:\/\/deputadotaveirajr.com.br\/wp-content\/uploads\/2026\/01\/logolow2a.png","contentUrl":"https:\/\/deputadotaveirajr.com.br\/wp-content\/uploads\/2026\/01\/logolow2a.png","width":290,"height":80,"caption":"Taveira Jr"},"image":{"@id":"https:\/\/deputadotaveirajr.com.br\/#\/schema\/logo\/image\/"}}]}},"_links":{"self":[{"href":"https:\/\/deputadotaveirajr.com.br\/index.php\/wp-json\/wp\/v2\/pages\/13505","targetHints":{"allow":["GET"]}}],"collection":[{"href":"https:\/\/deputadotaveirajr.com.br\/index.php\/wp-json\/wp\/v2\/pages"}],"about":[{"href":"https:\/\/deputadotaveirajr.com.br\/index.php\/wp-json\/wp\/v2\/types\/page"}],"replies":[{"embeddable":true,"href":"https:\/\/deputadotaveirajr.com.br\/index.php\/wp-json\/wp\/v2\/comments?post=13505"}],"version-history":[{"count":0,"href":"https:\/\/deputadotaveirajr.com.br\/index.php\/wp-json\/wp\/v2\/pages\/13505\/revisions"}],"wp:featuredmedia":[{"embeddable":true,"href":"https:\/\/deputadotaveirajr.com.br\/index.php\/wp-json\/wp\/v2\/media\/13506"}],"wp:attachment":[{"href":"https:\/\/deputadotaveirajr.com.br\/index.php\/wp-json\/wp\/v2\/media?parent=13505"}],"curies":[{"name":"wp","href":"https:\/\/api.w.org\/{rel}","templated":true}]}}