{"id":13618,"date":"2025-07-09T15:17:29","date_gmt":"2025-07-09T18:17:29","guid":{"rendered":"https:\/\/deputadotaveirajr.com.br\/index.php\/natal-tem-quarta-cesta-basica-mais-barata-do-pais-em-junho\/"},"modified":"2025-07-09T15:17:29","modified_gmt":"2025-07-09T18:17:29","slug":"natal-tem-quarta-cesta-basica-mais-barata-do-pais-em-junho","status":"publish","type":"page","link":"https:\/\/deputadotaveirajr.com.br\/index.php\/natal-tem-quarta-cesta-basica-mais-barata-do-pais-em-junho\/","title":{"rendered":"Natal tem quarta cesta b\u00e1sica mais barata do pa\u00eds em junho"},"content":{"rendered":"<p><img decoding=\"async\" src=\"https:\/\/s2-g1.glbimg.com\/WqI1ZzB8ah1wk1AL-a0W259MpiQ=\/i.s3.glbimg.com\/v1\/AUTH_59edd422c0c84a879bd37670ae4f538a\/internal_photos\/bs\/2025\/t\/q\/S0pmUJR62nMMjYvkyHtQ\/httpsi.s3.glbimg.comv1auth-59edd422c0c84a879bd37670ae4f538ainternal-photosbs2023vkfkpwcrrj6tdedqn2g0rwsem-texto.jpg.jpg\" \/><br \/>     Pesquisa do Diesse aponta queda de 1,25% no valor da cesta b\u00e1sica na capital potiguar, chegando a R$ 636,95. Tomate tem redu\u00e7\u00e3o no pre\u00e7o, mas caf\u00e9 e carne bovina apresentam alta<br \/>\nJosephine Baran &#8211; Unsplash\/Freepik\/Divulga\u00e7\u00e3o<br \/>\nNatal registrou a quarta cesta b\u00e1sica mais barata entre as capitais pesquisadas pelo Departamento Intersindical de Estat\u00edstica e Estudos Socioecon\u00f4micos (Dieese) em junho de 2025 (veja lista abaixo). O levantamento aponta ainda que o pre\u00e7o caiu 1,25% em rela\u00e7\u00e3o a maio e custou R$ 636,95.<br \/>\nNeste comparativo entre maio e junho de 2025, as quedas mais importantes na Pesquisa Nacional da Cesta B\u00e1sica de Alimentos ocorreram em Aracaju (-3,84%), Bel\u00e9m (-2,39%), Goi\u00e2nia (-1,90%), S\u00e3o Paulo (-1,49%) e Natal (-1,25%).<br \/>\n\ud83d\udcf3Participe do canal do g1 RN no WhatsApp<br \/>\nNa compara\u00e7\u00e3o com junho de 2024, a cesta b\u00e1sica na capital potiguar acumula alta de 6,28%. Na varia\u00e7\u00e3o acumulada ao longo do ano, o pre\u00e7o subiu 3,18%.<br \/>\nEntre maio e junho de 2025, nove dos 12 produtos que comp\u00f5em a cesta b\u00e1sica tiveram diminui\u00e7\u00e3o nos pre\u00e7os m\u00e9dios: arroz agulhinha (-7,40%), tomate (-7,06%), farinha de mandioca (-3,34%), \u00f3leo de soja (-3,24%), leite integral (2,00%), banana (-1,56%), a\u00e7\u00facar cristal (-1,56%), feij\u00e3o carioca (-0,27%) e manteiga (-0,02%). Os outros tr\u00eas produtos apresentaram eleva\u00e7\u00e3o de pre\u00e7o: caf\u00e9 em p\u00f3 (2,91%), p\u00e3o franc\u00eas (1,18%) e carne bovina de primeira (0,53%).<br \/>\nNo acumulado dos \u00faltimos 12 meses, foram registrados redu\u00e7\u00e3o em sete dos 12 produtos: arroz agulhinha (-23,58%), feij\u00e3o carioca (-14,26%), farinha de mandioca (-12,36%), a\u00e7\u00facar cristal (-11,42%), tomate (-4,55%), banana (-2,57%) e manteiga (-1,36%). As eleva\u00e7\u00f5es foram registradas no pre\u00e7o m\u00e9dio dos seguintes produtos: caf\u00e9 em p\u00f3 (91,90%), carne bovina de primeira (24,95%), \u00f3leo de soja (18,17%), leite integral (8,69%) e p\u00e3o franc\u00eas (4,65%).<br \/>\nEntre dezembro de 2024 e junho de 2025, sete produtos registraram redu\u00e7\u00e3o: arroz agulhinha (-21,39%), \u00f3leo de soja (-11,37%), farinha de mandioca (-9,37%), leite integral (-7,40%), a\u00e7\u00facar cristal (-6,55%), feij\u00e3o carioca (-5,21%) e manteiga (-2,99%). Outros cinco bens tiveram aumento de pre\u00e7o: caf\u00e9 em p\u00f3 (55,12%), tomate (34,20%), banana (2,43%), carne bovina de primeira (2,14%) e p\u00e3o franc\u00eas (1,95%).<br \/>\nRN1 &#8211; Edi\u00e7\u00e3o de quarta-feira, 09\/07\/2025<br \/>\nPesquisa Nacional da Cesta B\u00e1sica de Alimentos &#8211; Junho de 2025<br \/>\n1\u00ba &#8211; S\u00e3o Paulo &#8211; R$ 882,76<br \/>\n2\u00ba &#8211; Florian\u00f3polis &#8211; R$ 867,83<br \/>\n3\u00ba &#8211; Rio de Janeiro &#8211; R$ 843,27<br \/>\n4\u00ba &#8211; Porto Alegre &#8211; R$ 831,37<br \/>\n5\u00ba &#8211; Campo Grande &#8211; R$ 793,02<br \/>\n6\u00ba &#8211; Curitiba &#8211; R$ 789,86<br \/>\n7\u00ba &#8211; Vit\u00f3ria &#8211; R$ 782,39<br \/>\n8\u00ba &#8211; Bras\u00edlia &#8211; R$ 773,35<br \/>\n9\u00ba &#8211; Goi\u00e2nia &#8211; R$ 744,27<br \/>\n10\u00ba &#8211; Fortaleza &#8211; R$ 735,11<br \/>\n11\u00ba &#8211; Belo Horizonte &#8211; R$ 726,63<br \/>\n12\u00ba &#8211; Bel\u00e9m &#8211; R$ 709,04<br \/>\n13\u00ba &#8211; Recife &#8211; R$ 637,62<br \/>\n14\u00ba &#8211; Natal &#8211; R$ 636,95<br \/>\n15\u00ba &#8211; Jo\u00e3o Pessoa &#8211; R$ 636,16<br \/>\n16\u00ba &#8211; Salvador &#8211; R$ 623,85<br \/>\n17\u00ba &#8211; Aracaju &#8211; R$ 557,28<br \/>\nVeja os v\u00eddeos mais assistidos no g1 RN<br \/>\nV\u00cdDEOS: Mais assistidos do Rio Grande do Norte nos \u00faltimos 7 dias| em G1 \/ RN \/ Rio Grande do Norte<\/p>","protected":false},"excerpt":{"rendered":"<p>Pesquisa do Diesse aponta queda de 1,25% no valor da cesta b\u00e1sica na capital potiguar, chegando a R$ 636,95. Tomate tem redu\u00e7\u00e3o no pre\u00e7o, mas caf\u00e9 e carne bovina apresentam &#8230;<\/p>\n","protected":false},"author":0,"featured_media":13619,"parent":0,"menu_order":0,"comment_status":"closed","ping_status":"closed","template":"","meta":{"footnotes":""},"class_list":["post-13618","page","type-page","status-publish","has-post-thumbnail","hentry"],"yoast_head":"<!-- This site is optimized with the Yoast SEO plugin v27.1.1 - https:\/\/yoast.com\/product\/yoast-seo-wordpress\/ -->\n<title>Natal tem quarta cesta b\u00e1sica mais barata do pa\u00eds em junho - Taveira Jr<\/title>\n<meta name=\"robots\" content=\"index, follow, max-snippet:-1, max-image-preview:large, max-video-preview:-1\" \/>\n<link rel=\"canonical\" href=\"https:\/\/deputadotaveirajr.com.br\/index.php\/natal-tem-quarta-cesta-basica-mais-barata-do-pais-em-junho\/\" \/>\n<meta property=\"og:locale\" content=\"pt_BR\" \/>\n<meta property=\"og:type\" content=\"article\" \/>\n<meta property=\"og:title\" content=\"Natal tem quarta cesta b\u00e1sica mais barata do pa\u00eds em junho - Taveira Jr\" \/>\n<meta property=\"og:description\" content=\"Pesquisa do Diesse aponta queda de 1,25% no valor da cesta b\u00e1sica na capital potiguar, chegando a R$ 636,95. Tomate tem redu\u00e7\u00e3o no pre\u00e7o, mas caf\u00e9 e carne bovina apresentam ...\" \/>\n<meta property=\"og:url\" content=\"https:\/\/deputadotaveirajr.com.br\/index.php\/natal-tem-quarta-cesta-basica-mais-barata-do-pais-em-junho\/\" \/>\n<meta property=\"og:site_name\" content=\"Taveira Jr\" \/>\n<meta property=\"og:image\" content=\"https:\/\/s2-g1.glbimg.com\/WqI1ZzB8ah1wk1AL-a0W259MpiQ=\/i.s3.glbimg.com\/v1\/AUTH_59edd422c0c84a879bd37670ae4f538a\/internal_photos\/bs\/2025\/t\/q\/S0pmUJR62nMMjYvkyHtQ\/httpsi.s3.glbimg.comv1auth-59edd422c0c84a879bd37670ae4f538ainternal-photosbs2023vkfkpwcrrj6tdedqn2g0rwsem-texto.jpg.jpg\" \/>\n<meta name=\"twitter:card\" content=\"summary_large_image\" \/>\n<meta name=\"twitter:label1\" content=\"Est. tempo de leitura\" \/>\n\t<meta name=\"twitter:data1\" content=\"2 minutos\" \/>\n<script type=\"application\/ld+json\" class=\"yoast-schema-graph\">{\"@context\":\"https:\/\/schema.org\",\"@graph\":[{\"@type\":\"WebPage\",\"@id\":\"https:\/\/deputadotaveirajr.com.br\/index.php\/natal-tem-quarta-cesta-basica-mais-barata-do-pais-em-junho\/\",\"url\":\"https:\/\/deputadotaveirajr.com.br\/index.php\/natal-tem-quarta-cesta-basica-mais-barata-do-pais-em-junho\/\",\"name\":\"Natal tem quarta cesta b\u00e1sica mais barata do pa\u00eds em junho - Taveira Jr\",\"isPartOf\":{\"@id\":\"https:\/\/deputadotaveirajr.com.br\/#website\"},\"primaryImageOfPage\":{\"@id\":\"https:\/\/deputadotaveirajr.com.br\/index.php\/natal-tem-quarta-cesta-basica-mais-barata-do-pais-em-junho\/#primaryimage\"},\"image\":{\"@id\":\"https:\/\/deputadotaveirajr.com.br\/index.php\/natal-tem-quarta-cesta-basica-mais-barata-do-pais-em-junho\/#primaryimage\"},\"thumbnailUrl\":\"https:\/\/deputadotaveirajr.com.br\/wp-content\/uploads\/2025\/07\/httpsi.s3.glbimg.comv1auth-59edd422c0c84a879bd37670ae4f538ainternal-photosbs2023vkfkpwcrrj6tdedqn2g0rwsem-texto.jpg-IM14W6.jpg\",\"datePublished\":\"2025-07-09T18:17:29+00:00\",\"breadcrumb\":{\"@id\":\"https:\/\/deputadotaveirajr.com.br\/index.php\/natal-tem-quarta-cesta-basica-mais-barata-do-pais-em-junho\/#breadcrumb\"},\"inLanguage\":\"pt-BR\",\"potentialAction\":[{\"@type\":\"ReadAction\",\"target\":[\"https:\/\/deputadotaveirajr.com.br\/index.php\/natal-tem-quarta-cesta-basica-mais-barata-do-pais-em-junho\/\"]}]},{\"@type\":\"ImageObject\",\"inLanguage\":\"pt-BR\",\"@id\":\"https:\/\/deputadotaveirajr.com.br\/index.php\/natal-tem-quarta-cesta-basica-mais-barata-do-pais-em-junho\/#primaryimage\",\"url\":\"https:\/\/deputadotaveirajr.com.br\/wp-content\/uploads\/2025\/07\/httpsi.s3.glbimg.comv1auth-59edd422c0c84a879bd37670ae4f538ainternal-photosbs2023vkfkpwcrrj6tdedqn2g0rwsem-texto.jpg-IM14W6.jpg\",\"contentUrl\":\"https:\/\/deputadotaveirajr.com.br\/wp-content\/uploads\/2025\/07\/httpsi.s3.glbimg.comv1auth-59edd422c0c84a879bd37670ae4f538ainternal-photosbs2023vkfkpwcrrj6tdedqn2g0rwsem-texto.jpg-IM14W6.jpg\",\"width\":1920,\"height\":1080},{\"@type\":\"BreadcrumbList\",\"@id\":\"https:\/\/deputadotaveirajr.com.br\/index.php\/natal-tem-quarta-cesta-basica-mais-barata-do-pais-em-junho\/#breadcrumb\",\"itemListElement\":[{\"@type\":\"ListItem\",\"position\":1,\"name\":\"In\u00edcio\",\"item\":\"https:\/\/deputadotaveirajr.com.br\/\"},{\"@type\":\"ListItem\",\"position\":2,\"name\":\"Natal tem quarta cesta b\u00e1sica mais barata do pa\u00eds em junho\"}]},{\"@type\":\"WebSite\",\"@id\":\"https:\/\/deputadotaveirajr.com.br\/#website\",\"url\":\"https:\/\/deputadotaveirajr.com.br\/\",\"name\":\"Taveira Jr\",\"description\":\"Deputado Estadual\",\"publisher\":{\"@id\":\"https:\/\/deputadotaveirajr.com.br\/#organization\"},\"potentialAction\":[{\"@type\":\"SearchAction\",\"target\":{\"@type\":\"EntryPoint\",\"urlTemplate\":\"https:\/\/deputadotaveirajr.com.br\/?s={search_term_string}\"},\"query-input\":{\"@type\":\"PropertyValueSpecification\",\"valueRequired\":true,\"valueName\":\"search_term_string\"}}],\"inLanguage\":\"pt-BR\"},{\"@type\":\"Organization\",\"@id\":\"https:\/\/deputadotaveirajr.com.br\/#organization\",\"name\":\"Taveira Jr\",\"url\":\"https:\/\/deputadotaveirajr.com.br\/\",\"logo\":{\"@type\":\"ImageObject\",\"inLanguage\":\"pt-BR\",\"@id\":\"https:\/\/deputadotaveirajr.com.br\/#\/schema\/logo\/image\/\",\"url\":\"https:\/\/deputadotaveirajr.com.br\/wp-content\/uploads\/2026\/01\/logolow2a.png\",\"contentUrl\":\"https:\/\/deputadotaveirajr.com.br\/wp-content\/uploads\/2026\/01\/logolow2a.png\",\"width\":290,\"height\":80,\"caption\":\"Taveira Jr\"},\"image\":{\"@id\":\"https:\/\/deputadotaveirajr.com.br\/#\/schema\/logo\/image\/\"}}]}<\/script>\n<!-- \/ Yoast SEO plugin. -->","yoast_head_json":{"title":"Natal tem quarta cesta b\u00e1sica mais barata do pa\u00eds em junho - Taveira Jr","robots":{"index":"index","follow":"follow","max-snippet":"max-snippet:-1","max-image-preview":"max-image-preview:large","max-video-preview":"max-video-preview:-1"},"canonical":"https:\/\/deputadotaveirajr.com.br\/index.php\/natal-tem-quarta-cesta-basica-mais-barata-do-pais-em-junho\/","og_locale":"pt_BR","og_type":"article","og_title":"Natal tem quarta cesta b\u00e1sica mais barata do pa\u00eds em junho - Taveira Jr","og_description":"Pesquisa do Diesse aponta queda de 1,25% no valor da cesta b\u00e1sica na capital potiguar, chegando a R$ 636,95. Tomate tem redu\u00e7\u00e3o no pre\u00e7o, mas caf\u00e9 e carne bovina apresentam ...","og_url":"https:\/\/deputadotaveirajr.com.br\/index.php\/natal-tem-quarta-cesta-basica-mais-barata-do-pais-em-junho\/","og_site_name":"Taveira Jr","og_image":[{"url":"https:\/\/s2-g1.glbimg.com\/WqI1ZzB8ah1wk1AL-a0W259MpiQ=\/i.s3.glbimg.com\/v1\/AUTH_59edd422c0c84a879bd37670ae4f538a\/internal_photos\/bs\/2025\/t\/q\/S0pmUJR62nMMjYvkyHtQ\/httpsi.s3.glbimg.comv1auth-59edd422c0c84a879bd37670ae4f538ainternal-photosbs2023vkfkpwcrrj6tdedqn2g0rwsem-texto.jpg.jpg","type":"","width":"","height":""}],"twitter_card":"summary_large_image","twitter_misc":{"Est. tempo de leitura":"2 minutos"},"schema":{"@context":"https:\/\/schema.org","@graph":[{"@type":"WebPage","@id":"https:\/\/deputadotaveirajr.com.br\/index.php\/natal-tem-quarta-cesta-basica-mais-barata-do-pais-em-junho\/","url":"https:\/\/deputadotaveirajr.com.br\/index.php\/natal-tem-quarta-cesta-basica-mais-barata-do-pais-em-junho\/","name":"Natal tem quarta cesta b\u00e1sica mais barata do pa\u00eds em junho - Taveira Jr","isPartOf":{"@id":"https:\/\/deputadotaveirajr.com.br\/#website"},"primaryImageOfPage":{"@id":"https:\/\/deputadotaveirajr.com.br\/index.php\/natal-tem-quarta-cesta-basica-mais-barata-do-pais-em-junho\/#primaryimage"},"image":{"@id":"https:\/\/deputadotaveirajr.com.br\/index.php\/natal-tem-quarta-cesta-basica-mais-barata-do-pais-em-junho\/#primaryimage"},"thumbnailUrl":"https:\/\/deputadotaveirajr.com.br\/wp-content\/uploads\/2025\/07\/httpsi.s3.glbimg.comv1auth-59edd422c0c84a879bd37670ae4f538ainternal-photosbs2023vkfkpwcrrj6tdedqn2g0rwsem-texto.jpg-IM14W6.jpg","datePublished":"2025-07-09T18:17:29+00:00","breadcrumb":{"@id":"https:\/\/deputadotaveirajr.com.br\/index.php\/natal-tem-quarta-cesta-basica-mais-barata-do-pais-em-junho\/#breadcrumb"},"inLanguage":"pt-BR","potentialAction":[{"@type":"ReadAction","target":["https:\/\/deputadotaveirajr.com.br\/index.php\/natal-tem-quarta-cesta-basica-mais-barata-do-pais-em-junho\/"]}]},{"@type":"ImageObject","inLanguage":"pt-BR","@id":"https:\/\/deputadotaveirajr.com.br\/index.php\/natal-tem-quarta-cesta-basica-mais-barata-do-pais-em-junho\/#primaryimage","url":"https:\/\/deputadotaveirajr.com.br\/wp-content\/uploads\/2025\/07\/httpsi.s3.glbimg.comv1auth-59edd422c0c84a879bd37670ae4f538ainternal-photosbs2023vkfkpwcrrj6tdedqn2g0rwsem-texto.jpg-IM14W6.jpg","contentUrl":"https:\/\/deputadotaveirajr.com.br\/wp-content\/uploads\/2025\/07\/httpsi.s3.glbimg.comv1auth-59edd422c0c84a879bd37670ae4f538ainternal-photosbs2023vkfkpwcrrj6tdedqn2g0rwsem-texto.jpg-IM14W6.jpg","width":1920,"height":1080},{"@type":"BreadcrumbList","@id":"https:\/\/deputadotaveirajr.com.br\/index.php\/natal-tem-quarta-cesta-basica-mais-barata-do-pais-em-junho\/#breadcrumb","itemListElement":[{"@type":"ListItem","position":1,"name":"In\u00edcio","item":"https:\/\/deputadotaveirajr.com.br\/"},{"@type":"ListItem","position":2,"name":"Natal tem quarta cesta b\u00e1sica mais barata do pa\u00eds em junho"}]},{"@type":"WebSite","@id":"https:\/\/deputadotaveirajr.com.br\/#website","url":"https:\/\/deputadotaveirajr.com.br\/","name":"Taveira Jr","description":"Deputado Estadual","publisher":{"@id":"https:\/\/deputadotaveirajr.com.br\/#organization"},"potentialAction":[{"@type":"SearchAction","target":{"@type":"EntryPoint","urlTemplate":"https:\/\/deputadotaveirajr.com.br\/?s={search_term_string}"},"query-input":{"@type":"PropertyValueSpecification","valueRequired":true,"valueName":"search_term_string"}}],"inLanguage":"pt-BR"},{"@type":"Organization","@id":"https:\/\/deputadotaveirajr.com.br\/#organization","name":"Taveira Jr","url":"https:\/\/deputadotaveirajr.com.br\/","logo":{"@type":"ImageObject","inLanguage":"pt-BR","@id":"https:\/\/deputadotaveirajr.com.br\/#\/schema\/logo\/image\/","url":"https:\/\/deputadotaveirajr.com.br\/wp-content\/uploads\/2026\/01\/logolow2a.png","contentUrl":"https:\/\/deputadotaveirajr.com.br\/wp-content\/uploads\/2026\/01\/logolow2a.png","width":290,"height":80,"caption":"Taveira Jr"},"image":{"@id":"https:\/\/deputadotaveirajr.com.br\/#\/schema\/logo\/image\/"}}]}},"_links":{"self":[{"href":"https:\/\/deputadotaveirajr.com.br\/index.php\/wp-json\/wp\/v2\/pages\/13618","targetHints":{"allow":["GET"]}}],"collection":[{"href":"https:\/\/deputadotaveirajr.com.br\/index.php\/wp-json\/wp\/v2\/pages"}],"about":[{"href":"https:\/\/deputadotaveirajr.com.br\/index.php\/wp-json\/wp\/v2\/types\/page"}],"replies":[{"embeddable":true,"href":"https:\/\/deputadotaveirajr.com.br\/index.php\/wp-json\/wp\/v2\/comments?post=13618"}],"version-history":[{"count":0,"href":"https:\/\/deputadotaveirajr.com.br\/index.php\/wp-json\/wp\/v2\/pages\/13618\/revisions"}],"wp:featuredmedia":[{"embeddable":true,"href":"https:\/\/deputadotaveirajr.com.br\/index.php\/wp-json\/wp\/v2\/media\/13619"}],"wp:attachment":[{"href":"https:\/\/deputadotaveirajr.com.br\/index.php\/wp-json\/wp\/v2\/media?parent=13618"}],"curies":[{"name":"wp","href":"https:\/\/api.w.org\/{rel}","templated":true}]}}