{"id":13644,"date":"2025-07-12T11:42:31","date_gmt":"2025-07-12T14:42:31","guid":{"rendered":"https:\/\/deputadotaveirajr.com.br\/index.php\/dez-motos-sao-apreendidas-em-operacao-contra-poluicao-sonora-na-grande-natal\/"},"modified":"2025-07-12T11:42:31","modified_gmt":"2025-07-12T14:42:31","slug":"dez-motos-sao-apreendidas-em-operacao-contra-poluicao-sonora-na-grande-natal","status":"publish","type":"page","link":"https:\/\/deputadotaveirajr.com.br\/index.php\/dez-motos-sao-apreendidas-em-operacao-contra-poluicao-sonora-na-grande-natal\/","title":{"rendered":"Dez motos s\u00e3o apreendidas em opera\u00e7\u00e3o contra polui\u00e7\u00e3o sonora na Grande Natal"},"content":{"rendered":"<p><img decoding=\"async\" src=\"https:\/\/s2-g1.glbimg.com\/zWDu4ev_60k9vVqwQZgm1EClCiU=\/i.s3.glbimg.com\/v1\/AUTH_59edd422c0c84a879bd37670ae4f538a\/internal_photos\/bs\/2025\/I\/S\/mmHCEfQsCSCyDBUduzog\/10-motos2.jpg\" \/><br \/>     Conduzir motocicleta com escape causando polui\u00e7\u00e3o sonora \u00e9 infra\u00e7\u00e3o de natureza grave, com multa de R$ 195,23 e 5 pontos carteira de habilita\u00e7\u00e3o. Apreens\u00e3o de motos faz parte de opera\u00e7\u00e3o da pol\u00edcia para reprimir uso de escapes barulhentos<br \/>\nDivulga\u00e7\u00e3o<br \/>\nDez motocicletas foram apreendidas nesta madrugada desta sexta-feira (11) em Parnamirim, na Grande Natal, por conta de polui\u00e7\u00e3o sonora.<br \/>\nDe acordo com o Comando de Policiamento Rodovi\u00e1rio Estadual (CPRE), as apreens\u00f5es fazem parte da Opera\u00e7\u00e3o Sossego, que busca reprimir a condu\u00e7\u00e3o de motocicletas com descarga livre.<br \/>\n\ud83d\udcf3Participe do canal do g1 RN no WhatsApp<br \/>\nSegundo o C\u00f3digo de Tr\u00e2nsito Brasileiro (CTB), conduzir motocicleta com escape causando polui\u00e7\u00e3o sonora \u00e9 infra\u00e7\u00e3o de natureza grave, com multa prevista no valor de R$ 195,23, al\u00e9m de 5 pontos na Carteira Nacional de Habilita\u00e7\u00e3o (CNH).<br \/>\nA apreens\u00e3o foi realizada pelo Batalh\u00e3o Rodovi\u00e1rio\/CPRE, com apoio do Esquadr\u00e3o \u00c1guia. As 10 motos barulhentas apreendidas foram removidas para o dep\u00f3sito do Departamento de Tr\u00e2nsito (Detran).<br \/>\nMais de 400 casos nos 5 primeiros meses do ano<br \/>\nDe janeiro a maio, nos primeiros cinco meses do ano, o CPRE informou que apreendeu 415 motocicletas com escapamentos irregulares em Natal e Parnamirim.<br \/>\nAs infra\u00e7\u00f5es mais recorrentes incluem a aus\u00eancia de silenciadores, escapes furados, descargas livres, filtros removidos, entre outras altera\u00e7\u00f5es proibidas que provocam ru\u00eddos excessivos e incomodam a popula\u00e7\u00e3o, especialmente em \u00e1reas residenciais.<br \/>\nMoto com barulho excessivo pode ser apreendida e gerar multa ao condutor<br \/>\nV\u00eddeos mais assistidos do g1 RN<\/p>","protected":false},"excerpt":{"rendered":"<p>Conduzir motocicleta com escape causando polui\u00e7\u00e3o sonora \u00e9 infra\u00e7\u00e3o de natureza grave, com multa de R$ 195,23 e 5 pontos carteira de habilita\u00e7\u00e3o. Apreens\u00e3o de motos faz parte de opera\u00e7\u00e3o &#8230;<\/p>\n","protected":false},"author":0,"featured_media":13645,"parent":0,"menu_order":0,"comment_status":"closed","ping_status":"closed","template":"","meta":{"footnotes":""},"class_list":["post-13644","page","type-page","status-publish","has-post-thumbnail","hentry"],"yoast_head":"<!-- This site is optimized with the Yoast SEO plugin v27.1.1 - https:\/\/yoast.com\/product\/yoast-seo-wordpress\/ -->\n<title>Dez motos s\u00e3o apreendidas em opera\u00e7\u00e3o contra polui\u00e7\u00e3o sonora na Grande Natal - Taveira Jr<\/title>\n<meta name=\"robots\" content=\"index, follow, max-snippet:-1, max-image-preview:large, max-video-preview:-1\" \/>\n<link rel=\"canonical\" href=\"https:\/\/deputadotaveirajr.com.br\/index.php\/dez-motos-sao-apreendidas-em-operacao-contra-poluicao-sonora-na-grande-natal\/\" \/>\n<meta property=\"og:locale\" content=\"pt_BR\" \/>\n<meta property=\"og:type\" content=\"article\" \/>\n<meta property=\"og:title\" content=\"Dez motos s\u00e3o apreendidas em opera\u00e7\u00e3o contra polui\u00e7\u00e3o sonora na Grande Natal - Taveira Jr\" \/>\n<meta property=\"og:description\" content=\"Conduzir motocicleta com escape causando polui\u00e7\u00e3o sonora \u00e9 infra\u00e7\u00e3o de natureza grave, com multa de R$ 195,23 e 5 pontos carteira de habilita\u00e7\u00e3o. Apreens\u00e3o de motos faz parte de opera\u00e7\u00e3o ...\" \/>\n<meta property=\"og:url\" content=\"https:\/\/deputadotaveirajr.com.br\/index.php\/dez-motos-sao-apreendidas-em-operacao-contra-poluicao-sonora-na-grande-natal\/\" \/>\n<meta property=\"og:site_name\" content=\"Taveira Jr\" \/>\n<meta property=\"og:image\" content=\"https:\/\/s2-g1.glbimg.com\/zWDu4ev_60k9vVqwQZgm1EClCiU=\/i.s3.glbimg.com\/v1\/AUTH_59edd422c0c84a879bd37670ae4f538a\/internal_photos\/bs\/2025\/I\/S\/mmHCEfQsCSCyDBUduzog\/10-motos2.jpg\" \/>\n<meta name=\"twitter:card\" content=\"summary_large_image\" \/>\n<meta name=\"twitter:label1\" content=\"Est. tempo de leitura\" \/>\n\t<meta name=\"twitter:data1\" content=\"1 minuto\" \/>\n<script type=\"application\/ld+json\" class=\"yoast-schema-graph\">{\"@context\":\"https:\/\/schema.org\",\"@graph\":[{\"@type\":\"WebPage\",\"@id\":\"https:\/\/deputadotaveirajr.com.br\/index.php\/dez-motos-sao-apreendidas-em-operacao-contra-poluicao-sonora-na-grande-natal\/\",\"url\":\"https:\/\/deputadotaveirajr.com.br\/index.php\/dez-motos-sao-apreendidas-em-operacao-contra-poluicao-sonora-na-grande-natal\/\",\"name\":\"Dez motos s\u00e3o apreendidas em opera\u00e7\u00e3o contra polui\u00e7\u00e3o sonora na Grande Natal - Taveira Jr\",\"isPartOf\":{\"@id\":\"https:\/\/deputadotaveirajr.com.br\/#website\"},\"primaryImageOfPage\":{\"@id\":\"https:\/\/deputadotaveirajr.com.br\/index.php\/dez-motos-sao-apreendidas-em-operacao-contra-poluicao-sonora-na-grande-natal\/#primaryimage\"},\"image\":{\"@id\":\"https:\/\/deputadotaveirajr.com.br\/index.php\/dez-motos-sao-apreendidas-em-operacao-contra-poluicao-sonora-na-grande-natal\/#primaryimage\"},\"thumbnailUrl\":\"https:\/\/deputadotaveirajr.com.br\/wp-content\/uploads\/2025\/07\/10-motos2-bYdDHz.jpg\",\"datePublished\":\"2025-07-12T14:42:31+00:00\",\"breadcrumb\":{\"@id\":\"https:\/\/deputadotaveirajr.com.br\/index.php\/dez-motos-sao-apreendidas-em-operacao-contra-poluicao-sonora-na-grande-natal\/#breadcrumb\"},\"inLanguage\":\"pt-BR\",\"potentialAction\":[{\"@type\":\"ReadAction\",\"target\":[\"https:\/\/deputadotaveirajr.com.br\/index.php\/dez-motos-sao-apreendidas-em-operacao-contra-poluicao-sonora-na-grande-natal\/\"]}]},{\"@type\":\"ImageObject\",\"inLanguage\":\"pt-BR\",\"@id\":\"https:\/\/deputadotaveirajr.com.br\/index.php\/dez-motos-sao-apreendidas-em-operacao-contra-poluicao-sonora-na-grande-natal\/#primaryimage\",\"url\":\"https:\/\/deputadotaveirajr.com.br\/wp-content\/uploads\/2025\/07\/10-motos2-bYdDHz.jpg\",\"contentUrl\":\"https:\/\/deputadotaveirajr.com.br\/wp-content\/uploads\/2025\/07\/10-motos2-bYdDHz.jpg\",\"width\":1200,\"height\":815},{\"@type\":\"BreadcrumbList\",\"@id\":\"https:\/\/deputadotaveirajr.com.br\/index.php\/dez-motos-sao-apreendidas-em-operacao-contra-poluicao-sonora-na-grande-natal\/#breadcrumb\",\"itemListElement\":[{\"@type\":\"ListItem\",\"position\":1,\"name\":\"In\u00edcio\",\"item\":\"https:\/\/deputadotaveirajr.com.br\/\"},{\"@type\":\"ListItem\",\"position\":2,\"name\":\"Dez motos s\u00e3o apreendidas em opera\u00e7\u00e3o contra polui\u00e7\u00e3o sonora na Grande Natal\"}]},{\"@type\":\"WebSite\",\"@id\":\"https:\/\/deputadotaveirajr.com.br\/#website\",\"url\":\"https:\/\/deputadotaveirajr.com.br\/\",\"name\":\"Taveira Jr\",\"description\":\"Deputado Estadual\",\"publisher\":{\"@id\":\"https:\/\/deputadotaveirajr.com.br\/#organization\"},\"potentialAction\":[{\"@type\":\"SearchAction\",\"target\":{\"@type\":\"EntryPoint\",\"urlTemplate\":\"https:\/\/deputadotaveirajr.com.br\/?s={search_term_string}\"},\"query-input\":{\"@type\":\"PropertyValueSpecification\",\"valueRequired\":true,\"valueName\":\"search_term_string\"}}],\"inLanguage\":\"pt-BR\"},{\"@type\":\"Organization\",\"@id\":\"https:\/\/deputadotaveirajr.com.br\/#organization\",\"name\":\"Taveira Jr\",\"url\":\"https:\/\/deputadotaveirajr.com.br\/\",\"logo\":{\"@type\":\"ImageObject\",\"inLanguage\":\"pt-BR\",\"@id\":\"https:\/\/deputadotaveirajr.com.br\/#\/schema\/logo\/image\/\",\"url\":\"https:\/\/deputadotaveirajr.com.br\/wp-content\/uploads\/2026\/01\/logolow2a.png\",\"contentUrl\":\"https:\/\/deputadotaveirajr.com.br\/wp-content\/uploads\/2026\/01\/logolow2a.png\",\"width\":290,\"height\":80,\"caption\":\"Taveira Jr\"},\"image\":{\"@id\":\"https:\/\/deputadotaveirajr.com.br\/#\/schema\/logo\/image\/\"}}]}<\/script>\n<!-- \/ Yoast SEO plugin. -->","yoast_head_json":{"title":"Dez motos s\u00e3o apreendidas em opera\u00e7\u00e3o contra polui\u00e7\u00e3o sonora na Grande Natal - Taveira Jr","robots":{"index":"index","follow":"follow","max-snippet":"max-snippet:-1","max-image-preview":"max-image-preview:large","max-video-preview":"max-video-preview:-1"},"canonical":"https:\/\/deputadotaveirajr.com.br\/index.php\/dez-motos-sao-apreendidas-em-operacao-contra-poluicao-sonora-na-grande-natal\/","og_locale":"pt_BR","og_type":"article","og_title":"Dez motos s\u00e3o apreendidas em opera\u00e7\u00e3o contra polui\u00e7\u00e3o sonora na Grande Natal - Taveira Jr","og_description":"Conduzir motocicleta com escape causando polui\u00e7\u00e3o sonora \u00e9 infra\u00e7\u00e3o de natureza grave, com multa de R$ 195,23 e 5 pontos carteira de habilita\u00e7\u00e3o. Apreens\u00e3o de motos faz parte de opera\u00e7\u00e3o ...","og_url":"https:\/\/deputadotaveirajr.com.br\/index.php\/dez-motos-sao-apreendidas-em-operacao-contra-poluicao-sonora-na-grande-natal\/","og_site_name":"Taveira Jr","og_image":[{"url":"https:\/\/s2-g1.glbimg.com\/zWDu4ev_60k9vVqwQZgm1EClCiU=\/i.s3.glbimg.com\/v1\/AUTH_59edd422c0c84a879bd37670ae4f538a\/internal_photos\/bs\/2025\/I\/S\/mmHCEfQsCSCyDBUduzog\/10-motos2.jpg","type":"","width":"","height":""}],"twitter_card":"summary_large_image","twitter_misc":{"Est. tempo de leitura":"1 minuto"},"schema":{"@context":"https:\/\/schema.org","@graph":[{"@type":"WebPage","@id":"https:\/\/deputadotaveirajr.com.br\/index.php\/dez-motos-sao-apreendidas-em-operacao-contra-poluicao-sonora-na-grande-natal\/","url":"https:\/\/deputadotaveirajr.com.br\/index.php\/dez-motos-sao-apreendidas-em-operacao-contra-poluicao-sonora-na-grande-natal\/","name":"Dez motos s\u00e3o apreendidas em opera\u00e7\u00e3o contra polui\u00e7\u00e3o sonora na Grande Natal - Taveira Jr","isPartOf":{"@id":"https:\/\/deputadotaveirajr.com.br\/#website"},"primaryImageOfPage":{"@id":"https:\/\/deputadotaveirajr.com.br\/index.php\/dez-motos-sao-apreendidas-em-operacao-contra-poluicao-sonora-na-grande-natal\/#primaryimage"},"image":{"@id":"https:\/\/deputadotaveirajr.com.br\/index.php\/dez-motos-sao-apreendidas-em-operacao-contra-poluicao-sonora-na-grande-natal\/#primaryimage"},"thumbnailUrl":"https:\/\/deputadotaveirajr.com.br\/wp-content\/uploads\/2025\/07\/10-motos2-bYdDHz.jpg","datePublished":"2025-07-12T14:42:31+00:00","breadcrumb":{"@id":"https:\/\/deputadotaveirajr.com.br\/index.php\/dez-motos-sao-apreendidas-em-operacao-contra-poluicao-sonora-na-grande-natal\/#breadcrumb"},"inLanguage":"pt-BR","potentialAction":[{"@type":"ReadAction","target":["https:\/\/deputadotaveirajr.com.br\/index.php\/dez-motos-sao-apreendidas-em-operacao-contra-poluicao-sonora-na-grande-natal\/"]}]},{"@type":"ImageObject","inLanguage":"pt-BR","@id":"https:\/\/deputadotaveirajr.com.br\/index.php\/dez-motos-sao-apreendidas-em-operacao-contra-poluicao-sonora-na-grande-natal\/#primaryimage","url":"https:\/\/deputadotaveirajr.com.br\/wp-content\/uploads\/2025\/07\/10-motos2-bYdDHz.jpg","contentUrl":"https:\/\/deputadotaveirajr.com.br\/wp-content\/uploads\/2025\/07\/10-motos2-bYdDHz.jpg","width":1200,"height":815},{"@type":"BreadcrumbList","@id":"https:\/\/deputadotaveirajr.com.br\/index.php\/dez-motos-sao-apreendidas-em-operacao-contra-poluicao-sonora-na-grande-natal\/#breadcrumb","itemListElement":[{"@type":"ListItem","position":1,"name":"In\u00edcio","item":"https:\/\/deputadotaveirajr.com.br\/"},{"@type":"ListItem","position":2,"name":"Dez motos s\u00e3o apreendidas em opera\u00e7\u00e3o contra polui\u00e7\u00e3o sonora na Grande Natal"}]},{"@type":"WebSite","@id":"https:\/\/deputadotaveirajr.com.br\/#website","url":"https:\/\/deputadotaveirajr.com.br\/","name":"Taveira Jr","description":"Deputado Estadual","publisher":{"@id":"https:\/\/deputadotaveirajr.com.br\/#organization"},"potentialAction":[{"@type":"SearchAction","target":{"@type":"EntryPoint","urlTemplate":"https:\/\/deputadotaveirajr.com.br\/?s={search_term_string}"},"query-input":{"@type":"PropertyValueSpecification","valueRequired":true,"valueName":"search_term_string"}}],"inLanguage":"pt-BR"},{"@type":"Organization","@id":"https:\/\/deputadotaveirajr.com.br\/#organization","name":"Taveira Jr","url":"https:\/\/deputadotaveirajr.com.br\/","logo":{"@type":"ImageObject","inLanguage":"pt-BR","@id":"https:\/\/deputadotaveirajr.com.br\/#\/schema\/logo\/image\/","url":"https:\/\/deputadotaveirajr.com.br\/wp-content\/uploads\/2026\/01\/logolow2a.png","contentUrl":"https:\/\/deputadotaveirajr.com.br\/wp-content\/uploads\/2026\/01\/logolow2a.png","width":290,"height":80,"caption":"Taveira Jr"},"image":{"@id":"https:\/\/deputadotaveirajr.com.br\/#\/schema\/logo\/image\/"}}]}},"_links":{"self":[{"href":"https:\/\/deputadotaveirajr.com.br\/index.php\/wp-json\/wp\/v2\/pages\/13644","targetHints":{"allow":["GET"]}}],"collection":[{"href":"https:\/\/deputadotaveirajr.com.br\/index.php\/wp-json\/wp\/v2\/pages"}],"about":[{"href":"https:\/\/deputadotaveirajr.com.br\/index.php\/wp-json\/wp\/v2\/types\/page"}],"replies":[{"embeddable":true,"href":"https:\/\/deputadotaveirajr.com.br\/index.php\/wp-json\/wp\/v2\/comments?post=13644"}],"version-history":[{"count":0,"href":"https:\/\/deputadotaveirajr.com.br\/index.php\/wp-json\/wp\/v2\/pages\/13644\/revisions"}],"wp:featuredmedia":[{"embeddable":true,"href":"https:\/\/deputadotaveirajr.com.br\/index.php\/wp-json\/wp\/v2\/media\/13645"}],"wp:attachment":[{"href":"https:\/\/deputadotaveirajr.com.br\/index.php\/wp-json\/wp\/v2\/media?parent=13644"}],"curies":[{"name":"wp","href":"https:\/\/api.w.org\/{rel}","templated":true}]}}