{"id":13646,"date":"2025-07-12T10:14:10","date_gmt":"2025-07-12T13:14:10","guid":{"rendered":"https:\/\/deputadotaveirajr.com.br\/index.php\/refis-natal-entra-na-ultima-semana-com-descontos-de-ate-100-nos-juros-para-pagamento-de-dividas\/"},"modified":"2025-07-12T10:14:10","modified_gmt":"2025-07-12T13:14:10","slug":"refis-natal-entra-na-ultima-semana-com-descontos-de-ate-100-nos-juros-para-pagamento-de-dividas","status":"publish","type":"page","link":"https:\/\/deputadotaveirajr.com.br\/index.php\/refis-natal-entra-na-ultima-semana-com-descontos-de-ate-100-nos-juros-para-pagamento-de-dividas\/","title":{"rendered":"Refis Natal entra na \u00faltima semana com descontos de at\u00e9 100% nos juros para pagamento de d\u00edvidas"},"content":{"rendered":"<p><img decoding=\"async\" src=\"https:\/\/s2-g1.glbimg.com\/pQBft1-FO5Kc_UAwrLRgTQRRfys=\/i.s3.glbimg.com\/v1\/AUTH_59edd422c0c84a879bd37670ae4f538a\/internal_photos\/bs\/2022\/f\/Z\/bzgk3GQYKOQdQqstmvkw\/semut.jpg\" \/><br \/>     Programa de refinanciamento de d\u00edvidas com o Munic\u00edpio de Natal vai at\u00e9 a pr\u00f3xima sexta-feira (18).  Pagamento \u00e0 vista d\u00e1 100% de desconto nos juros e at\u00e9 90% na multa. Predio da Sefin, antiga Semut<br \/>\nDivulga\u00e7\u00e3o<br \/>\nO programa de refinanciamento de d\u00edvidas da Prefeitura do Natal, o Refis 2025, entra na \u00faltima semana  de ades\u00e3o, que segue at\u00e9 a pr\u00f3xima sexta-feira (18). O programa oferece at\u00e9 100% de desconto nos juros e at\u00e9 90% na multa em mora para o pagamento de d\u00edvidas com o Munic\u00edpio.<br \/>\nSegundo a Secretaria Municipal de Finan\u00e7as (Sefin), foram mais de 19 mil negocia\u00e7\u00f5es realizadas desde o lan\u00e7amento, em abril. O prazo inicial, que se encerraria em junho, foi estendido.<br \/>\n\ud83d\udcf3Participe do canal do g1 RN no WhatsApp<br \/>\n\u201cSabemos que muita gente quer regularizar sua situa\u00e7\u00e3o, mas acaba deixando para depois. O REFIS 2025 oferece uma chance real, com descontos generosos, entrada facilitada e v\u00e1rias op\u00e7\u00f5es de pagamento. \u00c9 um momento de pensar no futuro, evitar d\u00edvidas e contribuir para o desenvolvimento da nossa cidade\u201d, disse o secret\u00e1rio municipal de Finan\u00e7as, Marcelo Oliveira.<br \/>\nOs descontos valem inclusive para contribuintes que tiveram parcelamentos anteriores cancelados por inadimpl\u00eancia, informou a Sefin.<br \/>\nVeja os descontos<br \/>\nOs contribuintes podem optar por pagamento \u00e0 vista com 100% de desconto nos juros e at\u00e9 90% na multa, ou parcelar em at\u00e9 60 vezes, com descontos progressivos:<br \/>\nAt\u00e9 12 parcelas: 100% de desconto nos juros e 80% de desconto na multa de mora<br \/>\nDe 13 a 24 parcelas: 100% de desconto nos juros e 70% de desconto<br \/>\nDe 25 a 36 parcelas: 100% de desconto nos juros e 60% de desconto<br \/>\nDe 37 a 48 parcelas: 100% de desconto nos juros e 50% de desconto<br \/>\nDe 49 a 60 parcelas: 100% de desconto nos juros e 40% de desconto<br \/>\nA entrada sempre equivale ao valor normal de uma parcela, e o valor m\u00ednimo da parcela \u00e9 de R$ 50 para pessoa f\u00edsica e R$ 200 para pessoa jur\u00eddica.<br \/>\nAtendimento online, presencial e novas formas de pagamento<br \/>\nO contribuinte pode aderir ao programa:<br \/>\npelo Portal Directa (www.directa.natal.rn.gov.br), com acesso via Gov.br.<br \/>\npelo atendimento de WhatsApp, no n\u00famero (84) 98786-1990<br \/>\npresencialmente, na sede da secretaria, localizada na Rua A\u00e7u, 394, bairro Tirol.<br \/>\nPagamentos<br \/>\nAs op\u00e7\u00f5es de pagamento incluem PIX, ficha de compensa\u00e7\u00e3o (em qualquer banco) e conv\u00eanios com o Banco do Brasil e a Caixa Econ\u00f4mica Federal.<br \/>\nPara quem \u00e9 cliente do Banco do Brasil, h\u00e1 a facilidade do conv\u00eanio direto, que dispensa a emiss\u00e3o de boletos.<br \/>\n Basta acessar o aplicativo do BB, terminais de autoatendimento ou o internet banking, seguindo o caminho: Pagamentos &gt; Impostos e Taxas &gt; IPTU &gt; RN &gt; Natal.<br \/>\nOutra vantagem oferecida pelo programa \u00e9 a possibilidade de quitar os d\u00e9bitos utilizando cart\u00e3o de cr\u00e9dito. Com essa op\u00e7\u00e3o, o contribuinte pode garantir o desconto m\u00e1ximo \u00e0 vista e ainda parcelar o valor diretamente no cart\u00e3o, tornando o pagamento mais acess\u00edvel.<br \/>\nPrazo de ades\u00e3o do Refis \u00e9 prorrogado em Natal<br \/>\nV\u00eddeos mais assistidos do g1 RN<\/p>","protected":false},"excerpt":{"rendered":"<p>Programa de refinanciamento de d\u00edvidas com o Munic\u00edpio de Natal vai at\u00e9 a pr\u00f3xima sexta-feira (18). Pagamento \u00e0 vista d\u00e1 100% de desconto nos juros e at\u00e9 90% na multa. &#8230;<\/p>\n","protected":false},"author":0,"featured_media":13647,"parent":0,"menu_order":0,"comment_status":"closed","ping_status":"closed","template":"","meta":{"footnotes":""},"class_list":["post-13646","page","type-page","status-publish","has-post-thumbnail","hentry"],"yoast_head":"<!-- This site is optimized with the Yoast SEO plugin v27.1.1 - https:\/\/yoast.com\/product\/yoast-seo-wordpress\/ -->\n<title>Refis Natal entra na \u00faltima semana com descontos de at\u00e9 100% nos juros para pagamento de d\u00edvidas - Taveira Jr<\/title>\n<meta name=\"robots\" content=\"index, follow, max-snippet:-1, max-image-preview:large, max-video-preview:-1\" \/>\n<link rel=\"canonical\" href=\"https:\/\/deputadotaveirajr.com.br\/index.php\/refis-natal-entra-na-ultima-semana-com-descontos-de-ate-100-nos-juros-para-pagamento-de-dividas\/\" \/>\n<meta property=\"og:locale\" content=\"pt_BR\" \/>\n<meta property=\"og:type\" content=\"article\" \/>\n<meta property=\"og:title\" content=\"Refis Natal entra na \u00faltima semana com descontos de at\u00e9 100% nos juros para pagamento de d\u00edvidas - Taveira Jr\" \/>\n<meta property=\"og:description\" content=\"Programa de refinanciamento de d\u00edvidas com o Munic\u00edpio de Natal vai at\u00e9 a pr\u00f3xima sexta-feira (18). Pagamento \u00e0 vista d\u00e1 100% de desconto nos juros e at\u00e9 90% na multa. ...\" \/>\n<meta property=\"og:url\" content=\"https:\/\/deputadotaveirajr.com.br\/index.php\/refis-natal-entra-na-ultima-semana-com-descontos-de-ate-100-nos-juros-para-pagamento-de-dividas\/\" \/>\n<meta property=\"og:site_name\" content=\"Taveira Jr\" \/>\n<meta property=\"og:image\" content=\"https:\/\/s2-g1.glbimg.com\/pQBft1-FO5Kc_UAwrLRgTQRRfys=\/i.s3.glbimg.com\/v1\/AUTH_59edd422c0c84a879bd37670ae4f538a\/internal_photos\/bs\/2022\/f\/Z\/bzgk3GQYKOQdQqstmvkw\/semut.jpg\" \/>\n<meta name=\"twitter:card\" content=\"summary_large_image\" \/>\n<meta name=\"twitter:label1\" content=\"Est. tempo de leitura\" \/>\n\t<meta name=\"twitter:data1\" content=\"2 minutos\" \/>\n<script type=\"application\/ld+json\" class=\"yoast-schema-graph\">{\"@context\":\"https:\/\/schema.org\",\"@graph\":[{\"@type\":\"WebPage\",\"@id\":\"https:\/\/deputadotaveirajr.com.br\/index.php\/refis-natal-entra-na-ultima-semana-com-descontos-de-ate-100-nos-juros-para-pagamento-de-dividas\/\",\"url\":\"https:\/\/deputadotaveirajr.com.br\/index.php\/refis-natal-entra-na-ultima-semana-com-descontos-de-ate-100-nos-juros-para-pagamento-de-dividas\/\",\"name\":\"Refis Natal entra na \u00faltima semana com descontos de at\u00e9 100% nos juros para pagamento de d\u00edvidas - Taveira Jr\",\"isPartOf\":{\"@id\":\"https:\/\/deputadotaveirajr.com.br\/#website\"},\"primaryImageOfPage\":{\"@id\":\"https:\/\/deputadotaveirajr.com.br\/index.php\/refis-natal-entra-na-ultima-semana-com-descontos-de-ate-100-nos-juros-para-pagamento-de-dividas\/#primaryimage\"},\"image\":{\"@id\":\"https:\/\/deputadotaveirajr.com.br\/index.php\/refis-natal-entra-na-ultima-semana-com-descontos-de-ate-100-nos-juros-para-pagamento-de-dividas\/#primaryimage\"},\"thumbnailUrl\":\"https:\/\/deputadotaveirajr.com.br\/wp-content\/uploads\/2025\/07\/semut-pUwVC2.jpg\",\"datePublished\":\"2025-07-12T13:14:10+00:00\",\"breadcrumb\":{\"@id\":\"https:\/\/deputadotaveirajr.com.br\/index.php\/refis-natal-entra-na-ultima-semana-com-descontos-de-ate-100-nos-juros-para-pagamento-de-dividas\/#breadcrumb\"},\"inLanguage\":\"pt-BR\",\"potentialAction\":[{\"@type\":\"ReadAction\",\"target\":[\"https:\/\/deputadotaveirajr.com.br\/index.php\/refis-natal-entra-na-ultima-semana-com-descontos-de-ate-100-nos-juros-para-pagamento-de-dividas\/\"]}]},{\"@type\":\"ImageObject\",\"inLanguage\":\"pt-BR\",\"@id\":\"https:\/\/deputadotaveirajr.com.br\/index.php\/refis-natal-entra-na-ultima-semana-com-descontos-de-ate-100-nos-juros-para-pagamento-de-dividas\/#primaryimage\",\"url\":\"https:\/\/deputadotaveirajr.com.br\/wp-content\/uploads\/2025\/07\/semut-pUwVC2.jpg\",\"contentUrl\":\"https:\/\/deputadotaveirajr.com.br\/wp-content\/uploads\/2025\/07\/semut-pUwVC2.jpg\",\"width\":1773,\"height\":1182},{\"@type\":\"BreadcrumbList\",\"@id\":\"https:\/\/deputadotaveirajr.com.br\/index.php\/refis-natal-entra-na-ultima-semana-com-descontos-de-ate-100-nos-juros-para-pagamento-de-dividas\/#breadcrumb\",\"itemListElement\":[{\"@type\":\"ListItem\",\"position\":1,\"name\":\"In\u00edcio\",\"item\":\"https:\/\/deputadotaveirajr.com.br\/\"},{\"@type\":\"ListItem\",\"position\":2,\"name\":\"Refis Natal entra na \u00faltima semana com descontos de at\u00e9 100% nos juros para pagamento de d\u00edvidas\"}]},{\"@type\":\"WebSite\",\"@id\":\"https:\/\/deputadotaveirajr.com.br\/#website\",\"url\":\"https:\/\/deputadotaveirajr.com.br\/\",\"name\":\"Taveira Jr\",\"description\":\"Deputado Estadual\",\"publisher\":{\"@id\":\"https:\/\/deputadotaveirajr.com.br\/#organization\"},\"potentialAction\":[{\"@type\":\"SearchAction\",\"target\":{\"@type\":\"EntryPoint\",\"urlTemplate\":\"https:\/\/deputadotaveirajr.com.br\/?s={search_term_string}\"},\"query-input\":{\"@type\":\"PropertyValueSpecification\",\"valueRequired\":true,\"valueName\":\"search_term_string\"}}],\"inLanguage\":\"pt-BR\"},{\"@type\":\"Organization\",\"@id\":\"https:\/\/deputadotaveirajr.com.br\/#organization\",\"name\":\"Taveira Jr\",\"url\":\"https:\/\/deputadotaveirajr.com.br\/\",\"logo\":{\"@type\":\"ImageObject\",\"inLanguage\":\"pt-BR\",\"@id\":\"https:\/\/deputadotaveirajr.com.br\/#\/schema\/logo\/image\/\",\"url\":\"https:\/\/deputadotaveirajr.com.br\/wp-content\/uploads\/2026\/01\/logolow2a.png\",\"contentUrl\":\"https:\/\/deputadotaveirajr.com.br\/wp-content\/uploads\/2026\/01\/logolow2a.png\",\"width\":290,\"height\":80,\"caption\":\"Taveira Jr\"},\"image\":{\"@id\":\"https:\/\/deputadotaveirajr.com.br\/#\/schema\/logo\/image\/\"}}]}<\/script>\n<!-- \/ Yoast SEO plugin. -->","yoast_head_json":{"title":"Refis Natal entra na \u00faltima semana com descontos de at\u00e9 100% nos juros para pagamento de d\u00edvidas - Taveira Jr","robots":{"index":"index","follow":"follow","max-snippet":"max-snippet:-1","max-image-preview":"max-image-preview:large","max-video-preview":"max-video-preview:-1"},"canonical":"https:\/\/deputadotaveirajr.com.br\/index.php\/refis-natal-entra-na-ultima-semana-com-descontos-de-ate-100-nos-juros-para-pagamento-de-dividas\/","og_locale":"pt_BR","og_type":"article","og_title":"Refis Natal entra na \u00faltima semana com descontos de at\u00e9 100% nos juros para pagamento de d\u00edvidas - Taveira Jr","og_description":"Programa de refinanciamento de d\u00edvidas com o Munic\u00edpio de Natal vai at\u00e9 a pr\u00f3xima sexta-feira (18). Pagamento \u00e0 vista d\u00e1 100% de desconto nos juros e at\u00e9 90% na multa. ...","og_url":"https:\/\/deputadotaveirajr.com.br\/index.php\/refis-natal-entra-na-ultima-semana-com-descontos-de-ate-100-nos-juros-para-pagamento-de-dividas\/","og_site_name":"Taveira Jr","og_image":[{"url":"https:\/\/s2-g1.glbimg.com\/pQBft1-FO5Kc_UAwrLRgTQRRfys=\/i.s3.glbimg.com\/v1\/AUTH_59edd422c0c84a879bd37670ae4f538a\/internal_photos\/bs\/2022\/f\/Z\/bzgk3GQYKOQdQqstmvkw\/semut.jpg","type":"","width":"","height":""}],"twitter_card":"summary_large_image","twitter_misc":{"Est. tempo de leitura":"2 minutos"},"schema":{"@context":"https:\/\/schema.org","@graph":[{"@type":"WebPage","@id":"https:\/\/deputadotaveirajr.com.br\/index.php\/refis-natal-entra-na-ultima-semana-com-descontos-de-ate-100-nos-juros-para-pagamento-de-dividas\/","url":"https:\/\/deputadotaveirajr.com.br\/index.php\/refis-natal-entra-na-ultima-semana-com-descontos-de-ate-100-nos-juros-para-pagamento-de-dividas\/","name":"Refis Natal entra na \u00faltima semana com descontos de at\u00e9 100% nos juros para pagamento de d\u00edvidas - Taveira Jr","isPartOf":{"@id":"https:\/\/deputadotaveirajr.com.br\/#website"},"primaryImageOfPage":{"@id":"https:\/\/deputadotaveirajr.com.br\/index.php\/refis-natal-entra-na-ultima-semana-com-descontos-de-ate-100-nos-juros-para-pagamento-de-dividas\/#primaryimage"},"image":{"@id":"https:\/\/deputadotaveirajr.com.br\/index.php\/refis-natal-entra-na-ultima-semana-com-descontos-de-ate-100-nos-juros-para-pagamento-de-dividas\/#primaryimage"},"thumbnailUrl":"https:\/\/deputadotaveirajr.com.br\/wp-content\/uploads\/2025\/07\/semut-pUwVC2.jpg","datePublished":"2025-07-12T13:14:10+00:00","breadcrumb":{"@id":"https:\/\/deputadotaveirajr.com.br\/index.php\/refis-natal-entra-na-ultima-semana-com-descontos-de-ate-100-nos-juros-para-pagamento-de-dividas\/#breadcrumb"},"inLanguage":"pt-BR","potentialAction":[{"@type":"ReadAction","target":["https:\/\/deputadotaveirajr.com.br\/index.php\/refis-natal-entra-na-ultima-semana-com-descontos-de-ate-100-nos-juros-para-pagamento-de-dividas\/"]}]},{"@type":"ImageObject","inLanguage":"pt-BR","@id":"https:\/\/deputadotaveirajr.com.br\/index.php\/refis-natal-entra-na-ultima-semana-com-descontos-de-ate-100-nos-juros-para-pagamento-de-dividas\/#primaryimage","url":"https:\/\/deputadotaveirajr.com.br\/wp-content\/uploads\/2025\/07\/semut-pUwVC2.jpg","contentUrl":"https:\/\/deputadotaveirajr.com.br\/wp-content\/uploads\/2025\/07\/semut-pUwVC2.jpg","width":1773,"height":1182},{"@type":"BreadcrumbList","@id":"https:\/\/deputadotaveirajr.com.br\/index.php\/refis-natal-entra-na-ultima-semana-com-descontos-de-ate-100-nos-juros-para-pagamento-de-dividas\/#breadcrumb","itemListElement":[{"@type":"ListItem","position":1,"name":"In\u00edcio","item":"https:\/\/deputadotaveirajr.com.br\/"},{"@type":"ListItem","position":2,"name":"Refis Natal entra na \u00faltima semana com descontos de at\u00e9 100% nos juros para pagamento de d\u00edvidas"}]},{"@type":"WebSite","@id":"https:\/\/deputadotaveirajr.com.br\/#website","url":"https:\/\/deputadotaveirajr.com.br\/","name":"Taveira Jr","description":"Deputado Estadual","publisher":{"@id":"https:\/\/deputadotaveirajr.com.br\/#organization"},"potentialAction":[{"@type":"SearchAction","target":{"@type":"EntryPoint","urlTemplate":"https:\/\/deputadotaveirajr.com.br\/?s={search_term_string}"},"query-input":{"@type":"PropertyValueSpecification","valueRequired":true,"valueName":"search_term_string"}}],"inLanguage":"pt-BR"},{"@type":"Organization","@id":"https:\/\/deputadotaveirajr.com.br\/#organization","name":"Taveira Jr","url":"https:\/\/deputadotaveirajr.com.br\/","logo":{"@type":"ImageObject","inLanguage":"pt-BR","@id":"https:\/\/deputadotaveirajr.com.br\/#\/schema\/logo\/image\/","url":"https:\/\/deputadotaveirajr.com.br\/wp-content\/uploads\/2026\/01\/logolow2a.png","contentUrl":"https:\/\/deputadotaveirajr.com.br\/wp-content\/uploads\/2026\/01\/logolow2a.png","width":290,"height":80,"caption":"Taveira Jr"},"image":{"@id":"https:\/\/deputadotaveirajr.com.br\/#\/schema\/logo\/image\/"}}]}},"_links":{"self":[{"href":"https:\/\/deputadotaveirajr.com.br\/index.php\/wp-json\/wp\/v2\/pages\/13646","targetHints":{"allow":["GET"]}}],"collection":[{"href":"https:\/\/deputadotaveirajr.com.br\/index.php\/wp-json\/wp\/v2\/pages"}],"about":[{"href":"https:\/\/deputadotaveirajr.com.br\/index.php\/wp-json\/wp\/v2\/types\/page"}],"replies":[{"embeddable":true,"href":"https:\/\/deputadotaveirajr.com.br\/index.php\/wp-json\/wp\/v2\/comments?post=13646"}],"version-history":[{"count":0,"href":"https:\/\/deputadotaveirajr.com.br\/index.php\/wp-json\/wp\/v2\/pages\/13646\/revisions"}],"wp:featuredmedia":[{"embeddable":true,"href":"https:\/\/deputadotaveirajr.com.br\/index.php\/wp-json\/wp\/v2\/media\/13647"}],"wp:attachment":[{"href":"https:\/\/deputadotaveirajr.com.br\/index.php\/wp-json\/wp\/v2\/media?parent=13646"}],"curies":[{"name":"wp","href":"https:\/\/api.w.org\/{rel}","templated":true}]}}