{"id":13653,"date":"2025-07-15T20:23:50","date_gmt":"2025-07-15T23:23:50","guid":{"rendered":"https:\/\/deputadotaveirajr.com.br\/index.php\/justica-absolve-ex-senador-jose-agripino-de-acusacao-de-esquema-na-construcao-da-arena-das-dunas\/"},"modified":"2025-07-15T20:23:50","modified_gmt":"2025-07-15T23:23:50","slug":"justica-absolve-ex-senador-jose-agripino-de-acusacao-de-esquema-na-construcao-da-arena-das-dunas","status":"publish","type":"page","link":"https:\/\/deputadotaveirajr.com.br\/index.php\/justica-absolve-ex-senador-jose-agripino-de-acusacao-de-esquema-na-construcao-da-arena-das-dunas\/","title":{"rendered":"Justi\u00e7a absolve ex-senador Jos\u00e9 Agripino de acusa\u00e7\u00e3o de esquema na constru\u00e7\u00e3o da Arena das Dunas"},"content":{"rendered":"<p><img decoding=\"async\" src=\"https:\/\/s2-g1.glbimg.com\/RoA-eDx44GVUzP_RU3p3FP3Mc-k=\/i.s3.glbimg.com\/v1\/AUTH_59edd422c0c84a879bd37670ae4f538a\/internal_photos\/bs\/2025\/v\/I\/Z9w8jOSKCs0d2Z5aptWg\/captura-de-tela-2025-07-15-201435.png\" \/><br \/>     Jos\u00e9 Agripino, ex-senador e ex-governador do Rio Grande do Norte<br \/>\nDivulga\u00e7\u00e3o\/ARQUIVO<br \/>\nO Tribunal Regional Federal da 5\u00aa Regi\u00e3o (TRF-5) confirmou, nesta ter\u00e7a-feira (15), a absolvi\u00e7\u00e3o do ex-senador pelo Rio Grande do Norte Jos\u00e9 Agripino Maia (Uni\u00e3o Brasil) da acusa\u00e7\u00e3o de irregularidades na constru\u00e7\u00e3o da Arena das Dunas, em Natal, para a Copa do Mundo de 2014.<br \/>\nA decis\u00e3o do TRF5 entendeu que n\u00e3o h\u00e1 provas de interfer\u00eancia pol\u00edtica do ex-parlamentar para a libera\u00e7\u00e3o de recursos federais ou para obten\u00e7\u00e3o de vantagens il\u00edcitas.<br \/>\n\ud83d\udcf3Participe do canal do g1 RN no WhatsApp<br \/>\nA Justi\u00e7a Federal j\u00e1 havia absolvido o ex-senador, mas o caso foi para o TRF5 ap\u00f3s o Minist\u00e9rio P\u00fablico Federal (MPF), respons\u00e1vel pelo den\u00fancia, recorrer.<br \/>\nO MPF informou, dessa vez, que n\u00e3o ir\u00e1 recorrer da senten\u00e7a.  Com isso, a decis\u00e3o se torna definitiva e o ex-senador \u00e9 considerado inocente das acusa\u00e7\u00f5es.<br \/>\nJos\u00e9 Agripino era investigado sob a suspeita de ter se reunido, em maio de 2013, com representantes da construtora da Arena das Dunas e agentes p\u00fablicos para articular a continuidade da libera\u00e7\u00e3o de recursos federais, visando interesses particulares da empreiteira.<br \/>\nNo entanto, os desembargadores federais que julgaram o caso consideraram que reuni\u00f5es dessa natureza faziam parte das atribui\u00e7\u00f5es de Agripino como parlamentar, n\u00e3o configurando, assim, atua\u00e7\u00e3o ilegal.<br \/>\nRelembre, abaixo, reportagem de den\u00fancia a ex-senador na Lava-Jato, em 2017.<br \/>\nSenador Jos\u00e9 Agripino Maia \u00e9 denunciado em a\u00e7\u00e3o da Lava Jato<br \/>\nV\u00eddeos mais assistidos do g1 RN<\/p>","protected":false},"excerpt":{"rendered":"<p>Jos\u00e9 Agripino, ex-senador e ex-governador do Rio Grande do Norte Divulga\u00e7\u00e3o\/ARQUIVO O Tribunal Regional Federal da 5\u00aa Regi\u00e3o (TRF-5) confirmou, nesta ter\u00e7a-feira (15), a absolvi\u00e7\u00e3o do ex-senador pelo Rio Grande &#8230;<\/p>\n","protected":false},"author":0,"featured_media":13654,"parent":0,"menu_order":0,"comment_status":"closed","ping_status":"closed","template":"","meta":{"footnotes":""},"class_list":["post-13653","page","type-page","status-publish","has-post-thumbnail","hentry"],"yoast_head":"<!-- This site is optimized with the Yoast SEO plugin v27.1.1 - https:\/\/yoast.com\/product\/yoast-seo-wordpress\/ -->\n<title>Justi\u00e7a absolve ex-senador Jos\u00e9 Agripino de acusa\u00e7\u00e3o de esquema na constru\u00e7\u00e3o da Arena das Dunas - Taveira Jr<\/title>\n<meta name=\"robots\" content=\"index, follow, max-snippet:-1, max-image-preview:large, max-video-preview:-1\" \/>\n<link rel=\"canonical\" href=\"https:\/\/deputadotaveirajr.com.br\/index.php\/justica-absolve-ex-senador-jose-agripino-de-acusacao-de-esquema-na-construcao-da-arena-das-dunas\/\" \/>\n<meta property=\"og:locale\" content=\"pt_BR\" \/>\n<meta property=\"og:type\" content=\"article\" \/>\n<meta property=\"og:title\" content=\"Justi\u00e7a absolve ex-senador Jos\u00e9 Agripino de acusa\u00e7\u00e3o de esquema na constru\u00e7\u00e3o da Arena das Dunas - Taveira Jr\" \/>\n<meta property=\"og:description\" content=\"Jos\u00e9 Agripino, ex-senador e ex-governador do Rio Grande do Norte Divulga\u00e7\u00e3o\/ARQUIVO O Tribunal Regional Federal da 5\u00aa Regi\u00e3o (TRF-5) confirmou, nesta ter\u00e7a-feira (15), a absolvi\u00e7\u00e3o do ex-senador pelo Rio Grande ...\" \/>\n<meta property=\"og:url\" content=\"https:\/\/deputadotaveirajr.com.br\/index.php\/justica-absolve-ex-senador-jose-agripino-de-acusacao-de-esquema-na-construcao-da-arena-das-dunas\/\" \/>\n<meta property=\"og:site_name\" content=\"Taveira Jr\" \/>\n<meta property=\"og:image\" content=\"https:\/\/s2-g1.glbimg.com\/RoA-eDx44GVUzP_RU3p3FP3Mc-k=\/i.s3.glbimg.com\/v1\/AUTH_59edd422c0c84a879bd37670ae4f538a\/internal_photos\/bs\/2025\/v\/I\/Z9w8jOSKCs0d2Z5aptWg\/captura-de-tela-2025-07-15-201435.png\" \/>\n<meta name=\"twitter:card\" content=\"summary_large_image\" \/>\n<meta name=\"twitter:label1\" content=\"Est. tempo de leitura\" \/>\n\t<meta name=\"twitter:data1\" content=\"1 minuto\" \/>\n<script type=\"application\/ld+json\" class=\"yoast-schema-graph\">{\"@context\":\"https:\/\/schema.org\",\"@graph\":[{\"@type\":\"WebPage\",\"@id\":\"https:\/\/deputadotaveirajr.com.br\/index.php\/justica-absolve-ex-senador-jose-agripino-de-acusacao-de-esquema-na-construcao-da-arena-das-dunas\/\",\"url\":\"https:\/\/deputadotaveirajr.com.br\/index.php\/justica-absolve-ex-senador-jose-agripino-de-acusacao-de-esquema-na-construcao-da-arena-das-dunas\/\",\"name\":\"Justi\u00e7a absolve ex-senador Jos\u00e9 Agripino de acusa\u00e7\u00e3o de esquema na constru\u00e7\u00e3o da Arena das Dunas - Taveira Jr\",\"isPartOf\":{\"@id\":\"https:\/\/deputadotaveirajr.com.br\/#website\"},\"primaryImageOfPage\":{\"@id\":\"https:\/\/deputadotaveirajr.com.br\/index.php\/justica-absolve-ex-senador-jose-agripino-de-acusacao-de-esquema-na-construcao-da-arena-das-dunas\/#primaryimage\"},\"image\":{\"@id\":\"https:\/\/deputadotaveirajr.com.br\/index.php\/justica-absolve-ex-senador-jose-agripino-de-acusacao-de-esquema-na-construcao-da-arena-das-dunas\/#primaryimage\"},\"thumbnailUrl\":\"https:\/\/deputadotaveirajr.com.br\/wp-content\/uploads\/2025\/07\/captura-de-tela-2025-07-15-201435-RqYkOG.jpg\",\"datePublished\":\"2025-07-15T23:23:50+00:00\",\"breadcrumb\":{\"@id\":\"https:\/\/deputadotaveirajr.com.br\/index.php\/justica-absolve-ex-senador-jose-agripino-de-acusacao-de-esquema-na-construcao-da-arena-das-dunas\/#breadcrumb\"},\"inLanguage\":\"pt-BR\",\"potentialAction\":[{\"@type\":\"ReadAction\",\"target\":[\"https:\/\/deputadotaveirajr.com.br\/index.php\/justica-absolve-ex-senador-jose-agripino-de-acusacao-de-esquema-na-construcao-da-arena-das-dunas\/\"]}]},{\"@type\":\"ImageObject\",\"inLanguage\":\"pt-BR\",\"@id\":\"https:\/\/deputadotaveirajr.com.br\/index.php\/justica-absolve-ex-senador-jose-agripino-de-acusacao-de-esquema-na-construcao-da-arena-das-dunas\/#primaryimage\",\"url\":\"https:\/\/deputadotaveirajr.com.br\/wp-content\/uploads\/2025\/07\/captura-de-tela-2025-07-15-201435-RqYkOG.jpg\",\"contentUrl\":\"https:\/\/deputadotaveirajr.com.br\/wp-content\/uploads\/2025\/07\/captura-de-tela-2025-07-15-201435-RqYkOG.jpg\",\"width\":1229,\"height\":821},{\"@type\":\"BreadcrumbList\",\"@id\":\"https:\/\/deputadotaveirajr.com.br\/index.php\/justica-absolve-ex-senador-jose-agripino-de-acusacao-de-esquema-na-construcao-da-arena-das-dunas\/#breadcrumb\",\"itemListElement\":[{\"@type\":\"ListItem\",\"position\":1,\"name\":\"In\u00edcio\",\"item\":\"https:\/\/deputadotaveirajr.com.br\/\"},{\"@type\":\"ListItem\",\"position\":2,\"name\":\"Justi\u00e7a absolve ex-senador Jos\u00e9 Agripino de acusa\u00e7\u00e3o de esquema na constru\u00e7\u00e3o da Arena das Dunas\"}]},{\"@type\":\"WebSite\",\"@id\":\"https:\/\/deputadotaveirajr.com.br\/#website\",\"url\":\"https:\/\/deputadotaveirajr.com.br\/\",\"name\":\"Taveira Jr\",\"description\":\"Deputado Estadual\",\"publisher\":{\"@id\":\"https:\/\/deputadotaveirajr.com.br\/#organization\"},\"potentialAction\":[{\"@type\":\"SearchAction\",\"target\":{\"@type\":\"EntryPoint\",\"urlTemplate\":\"https:\/\/deputadotaveirajr.com.br\/?s={search_term_string}\"},\"query-input\":{\"@type\":\"PropertyValueSpecification\",\"valueRequired\":true,\"valueName\":\"search_term_string\"}}],\"inLanguage\":\"pt-BR\"},{\"@type\":\"Organization\",\"@id\":\"https:\/\/deputadotaveirajr.com.br\/#organization\",\"name\":\"Taveira Jr\",\"url\":\"https:\/\/deputadotaveirajr.com.br\/\",\"logo\":{\"@type\":\"ImageObject\",\"inLanguage\":\"pt-BR\",\"@id\":\"https:\/\/deputadotaveirajr.com.br\/#\/schema\/logo\/image\/\",\"url\":\"https:\/\/deputadotaveirajr.com.br\/wp-content\/uploads\/2026\/01\/logolow2a.png\",\"contentUrl\":\"https:\/\/deputadotaveirajr.com.br\/wp-content\/uploads\/2026\/01\/logolow2a.png\",\"width\":290,\"height\":80,\"caption\":\"Taveira Jr\"},\"image\":{\"@id\":\"https:\/\/deputadotaveirajr.com.br\/#\/schema\/logo\/image\/\"}}]}<\/script>\n<!-- \/ Yoast SEO plugin. -->","yoast_head_json":{"title":"Justi\u00e7a absolve ex-senador Jos\u00e9 Agripino de acusa\u00e7\u00e3o de esquema na constru\u00e7\u00e3o da Arena das Dunas - Taveira Jr","robots":{"index":"index","follow":"follow","max-snippet":"max-snippet:-1","max-image-preview":"max-image-preview:large","max-video-preview":"max-video-preview:-1"},"canonical":"https:\/\/deputadotaveirajr.com.br\/index.php\/justica-absolve-ex-senador-jose-agripino-de-acusacao-de-esquema-na-construcao-da-arena-das-dunas\/","og_locale":"pt_BR","og_type":"article","og_title":"Justi\u00e7a absolve ex-senador Jos\u00e9 Agripino de acusa\u00e7\u00e3o de esquema na constru\u00e7\u00e3o da Arena das Dunas - Taveira Jr","og_description":"Jos\u00e9 Agripino, ex-senador e ex-governador do Rio Grande do Norte Divulga\u00e7\u00e3o\/ARQUIVO O Tribunal Regional Federal da 5\u00aa Regi\u00e3o (TRF-5) confirmou, nesta ter\u00e7a-feira (15), a absolvi\u00e7\u00e3o do ex-senador pelo Rio Grande ...","og_url":"https:\/\/deputadotaveirajr.com.br\/index.php\/justica-absolve-ex-senador-jose-agripino-de-acusacao-de-esquema-na-construcao-da-arena-das-dunas\/","og_site_name":"Taveira Jr","og_image":[{"url":"https:\/\/s2-g1.glbimg.com\/RoA-eDx44GVUzP_RU3p3FP3Mc-k=\/i.s3.glbimg.com\/v1\/AUTH_59edd422c0c84a879bd37670ae4f538a\/internal_photos\/bs\/2025\/v\/I\/Z9w8jOSKCs0d2Z5aptWg\/captura-de-tela-2025-07-15-201435.png","type":"","width":"","height":""}],"twitter_card":"summary_large_image","twitter_misc":{"Est. tempo de leitura":"1 minuto"},"schema":{"@context":"https:\/\/schema.org","@graph":[{"@type":"WebPage","@id":"https:\/\/deputadotaveirajr.com.br\/index.php\/justica-absolve-ex-senador-jose-agripino-de-acusacao-de-esquema-na-construcao-da-arena-das-dunas\/","url":"https:\/\/deputadotaveirajr.com.br\/index.php\/justica-absolve-ex-senador-jose-agripino-de-acusacao-de-esquema-na-construcao-da-arena-das-dunas\/","name":"Justi\u00e7a absolve ex-senador Jos\u00e9 Agripino de acusa\u00e7\u00e3o de esquema na constru\u00e7\u00e3o da Arena das Dunas - Taveira Jr","isPartOf":{"@id":"https:\/\/deputadotaveirajr.com.br\/#website"},"primaryImageOfPage":{"@id":"https:\/\/deputadotaveirajr.com.br\/index.php\/justica-absolve-ex-senador-jose-agripino-de-acusacao-de-esquema-na-construcao-da-arena-das-dunas\/#primaryimage"},"image":{"@id":"https:\/\/deputadotaveirajr.com.br\/index.php\/justica-absolve-ex-senador-jose-agripino-de-acusacao-de-esquema-na-construcao-da-arena-das-dunas\/#primaryimage"},"thumbnailUrl":"https:\/\/deputadotaveirajr.com.br\/wp-content\/uploads\/2025\/07\/captura-de-tela-2025-07-15-201435-RqYkOG.jpg","datePublished":"2025-07-15T23:23:50+00:00","breadcrumb":{"@id":"https:\/\/deputadotaveirajr.com.br\/index.php\/justica-absolve-ex-senador-jose-agripino-de-acusacao-de-esquema-na-construcao-da-arena-das-dunas\/#breadcrumb"},"inLanguage":"pt-BR","potentialAction":[{"@type":"ReadAction","target":["https:\/\/deputadotaveirajr.com.br\/index.php\/justica-absolve-ex-senador-jose-agripino-de-acusacao-de-esquema-na-construcao-da-arena-das-dunas\/"]}]},{"@type":"ImageObject","inLanguage":"pt-BR","@id":"https:\/\/deputadotaveirajr.com.br\/index.php\/justica-absolve-ex-senador-jose-agripino-de-acusacao-de-esquema-na-construcao-da-arena-das-dunas\/#primaryimage","url":"https:\/\/deputadotaveirajr.com.br\/wp-content\/uploads\/2025\/07\/captura-de-tela-2025-07-15-201435-RqYkOG.jpg","contentUrl":"https:\/\/deputadotaveirajr.com.br\/wp-content\/uploads\/2025\/07\/captura-de-tela-2025-07-15-201435-RqYkOG.jpg","width":1229,"height":821},{"@type":"BreadcrumbList","@id":"https:\/\/deputadotaveirajr.com.br\/index.php\/justica-absolve-ex-senador-jose-agripino-de-acusacao-de-esquema-na-construcao-da-arena-das-dunas\/#breadcrumb","itemListElement":[{"@type":"ListItem","position":1,"name":"In\u00edcio","item":"https:\/\/deputadotaveirajr.com.br\/"},{"@type":"ListItem","position":2,"name":"Justi\u00e7a absolve ex-senador Jos\u00e9 Agripino de acusa\u00e7\u00e3o de esquema na constru\u00e7\u00e3o da Arena das Dunas"}]},{"@type":"WebSite","@id":"https:\/\/deputadotaveirajr.com.br\/#website","url":"https:\/\/deputadotaveirajr.com.br\/","name":"Taveira Jr","description":"Deputado Estadual","publisher":{"@id":"https:\/\/deputadotaveirajr.com.br\/#organization"},"potentialAction":[{"@type":"SearchAction","target":{"@type":"EntryPoint","urlTemplate":"https:\/\/deputadotaveirajr.com.br\/?s={search_term_string}"},"query-input":{"@type":"PropertyValueSpecification","valueRequired":true,"valueName":"search_term_string"}}],"inLanguage":"pt-BR"},{"@type":"Organization","@id":"https:\/\/deputadotaveirajr.com.br\/#organization","name":"Taveira Jr","url":"https:\/\/deputadotaveirajr.com.br\/","logo":{"@type":"ImageObject","inLanguage":"pt-BR","@id":"https:\/\/deputadotaveirajr.com.br\/#\/schema\/logo\/image\/","url":"https:\/\/deputadotaveirajr.com.br\/wp-content\/uploads\/2026\/01\/logolow2a.png","contentUrl":"https:\/\/deputadotaveirajr.com.br\/wp-content\/uploads\/2026\/01\/logolow2a.png","width":290,"height":80,"caption":"Taveira Jr"},"image":{"@id":"https:\/\/deputadotaveirajr.com.br\/#\/schema\/logo\/image\/"}}]}},"_links":{"self":[{"href":"https:\/\/deputadotaveirajr.com.br\/index.php\/wp-json\/wp\/v2\/pages\/13653","targetHints":{"allow":["GET"]}}],"collection":[{"href":"https:\/\/deputadotaveirajr.com.br\/index.php\/wp-json\/wp\/v2\/pages"}],"about":[{"href":"https:\/\/deputadotaveirajr.com.br\/index.php\/wp-json\/wp\/v2\/types\/page"}],"replies":[{"embeddable":true,"href":"https:\/\/deputadotaveirajr.com.br\/index.php\/wp-json\/wp\/v2\/comments?post=13653"}],"version-history":[{"count":0,"href":"https:\/\/deputadotaveirajr.com.br\/index.php\/wp-json\/wp\/v2\/pages\/13653\/revisions"}],"wp:featuredmedia":[{"embeddable":true,"href":"https:\/\/deputadotaveirajr.com.br\/index.php\/wp-json\/wp\/v2\/media\/13654"}],"wp:attachment":[{"href":"https:\/\/deputadotaveirajr.com.br\/index.php\/wp-json\/wp\/v2\/media?parent=13653"}],"curies":[{"name":"wp","href":"https:\/\/api.w.org\/{rel}","templated":true}]}}