{"id":13655,"date":"2025-07-15T19:10:29","date_gmt":"2025-07-15T22:10:29","guid":{"rendered":"https:\/\/deputadotaveirajr.com.br\/index.php\/petroleo-e-gas-eletrotecnica-e-mais-senai-oferece-510-vagas-para-cursos-tecnicos-gratuitos-em-natal-e-mossoro\/"},"modified":"2025-07-15T19:10:29","modified_gmt":"2025-07-15T22:10:29","slug":"petroleo-e-gas-eletrotecnica-e-mais-senai-oferece-510-vagas-para-cursos-tecnicos-gratuitos-em-natal-e-mossoro","status":"publish","type":"page","link":"https:\/\/deputadotaveirajr.com.br\/index.php\/petroleo-e-gas-eletrotecnica-e-mais-senai-oferece-510-vagas-para-cursos-tecnicos-gratuitos-em-natal-e-mossoro\/","title":{"rendered":"Petr\u00f3leo e G\u00e1s, eletrot\u00e9cnica e mais: Senai oferece 510 vagas para cursos t\u00e9cnicos gratuitos em Natal e Mossor\u00f3"},"content":{"rendered":"<p><img decoding=\"async\" src=\"https:\/\/s2-g1.glbimg.com\/HzhutwEvoc675OLsIoHlVYDJQKs=\/i.s3.glbimg.com\/v1\/AUTH_59edd422c0c84a879bd37670ae4f538a\/internal_photos\/bs\/2021\/w\/j\/Ly9QAOTYGu9ofRlBasEg\/whatsapp-image-2021-07-08-at-11.53.07.jpeg\" \/><br \/>     Senai oferece mais de 500 vagas em cursos gratuitos<br \/>\nO Servi\u00e7o Nacional de Aprendizagem Industrial (Senai) do Rio Grande do Norte abriu, nesta segunda-feira (14), inscri\u00e7\u00f5es para 510 vagas em cursos t\u00e9cnicos gratuitos presenciais em Natal e Mossor\u00f3.<br \/>\nAs \u00e1reas de forma\u00e7\u00e3o variam de acordo com o munic\u00edpio e incluem Eletrot\u00e9cnica, Eletromec\u00e2nica, Refrigera\u00e7\u00e3o, Petr\u00f3leo e G\u00e1s, Administra\u00e7\u00e3o e Seguran\u00e7a no Trabalho (veja lista mais abaixo).<br \/>\n\ud83d\udcf3Participe do canal do g1 RN no WhatsApp<br \/>\nAs inscri\u00e7\u00f5es s\u00e3o gratuitas e realizadas exclusivamente online, pelo site do Senai RN, at\u00e9 o dia 30 de julho.  Na capital, s\u00e3o oferecidas 270 vagas. Em Mossor\u00f3 s\u00e3o 240.<br \/>\nSegundo o Senai, as inscri\u00e7\u00f5es podem terminar antes do prazo caso o n\u00famero m\u00e1ximo de participantes esperados para o processo seletivo seja atingido.<br \/>\nA sele\u00e7\u00e3o ser\u00e1 realizada por ordem de inscri\u00e7\u00e3o e mediante apresenta\u00e7\u00e3o da documenta\u00e7\u00e3o exigida no edital.<br \/>\n \u27a1\ufe0f O p\u00fablico-alvo para os cursos s\u00e3o pessoas a partir de 16 anos, com ensino m\u00e9dio conclu\u00eddo ou em andamento &#8211; a depender da \u00e1rea escolhida.<br \/>\n\ud83d\udcc2 CLIQUE AQUI PARA ACESSAR O EDITAL 009\/2025<br \/>\nAulas cme\u00e7am<br \/>\nO in\u00edcio das aulas \u00e9 previsto para 18 de agosto em Mossor\u00f3 e para 7 de outubro em Natal.  Os cursos t\u00eam dura\u00e7\u00e3o de aproximadamente dois anos.<br \/>\nA iniciativa faz parte do Programa de Gratuidade Regimental do Senai, voltado \u00e0 inclus\u00e3o social, por meio da forma\u00e7\u00e3o profissional de pessoas de baixa renda.<br \/>\nS\u00f3 entre janeiro e maio deste ano, mais de 8,2 mil matr\u00edculas em cursos presenciais, semipresenciais e EAD gratuitos foram realizadas no Rio Grande do Norte, de um total de 17.033 previstas para 2025 no estado.<br \/>\nOportunidade<br \/>\nPara o diretor do SENAI-RN, Rodrigo Mello, a oferta gratuita de cursos t\u00e9cnicos representa um caminho concreto para a inser\u00e7\u00e3o no mercado de trabalho e o alcance de remunera\u00e7\u00f5es acima da m\u00e9dia.<br \/>\n\u201cO conhecimento dos cursos t\u00e9cnicos traz uma taxa de ocupa\u00e7\u00e3o muito importante para a sociedade&#8221;, citou o diretor.<br \/>\n&#8220;S\u00e3o cursos longos, que nem sempre as pessoas t\u00eam condi\u00e7\u00e3o de pagar e, ent\u00e3o, por meio do Programa, n\u00f3s temos uma bel\u00edssima oportunidade para quem quer estudar e se preparar para as oportunidades de emprego ou de ocupa\u00e7\u00e3o, o que inclui abrir o pr\u00f3prio neg\u00f3cio\u201d.<br \/>\nDados divulgados pela institui\u00e7\u00e3o apontam que profissionais de n\u00edvel t\u00e9cnico, quando comparados com os de n\u00edvel m\u00e9dio, chegam a ganhar cerca de 40% a mais no Rio Grande do Norte.<br \/>\nAl\u00e9m disso, pesquisa com ex-alunos mostrou que quase 90% daqueles que saem do curso, segundo o Senai, consegue se ocupar profissionalmente.<br \/>\nConfira as vagas<br \/>\n\ud83d\udccd Natal (CTGAS-ER)<br \/>\n(S\u00e3o oferecidas 45 vagas em cada curso)<br \/>\nT\u00e9cnico em Administra\u00e7\u00e3o (2 turmas matutinas) &#8211;  Carga hor\u00e1ria: 820 horas<br \/>\nT\u00e9cnico em Eletromec\u00e2nica (vespertino) &#8211; Carga hor\u00e1ria: 1440 horas<br \/>\nT\u00e9cnico em Eletrot\u00e9cnica (matutino e vespertino) &#8211; Carga hor\u00e1ria: 1.260 horas<br \/>\nT\u00e9cnico em Refrigera\u00e7\u00e3o (vespertino) &#8211; Carga hor\u00e1ria: 1.200<br \/>\n\ud83d\udccd Mossor\u00f3 (CETIB)<br \/>\n(Todos no turno vespertino, com 40 vagas, cada)<br \/>\nT\u00e9cnico em Administra\u00e7\u00e3o &#8211; Carga hor\u00e1ria: 820 horas<br \/>\nT\u00e9cnico em Eletromec\u00e2nica &#8211; Carga hor\u00e1ria: 1440 horas<br \/>\nT\u00e9cnico em Petr\u00f3leo e G\u00e1s &#8211; Carga hor\u00e1ria: 1.200 horas<br \/>\nT\u00e9cnico em Seguran\u00e7a do Trabalho &#8211; Carga hor\u00e1ria: 1.200 horas<br \/>\nT\u00e9cnico em Refrigera\u00e7\u00e3o &#8211; Carga hor\u00e1ria: 1.200 horas<br \/>\nT\u00e9cnico em Eletrot\u00e9cnica &#8211; Carga hor\u00e1ria: 1260 horas<br \/>\nSede do Senai em Natal<br \/>\nRenata Moura<br \/>\nV\u00eddeos mais assistidos do g1 RN<\/p>","protected":false},"excerpt":{"rendered":"<p>Senai oferece mais de 500 vagas em cursos gratuitos O Servi\u00e7o Nacional de Aprendizagem Industrial (Senai) do Rio Grande do Norte abriu, nesta segunda-feira (14), inscri\u00e7\u00f5es para 510 vagas em &#8230;<\/p>\n","protected":false},"author":0,"featured_media":13656,"parent":0,"menu_order":0,"comment_status":"closed","ping_status":"closed","template":"","meta":{"footnotes":""},"class_list":["post-13655","page","type-page","status-publish","has-post-thumbnail","hentry"],"yoast_head":"<!-- This site is optimized with the Yoast SEO plugin v27.1.1 - https:\/\/yoast.com\/product\/yoast-seo-wordpress\/ -->\n<title>Petr\u00f3leo e G\u00e1s, eletrot\u00e9cnica e mais: Senai oferece 510 vagas para cursos t\u00e9cnicos gratuitos em Natal e Mossor\u00f3 - Taveira Jr<\/title>\n<meta name=\"robots\" content=\"index, follow, max-snippet:-1, max-image-preview:large, max-video-preview:-1\" \/>\n<link rel=\"canonical\" href=\"https:\/\/deputadotaveirajr.com.br\/index.php\/petroleo-e-gas-eletrotecnica-e-mais-senai-oferece-510-vagas-para-cursos-tecnicos-gratuitos-em-natal-e-mossoro\/\" \/>\n<meta property=\"og:locale\" content=\"pt_BR\" \/>\n<meta property=\"og:type\" content=\"article\" \/>\n<meta property=\"og:title\" content=\"Petr\u00f3leo e G\u00e1s, eletrot\u00e9cnica e mais: Senai oferece 510 vagas para cursos t\u00e9cnicos gratuitos em Natal e Mossor\u00f3 - Taveira Jr\" \/>\n<meta property=\"og:description\" content=\"Senai oferece mais de 500 vagas em cursos gratuitos O Servi\u00e7o Nacional de Aprendizagem Industrial (Senai) do Rio Grande do Norte abriu, nesta segunda-feira (14), inscri\u00e7\u00f5es para 510 vagas em ...\" \/>\n<meta property=\"og:url\" content=\"https:\/\/deputadotaveirajr.com.br\/index.php\/petroleo-e-gas-eletrotecnica-e-mais-senai-oferece-510-vagas-para-cursos-tecnicos-gratuitos-em-natal-e-mossoro\/\" \/>\n<meta property=\"og:site_name\" content=\"Taveira Jr\" \/>\n<meta property=\"og:image\" content=\"https:\/\/s2-g1.glbimg.com\/HzhutwEvoc675OLsIoHlVYDJQKs=\/i.s3.glbimg.com\/v1\/AUTH_59edd422c0c84a879bd37670ae4f538a\/internal_photos\/bs\/2021\/w\/j\/Ly9QAOTYGu9ofRlBasEg\/whatsapp-image-2021-07-08-at-11.53.07.jpeg\" \/>\n<meta name=\"twitter:card\" content=\"summary_large_image\" \/>\n<meta name=\"twitter:label1\" content=\"Est. tempo de leitura\" \/>\n\t<meta name=\"twitter:data1\" content=\"3 minutos\" \/>\n<script type=\"application\/ld+json\" class=\"yoast-schema-graph\">{\"@context\":\"https:\/\/schema.org\",\"@graph\":[{\"@type\":\"WebPage\",\"@id\":\"https:\/\/deputadotaveirajr.com.br\/index.php\/petroleo-e-gas-eletrotecnica-e-mais-senai-oferece-510-vagas-para-cursos-tecnicos-gratuitos-em-natal-e-mossoro\/\",\"url\":\"https:\/\/deputadotaveirajr.com.br\/index.php\/petroleo-e-gas-eletrotecnica-e-mais-senai-oferece-510-vagas-para-cursos-tecnicos-gratuitos-em-natal-e-mossoro\/\",\"name\":\"Petr\u00f3leo e G\u00e1s, eletrot\u00e9cnica e mais: Senai oferece 510 vagas para cursos t\u00e9cnicos gratuitos em Natal e Mossor\u00f3 - Taveira Jr\",\"isPartOf\":{\"@id\":\"https:\/\/deputadotaveirajr.com.br\/#website\"},\"primaryImageOfPage\":{\"@id\":\"https:\/\/deputadotaveirajr.com.br\/index.php\/petroleo-e-gas-eletrotecnica-e-mais-senai-oferece-510-vagas-para-cursos-tecnicos-gratuitos-em-natal-e-mossoro\/#primaryimage\"},\"image\":{\"@id\":\"https:\/\/deputadotaveirajr.com.br\/index.php\/petroleo-e-gas-eletrotecnica-e-mais-senai-oferece-510-vagas-para-cursos-tecnicos-gratuitos-em-natal-e-mossoro\/#primaryimage\"},\"thumbnailUrl\":\"https:\/\/deputadotaveirajr.com.br\/wp-content\/uploads\/2025\/07\/whatsapp-image-2021-07-08-at-11.53.07-GOScG4.jpg\",\"datePublished\":\"2025-07-15T22:10:29+00:00\",\"breadcrumb\":{\"@id\":\"https:\/\/deputadotaveirajr.com.br\/index.php\/petroleo-e-gas-eletrotecnica-e-mais-senai-oferece-510-vagas-para-cursos-tecnicos-gratuitos-em-natal-e-mossoro\/#breadcrumb\"},\"inLanguage\":\"pt-BR\",\"potentialAction\":[{\"@type\":\"ReadAction\",\"target\":[\"https:\/\/deputadotaveirajr.com.br\/index.php\/petroleo-e-gas-eletrotecnica-e-mais-senai-oferece-510-vagas-para-cursos-tecnicos-gratuitos-em-natal-e-mossoro\/\"]}]},{\"@type\":\"ImageObject\",\"inLanguage\":\"pt-BR\",\"@id\":\"https:\/\/deputadotaveirajr.com.br\/index.php\/petroleo-e-gas-eletrotecnica-e-mais-senai-oferece-510-vagas-para-cursos-tecnicos-gratuitos-em-natal-e-mossoro\/#primaryimage\",\"url\":\"https:\/\/deputadotaveirajr.com.br\/wp-content\/uploads\/2025\/07\/whatsapp-image-2021-07-08-at-11.53.07-GOScG4.jpg\",\"contentUrl\":\"https:\/\/deputadotaveirajr.com.br\/wp-content\/uploads\/2025\/07\/whatsapp-image-2021-07-08-at-11.53.07-GOScG4.jpg\",\"width\":1600,\"height\":777},{\"@type\":\"BreadcrumbList\",\"@id\":\"https:\/\/deputadotaveirajr.com.br\/index.php\/petroleo-e-gas-eletrotecnica-e-mais-senai-oferece-510-vagas-para-cursos-tecnicos-gratuitos-em-natal-e-mossoro\/#breadcrumb\",\"itemListElement\":[{\"@type\":\"ListItem\",\"position\":1,\"name\":\"In\u00edcio\",\"item\":\"https:\/\/deputadotaveirajr.com.br\/\"},{\"@type\":\"ListItem\",\"position\":2,\"name\":\"Petr\u00f3leo e G\u00e1s, eletrot\u00e9cnica e mais: Senai oferece 510 vagas para cursos t\u00e9cnicos gratuitos em Natal e Mossor\u00f3\"}]},{\"@type\":\"WebSite\",\"@id\":\"https:\/\/deputadotaveirajr.com.br\/#website\",\"url\":\"https:\/\/deputadotaveirajr.com.br\/\",\"name\":\"Taveira Jr\",\"description\":\"Deputado Estadual\",\"publisher\":{\"@id\":\"https:\/\/deputadotaveirajr.com.br\/#organization\"},\"potentialAction\":[{\"@type\":\"SearchAction\",\"target\":{\"@type\":\"EntryPoint\",\"urlTemplate\":\"https:\/\/deputadotaveirajr.com.br\/?s={search_term_string}\"},\"query-input\":{\"@type\":\"PropertyValueSpecification\",\"valueRequired\":true,\"valueName\":\"search_term_string\"}}],\"inLanguage\":\"pt-BR\"},{\"@type\":\"Organization\",\"@id\":\"https:\/\/deputadotaveirajr.com.br\/#organization\",\"name\":\"Taveira Jr\",\"url\":\"https:\/\/deputadotaveirajr.com.br\/\",\"logo\":{\"@type\":\"ImageObject\",\"inLanguage\":\"pt-BR\",\"@id\":\"https:\/\/deputadotaveirajr.com.br\/#\/schema\/logo\/image\/\",\"url\":\"https:\/\/deputadotaveirajr.com.br\/wp-content\/uploads\/2026\/01\/logolow2a.png\",\"contentUrl\":\"https:\/\/deputadotaveirajr.com.br\/wp-content\/uploads\/2026\/01\/logolow2a.png\",\"width\":290,\"height\":80,\"caption\":\"Taveira Jr\"},\"image\":{\"@id\":\"https:\/\/deputadotaveirajr.com.br\/#\/schema\/logo\/image\/\"}}]}<\/script>\n<!-- \/ Yoast SEO plugin. -->","yoast_head_json":{"title":"Petr\u00f3leo e G\u00e1s, eletrot\u00e9cnica e mais: Senai oferece 510 vagas para cursos t\u00e9cnicos gratuitos em Natal e Mossor\u00f3 - Taveira Jr","robots":{"index":"index","follow":"follow","max-snippet":"max-snippet:-1","max-image-preview":"max-image-preview:large","max-video-preview":"max-video-preview:-1"},"canonical":"https:\/\/deputadotaveirajr.com.br\/index.php\/petroleo-e-gas-eletrotecnica-e-mais-senai-oferece-510-vagas-para-cursos-tecnicos-gratuitos-em-natal-e-mossoro\/","og_locale":"pt_BR","og_type":"article","og_title":"Petr\u00f3leo e G\u00e1s, eletrot\u00e9cnica e mais: Senai oferece 510 vagas para cursos t\u00e9cnicos gratuitos em Natal e Mossor\u00f3 - Taveira Jr","og_description":"Senai oferece mais de 500 vagas em cursos gratuitos O Servi\u00e7o Nacional de Aprendizagem Industrial (Senai) do Rio Grande do Norte abriu, nesta segunda-feira (14), inscri\u00e7\u00f5es para 510 vagas em ...","og_url":"https:\/\/deputadotaveirajr.com.br\/index.php\/petroleo-e-gas-eletrotecnica-e-mais-senai-oferece-510-vagas-para-cursos-tecnicos-gratuitos-em-natal-e-mossoro\/","og_site_name":"Taveira Jr","og_image":[{"url":"https:\/\/s2-g1.glbimg.com\/HzhutwEvoc675OLsIoHlVYDJQKs=\/i.s3.glbimg.com\/v1\/AUTH_59edd422c0c84a879bd37670ae4f538a\/internal_photos\/bs\/2021\/w\/j\/Ly9QAOTYGu9ofRlBasEg\/whatsapp-image-2021-07-08-at-11.53.07.jpeg","type":"","width":"","height":""}],"twitter_card":"summary_large_image","twitter_misc":{"Est. tempo de leitura":"3 minutos"},"schema":{"@context":"https:\/\/schema.org","@graph":[{"@type":"WebPage","@id":"https:\/\/deputadotaveirajr.com.br\/index.php\/petroleo-e-gas-eletrotecnica-e-mais-senai-oferece-510-vagas-para-cursos-tecnicos-gratuitos-em-natal-e-mossoro\/","url":"https:\/\/deputadotaveirajr.com.br\/index.php\/petroleo-e-gas-eletrotecnica-e-mais-senai-oferece-510-vagas-para-cursos-tecnicos-gratuitos-em-natal-e-mossoro\/","name":"Petr\u00f3leo e G\u00e1s, eletrot\u00e9cnica e mais: Senai oferece 510 vagas para cursos t\u00e9cnicos gratuitos em Natal e Mossor\u00f3 - Taveira Jr","isPartOf":{"@id":"https:\/\/deputadotaveirajr.com.br\/#website"},"primaryImageOfPage":{"@id":"https:\/\/deputadotaveirajr.com.br\/index.php\/petroleo-e-gas-eletrotecnica-e-mais-senai-oferece-510-vagas-para-cursos-tecnicos-gratuitos-em-natal-e-mossoro\/#primaryimage"},"image":{"@id":"https:\/\/deputadotaveirajr.com.br\/index.php\/petroleo-e-gas-eletrotecnica-e-mais-senai-oferece-510-vagas-para-cursos-tecnicos-gratuitos-em-natal-e-mossoro\/#primaryimage"},"thumbnailUrl":"https:\/\/deputadotaveirajr.com.br\/wp-content\/uploads\/2025\/07\/whatsapp-image-2021-07-08-at-11.53.07-GOScG4.jpg","datePublished":"2025-07-15T22:10:29+00:00","breadcrumb":{"@id":"https:\/\/deputadotaveirajr.com.br\/index.php\/petroleo-e-gas-eletrotecnica-e-mais-senai-oferece-510-vagas-para-cursos-tecnicos-gratuitos-em-natal-e-mossoro\/#breadcrumb"},"inLanguage":"pt-BR","potentialAction":[{"@type":"ReadAction","target":["https:\/\/deputadotaveirajr.com.br\/index.php\/petroleo-e-gas-eletrotecnica-e-mais-senai-oferece-510-vagas-para-cursos-tecnicos-gratuitos-em-natal-e-mossoro\/"]}]},{"@type":"ImageObject","inLanguage":"pt-BR","@id":"https:\/\/deputadotaveirajr.com.br\/index.php\/petroleo-e-gas-eletrotecnica-e-mais-senai-oferece-510-vagas-para-cursos-tecnicos-gratuitos-em-natal-e-mossoro\/#primaryimage","url":"https:\/\/deputadotaveirajr.com.br\/wp-content\/uploads\/2025\/07\/whatsapp-image-2021-07-08-at-11.53.07-GOScG4.jpg","contentUrl":"https:\/\/deputadotaveirajr.com.br\/wp-content\/uploads\/2025\/07\/whatsapp-image-2021-07-08-at-11.53.07-GOScG4.jpg","width":1600,"height":777},{"@type":"BreadcrumbList","@id":"https:\/\/deputadotaveirajr.com.br\/index.php\/petroleo-e-gas-eletrotecnica-e-mais-senai-oferece-510-vagas-para-cursos-tecnicos-gratuitos-em-natal-e-mossoro\/#breadcrumb","itemListElement":[{"@type":"ListItem","position":1,"name":"In\u00edcio","item":"https:\/\/deputadotaveirajr.com.br\/"},{"@type":"ListItem","position":2,"name":"Petr\u00f3leo e G\u00e1s, eletrot\u00e9cnica e mais: Senai oferece 510 vagas para cursos t\u00e9cnicos gratuitos em Natal e Mossor\u00f3"}]},{"@type":"WebSite","@id":"https:\/\/deputadotaveirajr.com.br\/#website","url":"https:\/\/deputadotaveirajr.com.br\/","name":"Taveira Jr","description":"Deputado Estadual","publisher":{"@id":"https:\/\/deputadotaveirajr.com.br\/#organization"},"potentialAction":[{"@type":"SearchAction","target":{"@type":"EntryPoint","urlTemplate":"https:\/\/deputadotaveirajr.com.br\/?s={search_term_string}"},"query-input":{"@type":"PropertyValueSpecification","valueRequired":true,"valueName":"search_term_string"}}],"inLanguage":"pt-BR"},{"@type":"Organization","@id":"https:\/\/deputadotaveirajr.com.br\/#organization","name":"Taveira Jr","url":"https:\/\/deputadotaveirajr.com.br\/","logo":{"@type":"ImageObject","inLanguage":"pt-BR","@id":"https:\/\/deputadotaveirajr.com.br\/#\/schema\/logo\/image\/","url":"https:\/\/deputadotaveirajr.com.br\/wp-content\/uploads\/2026\/01\/logolow2a.png","contentUrl":"https:\/\/deputadotaveirajr.com.br\/wp-content\/uploads\/2026\/01\/logolow2a.png","width":290,"height":80,"caption":"Taveira Jr"},"image":{"@id":"https:\/\/deputadotaveirajr.com.br\/#\/schema\/logo\/image\/"}}]}},"_links":{"self":[{"href":"https:\/\/deputadotaveirajr.com.br\/index.php\/wp-json\/wp\/v2\/pages\/13655","targetHints":{"allow":["GET"]}}],"collection":[{"href":"https:\/\/deputadotaveirajr.com.br\/index.php\/wp-json\/wp\/v2\/pages"}],"about":[{"href":"https:\/\/deputadotaveirajr.com.br\/index.php\/wp-json\/wp\/v2\/types\/page"}],"replies":[{"embeddable":true,"href":"https:\/\/deputadotaveirajr.com.br\/index.php\/wp-json\/wp\/v2\/comments?post=13655"}],"version-history":[{"count":0,"href":"https:\/\/deputadotaveirajr.com.br\/index.php\/wp-json\/wp\/v2\/pages\/13655\/revisions"}],"wp:featuredmedia":[{"embeddable":true,"href":"https:\/\/deputadotaveirajr.com.br\/index.php\/wp-json\/wp\/v2\/media\/13656"}],"wp:attachment":[{"href":"https:\/\/deputadotaveirajr.com.br\/index.php\/wp-json\/wp\/v2\/media?parent=13655"}],"curies":[{"name":"wp","href":"https:\/\/api.w.org\/{rel}","templated":true}]}}