{"id":13705,"date":"2025-07-25T12:34:42","date_gmt":"2025-07-25T15:34:42","guid":{"rendered":"https:\/\/deputadotaveirajr.com.br\/index.php\/diretor-de-escola-estadual-e-afastado-apos-denuncia-de-assedio-contra-aluna-no-rn\/"},"modified":"2025-07-25T12:34:42","modified_gmt":"2025-07-25T15:34:42","slug":"diretor-de-escola-estadual-e-afastado-apos-denuncia-de-assedio-contra-aluna-no-rn","status":"publish","type":"page","link":"https:\/\/deputadotaveirajr.com.br\/index.php\/diretor-de-escola-estadual-e-afastado-apos-denuncia-de-assedio-contra-aluna-no-rn\/","title":{"rendered":"Diretor de escola estadual \u00e9 afastado ap\u00f3s den\u00fancia de ass\u00e9dio contra aluna no RN"},"content":{"rendered":"<p><img decoding=\"async\" src=\"https:\/\/s2-g1.glbimg.com\/Lh5Uu6uFqz7fJacqZx17MFw8BxA=\/i.s3.glbimg.com\/v1\/AUTH_59edd422c0c84a879bd37670ae4f538a\/internal_photos\/bs\/2025\/q\/L\/8uKYC9RmqXdRlEHRGUNQ\/escola.jpg\" \/><br \/>     Escola Estadual Professora Maria Queiroz, no bairro Felipe Camar\u00e3o, em Natal (Arquivo)<br \/>\nDivulga\u00e7\u00e3o\/Redes sociais<br \/>\nO diretor de uma escola estadual em Natal foi afastado do cargo ap\u00f3s ser denunciado por ass\u00e9dio moral contra uma estudante.<br \/>\nA Pol\u00edcia Civil confirmou que abriu uma investiga\u00e7\u00e3o por meio da Delegacia Especializada de Prote\u00e7\u00e3o \u00e0 Crian\u00e7a e ao Adolescente, por\u00e9m disse que n\u00e3o repassaria mais informa\u00e7\u00f5es porque o procedimento tem &#8220;natureza sigilosa&#8221;.<br \/>\n\ud83d\udcf3 Clique aqui para seguir o canal do g1 RN no WhatsApp<br \/>\nO caso teria acontecido nesta quinta-feira (24) na Escola Estadual Professora Maria Queiroz, localizada no bairro Felipe Camar\u00e3o, na Zona Oeste de Natal. Estudantes fizeram um protesto na institui\u00e7\u00e3o.<br \/>\nSegundo a Secretaria Estadual de Educa\u00e7\u00e3o do Rio Grande do Norte, al\u00e9m da investiga\u00e7\u00e3o policial, a pasta ir\u00e1 instaurar um processo administrativo para apurar os fatos.<br \/>\n&#8220;Todas as provid\u00eancias seguir\u00e3o os princ\u00edpios legais, com acompanhamento da Diretoria Regional de Educa\u00e7\u00e3o e observ\u00e2ncia dos direitos da comunidade escolar&#8221;, informou a Seec.<br \/>\n&#8220;Reafirmamos nosso compromisso com uma gest\u00e3o escolar pautada pelo respeito, responsabilidade e \u00e9tica, com foco na prote\u00e7\u00e3o dos direitos da Crian\u00e7a e do Adolescente, da comunidade educacional e no bom funcionamento das institui\u00e7\u00f5es de ensino&#8221;, informou a pasta.<br \/>\nAdvogado explica quais pr\u00e1ticas configuram ass\u00e9dio moral<\/p>","protected":false},"excerpt":{"rendered":"<p>Escola Estadual Professora Maria Queiroz, no bairro Felipe Camar\u00e3o, em Natal (Arquivo) Divulga\u00e7\u00e3o\/Redes sociais O diretor de uma escola estadual em Natal foi afastado do cargo ap\u00f3s ser denunciado por &#8230;<\/p>\n","protected":false},"author":0,"featured_media":13706,"parent":0,"menu_order":0,"comment_status":"closed","ping_status":"closed","template":"","meta":{"footnotes":""},"class_list":["post-13705","page","type-page","status-publish","has-post-thumbnail","hentry"],"yoast_head":"<!-- This site is optimized with the Yoast SEO plugin v27.1.1 - https:\/\/yoast.com\/product\/yoast-seo-wordpress\/ -->\n<title>Diretor de escola estadual \u00e9 afastado ap\u00f3s den\u00fancia de ass\u00e9dio contra aluna no RN - Taveira Jr<\/title>\n<meta name=\"robots\" content=\"index, follow, max-snippet:-1, max-image-preview:large, max-video-preview:-1\" \/>\n<link rel=\"canonical\" href=\"https:\/\/deputadotaveirajr.com.br\/index.php\/diretor-de-escola-estadual-e-afastado-apos-denuncia-de-assedio-contra-aluna-no-rn\/\" \/>\n<meta property=\"og:locale\" content=\"pt_BR\" \/>\n<meta property=\"og:type\" content=\"article\" \/>\n<meta property=\"og:title\" content=\"Diretor de escola estadual \u00e9 afastado ap\u00f3s den\u00fancia de ass\u00e9dio contra aluna no RN - Taveira Jr\" \/>\n<meta property=\"og:description\" content=\"Escola Estadual Professora Maria Queiroz, no bairro Felipe Camar\u00e3o, em Natal (Arquivo) Divulga\u00e7\u00e3o\/Redes sociais O diretor de uma escola estadual em Natal foi afastado do cargo ap\u00f3s ser denunciado por ...\" \/>\n<meta property=\"og:url\" content=\"https:\/\/deputadotaveirajr.com.br\/index.php\/diretor-de-escola-estadual-e-afastado-apos-denuncia-de-assedio-contra-aluna-no-rn\/\" \/>\n<meta property=\"og:site_name\" content=\"Taveira Jr\" \/>\n<meta property=\"og:image\" content=\"https:\/\/s2-g1.glbimg.com\/Lh5Uu6uFqz7fJacqZx17MFw8BxA=\/i.s3.glbimg.com\/v1\/AUTH_59edd422c0c84a879bd37670ae4f538a\/internal_photos\/bs\/2025\/q\/L\/8uKYC9RmqXdRlEHRGUNQ\/escola.jpg\" \/>\n<meta name=\"twitter:card\" content=\"summary_large_image\" \/>\n<meta name=\"twitter:label1\" content=\"Est. tempo de leitura\" \/>\n\t<meta name=\"twitter:data1\" content=\"1 minuto\" \/>\n<script type=\"application\/ld+json\" class=\"yoast-schema-graph\">{\"@context\":\"https:\/\/schema.org\",\"@graph\":[{\"@type\":\"WebPage\",\"@id\":\"https:\/\/deputadotaveirajr.com.br\/index.php\/diretor-de-escola-estadual-e-afastado-apos-denuncia-de-assedio-contra-aluna-no-rn\/\",\"url\":\"https:\/\/deputadotaveirajr.com.br\/index.php\/diretor-de-escola-estadual-e-afastado-apos-denuncia-de-assedio-contra-aluna-no-rn\/\",\"name\":\"Diretor de escola estadual \u00e9 afastado ap\u00f3s den\u00fancia de ass\u00e9dio contra aluna no RN - Taveira Jr\",\"isPartOf\":{\"@id\":\"https:\/\/deputadotaveirajr.com.br\/#website\"},\"primaryImageOfPage\":{\"@id\":\"https:\/\/deputadotaveirajr.com.br\/index.php\/diretor-de-escola-estadual-e-afastado-apos-denuncia-de-assedio-contra-aluna-no-rn\/#primaryimage\"},\"image\":{\"@id\":\"https:\/\/deputadotaveirajr.com.br\/index.php\/diretor-de-escola-estadual-e-afastado-apos-denuncia-de-assedio-contra-aluna-no-rn\/#primaryimage\"},\"thumbnailUrl\":\"https:\/\/deputadotaveirajr.com.br\/wp-content\/uploads\/2025\/07\/escola-Fla63c.jpg\",\"datePublished\":\"2025-07-25T15:34:42+00:00\",\"breadcrumb\":{\"@id\":\"https:\/\/deputadotaveirajr.com.br\/index.php\/diretor-de-escola-estadual-e-afastado-apos-denuncia-de-assedio-contra-aluna-no-rn\/#breadcrumb\"},\"inLanguage\":\"pt-BR\",\"potentialAction\":[{\"@type\":\"ReadAction\",\"target\":[\"https:\/\/deputadotaveirajr.com.br\/index.php\/diretor-de-escola-estadual-e-afastado-apos-denuncia-de-assedio-contra-aluna-no-rn\/\"]}]},{\"@type\":\"ImageObject\",\"inLanguage\":\"pt-BR\",\"@id\":\"https:\/\/deputadotaveirajr.com.br\/index.php\/diretor-de-escola-estadual-e-afastado-apos-denuncia-de-assedio-contra-aluna-no-rn\/#primaryimage\",\"url\":\"https:\/\/deputadotaveirajr.com.br\/wp-content\/uploads\/2025\/07\/escola-Fla63c.jpg\",\"contentUrl\":\"https:\/\/deputadotaveirajr.com.br\/wp-content\/uploads\/2025\/07\/escola-Fla63c.jpg\",\"width\":1200,\"height\":568},{\"@type\":\"BreadcrumbList\",\"@id\":\"https:\/\/deputadotaveirajr.com.br\/index.php\/diretor-de-escola-estadual-e-afastado-apos-denuncia-de-assedio-contra-aluna-no-rn\/#breadcrumb\",\"itemListElement\":[{\"@type\":\"ListItem\",\"position\":1,\"name\":\"In\u00edcio\",\"item\":\"https:\/\/deputadotaveirajr.com.br\/\"},{\"@type\":\"ListItem\",\"position\":2,\"name\":\"Diretor de escola estadual \u00e9 afastado ap\u00f3s den\u00fancia de ass\u00e9dio contra aluna no RN\"}]},{\"@type\":\"WebSite\",\"@id\":\"https:\/\/deputadotaveirajr.com.br\/#website\",\"url\":\"https:\/\/deputadotaveirajr.com.br\/\",\"name\":\"Taveira Jr\",\"description\":\"Deputado Estadual\",\"publisher\":{\"@id\":\"https:\/\/deputadotaveirajr.com.br\/#organization\"},\"potentialAction\":[{\"@type\":\"SearchAction\",\"target\":{\"@type\":\"EntryPoint\",\"urlTemplate\":\"https:\/\/deputadotaveirajr.com.br\/?s={search_term_string}\"},\"query-input\":{\"@type\":\"PropertyValueSpecification\",\"valueRequired\":true,\"valueName\":\"search_term_string\"}}],\"inLanguage\":\"pt-BR\"},{\"@type\":\"Organization\",\"@id\":\"https:\/\/deputadotaveirajr.com.br\/#organization\",\"name\":\"Taveira Jr\",\"url\":\"https:\/\/deputadotaveirajr.com.br\/\",\"logo\":{\"@type\":\"ImageObject\",\"inLanguage\":\"pt-BR\",\"@id\":\"https:\/\/deputadotaveirajr.com.br\/#\/schema\/logo\/image\/\",\"url\":\"https:\/\/deputadotaveirajr.com.br\/wp-content\/uploads\/2026\/01\/logolow2a.png\",\"contentUrl\":\"https:\/\/deputadotaveirajr.com.br\/wp-content\/uploads\/2026\/01\/logolow2a.png\",\"width\":290,\"height\":80,\"caption\":\"Taveira Jr\"},\"image\":{\"@id\":\"https:\/\/deputadotaveirajr.com.br\/#\/schema\/logo\/image\/\"}}]}<\/script>\n<!-- \/ Yoast SEO plugin. -->","yoast_head_json":{"title":"Diretor de escola estadual \u00e9 afastado ap\u00f3s den\u00fancia de ass\u00e9dio contra aluna no RN - Taveira Jr","robots":{"index":"index","follow":"follow","max-snippet":"max-snippet:-1","max-image-preview":"max-image-preview:large","max-video-preview":"max-video-preview:-1"},"canonical":"https:\/\/deputadotaveirajr.com.br\/index.php\/diretor-de-escola-estadual-e-afastado-apos-denuncia-de-assedio-contra-aluna-no-rn\/","og_locale":"pt_BR","og_type":"article","og_title":"Diretor de escola estadual \u00e9 afastado ap\u00f3s den\u00fancia de ass\u00e9dio contra aluna no RN - Taveira Jr","og_description":"Escola Estadual Professora Maria Queiroz, no bairro Felipe Camar\u00e3o, em Natal (Arquivo) Divulga\u00e7\u00e3o\/Redes sociais O diretor de uma escola estadual em Natal foi afastado do cargo ap\u00f3s ser denunciado por ...","og_url":"https:\/\/deputadotaveirajr.com.br\/index.php\/diretor-de-escola-estadual-e-afastado-apos-denuncia-de-assedio-contra-aluna-no-rn\/","og_site_name":"Taveira Jr","og_image":[{"url":"https:\/\/s2-g1.glbimg.com\/Lh5Uu6uFqz7fJacqZx17MFw8BxA=\/i.s3.glbimg.com\/v1\/AUTH_59edd422c0c84a879bd37670ae4f538a\/internal_photos\/bs\/2025\/q\/L\/8uKYC9RmqXdRlEHRGUNQ\/escola.jpg","type":"","width":"","height":""}],"twitter_card":"summary_large_image","twitter_misc":{"Est. tempo de leitura":"1 minuto"},"schema":{"@context":"https:\/\/schema.org","@graph":[{"@type":"WebPage","@id":"https:\/\/deputadotaveirajr.com.br\/index.php\/diretor-de-escola-estadual-e-afastado-apos-denuncia-de-assedio-contra-aluna-no-rn\/","url":"https:\/\/deputadotaveirajr.com.br\/index.php\/diretor-de-escola-estadual-e-afastado-apos-denuncia-de-assedio-contra-aluna-no-rn\/","name":"Diretor de escola estadual \u00e9 afastado ap\u00f3s den\u00fancia de ass\u00e9dio contra aluna no RN - Taveira Jr","isPartOf":{"@id":"https:\/\/deputadotaveirajr.com.br\/#website"},"primaryImageOfPage":{"@id":"https:\/\/deputadotaveirajr.com.br\/index.php\/diretor-de-escola-estadual-e-afastado-apos-denuncia-de-assedio-contra-aluna-no-rn\/#primaryimage"},"image":{"@id":"https:\/\/deputadotaveirajr.com.br\/index.php\/diretor-de-escola-estadual-e-afastado-apos-denuncia-de-assedio-contra-aluna-no-rn\/#primaryimage"},"thumbnailUrl":"https:\/\/deputadotaveirajr.com.br\/wp-content\/uploads\/2025\/07\/escola-Fla63c.jpg","datePublished":"2025-07-25T15:34:42+00:00","breadcrumb":{"@id":"https:\/\/deputadotaveirajr.com.br\/index.php\/diretor-de-escola-estadual-e-afastado-apos-denuncia-de-assedio-contra-aluna-no-rn\/#breadcrumb"},"inLanguage":"pt-BR","potentialAction":[{"@type":"ReadAction","target":["https:\/\/deputadotaveirajr.com.br\/index.php\/diretor-de-escola-estadual-e-afastado-apos-denuncia-de-assedio-contra-aluna-no-rn\/"]}]},{"@type":"ImageObject","inLanguage":"pt-BR","@id":"https:\/\/deputadotaveirajr.com.br\/index.php\/diretor-de-escola-estadual-e-afastado-apos-denuncia-de-assedio-contra-aluna-no-rn\/#primaryimage","url":"https:\/\/deputadotaveirajr.com.br\/wp-content\/uploads\/2025\/07\/escola-Fla63c.jpg","contentUrl":"https:\/\/deputadotaveirajr.com.br\/wp-content\/uploads\/2025\/07\/escola-Fla63c.jpg","width":1200,"height":568},{"@type":"BreadcrumbList","@id":"https:\/\/deputadotaveirajr.com.br\/index.php\/diretor-de-escola-estadual-e-afastado-apos-denuncia-de-assedio-contra-aluna-no-rn\/#breadcrumb","itemListElement":[{"@type":"ListItem","position":1,"name":"In\u00edcio","item":"https:\/\/deputadotaveirajr.com.br\/"},{"@type":"ListItem","position":2,"name":"Diretor de escola estadual \u00e9 afastado ap\u00f3s den\u00fancia de ass\u00e9dio contra aluna no RN"}]},{"@type":"WebSite","@id":"https:\/\/deputadotaveirajr.com.br\/#website","url":"https:\/\/deputadotaveirajr.com.br\/","name":"Taveira Jr","description":"Deputado Estadual","publisher":{"@id":"https:\/\/deputadotaveirajr.com.br\/#organization"},"potentialAction":[{"@type":"SearchAction","target":{"@type":"EntryPoint","urlTemplate":"https:\/\/deputadotaveirajr.com.br\/?s={search_term_string}"},"query-input":{"@type":"PropertyValueSpecification","valueRequired":true,"valueName":"search_term_string"}}],"inLanguage":"pt-BR"},{"@type":"Organization","@id":"https:\/\/deputadotaveirajr.com.br\/#organization","name":"Taveira Jr","url":"https:\/\/deputadotaveirajr.com.br\/","logo":{"@type":"ImageObject","inLanguage":"pt-BR","@id":"https:\/\/deputadotaveirajr.com.br\/#\/schema\/logo\/image\/","url":"https:\/\/deputadotaveirajr.com.br\/wp-content\/uploads\/2026\/01\/logolow2a.png","contentUrl":"https:\/\/deputadotaveirajr.com.br\/wp-content\/uploads\/2026\/01\/logolow2a.png","width":290,"height":80,"caption":"Taveira Jr"},"image":{"@id":"https:\/\/deputadotaveirajr.com.br\/#\/schema\/logo\/image\/"}}]}},"_links":{"self":[{"href":"https:\/\/deputadotaveirajr.com.br\/index.php\/wp-json\/wp\/v2\/pages\/13705","targetHints":{"allow":["GET"]}}],"collection":[{"href":"https:\/\/deputadotaveirajr.com.br\/index.php\/wp-json\/wp\/v2\/pages"}],"about":[{"href":"https:\/\/deputadotaveirajr.com.br\/index.php\/wp-json\/wp\/v2\/types\/page"}],"replies":[{"embeddable":true,"href":"https:\/\/deputadotaveirajr.com.br\/index.php\/wp-json\/wp\/v2\/comments?post=13705"}],"version-history":[{"count":0,"href":"https:\/\/deputadotaveirajr.com.br\/index.php\/wp-json\/wp\/v2\/pages\/13705\/revisions"}],"wp:featuredmedia":[{"embeddable":true,"href":"https:\/\/deputadotaveirajr.com.br\/index.php\/wp-json\/wp\/v2\/media\/13706"}],"wp:attachment":[{"href":"https:\/\/deputadotaveirajr.com.br\/index.php\/wp-json\/wp\/v2\/media?parent=13705"}],"curies":[{"name":"wp","href":"https:\/\/api.w.org\/{rel}","templated":true}]}}