{"id":13774,"date":"2025-08-05T09:26:49","date_gmt":"2025-08-05T12:26:49","guid":{"rendered":"https:\/\/deputadotaveirajr.com.br\/index.php\/dia-dos-pais-roupas-e-perfumes-estao-entre-os-presentes-mais-procurados-em-natal\/"},"modified":"2025-08-05T09:26:49","modified_gmt":"2025-08-05T12:26:49","slug":"dia-dos-pais-roupas-e-perfumes-estao-entre-os-presentes-mais-procurados-em-natal","status":"publish","type":"page","link":"https:\/\/deputadotaveirajr.com.br\/index.php\/dia-dos-pais-roupas-e-perfumes-estao-entre-os-presentes-mais-procurados-em-natal\/","title":{"rendered":"Dia dos Pais: roupas e perfumes est\u00e3o entre os presentes mais procurados em Natal"},"content":{"rendered":"<p><img decoding=\"async\" src=\"https:\/\/s2-g1.glbimg.com\/KO4hKBsGRCUxYDNbJJmMvI1Pr_o=\/i.s3.glbimg.com\/v1\/AUTH_59edd422c0c84a879bd37670ae4f538a\/internal_photos\/bs\/2024\/T\/Y\/IRzchYSEm0AuGVZJgPKQ\/dia-dos-pais-3-.jpg\" \/><br \/>     Mais de 500 mil natalenses devem comprar presentes no Dia dos Pais<br \/>\nReprodu\u00e7\u00e3o\/TV Fronteira<br \/>\nRoupas, perfumes, cal\u00e7ados e acess\u00f3rios est\u00e3o entre os presentes mais procurados pelos natalenses para o Dia dos Pais 2025. A expectativa \u00e9 de que cerca de 510 mil pessoas realizem compras na capital potiguar, segundo levantamento da C\u00e2mara de Dirigentes Lojistas (CDL Natal) com base em dados da CNDL\/SPC Brasil.<br \/>\nA estimativa \u00e9 de que a data movimente R$ 130 milh\u00f5es no com\u00e9rcio de Natal, com destaque para as lojas f\u00edsicas, especialmente em shoppings, centros comerciais populares e lojas de departamento. Tamb\u00e9m h\u00e1 previs\u00e3o de aumento nas compras pela internet, com prefer\u00eancia por aplicativos e sites.<br \/>\n\ud83d\udcf3 Clique aqui para seguir o canal do g1 RN no WhatsApp<br \/>\nO ticket m\u00e9dio do consumidor de Natal \u00e9 estimado em R$ 255. A forma de pagamento mais comum ser\u00e1 \u00e0 vista, com 76% dos compradores optando por essa modalidade. Entre os que pretendem parcelar, a m\u00e9dia ser\u00e1 de 3,4 vezes.<br \/>\nLEIA TAMB\u00c9M<br \/>\nDia dos Pais: 30 ideias de presentes at\u00e9 R$ 150<br \/>\n\u201cO Dia dos Pais \u00e9 uma excelente oportunidade para aquecer o com\u00e9rcio local. Mesmo em tempos de or\u00e7amento mais apertado, os filhos informaram em nossa pesquisa a inten\u00e7\u00e3o de presentear, como uma forma de demonstrar carinho e amor pelos pais. O lojista precisa estar atento ao perfil do consumidor atual, que anda cauteloso nas compras e busca pre\u00e7o, praticidade e formas seguras de pagamento\u201d, afirmou Jos\u00e9 Lucena, presidente da CDL Natal.<br \/>\nDados nacionais<br \/>\nEm todo o pa\u00eds, a expectativa \u00e9 de que o Dia dos Pais movimente R$ 27,13 bilh\u00f5es no com\u00e9rcio, com participa\u00e7\u00e3o de aproximadamente 106,3 milh\u00f5es de consumidores, de acordo com a pesquisa da CNDL\/SPC Brasil.<br \/>\nO gasto m\u00e9dio nacional por pessoa tamb\u00e9m \u00e9 de R$ 255, com uma m\u00e9dia de 1,7 presentes por consumidor. Entre os que pretendem gastar mais que no ano anterior, os principais motivos s\u00e3o a inten\u00e7\u00e3o de comprar presentes melhores (58%), adquirir mais itens (36%) e o aumento nos pre\u00e7os (34%).<br \/>\nJ\u00e1 entre os que v\u00e3o reduzir os gastos, 49% justificam a decis\u00e3o pela necessidade de economizar, 38% afirmam estar em situa\u00e7\u00e3o financeira dif\u00edcil e 30% t\u00eam d\u00edvidas em atraso.<br \/>\nA pesquisa nacional tamb\u00e9m apontou que 35% dos consumidores est\u00e3o com contas atrasadas, sendo que 74% est\u00e3o negativados. Cerca de 24% admitem que devem gastar mais do que podem com os presentes, e 13% afirmam que podem deixar de pagar contas para realizar compras para a data.<br \/>\nAs lojas f\u00edsicas ainda s\u00e3o o principal canal de compra, sendo a escolha de 76% dos consumidores. J\u00e1 43% devem comprar pela internet, com prefer\u00eancia por aplicativos (70%) e sites (65%). Redes sociais como o Instagram tamb\u00e9m ser\u00e3o usadas por 19% dos compr<br \/>\nDia dos pais: restaurantes esperam alta no faturamento<br \/>\nVeja os v\u00eddeos mais assistidos do g1 RN<\/p>","protected":false},"excerpt":{"rendered":"<p>Mais de 500 mil natalenses devem comprar presentes no Dia dos Pais Reprodu\u00e7\u00e3o\/TV Fronteira Roupas, perfumes, cal\u00e7ados e acess\u00f3rios est\u00e3o entre os presentes mais procurados pelos natalenses para o Dia &#8230;<\/p>\n","protected":false},"author":0,"featured_media":13775,"parent":0,"menu_order":0,"comment_status":"closed","ping_status":"closed","template":"","meta":{"footnotes":""},"class_list":["post-13774","page","type-page","status-publish","has-post-thumbnail","hentry"],"yoast_head":"<!-- This site is optimized with the Yoast SEO plugin v27.1.1 - https:\/\/yoast.com\/product\/yoast-seo-wordpress\/ -->\n<title>Dia dos Pais: roupas e perfumes est\u00e3o entre os presentes mais procurados em Natal - Taveira Jr<\/title>\n<meta name=\"robots\" content=\"index, follow, max-snippet:-1, max-image-preview:large, max-video-preview:-1\" \/>\n<link rel=\"canonical\" href=\"https:\/\/deputadotaveirajr.com.br\/index.php\/dia-dos-pais-roupas-e-perfumes-estao-entre-os-presentes-mais-procurados-em-natal\/\" \/>\n<meta property=\"og:locale\" content=\"pt_BR\" \/>\n<meta property=\"og:type\" content=\"article\" \/>\n<meta property=\"og:title\" content=\"Dia dos Pais: roupas e perfumes est\u00e3o entre os presentes mais procurados em Natal - Taveira Jr\" \/>\n<meta property=\"og:description\" content=\"Mais de 500 mil natalenses devem comprar presentes no Dia dos Pais Reprodu\u00e7\u00e3o\/TV Fronteira Roupas, perfumes, cal\u00e7ados e acess\u00f3rios est\u00e3o entre os presentes mais procurados pelos natalenses para o Dia ...\" \/>\n<meta property=\"og:url\" content=\"https:\/\/deputadotaveirajr.com.br\/index.php\/dia-dos-pais-roupas-e-perfumes-estao-entre-os-presentes-mais-procurados-em-natal\/\" \/>\n<meta property=\"og:site_name\" content=\"Taveira Jr\" \/>\n<meta property=\"og:image\" content=\"https:\/\/s2-g1.glbimg.com\/KO4hKBsGRCUxYDNbJJmMvI1Pr_o=\/i.s3.glbimg.com\/v1\/AUTH_59edd422c0c84a879bd37670ae4f538a\/internal_photos\/bs\/2024\/T\/Y\/IRzchYSEm0AuGVZJgPKQ\/dia-dos-pais-3-.jpg\" \/>\n<meta name=\"twitter:card\" content=\"summary_large_image\" \/>\n<meta name=\"twitter:label1\" content=\"Est. tempo de leitura\" \/>\n\t<meta name=\"twitter:data1\" content=\"2 minutos\" \/>\n<script type=\"application\/ld+json\" class=\"yoast-schema-graph\">{\"@context\":\"https:\/\/schema.org\",\"@graph\":[{\"@type\":\"WebPage\",\"@id\":\"https:\/\/deputadotaveirajr.com.br\/index.php\/dia-dos-pais-roupas-e-perfumes-estao-entre-os-presentes-mais-procurados-em-natal\/\",\"url\":\"https:\/\/deputadotaveirajr.com.br\/index.php\/dia-dos-pais-roupas-e-perfumes-estao-entre-os-presentes-mais-procurados-em-natal\/\",\"name\":\"Dia dos Pais: roupas e perfumes est\u00e3o entre os presentes mais procurados em Natal - Taveira Jr\",\"isPartOf\":{\"@id\":\"https:\/\/deputadotaveirajr.com.br\/#website\"},\"primaryImageOfPage\":{\"@id\":\"https:\/\/deputadotaveirajr.com.br\/index.php\/dia-dos-pais-roupas-e-perfumes-estao-entre-os-presentes-mais-procurados-em-natal\/#primaryimage\"},\"image\":{\"@id\":\"https:\/\/deputadotaveirajr.com.br\/index.php\/dia-dos-pais-roupas-e-perfumes-estao-entre-os-presentes-mais-procurados-em-natal\/#primaryimage\"},\"thumbnailUrl\":\"https:\/\/deputadotaveirajr.com.br\/wp-content\/uploads\/2025\/08\/dia-dos-pais-3-9QQ8co.png\",\"datePublished\":\"2025-08-05T12:26:49+00:00\",\"breadcrumb\":{\"@id\":\"https:\/\/deputadotaveirajr.com.br\/index.php\/dia-dos-pais-roupas-e-perfumes-estao-entre-os-presentes-mais-procurados-em-natal\/#breadcrumb\"},\"inLanguage\":\"pt-BR\",\"potentialAction\":[{\"@type\":\"ReadAction\",\"target\":[\"https:\/\/deputadotaveirajr.com.br\/index.php\/dia-dos-pais-roupas-e-perfumes-estao-entre-os-presentes-mais-procurados-em-natal\/\"]}]},{\"@type\":\"ImageObject\",\"inLanguage\":\"pt-BR\",\"@id\":\"https:\/\/deputadotaveirajr.com.br\/index.php\/dia-dos-pais-roupas-e-perfumes-estao-entre-os-presentes-mais-procurados-em-natal\/#primaryimage\",\"url\":\"https:\/\/deputadotaveirajr.com.br\/wp-content\/uploads\/2025\/08\/dia-dos-pais-3-9QQ8co.png\",\"contentUrl\":\"https:\/\/deputadotaveirajr.com.br\/wp-content\/uploads\/2025\/08\/dia-dos-pais-3-9QQ8co.png\",\"width\":1920,\"height\":1088},{\"@type\":\"BreadcrumbList\",\"@id\":\"https:\/\/deputadotaveirajr.com.br\/index.php\/dia-dos-pais-roupas-e-perfumes-estao-entre-os-presentes-mais-procurados-em-natal\/#breadcrumb\",\"itemListElement\":[{\"@type\":\"ListItem\",\"position\":1,\"name\":\"In\u00edcio\",\"item\":\"https:\/\/deputadotaveirajr.com.br\/\"},{\"@type\":\"ListItem\",\"position\":2,\"name\":\"Dia dos Pais: roupas e perfumes est\u00e3o entre os presentes mais procurados em Natal\"}]},{\"@type\":\"WebSite\",\"@id\":\"https:\/\/deputadotaveirajr.com.br\/#website\",\"url\":\"https:\/\/deputadotaveirajr.com.br\/\",\"name\":\"Taveira Jr\",\"description\":\"Deputado Estadual\",\"publisher\":{\"@id\":\"https:\/\/deputadotaveirajr.com.br\/#organization\"},\"potentialAction\":[{\"@type\":\"SearchAction\",\"target\":{\"@type\":\"EntryPoint\",\"urlTemplate\":\"https:\/\/deputadotaveirajr.com.br\/?s={search_term_string}\"},\"query-input\":{\"@type\":\"PropertyValueSpecification\",\"valueRequired\":true,\"valueName\":\"search_term_string\"}}],\"inLanguage\":\"pt-BR\"},{\"@type\":\"Organization\",\"@id\":\"https:\/\/deputadotaveirajr.com.br\/#organization\",\"name\":\"Taveira Jr\",\"url\":\"https:\/\/deputadotaveirajr.com.br\/\",\"logo\":{\"@type\":\"ImageObject\",\"inLanguage\":\"pt-BR\",\"@id\":\"https:\/\/deputadotaveirajr.com.br\/#\/schema\/logo\/image\/\",\"url\":\"https:\/\/deputadotaveirajr.com.br\/wp-content\/uploads\/2026\/01\/logolow2a.png\",\"contentUrl\":\"https:\/\/deputadotaveirajr.com.br\/wp-content\/uploads\/2026\/01\/logolow2a.png\",\"width\":290,\"height\":80,\"caption\":\"Taveira Jr\"},\"image\":{\"@id\":\"https:\/\/deputadotaveirajr.com.br\/#\/schema\/logo\/image\/\"}}]}<\/script>\n<!-- \/ Yoast SEO plugin. -->","yoast_head_json":{"title":"Dia dos Pais: roupas e perfumes est\u00e3o entre os presentes mais procurados em Natal - Taveira Jr","robots":{"index":"index","follow":"follow","max-snippet":"max-snippet:-1","max-image-preview":"max-image-preview:large","max-video-preview":"max-video-preview:-1"},"canonical":"https:\/\/deputadotaveirajr.com.br\/index.php\/dia-dos-pais-roupas-e-perfumes-estao-entre-os-presentes-mais-procurados-em-natal\/","og_locale":"pt_BR","og_type":"article","og_title":"Dia dos Pais: roupas e perfumes est\u00e3o entre os presentes mais procurados em Natal - Taveira Jr","og_description":"Mais de 500 mil natalenses devem comprar presentes no Dia dos Pais Reprodu\u00e7\u00e3o\/TV Fronteira Roupas, perfumes, cal\u00e7ados e acess\u00f3rios est\u00e3o entre os presentes mais procurados pelos natalenses para o Dia ...","og_url":"https:\/\/deputadotaveirajr.com.br\/index.php\/dia-dos-pais-roupas-e-perfumes-estao-entre-os-presentes-mais-procurados-em-natal\/","og_site_name":"Taveira Jr","og_image":[{"url":"https:\/\/s2-g1.glbimg.com\/KO4hKBsGRCUxYDNbJJmMvI1Pr_o=\/i.s3.glbimg.com\/v1\/AUTH_59edd422c0c84a879bd37670ae4f538a\/internal_photos\/bs\/2024\/T\/Y\/IRzchYSEm0AuGVZJgPKQ\/dia-dos-pais-3-.jpg","type":"","width":"","height":""}],"twitter_card":"summary_large_image","twitter_misc":{"Est. tempo de leitura":"2 minutos"},"schema":{"@context":"https:\/\/schema.org","@graph":[{"@type":"WebPage","@id":"https:\/\/deputadotaveirajr.com.br\/index.php\/dia-dos-pais-roupas-e-perfumes-estao-entre-os-presentes-mais-procurados-em-natal\/","url":"https:\/\/deputadotaveirajr.com.br\/index.php\/dia-dos-pais-roupas-e-perfumes-estao-entre-os-presentes-mais-procurados-em-natal\/","name":"Dia dos Pais: roupas e perfumes est\u00e3o entre os presentes mais procurados em Natal - Taveira Jr","isPartOf":{"@id":"https:\/\/deputadotaveirajr.com.br\/#website"},"primaryImageOfPage":{"@id":"https:\/\/deputadotaveirajr.com.br\/index.php\/dia-dos-pais-roupas-e-perfumes-estao-entre-os-presentes-mais-procurados-em-natal\/#primaryimage"},"image":{"@id":"https:\/\/deputadotaveirajr.com.br\/index.php\/dia-dos-pais-roupas-e-perfumes-estao-entre-os-presentes-mais-procurados-em-natal\/#primaryimage"},"thumbnailUrl":"https:\/\/deputadotaveirajr.com.br\/wp-content\/uploads\/2025\/08\/dia-dos-pais-3-9QQ8co.png","datePublished":"2025-08-05T12:26:49+00:00","breadcrumb":{"@id":"https:\/\/deputadotaveirajr.com.br\/index.php\/dia-dos-pais-roupas-e-perfumes-estao-entre-os-presentes-mais-procurados-em-natal\/#breadcrumb"},"inLanguage":"pt-BR","potentialAction":[{"@type":"ReadAction","target":["https:\/\/deputadotaveirajr.com.br\/index.php\/dia-dos-pais-roupas-e-perfumes-estao-entre-os-presentes-mais-procurados-em-natal\/"]}]},{"@type":"ImageObject","inLanguage":"pt-BR","@id":"https:\/\/deputadotaveirajr.com.br\/index.php\/dia-dos-pais-roupas-e-perfumes-estao-entre-os-presentes-mais-procurados-em-natal\/#primaryimage","url":"https:\/\/deputadotaveirajr.com.br\/wp-content\/uploads\/2025\/08\/dia-dos-pais-3-9QQ8co.png","contentUrl":"https:\/\/deputadotaveirajr.com.br\/wp-content\/uploads\/2025\/08\/dia-dos-pais-3-9QQ8co.png","width":1920,"height":1088},{"@type":"BreadcrumbList","@id":"https:\/\/deputadotaveirajr.com.br\/index.php\/dia-dos-pais-roupas-e-perfumes-estao-entre-os-presentes-mais-procurados-em-natal\/#breadcrumb","itemListElement":[{"@type":"ListItem","position":1,"name":"In\u00edcio","item":"https:\/\/deputadotaveirajr.com.br\/"},{"@type":"ListItem","position":2,"name":"Dia dos Pais: roupas e perfumes est\u00e3o entre os presentes mais procurados em Natal"}]},{"@type":"WebSite","@id":"https:\/\/deputadotaveirajr.com.br\/#website","url":"https:\/\/deputadotaveirajr.com.br\/","name":"Taveira Jr","description":"Deputado Estadual","publisher":{"@id":"https:\/\/deputadotaveirajr.com.br\/#organization"},"potentialAction":[{"@type":"SearchAction","target":{"@type":"EntryPoint","urlTemplate":"https:\/\/deputadotaveirajr.com.br\/?s={search_term_string}"},"query-input":{"@type":"PropertyValueSpecification","valueRequired":true,"valueName":"search_term_string"}}],"inLanguage":"pt-BR"},{"@type":"Organization","@id":"https:\/\/deputadotaveirajr.com.br\/#organization","name":"Taveira Jr","url":"https:\/\/deputadotaveirajr.com.br\/","logo":{"@type":"ImageObject","inLanguage":"pt-BR","@id":"https:\/\/deputadotaveirajr.com.br\/#\/schema\/logo\/image\/","url":"https:\/\/deputadotaveirajr.com.br\/wp-content\/uploads\/2026\/01\/logolow2a.png","contentUrl":"https:\/\/deputadotaveirajr.com.br\/wp-content\/uploads\/2026\/01\/logolow2a.png","width":290,"height":80,"caption":"Taveira Jr"},"image":{"@id":"https:\/\/deputadotaveirajr.com.br\/#\/schema\/logo\/image\/"}}]}},"_links":{"self":[{"href":"https:\/\/deputadotaveirajr.com.br\/index.php\/wp-json\/wp\/v2\/pages\/13774","targetHints":{"allow":["GET"]}}],"collection":[{"href":"https:\/\/deputadotaveirajr.com.br\/index.php\/wp-json\/wp\/v2\/pages"}],"about":[{"href":"https:\/\/deputadotaveirajr.com.br\/index.php\/wp-json\/wp\/v2\/types\/page"}],"replies":[{"embeddable":true,"href":"https:\/\/deputadotaveirajr.com.br\/index.php\/wp-json\/wp\/v2\/comments?post=13774"}],"version-history":[{"count":0,"href":"https:\/\/deputadotaveirajr.com.br\/index.php\/wp-json\/wp\/v2\/pages\/13774\/revisions"}],"wp:featuredmedia":[{"embeddable":true,"href":"https:\/\/deputadotaveirajr.com.br\/index.php\/wp-json\/wp\/v2\/media\/13775"}],"wp:attachment":[{"href":"https:\/\/deputadotaveirajr.com.br\/index.php\/wp-json\/wp\/v2\/media?parent=13774"}],"curies":[{"name":"wp","href":"https:\/\/api.w.org\/{rel}","templated":true}]}}