{"id":13850,"date":"2025-08-14T15:00:45","date_gmt":"2025-08-14T18:00:45","guid":{"rendered":"https:\/\/deputadotaveirajr.com.br\/index.php\/justica-determina-que-estado-desbloqueie-leitos-de-uti-do-hospital-maria-alice-fernandes-em-48h\/"},"modified":"2025-08-14T15:00:45","modified_gmt":"2025-08-14T18:00:45","slug":"justica-determina-que-estado-desbloqueie-leitos-de-uti-do-hospital-maria-alice-fernandes-em-48h","status":"publish","type":"page","link":"https:\/\/deputadotaveirajr.com.br\/index.php\/justica-determina-que-estado-desbloqueie-leitos-de-uti-do-hospital-maria-alice-fernandes-em-48h\/","title":{"rendered":"Justi\u00e7a determina que estado desbloqueie leitos de UTI do Hospital Maria Alice Fernandes em 48h"},"content":{"rendered":"<p><img decoding=\"async\" src=\"https:\/\/s2-g1.glbimg.com\/no3Up_6IRmeGsutEeyhdLGlJSPQ=\/i.s3.glbimg.com\/v1\/AUTH_59edd422c0c84a879bd37670ae4f538a\/internal_photos\/bs\/2025\/O\/Y\/ldVkcdSher5bflE8kBvA\/whatsapp-image-2025-08-08-at-11.44.33.jpeg\" \/><br \/>     UTI neonatal do Maria Alice Fernandes opera com 5 leitos por falta de insumos no RN<br \/>\nS\u00e9rgio Henrique Santos\/Inter TV Cabugi<br \/>\nA Justi\u00e7a Federal determinou que o estado do Rio Grande do Norte desbloqueie todos os leitos de UTI Neonatal e Pedi\u00e1trica do Hospital Maria Alice em at\u00e9 48 horas. A informa\u00e7\u00e3o \u00e9 do Conselho Regional de Medicina do Rio Grande do Norte (Cremern).<br \/>\nA decis\u00e3o responde \u00e0 a\u00e7\u00e3o movida pelo Cremern, Defensoria P\u00fablica do Estado do RN e o Minist\u00e9rio P\u00fablico do RN.<br \/>\nO Hospital Maria Alice Fernandes \u00e9 a unidade de refer\u00eancia estadual em alta complexidade pedi\u00e1trica e neonatal e est\u00e1 com leitos de UTI bloqueados pelo menos desde o in\u00edcio deste m\u00eas. De acordo com a dire\u00e7\u00e3o, faltam insumos b\u00e1sicos para funcionamento dos leitos.<br \/>\n\ud83d\udcf3 Clique aqui para seguir o canal do g1 RN no WhatsApp<br \/>\nAo todo, houve o bloqueio de sete leitos de UTI &#8211; sendo cinco de UTI neonatal e dois de UTI pedi\u00e1trica.<br \/>\nEm nota, a Secretaria Estadual de Sa\u00fade P\u00fablica (Sesap) informou, nesta quinta-feira (14), que &#8220;j\u00e1 vem trabalhando desde a semana passada para solucionar a situa\u00e7\u00e3o do Hospital Maria Alice Fernandes, buscando insumos junto a outros hospitais da rede e com institui\u00e7\u00f5es parceiras para manuten\u00e7\u00e3o dos servi\u00e7os, bem como realizando a requisi\u00e7\u00e3o administrativa para reabastecimento com vistas \u00e0 reabertura dos sete leitos hoje bloqueados&#8221;.<br \/>\nDecis\u00e3o<br \/>\nAl\u00e9m do desbloqueio dos leitos de UTI, a decis\u00e3o da magistrada Gisele Maria da Silva Ara\u00fajo Leite determina que o estado apresente, em 30 dias, um plano de a\u00e7\u00e3o detalhado para a manuten\u00e7\u00e3o integral e ininterrupta dos servi\u00e7os na Unidade de Terapia Intensiva (UTI).<br \/>\nO plano deve incluir a comprova\u00e7\u00e3o do fornecimento de todos os medicamentos e materiais necess\u00e1rios para o funcionamento seguro e completo da UTI.<br \/>\nSecret\u00e1rio se pronuncia<br \/>\nNesta quarta (13) o secret\u00e1rio de Estado da Sa\u00fade P\u00fablica do RN (Sesap), Alexandre Motta, disse em uma audi\u00eancia p\u00fablica da Comiss\u00e3o de Finan\u00e7as e Fiscaliza\u00e7\u00e3o (CFF) da Assembleia Legislativa (ALRN) que enviou solicita\u00e7\u00f5es de empr\u00e9stimos de materiais para o Hospital Universit\u00e1rio Ana Bezerra, em Santa Cruz, e para o governo da Para\u00edba para tentar resolver de forma urgente o bloqueio de leito.<br \/>\nMotta disse ainda que a Sesap a pasta reuniu materiais do Hospital Monsenhor Walfredo Gurgel e do Santa Catarina, mas n\u00e3o foi suficiente para a reabertura dos leitos. Na ocasi\u00e3o, o secret\u00e1rio n\u00e3o deu previs\u00e3o de quando os leitos do Maria Alice Fernandes v\u00e3o ser desbloqueados.<br \/>\nSecret\u00e1rio de sa\u00fade do RN presta contas na Assembleia e fala sobre leitos do Maria Alice<\/p>","protected":false},"excerpt":{"rendered":"<p>UTI neonatal do Maria Alice Fernandes opera com 5 leitos por falta de insumos no RN S\u00e9rgio Henrique Santos\/Inter TV Cabugi A Justi\u00e7a Federal determinou que o estado do Rio &#8230;<\/p>\n","protected":false},"author":0,"featured_media":13851,"parent":0,"menu_order":0,"comment_status":"closed","ping_status":"closed","template":"","meta":{"footnotes":""},"class_list":["post-13850","page","type-page","status-publish","has-post-thumbnail","hentry"],"yoast_head":"<!-- This site is optimized with the Yoast SEO plugin v27.1.1 - https:\/\/yoast.com\/product\/yoast-seo-wordpress\/ -->\n<title>Justi\u00e7a determina que estado desbloqueie leitos de UTI do Hospital Maria Alice Fernandes em 48h - Taveira Jr<\/title>\n<meta name=\"robots\" content=\"index, follow, max-snippet:-1, max-image-preview:large, max-video-preview:-1\" \/>\n<link rel=\"canonical\" href=\"https:\/\/deputadotaveirajr.com.br\/index.php\/justica-determina-que-estado-desbloqueie-leitos-de-uti-do-hospital-maria-alice-fernandes-em-48h\/\" \/>\n<meta property=\"og:locale\" content=\"pt_BR\" \/>\n<meta property=\"og:type\" content=\"article\" \/>\n<meta property=\"og:title\" content=\"Justi\u00e7a determina que estado desbloqueie leitos de UTI do Hospital Maria Alice Fernandes em 48h - Taveira Jr\" \/>\n<meta property=\"og:description\" content=\"UTI neonatal do Maria Alice Fernandes opera com 5 leitos por falta de insumos no RN S\u00e9rgio Henrique Santos\/Inter TV Cabugi A Justi\u00e7a Federal determinou que o estado do Rio ...\" \/>\n<meta property=\"og:url\" content=\"https:\/\/deputadotaveirajr.com.br\/index.php\/justica-determina-que-estado-desbloqueie-leitos-de-uti-do-hospital-maria-alice-fernandes-em-48h\/\" \/>\n<meta property=\"og:site_name\" content=\"Taveira Jr\" \/>\n<meta property=\"og:image\" content=\"https:\/\/s2-g1.glbimg.com\/no3Up_6IRmeGsutEeyhdLGlJSPQ=\/i.s3.glbimg.com\/v1\/AUTH_59edd422c0c84a879bd37670ae4f538a\/internal_photos\/bs\/2025\/O\/Y\/ldVkcdSher5bflE8kBvA\/whatsapp-image-2025-08-08-at-11.44.33.jpeg\" \/>\n<meta name=\"twitter:card\" content=\"summary_large_image\" \/>\n<meta name=\"twitter:label1\" content=\"Est. tempo de leitura\" \/>\n\t<meta name=\"twitter:data1\" content=\"2 minutos\" \/>\n<script type=\"application\/ld+json\" class=\"yoast-schema-graph\">{\"@context\":\"https:\/\/schema.org\",\"@graph\":[{\"@type\":\"WebPage\",\"@id\":\"https:\/\/deputadotaveirajr.com.br\/index.php\/justica-determina-que-estado-desbloqueie-leitos-de-uti-do-hospital-maria-alice-fernandes-em-48h\/\",\"url\":\"https:\/\/deputadotaveirajr.com.br\/index.php\/justica-determina-que-estado-desbloqueie-leitos-de-uti-do-hospital-maria-alice-fernandes-em-48h\/\",\"name\":\"Justi\u00e7a determina que estado desbloqueie leitos de UTI do Hospital Maria Alice Fernandes em 48h - Taveira Jr\",\"isPartOf\":{\"@id\":\"https:\/\/deputadotaveirajr.com.br\/#website\"},\"primaryImageOfPage\":{\"@id\":\"https:\/\/deputadotaveirajr.com.br\/index.php\/justica-determina-que-estado-desbloqueie-leitos-de-uti-do-hospital-maria-alice-fernandes-em-48h\/#primaryimage\"},\"image\":{\"@id\":\"https:\/\/deputadotaveirajr.com.br\/index.php\/justica-determina-que-estado-desbloqueie-leitos-de-uti-do-hospital-maria-alice-fernandes-em-48h\/#primaryimage\"},\"thumbnailUrl\":\"https:\/\/deputadotaveirajr.com.br\/wp-content\/uploads\/2025\/08\/whatsapp-image-2025-08-08-at-11.44.33-2e6DNY.jpg\",\"datePublished\":\"2025-08-14T18:00:45+00:00\",\"breadcrumb\":{\"@id\":\"https:\/\/deputadotaveirajr.com.br\/index.php\/justica-determina-que-estado-desbloqueie-leitos-de-uti-do-hospital-maria-alice-fernandes-em-48h\/#breadcrumb\"},\"inLanguage\":\"pt-BR\",\"potentialAction\":[{\"@type\":\"ReadAction\",\"target\":[\"https:\/\/deputadotaveirajr.com.br\/index.php\/justica-determina-que-estado-desbloqueie-leitos-de-uti-do-hospital-maria-alice-fernandes-em-48h\/\"]}]},{\"@type\":\"ImageObject\",\"inLanguage\":\"pt-BR\",\"@id\":\"https:\/\/deputadotaveirajr.com.br\/index.php\/justica-determina-que-estado-desbloqueie-leitos-de-uti-do-hospital-maria-alice-fernandes-em-48h\/#primaryimage\",\"url\":\"https:\/\/deputadotaveirajr.com.br\/wp-content\/uploads\/2025\/08\/whatsapp-image-2025-08-08-at-11.44.33-2e6DNY.jpg\",\"contentUrl\":\"https:\/\/deputadotaveirajr.com.br\/wp-content\/uploads\/2025\/08\/whatsapp-image-2025-08-08-at-11.44.33-2e6DNY.jpg\",\"width\":1600,\"height\":1212},{\"@type\":\"BreadcrumbList\",\"@id\":\"https:\/\/deputadotaveirajr.com.br\/index.php\/justica-determina-que-estado-desbloqueie-leitos-de-uti-do-hospital-maria-alice-fernandes-em-48h\/#breadcrumb\",\"itemListElement\":[{\"@type\":\"ListItem\",\"position\":1,\"name\":\"In\u00edcio\",\"item\":\"https:\/\/deputadotaveirajr.com.br\/\"},{\"@type\":\"ListItem\",\"position\":2,\"name\":\"Justi\u00e7a determina que estado desbloqueie leitos de UTI do Hospital Maria Alice Fernandes em 48h\"}]},{\"@type\":\"WebSite\",\"@id\":\"https:\/\/deputadotaveirajr.com.br\/#website\",\"url\":\"https:\/\/deputadotaveirajr.com.br\/\",\"name\":\"Taveira Jr\",\"description\":\"Deputado Estadual\",\"publisher\":{\"@id\":\"https:\/\/deputadotaveirajr.com.br\/#organization\"},\"potentialAction\":[{\"@type\":\"SearchAction\",\"target\":{\"@type\":\"EntryPoint\",\"urlTemplate\":\"https:\/\/deputadotaveirajr.com.br\/?s={search_term_string}\"},\"query-input\":{\"@type\":\"PropertyValueSpecification\",\"valueRequired\":true,\"valueName\":\"search_term_string\"}}],\"inLanguage\":\"pt-BR\"},{\"@type\":\"Organization\",\"@id\":\"https:\/\/deputadotaveirajr.com.br\/#organization\",\"name\":\"Taveira Jr\",\"url\":\"https:\/\/deputadotaveirajr.com.br\/\",\"logo\":{\"@type\":\"ImageObject\",\"inLanguage\":\"pt-BR\",\"@id\":\"https:\/\/deputadotaveirajr.com.br\/#\/schema\/logo\/image\/\",\"url\":\"https:\/\/deputadotaveirajr.com.br\/wp-content\/uploads\/2026\/01\/logolow2a.png\",\"contentUrl\":\"https:\/\/deputadotaveirajr.com.br\/wp-content\/uploads\/2026\/01\/logolow2a.png\",\"width\":290,\"height\":80,\"caption\":\"Taveira Jr\"},\"image\":{\"@id\":\"https:\/\/deputadotaveirajr.com.br\/#\/schema\/logo\/image\/\"}}]}<\/script>\n<!-- \/ Yoast SEO plugin. -->","yoast_head_json":{"title":"Justi\u00e7a determina que estado desbloqueie leitos de UTI do Hospital Maria Alice Fernandes em 48h - Taveira Jr","robots":{"index":"index","follow":"follow","max-snippet":"max-snippet:-1","max-image-preview":"max-image-preview:large","max-video-preview":"max-video-preview:-1"},"canonical":"https:\/\/deputadotaveirajr.com.br\/index.php\/justica-determina-que-estado-desbloqueie-leitos-de-uti-do-hospital-maria-alice-fernandes-em-48h\/","og_locale":"pt_BR","og_type":"article","og_title":"Justi\u00e7a determina que estado desbloqueie leitos de UTI do Hospital Maria Alice Fernandes em 48h - Taveira Jr","og_description":"UTI neonatal do Maria Alice Fernandes opera com 5 leitos por falta de insumos no RN S\u00e9rgio Henrique Santos\/Inter TV Cabugi A Justi\u00e7a Federal determinou que o estado do Rio ...","og_url":"https:\/\/deputadotaveirajr.com.br\/index.php\/justica-determina-que-estado-desbloqueie-leitos-de-uti-do-hospital-maria-alice-fernandes-em-48h\/","og_site_name":"Taveira Jr","og_image":[{"url":"https:\/\/s2-g1.glbimg.com\/no3Up_6IRmeGsutEeyhdLGlJSPQ=\/i.s3.glbimg.com\/v1\/AUTH_59edd422c0c84a879bd37670ae4f538a\/internal_photos\/bs\/2025\/O\/Y\/ldVkcdSher5bflE8kBvA\/whatsapp-image-2025-08-08-at-11.44.33.jpeg","type":"","width":"","height":""}],"twitter_card":"summary_large_image","twitter_misc":{"Est. tempo de leitura":"2 minutos"},"schema":{"@context":"https:\/\/schema.org","@graph":[{"@type":"WebPage","@id":"https:\/\/deputadotaveirajr.com.br\/index.php\/justica-determina-que-estado-desbloqueie-leitos-de-uti-do-hospital-maria-alice-fernandes-em-48h\/","url":"https:\/\/deputadotaveirajr.com.br\/index.php\/justica-determina-que-estado-desbloqueie-leitos-de-uti-do-hospital-maria-alice-fernandes-em-48h\/","name":"Justi\u00e7a determina que estado desbloqueie leitos de UTI do Hospital Maria Alice Fernandes em 48h - Taveira Jr","isPartOf":{"@id":"https:\/\/deputadotaveirajr.com.br\/#website"},"primaryImageOfPage":{"@id":"https:\/\/deputadotaveirajr.com.br\/index.php\/justica-determina-que-estado-desbloqueie-leitos-de-uti-do-hospital-maria-alice-fernandes-em-48h\/#primaryimage"},"image":{"@id":"https:\/\/deputadotaveirajr.com.br\/index.php\/justica-determina-que-estado-desbloqueie-leitos-de-uti-do-hospital-maria-alice-fernandes-em-48h\/#primaryimage"},"thumbnailUrl":"https:\/\/deputadotaveirajr.com.br\/wp-content\/uploads\/2025\/08\/whatsapp-image-2025-08-08-at-11.44.33-2e6DNY.jpg","datePublished":"2025-08-14T18:00:45+00:00","breadcrumb":{"@id":"https:\/\/deputadotaveirajr.com.br\/index.php\/justica-determina-que-estado-desbloqueie-leitos-de-uti-do-hospital-maria-alice-fernandes-em-48h\/#breadcrumb"},"inLanguage":"pt-BR","potentialAction":[{"@type":"ReadAction","target":["https:\/\/deputadotaveirajr.com.br\/index.php\/justica-determina-que-estado-desbloqueie-leitos-de-uti-do-hospital-maria-alice-fernandes-em-48h\/"]}]},{"@type":"ImageObject","inLanguage":"pt-BR","@id":"https:\/\/deputadotaveirajr.com.br\/index.php\/justica-determina-que-estado-desbloqueie-leitos-de-uti-do-hospital-maria-alice-fernandes-em-48h\/#primaryimage","url":"https:\/\/deputadotaveirajr.com.br\/wp-content\/uploads\/2025\/08\/whatsapp-image-2025-08-08-at-11.44.33-2e6DNY.jpg","contentUrl":"https:\/\/deputadotaveirajr.com.br\/wp-content\/uploads\/2025\/08\/whatsapp-image-2025-08-08-at-11.44.33-2e6DNY.jpg","width":1600,"height":1212},{"@type":"BreadcrumbList","@id":"https:\/\/deputadotaveirajr.com.br\/index.php\/justica-determina-que-estado-desbloqueie-leitos-de-uti-do-hospital-maria-alice-fernandes-em-48h\/#breadcrumb","itemListElement":[{"@type":"ListItem","position":1,"name":"In\u00edcio","item":"https:\/\/deputadotaveirajr.com.br\/"},{"@type":"ListItem","position":2,"name":"Justi\u00e7a determina que estado desbloqueie leitos de UTI do Hospital Maria Alice Fernandes em 48h"}]},{"@type":"WebSite","@id":"https:\/\/deputadotaveirajr.com.br\/#website","url":"https:\/\/deputadotaveirajr.com.br\/","name":"Taveira Jr","description":"Deputado Estadual","publisher":{"@id":"https:\/\/deputadotaveirajr.com.br\/#organization"},"potentialAction":[{"@type":"SearchAction","target":{"@type":"EntryPoint","urlTemplate":"https:\/\/deputadotaveirajr.com.br\/?s={search_term_string}"},"query-input":{"@type":"PropertyValueSpecification","valueRequired":true,"valueName":"search_term_string"}}],"inLanguage":"pt-BR"},{"@type":"Organization","@id":"https:\/\/deputadotaveirajr.com.br\/#organization","name":"Taveira Jr","url":"https:\/\/deputadotaveirajr.com.br\/","logo":{"@type":"ImageObject","inLanguage":"pt-BR","@id":"https:\/\/deputadotaveirajr.com.br\/#\/schema\/logo\/image\/","url":"https:\/\/deputadotaveirajr.com.br\/wp-content\/uploads\/2026\/01\/logolow2a.png","contentUrl":"https:\/\/deputadotaveirajr.com.br\/wp-content\/uploads\/2026\/01\/logolow2a.png","width":290,"height":80,"caption":"Taveira Jr"},"image":{"@id":"https:\/\/deputadotaveirajr.com.br\/#\/schema\/logo\/image\/"}}]}},"_links":{"self":[{"href":"https:\/\/deputadotaveirajr.com.br\/index.php\/wp-json\/wp\/v2\/pages\/13850","targetHints":{"allow":["GET"]}}],"collection":[{"href":"https:\/\/deputadotaveirajr.com.br\/index.php\/wp-json\/wp\/v2\/pages"}],"about":[{"href":"https:\/\/deputadotaveirajr.com.br\/index.php\/wp-json\/wp\/v2\/types\/page"}],"replies":[{"embeddable":true,"href":"https:\/\/deputadotaveirajr.com.br\/index.php\/wp-json\/wp\/v2\/comments?post=13850"}],"version-history":[{"count":0,"href":"https:\/\/deputadotaveirajr.com.br\/index.php\/wp-json\/wp\/v2\/pages\/13850\/revisions"}],"wp:featuredmedia":[{"embeddable":true,"href":"https:\/\/deputadotaveirajr.com.br\/index.php\/wp-json\/wp\/v2\/media\/13851"}],"wp:attachment":[{"href":"https:\/\/deputadotaveirajr.com.br\/index.php\/wp-json\/wp\/v2\/media?parent=13850"}],"curies":[{"name":"wp","href":"https:\/\/api.w.org\/{rel}","templated":true}]}}