{"id":14020,"date":"2025-09-02T10:43:30","date_gmt":"2025-09-02T13:43:30","guid":{"rendered":"https:\/\/deputadotaveirajr.com.br\/index.php\/pai-e-filho-sao-mortos-a-tiros-dentro-de-casa-no-interior-do-rn\/"},"modified":"2025-09-02T10:43:30","modified_gmt":"2025-09-02T13:43:30","slug":"pai-e-filho-sao-mortos-a-tiros-dentro-de-casa-no-interior-do-rn","status":"publish","type":"page","link":"https:\/\/deputadotaveirajr.com.br\/index.php\/pai-e-filho-sao-mortos-a-tiros-dentro-de-casa-no-interior-do-rn\/","title":{"rendered":"Pai e filho s\u00e3o mortos a tiros dentro de casa no interior do RN"},"content":{"rendered":"<p><img decoding=\"async\" src=\"https:\/\/s2-g1.glbimg.com\/kOsaRxE0e0hwfE8qIJrNiW2fsmw=\/i.s3.glbimg.com\/v1\/AUTH_59edd422c0c84a879bd37670ae4f538a\/internal_photos\/bs\/2025\/B\/l\/CSZBVLSwe8Ku2niwRWjA\/design-sem-nome-8-.jpg\" \/><br \/>     Pai e filho foram mortos a tiros em Governador Dix-Sept Rosado<br \/>\nReprodu\u00e7\u00e3o<br \/>\nPai e filho foram mortos a tiros dentro de casa no Centro de Governador Dix-Sept Rosado, no Oeste potiguar. As v\u00edtimas foram identificadas como Andrey Freitas de Oliveira, de 23 anos, e o pai dele, Jos\u00e9 Antonio de Oliveira, de 53 anos.<br \/>\nDe acordo com a Pol\u00edcia Militar, o crime aconteceu por volta das 21h desta segunda-feira (1\u00ba), quando dois homens armados e encapuzados invadiram a resid\u00eancia. Al\u00e9m de Andrey, estavam no local a esposa dele, a m\u00e3e e o pai.<br \/>\n\ud83d\udcf3 Clique aqui para seguir o canal do g1 RN no WhatsApp<br \/>\nSegundo informa\u00e7\u00f5es repassadas pela pol\u00edcia, os criminosos atiraram v\u00e1rias vezes contra Andrey, que foi atingido por cerca de 15 disparos. Ao tentar defender o filho usando um peda\u00e7o de madeira, Jos\u00e9 Antonio tamb\u00e9m foi baleado e morreu no local.<br \/>\nOs suspeitos fugiram em seguida. A Pol\u00edcia Civil informou que Andrey seria o alvo do ataque e abriu investiga\u00e7\u00e3o para apurar a motiva\u00e7\u00e3o do crime e identificar os autores.<br \/>\nVeja os v\u00eddeos mais assistidos do g1 RN<\/p>","protected":false},"excerpt":{"rendered":"<p>Pai e filho foram mortos a tiros em Governador Dix-Sept Rosado Reprodu\u00e7\u00e3o Pai e filho foram mortos a tiros dentro de casa no Centro de Governador Dix-Sept Rosado, no Oeste &#8230;<\/p>\n","protected":false},"author":0,"featured_media":14021,"parent":0,"menu_order":0,"comment_status":"closed","ping_status":"closed","template":"","meta":{"footnotes":""},"class_list":["post-14020","page","type-page","status-publish","has-post-thumbnail","hentry"],"yoast_head":"<!-- This site is optimized with the Yoast SEO plugin v27.1.1 - https:\/\/yoast.com\/product\/yoast-seo-wordpress\/ -->\n<title>Pai e filho s\u00e3o mortos a tiros dentro de casa no interior do RN - Taveira Jr<\/title>\n<meta name=\"robots\" content=\"index, follow, max-snippet:-1, max-image-preview:large, max-video-preview:-1\" \/>\n<link rel=\"canonical\" href=\"https:\/\/deputadotaveirajr.com.br\/index.php\/pai-e-filho-sao-mortos-a-tiros-dentro-de-casa-no-interior-do-rn\/\" \/>\n<meta property=\"og:locale\" content=\"pt_BR\" \/>\n<meta property=\"og:type\" content=\"article\" \/>\n<meta property=\"og:title\" content=\"Pai e filho s\u00e3o mortos a tiros dentro de casa no interior do RN - Taveira Jr\" \/>\n<meta property=\"og:description\" content=\"Pai e filho foram mortos a tiros em Governador Dix-Sept Rosado Reprodu\u00e7\u00e3o Pai e filho foram mortos a tiros dentro de casa no Centro de Governador Dix-Sept Rosado, no Oeste ...\" \/>\n<meta property=\"og:url\" content=\"https:\/\/deputadotaveirajr.com.br\/index.php\/pai-e-filho-sao-mortos-a-tiros-dentro-de-casa-no-interior-do-rn\/\" \/>\n<meta property=\"og:site_name\" content=\"Taveira Jr\" \/>\n<meta property=\"og:image\" content=\"https:\/\/s2-g1.glbimg.com\/kOsaRxE0e0hwfE8qIJrNiW2fsmw=\/i.s3.glbimg.com\/v1\/AUTH_59edd422c0c84a879bd37670ae4f538a\/internal_photos\/bs\/2025\/B\/l\/CSZBVLSwe8Ku2niwRWjA\/design-sem-nome-8-.jpg\" \/>\n<meta name=\"twitter:card\" content=\"summary_large_image\" \/>\n<meta name=\"twitter:label1\" content=\"Est. tempo de leitura\" \/>\n\t<meta name=\"twitter:data1\" content=\"1 minuto\" \/>\n<script type=\"application\/ld+json\" class=\"yoast-schema-graph\">{\"@context\":\"https:\/\/schema.org\",\"@graph\":[{\"@type\":\"WebPage\",\"@id\":\"https:\/\/deputadotaveirajr.com.br\/index.php\/pai-e-filho-sao-mortos-a-tiros-dentro-de-casa-no-interior-do-rn\/\",\"url\":\"https:\/\/deputadotaveirajr.com.br\/index.php\/pai-e-filho-sao-mortos-a-tiros-dentro-de-casa-no-interior-do-rn\/\",\"name\":\"Pai e filho s\u00e3o mortos a tiros dentro de casa no interior do RN - Taveira Jr\",\"isPartOf\":{\"@id\":\"https:\/\/deputadotaveirajr.com.br\/#website\"},\"primaryImageOfPage\":{\"@id\":\"https:\/\/deputadotaveirajr.com.br\/index.php\/pai-e-filho-sao-mortos-a-tiros-dentro-de-casa-no-interior-do-rn\/#primaryimage\"},\"image\":{\"@id\":\"https:\/\/deputadotaveirajr.com.br\/index.php\/pai-e-filho-sao-mortos-a-tiros-dentro-de-casa-no-interior-do-rn\/#primaryimage\"},\"thumbnailUrl\":\"https:\/\/deputadotaveirajr.com.br\/wp-content\/uploads\/2025\/09\/design-sem-nome-8-lVa8SO.jpg\",\"datePublished\":\"2025-09-02T13:43:30+00:00\",\"breadcrumb\":{\"@id\":\"https:\/\/deputadotaveirajr.com.br\/index.php\/pai-e-filho-sao-mortos-a-tiros-dentro-de-casa-no-interior-do-rn\/#breadcrumb\"},\"inLanguage\":\"pt-BR\",\"potentialAction\":[{\"@type\":\"ReadAction\",\"target\":[\"https:\/\/deputadotaveirajr.com.br\/index.php\/pai-e-filho-sao-mortos-a-tiros-dentro-de-casa-no-interior-do-rn\/\"]}]},{\"@type\":\"ImageObject\",\"inLanguage\":\"pt-BR\",\"@id\":\"https:\/\/deputadotaveirajr.com.br\/index.php\/pai-e-filho-sao-mortos-a-tiros-dentro-de-casa-no-interior-do-rn\/#primaryimage\",\"url\":\"https:\/\/deputadotaveirajr.com.br\/wp-content\/uploads\/2025\/09\/design-sem-nome-8-lVa8SO.jpg\",\"contentUrl\":\"https:\/\/deputadotaveirajr.com.br\/wp-content\/uploads\/2025\/09\/design-sem-nome-8-lVa8SO.jpg\",\"width\":1920,\"height\":1080},{\"@type\":\"BreadcrumbList\",\"@id\":\"https:\/\/deputadotaveirajr.com.br\/index.php\/pai-e-filho-sao-mortos-a-tiros-dentro-de-casa-no-interior-do-rn\/#breadcrumb\",\"itemListElement\":[{\"@type\":\"ListItem\",\"position\":1,\"name\":\"In\u00edcio\",\"item\":\"https:\/\/deputadotaveirajr.com.br\/\"},{\"@type\":\"ListItem\",\"position\":2,\"name\":\"Pai e filho s\u00e3o mortos a tiros dentro de casa no interior do RN\"}]},{\"@type\":\"WebSite\",\"@id\":\"https:\/\/deputadotaveirajr.com.br\/#website\",\"url\":\"https:\/\/deputadotaveirajr.com.br\/\",\"name\":\"Taveira Jr\",\"description\":\"Deputado Estadual\",\"publisher\":{\"@id\":\"https:\/\/deputadotaveirajr.com.br\/#organization\"},\"potentialAction\":[{\"@type\":\"SearchAction\",\"target\":{\"@type\":\"EntryPoint\",\"urlTemplate\":\"https:\/\/deputadotaveirajr.com.br\/?s={search_term_string}\"},\"query-input\":{\"@type\":\"PropertyValueSpecification\",\"valueRequired\":true,\"valueName\":\"search_term_string\"}}],\"inLanguage\":\"pt-BR\"},{\"@type\":\"Organization\",\"@id\":\"https:\/\/deputadotaveirajr.com.br\/#organization\",\"name\":\"Taveira Jr\",\"url\":\"https:\/\/deputadotaveirajr.com.br\/\",\"logo\":{\"@type\":\"ImageObject\",\"inLanguage\":\"pt-BR\",\"@id\":\"https:\/\/deputadotaveirajr.com.br\/#\/schema\/logo\/image\/\",\"url\":\"https:\/\/deputadotaveirajr.com.br\/wp-content\/uploads\/2026\/01\/logolow2a.png\",\"contentUrl\":\"https:\/\/deputadotaveirajr.com.br\/wp-content\/uploads\/2026\/01\/logolow2a.png\",\"width\":290,\"height\":80,\"caption\":\"Taveira Jr\"},\"image\":{\"@id\":\"https:\/\/deputadotaveirajr.com.br\/#\/schema\/logo\/image\/\"}}]}<\/script>\n<!-- \/ Yoast SEO plugin. -->","yoast_head_json":{"title":"Pai e filho s\u00e3o mortos a tiros dentro de casa no interior do RN - Taveira Jr","robots":{"index":"index","follow":"follow","max-snippet":"max-snippet:-1","max-image-preview":"max-image-preview:large","max-video-preview":"max-video-preview:-1"},"canonical":"https:\/\/deputadotaveirajr.com.br\/index.php\/pai-e-filho-sao-mortos-a-tiros-dentro-de-casa-no-interior-do-rn\/","og_locale":"pt_BR","og_type":"article","og_title":"Pai e filho s\u00e3o mortos a tiros dentro de casa no interior do RN - Taveira Jr","og_description":"Pai e filho foram mortos a tiros em Governador Dix-Sept Rosado Reprodu\u00e7\u00e3o Pai e filho foram mortos a tiros dentro de casa no Centro de Governador Dix-Sept Rosado, no Oeste ...","og_url":"https:\/\/deputadotaveirajr.com.br\/index.php\/pai-e-filho-sao-mortos-a-tiros-dentro-de-casa-no-interior-do-rn\/","og_site_name":"Taveira Jr","og_image":[{"url":"https:\/\/s2-g1.glbimg.com\/kOsaRxE0e0hwfE8qIJrNiW2fsmw=\/i.s3.glbimg.com\/v1\/AUTH_59edd422c0c84a879bd37670ae4f538a\/internal_photos\/bs\/2025\/B\/l\/CSZBVLSwe8Ku2niwRWjA\/design-sem-nome-8-.jpg","type":"","width":"","height":""}],"twitter_card":"summary_large_image","twitter_misc":{"Est. tempo de leitura":"1 minuto"},"schema":{"@context":"https:\/\/schema.org","@graph":[{"@type":"WebPage","@id":"https:\/\/deputadotaveirajr.com.br\/index.php\/pai-e-filho-sao-mortos-a-tiros-dentro-de-casa-no-interior-do-rn\/","url":"https:\/\/deputadotaveirajr.com.br\/index.php\/pai-e-filho-sao-mortos-a-tiros-dentro-de-casa-no-interior-do-rn\/","name":"Pai e filho s\u00e3o mortos a tiros dentro de casa no interior do RN - Taveira Jr","isPartOf":{"@id":"https:\/\/deputadotaveirajr.com.br\/#website"},"primaryImageOfPage":{"@id":"https:\/\/deputadotaveirajr.com.br\/index.php\/pai-e-filho-sao-mortos-a-tiros-dentro-de-casa-no-interior-do-rn\/#primaryimage"},"image":{"@id":"https:\/\/deputadotaveirajr.com.br\/index.php\/pai-e-filho-sao-mortos-a-tiros-dentro-de-casa-no-interior-do-rn\/#primaryimage"},"thumbnailUrl":"https:\/\/deputadotaveirajr.com.br\/wp-content\/uploads\/2025\/09\/design-sem-nome-8-lVa8SO.jpg","datePublished":"2025-09-02T13:43:30+00:00","breadcrumb":{"@id":"https:\/\/deputadotaveirajr.com.br\/index.php\/pai-e-filho-sao-mortos-a-tiros-dentro-de-casa-no-interior-do-rn\/#breadcrumb"},"inLanguage":"pt-BR","potentialAction":[{"@type":"ReadAction","target":["https:\/\/deputadotaveirajr.com.br\/index.php\/pai-e-filho-sao-mortos-a-tiros-dentro-de-casa-no-interior-do-rn\/"]}]},{"@type":"ImageObject","inLanguage":"pt-BR","@id":"https:\/\/deputadotaveirajr.com.br\/index.php\/pai-e-filho-sao-mortos-a-tiros-dentro-de-casa-no-interior-do-rn\/#primaryimage","url":"https:\/\/deputadotaveirajr.com.br\/wp-content\/uploads\/2025\/09\/design-sem-nome-8-lVa8SO.jpg","contentUrl":"https:\/\/deputadotaveirajr.com.br\/wp-content\/uploads\/2025\/09\/design-sem-nome-8-lVa8SO.jpg","width":1920,"height":1080},{"@type":"BreadcrumbList","@id":"https:\/\/deputadotaveirajr.com.br\/index.php\/pai-e-filho-sao-mortos-a-tiros-dentro-de-casa-no-interior-do-rn\/#breadcrumb","itemListElement":[{"@type":"ListItem","position":1,"name":"In\u00edcio","item":"https:\/\/deputadotaveirajr.com.br\/"},{"@type":"ListItem","position":2,"name":"Pai e filho s\u00e3o mortos a tiros dentro de casa no interior do RN"}]},{"@type":"WebSite","@id":"https:\/\/deputadotaveirajr.com.br\/#website","url":"https:\/\/deputadotaveirajr.com.br\/","name":"Taveira Jr","description":"Deputado Estadual","publisher":{"@id":"https:\/\/deputadotaveirajr.com.br\/#organization"},"potentialAction":[{"@type":"SearchAction","target":{"@type":"EntryPoint","urlTemplate":"https:\/\/deputadotaveirajr.com.br\/?s={search_term_string}"},"query-input":{"@type":"PropertyValueSpecification","valueRequired":true,"valueName":"search_term_string"}}],"inLanguage":"pt-BR"},{"@type":"Organization","@id":"https:\/\/deputadotaveirajr.com.br\/#organization","name":"Taveira Jr","url":"https:\/\/deputadotaveirajr.com.br\/","logo":{"@type":"ImageObject","inLanguage":"pt-BR","@id":"https:\/\/deputadotaveirajr.com.br\/#\/schema\/logo\/image\/","url":"https:\/\/deputadotaveirajr.com.br\/wp-content\/uploads\/2026\/01\/logolow2a.png","contentUrl":"https:\/\/deputadotaveirajr.com.br\/wp-content\/uploads\/2026\/01\/logolow2a.png","width":290,"height":80,"caption":"Taveira Jr"},"image":{"@id":"https:\/\/deputadotaveirajr.com.br\/#\/schema\/logo\/image\/"}}]}},"_links":{"self":[{"href":"https:\/\/deputadotaveirajr.com.br\/index.php\/wp-json\/wp\/v2\/pages\/14020","targetHints":{"allow":["GET"]}}],"collection":[{"href":"https:\/\/deputadotaveirajr.com.br\/index.php\/wp-json\/wp\/v2\/pages"}],"about":[{"href":"https:\/\/deputadotaveirajr.com.br\/index.php\/wp-json\/wp\/v2\/types\/page"}],"replies":[{"embeddable":true,"href":"https:\/\/deputadotaveirajr.com.br\/index.php\/wp-json\/wp\/v2\/comments?post=14020"}],"version-history":[{"count":0,"href":"https:\/\/deputadotaveirajr.com.br\/index.php\/wp-json\/wp\/v2\/pages\/14020\/revisions"}],"wp:featuredmedia":[{"embeddable":true,"href":"https:\/\/deputadotaveirajr.com.br\/index.php\/wp-json\/wp\/v2\/media\/14021"}],"wp:attachment":[{"href":"https:\/\/deputadotaveirajr.com.br\/index.php\/wp-json\/wp\/v2\/media?parent=14020"}],"curies":[{"name":"wp","href":"https:\/\/api.w.org\/{rel}","templated":true}]}}