{"id":14053,"date":"2025-09-05T11:46:47","date_gmt":"2025-09-05T14:46:47","guid":{"rendered":"https:\/\/deputadotaveirajr.com.br\/index.php\/motorista-de-caminhao-carregado-de-tijolos-morre-em-acidente-na-br-304-no-interior-do-rn\/"},"modified":"2025-09-05T11:46:47","modified_gmt":"2025-09-05T14:46:47","slug":"motorista-de-caminhao-carregado-de-tijolos-morre-em-acidente-na-br-304-no-interior-do-rn","status":"publish","type":"page","link":"https:\/\/deputadotaveirajr.com.br\/index.php\/motorista-de-caminhao-carregado-de-tijolos-morre-em-acidente-na-br-304-no-interior-do-rn\/","title":{"rendered":"Motorista de caminh\u00e3o carregado de tijolos morre em acidente na BR-304 no interior do RN"},"content":{"rendered":"<p><img decoding=\"async\" src=\"https:\/\/s2-g1.glbimg.com\/A8aLK8uDfpJ5qllYoRH7g1nSsN8=\/i.s3.glbimg.com\/v1\/AUTH_59edd422c0c84a879bd37670ae4f538a\/internal_photos\/bs\/2021\/I\/5\/AwfEwATpavk65DibH7TQ\/prf.jpg\" \/><br \/>     Caminhoneiro morre em acidente na BR-304, em Angicos<br \/>\nUm caminhoneiro de 45 anos morreu na madrugada desta sexta-feira (5) em um acidente no km 150 da BR-304, em Angicos, no Rio Grande do Norte.<br \/>\nSegundo a Pol\u00edcia Rodovi\u00e1ria Federal (PRF), o motorista transportava uma carga de tijolos quando tentou desviar de uma motocicleta na rodovia. Durante a manobra, entrou no p\u00e1tio de um posto de combust\u00edvel e colidiu contra uma carreta (rodotrem) que estava estacionada.<br \/>\n\ud83d\udcf3 Clique aqui para seguir o canal do g1 RN no WhatsApp<br \/>\nO impacto deixou o caminhoneiro preso \u00e0s ferragens e ele morreu no local. Os outros dois ocupantes do ve\u00edculo tiveram apenas ferimentos leves.<br \/>\nEquipes de resgate e autoridades foram acionadas para realizar os procedimentos necess\u00e1rios, e o corpo da v\u00edtima foi removido.<br \/>\nA PRF refor\u00e7ou a import\u00e2ncia da dire\u00e7\u00e3o defensiva e do respeito \u00e0s normas de tr\u00e2nsito.<br \/>\nAcidente com caminh\u00e3o deixa motorista morto e dois feridos na BR-304 em Angicos<br \/>\nDivulga\u00e7\u00e3o<br \/>\nVeja os v\u00eddeos mais assistidos no g1 RN<\/p>","protected":false},"excerpt":{"rendered":"<p>Caminhoneiro morre em acidente na BR-304, em Angicos Um caminhoneiro de 45 anos morreu na madrugada desta sexta-feira (5) em um acidente no km 150 da BR-304, em Angicos, no &#8230;<\/p>\n","protected":false},"author":0,"featured_media":14054,"parent":0,"menu_order":0,"comment_status":"closed","ping_status":"closed","template":"","meta":{"footnotes":""},"class_list":["post-14053","page","type-page","status-publish","has-post-thumbnail","hentry"],"yoast_head":"<!-- This site is optimized with the Yoast SEO plugin v27.1.1 - https:\/\/yoast.com\/product\/yoast-seo-wordpress\/ -->\n<title>Motorista de caminh\u00e3o carregado de tijolos morre em acidente na BR-304 no interior do RN - Taveira Jr<\/title>\n<meta name=\"robots\" content=\"index, follow, max-snippet:-1, max-image-preview:large, max-video-preview:-1\" \/>\n<link rel=\"canonical\" href=\"https:\/\/deputadotaveirajr.com.br\/index.php\/motorista-de-caminhao-carregado-de-tijolos-morre-em-acidente-na-br-304-no-interior-do-rn\/\" \/>\n<meta property=\"og:locale\" content=\"pt_BR\" \/>\n<meta property=\"og:type\" content=\"article\" \/>\n<meta property=\"og:title\" content=\"Motorista de caminh\u00e3o carregado de tijolos morre em acidente na BR-304 no interior do RN - Taveira Jr\" \/>\n<meta property=\"og:description\" content=\"Caminhoneiro morre em acidente na BR-304, em Angicos Um caminhoneiro de 45 anos morreu na madrugada desta sexta-feira (5) em um acidente no km 150 da BR-304, em Angicos, no ...\" \/>\n<meta property=\"og:url\" content=\"https:\/\/deputadotaveirajr.com.br\/index.php\/motorista-de-caminhao-carregado-de-tijolos-morre-em-acidente-na-br-304-no-interior-do-rn\/\" \/>\n<meta property=\"og:site_name\" content=\"Taveira Jr\" \/>\n<meta property=\"og:image\" content=\"https:\/\/s2-g1.glbimg.com\/A8aLK8uDfpJ5qllYoRH7g1nSsN8=\/i.s3.glbimg.com\/v1\/AUTH_59edd422c0c84a879bd37670ae4f538a\/internal_photos\/bs\/2021\/I\/5\/AwfEwATpavk65DibH7TQ\/prf.jpg\" \/>\n<meta name=\"twitter:card\" content=\"summary_large_image\" \/>\n<meta name=\"twitter:label1\" content=\"Est. tempo de leitura\" \/>\n\t<meta name=\"twitter:data1\" content=\"1 minuto\" \/>\n<script type=\"application\/ld+json\" class=\"yoast-schema-graph\">{\"@context\":\"https:\/\/schema.org\",\"@graph\":[{\"@type\":\"WebPage\",\"@id\":\"https:\/\/deputadotaveirajr.com.br\/index.php\/motorista-de-caminhao-carregado-de-tijolos-morre-em-acidente-na-br-304-no-interior-do-rn\/\",\"url\":\"https:\/\/deputadotaveirajr.com.br\/index.php\/motorista-de-caminhao-carregado-de-tijolos-morre-em-acidente-na-br-304-no-interior-do-rn\/\",\"name\":\"Motorista de caminh\u00e3o carregado de tijolos morre em acidente na BR-304 no interior do RN - Taveira Jr\",\"isPartOf\":{\"@id\":\"https:\/\/deputadotaveirajr.com.br\/#website\"},\"primaryImageOfPage\":{\"@id\":\"https:\/\/deputadotaveirajr.com.br\/index.php\/motorista-de-caminhao-carregado-de-tijolos-morre-em-acidente-na-br-304-no-interior-do-rn\/#primaryimage\"},\"image\":{\"@id\":\"https:\/\/deputadotaveirajr.com.br\/index.php\/motorista-de-caminhao-carregado-de-tijolos-morre-em-acidente-na-br-304-no-interior-do-rn\/#primaryimage\"},\"thumbnailUrl\":\"https:\/\/deputadotaveirajr.com.br\/wp-content\/uploads\/2025\/09\/prf-JESjtP.jpg\",\"datePublished\":\"2025-09-05T14:46:47+00:00\",\"breadcrumb\":{\"@id\":\"https:\/\/deputadotaveirajr.com.br\/index.php\/motorista-de-caminhao-carregado-de-tijolos-morre-em-acidente-na-br-304-no-interior-do-rn\/#breadcrumb\"},\"inLanguage\":\"pt-BR\",\"potentialAction\":[{\"@type\":\"ReadAction\",\"target\":[\"https:\/\/deputadotaveirajr.com.br\/index.php\/motorista-de-caminhao-carregado-de-tijolos-morre-em-acidente-na-br-304-no-interior-do-rn\/\"]}]},{\"@type\":\"ImageObject\",\"inLanguage\":\"pt-BR\",\"@id\":\"https:\/\/deputadotaveirajr.com.br\/index.php\/motorista-de-caminhao-carregado-de-tijolos-morre-em-acidente-na-br-304-no-interior-do-rn\/#primaryimage\",\"url\":\"https:\/\/deputadotaveirajr.com.br\/wp-content\/uploads\/2025\/09\/prf-JESjtP.jpg\",\"contentUrl\":\"https:\/\/deputadotaveirajr.com.br\/wp-content\/uploads\/2025\/09\/prf-JESjtP.jpg\",\"width\":768,\"height\":511},{\"@type\":\"BreadcrumbList\",\"@id\":\"https:\/\/deputadotaveirajr.com.br\/index.php\/motorista-de-caminhao-carregado-de-tijolos-morre-em-acidente-na-br-304-no-interior-do-rn\/#breadcrumb\",\"itemListElement\":[{\"@type\":\"ListItem\",\"position\":1,\"name\":\"In\u00edcio\",\"item\":\"https:\/\/deputadotaveirajr.com.br\/\"},{\"@type\":\"ListItem\",\"position\":2,\"name\":\"Motorista de caminh\u00e3o carregado de tijolos morre em acidente na BR-304 no interior do RN\"}]},{\"@type\":\"WebSite\",\"@id\":\"https:\/\/deputadotaveirajr.com.br\/#website\",\"url\":\"https:\/\/deputadotaveirajr.com.br\/\",\"name\":\"Taveira Jr\",\"description\":\"Deputado Estadual\",\"publisher\":{\"@id\":\"https:\/\/deputadotaveirajr.com.br\/#organization\"},\"potentialAction\":[{\"@type\":\"SearchAction\",\"target\":{\"@type\":\"EntryPoint\",\"urlTemplate\":\"https:\/\/deputadotaveirajr.com.br\/?s={search_term_string}\"},\"query-input\":{\"@type\":\"PropertyValueSpecification\",\"valueRequired\":true,\"valueName\":\"search_term_string\"}}],\"inLanguage\":\"pt-BR\"},{\"@type\":\"Organization\",\"@id\":\"https:\/\/deputadotaveirajr.com.br\/#organization\",\"name\":\"Taveira Jr\",\"url\":\"https:\/\/deputadotaveirajr.com.br\/\",\"logo\":{\"@type\":\"ImageObject\",\"inLanguage\":\"pt-BR\",\"@id\":\"https:\/\/deputadotaveirajr.com.br\/#\/schema\/logo\/image\/\",\"url\":\"https:\/\/deputadotaveirajr.com.br\/wp-content\/uploads\/2026\/01\/logolow2a.png\",\"contentUrl\":\"https:\/\/deputadotaveirajr.com.br\/wp-content\/uploads\/2026\/01\/logolow2a.png\",\"width\":290,\"height\":80,\"caption\":\"Taveira Jr\"},\"image\":{\"@id\":\"https:\/\/deputadotaveirajr.com.br\/#\/schema\/logo\/image\/\"}}]}<\/script>\n<!-- \/ Yoast SEO plugin. -->","yoast_head_json":{"title":"Motorista de caminh\u00e3o carregado de tijolos morre em acidente na BR-304 no interior do RN - Taveira Jr","robots":{"index":"index","follow":"follow","max-snippet":"max-snippet:-1","max-image-preview":"max-image-preview:large","max-video-preview":"max-video-preview:-1"},"canonical":"https:\/\/deputadotaveirajr.com.br\/index.php\/motorista-de-caminhao-carregado-de-tijolos-morre-em-acidente-na-br-304-no-interior-do-rn\/","og_locale":"pt_BR","og_type":"article","og_title":"Motorista de caminh\u00e3o carregado de tijolos morre em acidente na BR-304 no interior do RN - Taveira Jr","og_description":"Caminhoneiro morre em acidente na BR-304, em Angicos Um caminhoneiro de 45 anos morreu na madrugada desta sexta-feira (5) em um acidente no km 150 da BR-304, em Angicos, no ...","og_url":"https:\/\/deputadotaveirajr.com.br\/index.php\/motorista-de-caminhao-carregado-de-tijolos-morre-em-acidente-na-br-304-no-interior-do-rn\/","og_site_name":"Taveira Jr","og_image":[{"url":"https:\/\/s2-g1.glbimg.com\/A8aLK8uDfpJ5qllYoRH7g1nSsN8=\/i.s3.glbimg.com\/v1\/AUTH_59edd422c0c84a879bd37670ae4f538a\/internal_photos\/bs\/2021\/I\/5\/AwfEwATpavk65DibH7TQ\/prf.jpg","type":"","width":"","height":""}],"twitter_card":"summary_large_image","twitter_misc":{"Est. tempo de leitura":"1 minuto"},"schema":{"@context":"https:\/\/schema.org","@graph":[{"@type":"WebPage","@id":"https:\/\/deputadotaveirajr.com.br\/index.php\/motorista-de-caminhao-carregado-de-tijolos-morre-em-acidente-na-br-304-no-interior-do-rn\/","url":"https:\/\/deputadotaveirajr.com.br\/index.php\/motorista-de-caminhao-carregado-de-tijolos-morre-em-acidente-na-br-304-no-interior-do-rn\/","name":"Motorista de caminh\u00e3o carregado de tijolos morre em acidente na BR-304 no interior do RN - Taveira Jr","isPartOf":{"@id":"https:\/\/deputadotaveirajr.com.br\/#website"},"primaryImageOfPage":{"@id":"https:\/\/deputadotaveirajr.com.br\/index.php\/motorista-de-caminhao-carregado-de-tijolos-morre-em-acidente-na-br-304-no-interior-do-rn\/#primaryimage"},"image":{"@id":"https:\/\/deputadotaveirajr.com.br\/index.php\/motorista-de-caminhao-carregado-de-tijolos-morre-em-acidente-na-br-304-no-interior-do-rn\/#primaryimage"},"thumbnailUrl":"https:\/\/deputadotaveirajr.com.br\/wp-content\/uploads\/2025\/09\/prf-JESjtP.jpg","datePublished":"2025-09-05T14:46:47+00:00","breadcrumb":{"@id":"https:\/\/deputadotaveirajr.com.br\/index.php\/motorista-de-caminhao-carregado-de-tijolos-morre-em-acidente-na-br-304-no-interior-do-rn\/#breadcrumb"},"inLanguage":"pt-BR","potentialAction":[{"@type":"ReadAction","target":["https:\/\/deputadotaveirajr.com.br\/index.php\/motorista-de-caminhao-carregado-de-tijolos-morre-em-acidente-na-br-304-no-interior-do-rn\/"]}]},{"@type":"ImageObject","inLanguage":"pt-BR","@id":"https:\/\/deputadotaveirajr.com.br\/index.php\/motorista-de-caminhao-carregado-de-tijolos-morre-em-acidente-na-br-304-no-interior-do-rn\/#primaryimage","url":"https:\/\/deputadotaveirajr.com.br\/wp-content\/uploads\/2025\/09\/prf-JESjtP.jpg","contentUrl":"https:\/\/deputadotaveirajr.com.br\/wp-content\/uploads\/2025\/09\/prf-JESjtP.jpg","width":768,"height":511},{"@type":"BreadcrumbList","@id":"https:\/\/deputadotaveirajr.com.br\/index.php\/motorista-de-caminhao-carregado-de-tijolos-morre-em-acidente-na-br-304-no-interior-do-rn\/#breadcrumb","itemListElement":[{"@type":"ListItem","position":1,"name":"In\u00edcio","item":"https:\/\/deputadotaveirajr.com.br\/"},{"@type":"ListItem","position":2,"name":"Motorista de caminh\u00e3o carregado de tijolos morre em acidente na BR-304 no interior do RN"}]},{"@type":"WebSite","@id":"https:\/\/deputadotaveirajr.com.br\/#website","url":"https:\/\/deputadotaveirajr.com.br\/","name":"Taveira Jr","description":"Deputado Estadual","publisher":{"@id":"https:\/\/deputadotaveirajr.com.br\/#organization"},"potentialAction":[{"@type":"SearchAction","target":{"@type":"EntryPoint","urlTemplate":"https:\/\/deputadotaveirajr.com.br\/?s={search_term_string}"},"query-input":{"@type":"PropertyValueSpecification","valueRequired":true,"valueName":"search_term_string"}}],"inLanguage":"pt-BR"},{"@type":"Organization","@id":"https:\/\/deputadotaveirajr.com.br\/#organization","name":"Taveira Jr","url":"https:\/\/deputadotaveirajr.com.br\/","logo":{"@type":"ImageObject","inLanguage":"pt-BR","@id":"https:\/\/deputadotaveirajr.com.br\/#\/schema\/logo\/image\/","url":"https:\/\/deputadotaveirajr.com.br\/wp-content\/uploads\/2026\/01\/logolow2a.png","contentUrl":"https:\/\/deputadotaveirajr.com.br\/wp-content\/uploads\/2026\/01\/logolow2a.png","width":290,"height":80,"caption":"Taveira Jr"},"image":{"@id":"https:\/\/deputadotaveirajr.com.br\/#\/schema\/logo\/image\/"}}]}},"_links":{"self":[{"href":"https:\/\/deputadotaveirajr.com.br\/index.php\/wp-json\/wp\/v2\/pages\/14053","targetHints":{"allow":["GET"]}}],"collection":[{"href":"https:\/\/deputadotaveirajr.com.br\/index.php\/wp-json\/wp\/v2\/pages"}],"about":[{"href":"https:\/\/deputadotaveirajr.com.br\/index.php\/wp-json\/wp\/v2\/types\/page"}],"replies":[{"embeddable":true,"href":"https:\/\/deputadotaveirajr.com.br\/index.php\/wp-json\/wp\/v2\/comments?post=14053"}],"version-history":[{"count":0,"href":"https:\/\/deputadotaveirajr.com.br\/index.php\/wp-json\/wp\/v2\/pages\/14053\/revisions"}],"wp:featuredmedia":[{"embeddable":true,"href":"https:\/\/deputadotaveirajr.com.br\/index.php\/wp-json\/wp\/v2\/media\/14054"}],"wp:attachment":[{"href":"https:\/\/deputadotaveirajr.com.br\/index.php\/wp-json\/wp\/v2\/media?parent=14053"}],"curies":[{"name":"wp","href":"https:\/\/api.w.org\/{rel}","templated":true}]}}