{"id":14057,"date":"2025-09-05T19:53:02","date_gmt":"2025-09-05T22:53:02","guid":{"rendered":"https:\/\/deputadotaveirajr.com.br\/index.php\/secretaria-de-saude-suspende-cronograma-para-terceirizacao-da-gestao-das-upas-em-natal\/"},"modified":"2025-09-05T19:53:02","modified_gmt":"2025-09-05T22:53:02","slug":"secretaria-de-saude-suspende-cronograma-para-terceirizacao-da-gestao-das-upas-em-natal","status":"publish","type":"page","link":"https:\/\/deputadotaveirajr.com.br\/index.php\/secretaria-de-saude-suspende-cronograma-para-terceirizacao-da-gestao-das-upas-em-natal\/","title":{"rendered":"Secretaria de Sa\u00fade suspende cronograma para terceiriza\u00e7\u00e3o da gest\u00e3o das UPAs em Natal"},"content":{"rendered":"<p><img decoding=\"async\" src=\"https:\/\/s2-g1.glbimg.com\/Z8jxgjCJ8MhNPj7SHDDvkQp7_XQ=\/i.s3.glbimg.com\/v1\/AUTH_59edd422c0c84a879bd37670ae4f538a\/internal_photos\/bs\/2025\/3\/e\/kNofu8TrWpXAtT6ztBeQ\/whatsapp-image-2025-07-15-at-12.09.59.jpeg\" \/><br \/>     UPA Cidade Sat\u00e9lite, em Natal<br \/>\nS\u00e9rgio Henrique Santos\/Inter TV<br \/>\nEm meio \u00e0 crise envolvendo a sa\u00fade na capital, a Secretaria Municipal de Sa\u00fade suspendeu, de forma tempor\u00e1ria, o cronograma do chamamento p\u00fablico para terceiriza\u00e7\u00e3o da gest\u00e3o das UPAs. A suspens\u00e3o atende a recomenda\u00e7\u00f5es do Minist\u00e9rio P\u00fablico de Contas e do Tribunal de Contas do Estado.<br \/>\nA portaria foi publicada no Di\u00e1rio Oficial de Natal desta quinta-feira (4). Em contato com a Inter TV, o secret\u00e1rio de Sa\u00fade de Natal, Geraldo Pinho, explicou que a suspens\u00e3o do cronograma foi necess\u00e1ria para que o processo de terceiriza\u00e7\u00e3o se alinhe ao entendimento do Tribunal de Contas do Estado (TCE).<br \/>\n\ud83d\udcf3Participe do canal do g1 RN no WhatsApp<br \/>\nSegundo ele, ap\u00f3s essa concilia\u00e7\u00e3o, o processo ser\u00e1 retomado sem que isso afete as empresas que j\u00e1 foram selecionadas para gest\u00e3o das UPAs.<br \/>\nA op\u00e7\u00e3o da secretaria por suspender o andamento da terceiriza\u00e7\u00e3o se antecipa ao fim do julgamento que come\u00e7ou nesta quinta-feira (4), no Tribunal de Contas do Rio Grande do Norte. O voto do relator, conselheiro Marco Ant\u00f4nio, foi pela suspens\u00e3o imediata do chamamento p\u00fablico at\u00e9 que as irregularidades encontradas sejam solucionadas. O julgamento foi paralisado ap\u00f3s o conselheiro George Soares pedir mais tempo para analisar o processo.<br \/>\nLEIA TAMB\u00c9M:<br \/>\nNatal lan\u00e7a editais para &#8216;terceirizar&#8217; gest\u00e3o de UPAs<br \/>\nTCE pede suspens\u00e3o de editaide terceiriza\u00e7\u00e3o de UPAs de Natal<br \/>\nA a\u00e7\u00e3o contra a terceiriza\u00e7\u00e3o come\u00e7ou ap\u00f3s representa\u00e7\u00e3o movida pelos auditores da Diretoria de Controle de Contas, do TCE, que identificaram irregularidades como a falta de comprova\u00e7\u00e3o de economia financeira com a terceiriza\u00e7\u00e3o das unidades.<br \/>\nNo dia 13 de agosto a Prefeitura de Natal  publicou o resultado preliminar dos editais para escolha das Organiza\u00e7\u00f5es Sociais de Sa\u00fade (OSS) que iriam administrar as Unidades de Pronto Atendimento (UPAs) Sat\u00e9lite, Esperan\u00e7a, Potengi e Paju\u00e7ara. A previs\u00e3o era de que entidades come\u00e7assem a gerir as unidades de pronto-atendimento da capital no dia 15 de setembro.<br \/>\nA Prefeitura de Natal afirma que essa economia ser\u00e1 entre 15 e 18 milh\u00f5es de reais anuais, mas em nenhum momento apresenta estudos que comprovem a afirma\u00e7\u00e3o, segundo os auditores.<\/p>","protected":false},"excerpt":{"rendered":"<p>UPA Cidade Sat\u00e9lite, em Natal S\u00e9rgio Henrique Santos\/Inter TV Em meio \u00e0 crise envolvendo a sa\u00fade na capital, a Secretaria Municipal de Sa\u00fade suspendeu, de forma tempor\u00e1ria, o cronograma do &#8230;<\/p>\n","protected":false},"author":0,"featured_media":14058,"parent":0,"menu_order":0,"comment_status":"closed","ping_status":"closed","template":"","meta":{"footnotes":""},"class_list":["post-14057","page","type-page","status-publish","has-post-thumbnail","hentry"],"yoast_head":"<!-- This site is optimized with the Yoast SEO plugin v27.1.1 - https:\/\/yoast.com\/product\/yoast-seo-wordpress\/ -->\n<title>Secretaria de Sa\u00fade suspende cronograma para terceiriza\u00e7\u00e3o da gest\u00e3o das UPAs em Natal - Taveira Jr<\/title>\n<meta name=\"robots\" content=\"index, follow, max-snippet:-1, max-image-preview:large, max-video-preview:-1\" \/>\n<link rel=\"canonical\" href=\"https:\/\/deputadotaveirajr.com.br\/index.php\/secretaria-de-saude-suspende-cronograma-para-terceirizacao-da-gestao-das-upas-em-natal\/\" \/>\n<meta property=\"og:locale\" content=\"pt_BR\" \/>\n<meta property=\"og:type\" content=\"article\" \/>\n<meta property=\"og:title\" content=\"Secretaria de Sa\u00fade suspende cronograma para terceiriza\u00e7\u00e3o da gest\u00e3o das UPAs em Natal - Taveira Jr\" \/>\n<meta property=\"og:description\" content=\"UPA Cidade Sat\u00e9lite, em Natal S\u00e9rgio Henrique Santos\/Inter TV Em meio \u00e0 crise envolvendo a sa\u00fade na capital, a Secretaria Municipal de Sa\u00fade suspendeu, de forma tempor\u00e1ria, o cronograma do ...\" \/>\n<meta property=\"og:url\" content=\"https:\/\/deputadotaveirajr.com.br\/index.php\/secretaria-de-saude-suspende-cronograma-para-terceirizacao-da-gestao-das-upas-em-natal\/\" \/>\n<meta property=\"og:site_name\" content=\"Taveira Jr\" \/>\n<meta property=\"og:image\" content=\"https:\/\/s2-g1.glbimg.com\/Z8jxgjCJ8MhNPj7SHDDvkQp7_XQ=\/i.s3.glbimg.com\/v1\/AUTH_59edd422c0c84a879bd37670ae4f538a\/internal_photos\/bs\/2025\/3\/e\/kNofu8TrWpXAtT6ztBeQ\/whatsapp-image-2025-07-15-at-12.09.59.jpeg\" \/>\n<meta name=\"twitter:card\" content=\"summary_large_image\" \/>\n<meta name=\"twitter:label1\" content=\"Est. tempo de leitura\" \/>\n\t<meta name=\"twitter:data1\" content=\"2 minutos\" \/>\n<script type=\"application\/ld+json\" class=\"yoast-schema-graph\">{\"@context\":\"https:\/\/schema.org\",\"@graph\":[{\"@type\":\"WebPage\",\"@id\":\"https:\/\/deputadotaveirajr.com.br\/index.php\/secretaria-de-saude-suspende-cronograma-para-terceirizacao-da-gestao-das-upas-em-natal\/\",\"url\":\"https:\/\/deputadotaveirajr.com.br\/index.php\/secretaria-de-saude-suspende-cronograma-para-terceirizacao-da-gestao-das-upas-em-natal\/\",\"name\":\"Secretaria de Sa\u00fade suspende cronograma para terceiriza\u00e7\u00e3o da gest\u00e3o das UPAs em Natal - Taveira Jr\",\"isPartOf\":{\"@id\":\"https:\/\/deputadotaveirajr.com.br\/#website\"},\"primaryImageOfPage\":{\"@id\":\"https:\/\/deputadotaveirajr.com.br\/index.php\/secretaria-de-saude-suspende-cronograma-para-terceirizacao-da-gestao-das-upas-em-natal\/#primaryimage\"},\"image\":{\"@id\":\"https:\/\/deputadotaveirajr.com.br\/index.php\/secretaria-de-saude-suspende-cronograma-para-terceirizacao-da-gestao-das-upas-em-natal\/#primaryimage\"},\"thumbnailUrl\":\"https:\/\/deputadotaveirajr.com.br\/wp-content\/uploads\/2025\/09\/whatsapp-image-2025-07-15-at-12.09.59-ly7eGu.jpg\",\"datePublished\":\"2025-09-05T22:53:02+00:00\",\"breadcrumb\":{\"@id\":\"https:\/\/deputadotaveirajr.com.br\/index.php\/secretaria-de-saude-suspende-cronograma-para-terceirizacao-da-gestao-das-upas-em-natal\/#breadcrumb\"},\"inLanguage\":\"pt-BR\",\"potentialAction\":[{\"@type\":\"ReadAction\",\"target\":[\"https:\/\/deputadotaveirajr.com.br\/index.php\/secretaria-de-saude-suspende-cronograma-para-terceirizacao-da-gestao-das-upas-em-natal\/\"]}]},{\"@type\":\"ImageObject\",\"inLanguage\":\"pt-BR\",\"@id\":\"https:\/\/deputadotaveirajr.com.br\/index.php\/secretaria-de-saude-suspende-cronograma-para-terceirizacao-da-gestao-das-upas-em-natal\/#primaryimage\",\"url\":\"https:\/\/deputadotaveirajr.com.br\/wp-content\/uploads\/2025\/09\/whatsapp-image-2025-07-15-at-12.09.59-ly7eGu.jpg\",\"contentUrl\":\"https:\/\/deputadotaveirajr.com.br\/wp-content\/uploads\/2025\/09\/whatsapp-image-2025-07-15-at-12.09.59-ly7eGu.jpg\",\"width\":1600,\"height\":1200},{\"@type\":\"BreadcrumbList\",\"@id\":\"https:\/\/deputadotaveirajr.com.br\/index.php\/secretaria-de-saude-suspende-cronograma-para-terceirizacao-da-gestao-das-upas-em-natal\/#breadcrumb\",\"itemListElement\":[{\"@type\":\"ListItem\",\"position\":1,\"name\":\"In\u00edcio\",\"item\":\"https:\/\/deputadotaveirajr.com.br\/\"},{\"@type\":\"ListItem\",\"position\":2,\"name\":\"Secretaria de Sa\u00fade suspende cronograma para terceiriza\u00e7\u00e3o da gest\u00e3o das UPAs em Natal\"}]},{\"@type\":\"WebSite\",\"@id\":\"https:\/\/deputadotaveirajr.com.br\/#website\",\"url\":\"https:\/\/deputadotaveirajr.com.br\/\",\"name\":\"Taveira Jr\",\"description\":\"Deputado Estadual\",\"publisher\":{\"@id\":\"https:\/\/deputadotaveirajr.com.br\/#organization\"},\"potentialAction\":[{\"@type\":\"SearchAction\",\"target\":{\"@type\":\"EntryPoint\",\"urlTemplate\":\"https:\/\/deputadotaveirajr.com.br\/?s={search_term_string}\"},\"query-input\":{\"@type\":\"PropertyValueSpecification\",\"valueRequired\":true,\"valueName\":\"search_term_string\"}}],\"inLanguage\":\"pt-BR\"},{\"@type\":\"Organization\",\"@id\":\"https:\/\/deputadotaveirajr.com.br\/#organization\",\"name\":\"Taveira Jr\",\"url\":\"https:\/\/deputadotaveirajr.com.br\/\",\"logo\":{\"@type\":\"ImageObject\",\"inLanguage\":\"pt-BR\",\"@id\":\"https:\/\/deputadotaveirajr.com.br\/#\/schema\/logo\/image\/\",\"url\":\"https:\/\/deputadotaveirajr.com.br\/wp-content\/uploads\/2026\/01\/logolow2a.png\",\"contentUrl\":\"https:\/\/deputadotaveirajr.com.br\/wp-content\/uploads\/2026\/01\/logolow2a.png\",\"width\":290,\"height\":80,\"caption\":\"Taveira Jr\"},\"image\":{\"@id\":\"https:\/\/deputadotaveirajr.com.br\/#\/schema\/logo\/image\/\"}}]}<\/script>\n<!-- \/ Yoast SEO plugin. -->","yoast_head_json":{"title":"Secretaria de Sa\u00fade suspende cronograma para terceiriza\u00e7\u00e3o da gest\u00e3o das UPAs em Natal - Taveira Jr","robots":{"index":"index","follow":"follow","max-snippet":"max-snippet:-1","max-image-preview":"max-image-preview:large","max-video-preview":"max-video-preview:-1"},"canonical":"https:\/\/deputadotaveirajr.com.br\/index.php\/secretaria-de-saude-suspende-cronograma-para-terceirizacao-da-gestao-das-upas-em-natal\/","og_locale":"pt_BR","og_type":"article","og_title":"Secretaria de Sa\u00fade suspende cronograma para terceiriza\u00e7\u00e3o da gest\u00e3o das UPAs em Natal - Taveira Jr","og_description":"UPA Cidade Sat\u00e9lite, em Natal S\u00e9rgio Henrique Santos\/Inter TV Em meio \u00e0 crise envolvendo a sa\u00fade na capital, a Secretaria Municipal de Sa\u00fade suspendeu, de forma tempor\u00e1ria, o cronograma do ...","og_url":"https:\/\/deputadotaveirajr.com.br\/index.php\/secretaria-de-saude-suspende-cronograma-para-terceirizacao-da-gestao-das-upas-em-natal\/","og_site_name":"Taveira Jr","og_image":[{"url":"https:\/\/s2-g1.glbimg.com\/Z8jxgjCJ8MhNPj7SHDDvkQp7_XQ=\/i.s3.glbimg.com\/v1\/AUTH_59edd422c0c84a879bd37670ae4f538a\/internal_photos\/bs\/2025\/3\/e\/kNofu8TrWpXAtT6ztBeQ\/whatsapp-image-2025-07-15-at-12.09.59.jpeg","type":"","width":"","height":""}],"twitter_card":"summary_large_image","twitter_misc":{"Est. tempo de leitura":"2 minutos"},"schema":{"@context":"https:\/\/schema.org","@graph":[{"@type":"WebPage","@id":"https:\/\/deputadotaveirajr.com.br\/index.php\/secretaria-de-saude-suspende-cronograma-para-terceirizacao-da-gestao-das-upas-em-natal\/","url":"https:\/\/deputadotaveirajr.com.br\/index.php\/secretaria-de-saude-suspende-cronograma-para-terceirizacao-da-gestao-das-upas-em-natal\/","name":"Secretaria de Sa\u00fade suspende cronograma para terceiriza\u00e7\u00e3o da gest\u00e3o das UPAs em Natal - Taveira Jr","isPartOf":{"@id":"https:\/\/deputadotaveirajr.com.br\/#website"},"primaryImageOfPage":{"@id":"https:\/\/deputadotaveirajr.com.br\/index.php\/secretaria-de-saude-suspende-cronograma-para-terceirizacao-da-gestao-das-upas-em-natal\/#primaryimage"},"image":{"@id":"https:\/\/deputadotaveirajr.com.br\/index.php\/secretaria-de-saude-suspende-cronograma-para-terceirizacao-da-gestao-das-upas-em-natal\/#primaryimage"},"thumbnailUrl":"https:\/\/deputadotaveirajr.com.br\/wp-content\/uploads\/2025\/09\/whatsapp-image-2025-07-15-at-12.09.59-ly7eGu.jpg","datePublished":"2025-09-05T22:53:02+00:00","breadcrumb":{"@id":"https:\/\/deputadotaveirajr.com.br\/index.php\/secretaria-de-saude-suspende-cronograma-para-terceirizacao-da-gestao-das-upas-em-natal\/#breadcrumb"},"inLanguage":"pt-BR","potentialAction":[{"@type":"ReadAction","target":["https:\/\/deputadotaveirajr.com.br\/index.php\/secretaria-de-saude-suspende-cronograma-para-terceirizacao-da-gestao-das-upas-em-natal\/"]}]},{"@type":"ImageObject","inLanguage":"pt-BR","@id":"https:\/\/deputadotaveirajr.com.br\/index.php\/secretaria-de-saude-suspende-cronograma-para-terceirizacao-da-gestao-das-upas-em-natal\/#primaryimage","url":"https:\/\/deputadotaveirajr.com.br\/wp-content\/uploads\/2025\/09\/whatsapp-image-2025-07-15-at-12.09.59-ly7eGu.jpg","contentUrl":"https:\/\/deputadotaveirajr.com.br\/wp-content\/uploads\/2025\/09\/whatsapp-image-2025-07-15-at-12.09.59-ly7eGu.jpg","width":1600,"height":1200},{"@type":"BreadcrumbList","@id":"https:\/\/deputadotaveirajr.com.br\/index.php\/secretaria-de-saude-suspende-cronograma-para-terceirizacao-da-gestao-das-upas-em-natal\/#breadcrumb","itemListElement":[{"@type":"ListItem","position":1,"name":"In\u00edcio","item":"https:\/\/deputadotaveirajr.com.br\/"},{"@type":"ListItem","position":2,"name":"Secretaria de Sa\u00fade suspende cronograma para terceiriza\u00e7\u00e3o da gest\u00e3o das UPAs em Natal"}]},{"@type":"WebSite","@id":"https:\/\/deputadotaveirajr.com.br\/#website","url":"https:\/\/deputadotaveirajr.com.br\/","name":"Taveira Jr","description":"Deputado Estadual","publisher":{"@id":"https:\/\/deputadotaveirajr.com.br\/#organization"},"potentialAction":[{"@type":"SearchAction","target":{"@type":"EntryPoint","urlTemplate":"https:\/\/deputadotaveirajr.com.br\/?s={search_term_string}"},"query-input":{"@type":"PropertyValueSpecification","valueRequired":true,"valueName":"search_term_string"}}],"inLanguage":"pt-BR"},{"@type":"Organization","@id":"https:\/\/deputadotaveirajr.com.br\/#organization","name":"Taveira Jr","url":"https:\/\/deputadotaveirajr.com.br\/","logo":{"@type":"ImageObject","inLanguage":"pt-BR","@id":"https:\/\/deputadotaveirajr.com.br\/#\/schema\/logo\/image\/","url":"https:\/\/deputadotaveirajr.com.br\/wp-content\/uploads\/2026\/01\/logolow2a.png","contentUrl":"https:\/\/deputadotaveirajr.com.br\/wp-content\/uploads\/2026\/01\/logolow2a.png","width":290,"height":80,"caption":"Taveira Jr"},"image":{"@id":"https:\/\/deputadotaveirajr.com.br\/#\/schema\/logo\/image\/"}}]}},"_links":{"self":[{"href":"https:\/\/deputadotaveirajr.com.br\/index.php\/wp-json\/wp\/v2\/pages\/14057","targetHints":{"allow":["GET"]}}],"collection":[{"href":"https:\/\/deputadotaveirajr.com.br\/index.php\/wp-json\/wp\/v2\/pages"}],"about":[{"href":"https:\/\/deputadotaveirajr.com.br\/index.php\/wp-json\/wp\/v2\/types\/page"}],"replies":[{"embeddable":true,"href":"https:\/\/deputadotaveirajr.com.br\/index.php\/wp-json\/wp\/v2\/comments?post=14057"}],"version-history":[{"count":0,"href":"https:\/\/deputadotaveirajr.com.br\/index.php\/wp-json\/wp\/v2\/pages\/14057\/revisions"}],"wp:featuredmedia":[{"embeddable":true,"href":"https:\/\/deputadotaveirajr.com.br\/index.php\/wp-json\/wp\/v2\/media\/14058"}],"wp:attachment":[{"href":"https:\/\/deputadotaveirajr.com.br\/index.php\/wp-json\/wp\/v2\/media?parent=14057"}],"curies":[{"name":"wp","href":"https:\/\/api.w.org\/{rel}","templated":true}]}}