{"id":14063,"date":"2025-09-08T17:26:21","date_gmt":"2025-09-08T20:26:21","guid":{"rendered":"https:\/\/deputadotaveirajr.com.br\/index.php\/justica-suspende-editais-para-terceirizacao-das-upas-de-natal\/"},"modified":"2025-09-08T17:26:21","modified_gmt":"2025-09-08T20:26:21","slug":"justica-suspende-editais-para-terceirizacao-das-upas-de-natal","status":"publish","type":"page","link":"https:\/\/deputadotaveirajr.com.br\/index.php\/justica-suspende-editais-para-terceirizacao-das-upas-de-natal\/","title":{"rendered":"Justi\u00e7a suspende editais para terceiriza\u00e7\u00e3o das UPAs de Natal"},"content":{"rendered":"<p><img decoding=\"async\" src=\"https:\/\/s2-g1.glbimg.com\/Z8jxgjCJ8MhNPj7SHDDvkQp7_XQ=\/i.s3.glbimg.com\/v1\/AUTH_59edd422c0c84a879bd37670ae4f538a\/internal_photos\/bs\/2025\/3\/e\/kNofu8TrWpXAtT6ztBeQ\/whatsapp-image-2025-07-15-at-12.09.59.jpeg\" \/><br \/>     UPA Cidade Sat\u00e9lite, em Natal<br \/>\nS\u00e9rgio Henrique Santos\/Inter TV<br \/>\nA Justi\u00e7a do Rio Grande do Norte determinou a suspens\u00e3o imediata dos editais lan\u00e7ados pela Prefeitura de Natal para terceirizar a administra\u00e7\u00e3o das quatro Unidades de Pronto Atendimento (UPAs) da capital potiguar.<br \/>\nA decis\u00e3o \u00e9 do juiz Francisco Ser\u00e1phico da N\u00f3brega Coutinho, da 6\u00aa Vara da Fazenda P\u00fablica, e foi publicada na tarde desta egunda-feira (8).<br \/>\n\ud83d\udcf3Participe do canal do g1 RN no WhatsApp<br \/>\nA medida atende ao pedido feito em uma a\u00e7\u00e3o popular movida pelo vereador Daniel Valen\u00e7a (PT) e pela deputada federal Natalia Bonavides (PT), que apontaram supostas ilegalidades no processo de convoca\u00e7\u00e3o p\u00fablica.<br \/>\nA decis\u00e3o tamb\u00e9m pro\u00edbe o munic\u00edpio de &#8220;praticar qualquer ato tendente \u00e0 continuidade dos referidos procedimentos&#8221;.<br \/>\nLEIA MAIS<br \/>\nNatal lan\u00e7a editais para &#8216;terceirizar&#8217; gest\u00e3o de UPAs<br \/>\nTCE pede suspens\u00e3o de editaide terceiriza\u00e7\u00e3o de UPAs de Natal<br \/>\nSecretaria de Sa\u00fade suspende cronograma para terceiriza\u00e7\u00e3o da gest\u00e3o das UPAs<br \/>\nEm nota, a Secretaria Municipal de Sa\u00fade informou que j\u00e1 havia suspendido o cronograma na \u00faltima quinta-feira (4) e defendeu a ado\u00e7\u00e3o da terceiriza\u00e7\u00e3o. A Prefeitura n\u00e3o informou se vai recorrer da decis\u00e3o.<br \/>\n&#8220;Natal ser\u00e1 uma das \u00faltimas capitais do Nordeste a adotar o modelo, que poder\u00e1 gerar uma economia entre R$ 15 milh\u00f5es e R$ 18 milh\u00f5es por ano, al\u00e9m da melhoria no atendimento \u00e0 popula\u00e7\u00e3o, maior agilidade nos processos, seguran\u00e7a nos dados e no abastecimento de insumos. A decis\u00e3o pela cogest\u00e3o para a capital potiguar ocorreu ap\u00f3s constatar o sucesso e os bons resultados para a popula\u00e7\u00e3o em outros Estados e cidades do pa\u00eds, garantindo qualidade, efici\u00eancia nos servi\u00e7os e mais economia aos cofres p\u00fablicos&#8221;, afirmou.<br \/>\nFalta de estudos<br \/>\nSegundo a a\u00e7\u00e3o, a prefeitura n\u00e3o apresentou estudos t\u00e9cnicos suficientes para comprovar que a terceiriza\u00e7\u00e3o seria vantajosa e tamb\u00e9m n\u00e3o submeteu a proposta ao Conselho Municipal de Sa\u00fade.<br \/>\nOs editais preveem a contrata\u00e7\u00e3o de Organiza\u00e7\u00f5es Sociais de Sa\u00fade (OSS) para gerenciar, operacionalizar e executar servi\u00e7os de sa\u00fade nas UPAs de Sat\u00e9lite, Esperan\u00e7a, Potengi e Paju\u00e7ara, com contratos estimados em R$ 114 milh\u00f5es por ano.<br \/>\nNa decis\u00e3o, o magistrado destacou que os estudos apresentados pela prefeitura trazem apenas justificativas gen\u00e9ricas, como \u201cotimiza\u00e7\u00e3o do padr\u00e3o de qualidade\u201d e \u201cefici\u00eancia\u201d, mas n\u00e3o apresentam dados objetivos, indicadores mensur\u00e1veis ou comparativos de custos que comprovem a superioridade da terceiriza\u00e7\u00e3o.<br \/>\nO magistrado ainda considerou que a suspens\u00e3o preventiva dos editais \u00e9 \u201cmenos danosa ao interesse p\u00fablico\u201d do que o eventual cancelamento de contratos j\u00e1 assinados, que poderiam gerar indeniza\u00e7\u00f5es, desperd\u00edcio de recursos e inseguran\u00e7a jur\u00eddica.<br \/>\n&#8220;Os elementos probat\u00f3rios acostados aos autos indicam defici\u00eancias nos estudos que fundamentaram os chamamentos p\u00fablicos impugnados. A aus\u00eancia de dados objetivos, mem\u00f3ria de c\u00e1lculo adequada e estudos comparativos compromete a adequada motiva\u00e7\u00e3o dos atos administrativos, evidenciando a plausibilidade das alega\u00e7\u00f5es autorais e o risco concreto de les\u00e3o ao patrim\u00f4nio p\u00fablico, motivo pelo qual a tutela provis\u00f3ria de urg\u00eancia deve ser deferida&#8221;, considerou.<br \/>\nA Prefeitura de Natal ainda pode recorrer da decis\u00e3o.<br \/>\nCronograma j\u00e1 estava suspenso temporariamente<br \/>\nNa \u00faltima semana, a Secretaria Municipal de Sa\u00fade j\u00e1 havia suspendido, de forma tempor\u00e1ria, o cronograma do chamamento p\u00fablico, atendendo a uma recomenda\u00e7\u00e3o do Minist\u00e9rio P\u00fablico de Contas e do Tribunal de Contas do Estado.<br \/>\nPol\u00edtica: TCE-RN recomenda suspens\u00e3o de terceiriza\u00e7\u00e3o das UPAs de Natal<br \/>\nA portaria foi publicada no Di\u00e1rio Oficial de Natal no dia 4 de setembro. Em contato com a Inter TV, o secret\u00e1rio de Sa\u00fade de Natal, Geraldo Pinho, explicou que a suspens\u00e3o do cronograma foi necess\u00e1ria para que o processo de terceiriza\u00e7\u00e3o se alinhe ao entendimento do Tribunal de Contas do Estado (TCE).<br \/>\nSegundo ele, ap\u00f3s essa concilia\u00e7\u00e3o, o processo seria retomado sem que isso afetasse as empresas que j\u00e1 foram selecionadas para gest\u00e3o das UPAs.<br \/>\nA op\u00e7\u00e3o da secretaria por suspender o andamento da terceiriza\u00e7\u00e3o se antecipou ao fim do julgamento que come\u00e7ou nesta quinta-feira (4) no Tribunal de Contas do Estado. O voto do relator, conselheiro Marco Ant\u00f4nio, foi pela suspens\u00e3o imediata do chamamento p\u00fablico at\u00e9 que as irregularidades encontradas sejam solucionadas.<br \/>\nO julgamento foi paralisado ap\u00f3s o conselheiro George Soares pedir mais tempo para analisar o processo.<br \/>\nPrefeitura alega economia<br \/>\nA a\u00e7\u00e3o no TCE come\u00e7ou ap\u00f3s auditores da Diretoria de Controle de Contas identificarem irregularidades como a falta de comprova\u00e7\u00e3o de economia financeira com a terceiriza\u00e7\u00e3o das unidades.<br \/>\nNo dia 13 de agosto a Prefeitura de Natal  publicou o resultado preliminar dos editais para escolha das Organiza\u00e7\u00f5es Sociais de Sa\u00fade (OSS) que iriam administrar as Unidades de Pronto Atendimento (UPAs) Sat\u00e9lite, Esperan\u00e7a, Potengi e Paju\u00e7ara. A previs\u00e3o era de que entidades come\u00e7assem a gerir as unidades de pronto-atendimento da capital no dia 15 de setembro.<br \/>\nA Prefeitura de Natal afirma que essa economia ser\u00e1 entre 15 e 18 milh\u00f5es de reais anuais, mas em nenhum momento apresenta estudos que comprovem a afirma\u00e7\u00e3o, segundo os auditores.<br \/>\nVeja os v\u00eddeos mais assistidos no g1 RN<\/p>","protected":false},"excerpt":{"rendered":"<p>UPA Cidade Sat\u00e9lite, em Natal S\u00e9rgio Henrique Santos\/Inter TV A Justi\u00e7a do Rio Grande do Norte determinou a suspens\u00e3o imediata dos editais lan\u00e7ados pela Prefeitura de Natal para terceirizar a &#8230;<\/p>\n","protected":false},"author":0,"featured_media":14064,"parent":0,"menu_order":0,"comment_status":"closed","ping_status":"closed","template":"","meta":{"footnotes":""},"class_list":["post-14063","page","type-page","status-publish","has-post-thumbnail","hentry"],"yoast_head":"<!-- This site is optimized with the Yoast SEO plugin v27.1.1 - https:\/\/yoast.com\/product\/yoast-seo-wordpress\/ -->\n<title>Justi\u00e7a suspende editais para terceiriza\u00e7\u00e3o das UPAs de Natal - Taveira Jr<\/title>\n<meta name=\"robots\" content=\"index, follow, max-snippet:-1, max-image-preview:large, max-video-preview:-1\" \/>\n<link rel=\"canonical\" href=\"https:\/\/deputadotaveirajr.com.br\/index.php\/justica-suspende-editais-para-terceirizacao-das-upas-de-natal\/\" \/>\n<meta property=\"og:locale\" content=\"pt_BR\" \/>\n<meta property=\"og:type\" content=\"article\" \/>\n<meta property=\"og:title\" content=\"Justi\u00e7a suspende editais para terceiriza\u00e7\u00e3o das UPAs de Natal - Taveira Jr\" \/>\n<meta property=\"og:description\" content=\"UPA Cidade Sat\u00e9lite, em Natal S\u00e9rgio Henrique Santos\/Inter TV A Justi\u00e7a do Rio Grande do Norte determinou a suspens\u00e3o imediata dos editais lan\u00e7ados pela Prefeitura de Natal para terceirizar a ...\" \/>\n<meta property=\"og:url\" content=\"https:\/\/deputadotaveirajr.com.br\/index.php\/justica-suspende-editais-para-terceirizacao-das-upas-de-natal\/\" \/>\n<meta property=\"og:site_name\" content=\"Taveira Jr\" \/>\n<meta property=\"og:image\" content=\"https:\/\/s2-g1.glbimg.com\/Z8jxgjCJ8MhNPj7SHDDvkQp7_XQ=\/i.s3.glbimg.com\/v1\/AUTH_59edd422c0c84a879bd37670ae4f538a\/internal_photos\/bs\/2025\/3\/e\/kNofu8TrWpXAtT6ztBeQ\/whatsapp-image-2025-07-15-at-12.09.59.jpeg\" \/>\n<meta name=\"twitter:card\" content=\"summary_large_image\" \/>\n<meta name=\"twitter:label1\" content=\"Est. tempo de leitura\" \/>\n\t<meta name=\"twitter:data1\" content=\"5 minutos\" \/>\n<script type=\"application\/ld+json\" class=\"yoast-schema-graph\">{\"@context\":\"https:\/\/schema.org\",\"@graph\":[{\"@type\":\"WebPage\",\"@id\":\"https:\/\/deputadotaveirajr.com.br\/index.php\/justica-suspende-editais-para-terceirizacao-das-upas-de-natal\/\",\"url\":\"https:\/\/deputadotaveirajr.com.br\/index.php\/justica-suspende-editais-para-terceirizacao-das-upas-de-natal\/\",\"name\":\"Justi\u00e7a suspende editais para terceiriza\u00e7\u00e3o das UPAs de Natal - Taveira Jr\",\"isPartOf\":{\"@id\":\"https:\/\/deputadotaveirajr.com.br\/#website\"},\"primaryImageOfPage\":{\"@id\":\"https:\/\/deputadotaveirajr.com.br\/index.php\/justica-suspende-editais-para-terceirizacao-das-upas-de-natal\/#primaryimage\"},\"image\":{\"@id\":\"https:\/\/deputadotaveirajr.com.br\/index.php\/justica-suspende-editais-para-terceirizacao-das-upas-de-natal\/#primaryimage\"},\"thumbnailUrl\":\"https:\/\/deputadotaveirajr.com.br\/wp-content\/uploads\/2025\/09\/whatsapp-image-2025-07-15-at-12.09.59-xV3Jpx.jpg\",\"datePublished\":\"2025-09-08T20:26:21+00:00\",\"breadcrumb\":{\"@id\":\"https:\/\/deputadotaveirajr.com.br\/index.php\/justica-suspende-editais-para-terceirizacao-das-upas-de-natal\/#breadcrumb\"},\"inLanguage\":\"pt-BR\",\"potentialAction\":[{\"@type\":\"ReadAction\",\"target\":[\"https:\/\/deputadotaveirajr.com.br\/index.php\/justica-suspende-editais-para-terceirizacao-das-upas-de-natal\/\"]}]},{\"@type\":\"ImageObject\",\"inLanguage\":\"pt-BR\",\"@id\":\"https:\/\/deputadotaveirajr.com.br\/index.php\/justica-suspende-editais-para-terceirizacao-das-upas-de-natal\/#primaryimage\",\"url\":\"https:\/\/deputadotaveirajr.com.br\/wp-content\/uploads\/2025\/09\/whatsapp-image-2025-07-15-at-12.09.59-xV3Jpx.jpg\",\"contentUrl\":\"https:\/\/deputadotaveirajr.com.br\/wp-content\/uploads\/2025\/09\/whatsapp-image-2025-07-15-at-12.09.59-xV3Jpx.jpg\",\"width\":1600,\"height\":1200},{\"@type\":\"BreadcrumbList\",\"@id\":\"https:\/\/deputadotaveirajr.com.br\/index.php\/justica-suspende-editais-para-terceirizacao-das-upas-de-natal\/#breadcrumb\",\"itemListElement\":[{\"@type\":\"ListItem\",\"position\":1,\"name\":\"In\u00edcio\",\"item\":\"https:\/\/deputadotaveirajr.com.br\/\"},{\"@type\":\"ListItem\",\"position\":2,\"name\":\"Justi\u00e7a suspende editais para terceiriza\u00e7\u00e3o das UPAs de Natal\"}]},{\"@type\":\"WebSite\",\"@id\":\"https:\/\/deputadotaveirajr.com.br\/#website\",\"url\":\"https:\/\/deputadotaveirajr.com.br\/\",\"name\":\"Taveira Jr\",\"description\":\"Deputado Estadual\",\"publisher\":{\"@id\":\"https:\/\/deputadotaveirajr.com.br\/#organization\"},\"potentialAction\":[{\"@type\":\"SearchAction\",\"target\":{\"@type\":\"EntryPoint\",\"urlTemplate\":\"https:\/\/deputadotaveirajr.com.br\/?s={search_term_string}\"},\"query-input\":{\"@type\":\"PropertyValueSpecification\",\"valueRequired\":true,\"valueName\":\"search_term_string\"}}],\"inLanguage\":\"pt-BR\"},{\"@type\":\"Organization\",\"@id\":\"https:\/\/deputadotaveirajr.com.br\/#organization\",\"name\":\"Taveira Jr\",\"url\":\"https:\/\/deputadotaveirajr.com.br\/\",\"logo\":{\"@type\":\"ImageObject\",\"inLanguage\":\"pt-BR\",\"@id\":\"https:\/\/deputadotaveirajr.com.br\/#\/schema\/logo\/image\/\",\"url\":\"https:\/\/deputadotaveirajr.com.br\/wp-content\/uploads\/2026\/01\/logolow2a.png\",\"contentUrl\":\"https:\/\/deputadotaveirajr.com.br\/wp-content\/uploads\/2026\/01\/logolow2a.png\",\"width\":290,\"height\":80,\"caption\":\"Taveira Jr\"},\"image\":{\"@id\":\"https:\/\/deputadotaveirajr.com.br\/#\/schema\/logo\/image\/\"}}]}<\/script>\n<!-- \/ Yoast SEO plugin. -->","yoast_head_json":{"title":"Justi\u00e7a suspende editais para terceiriza\u00e7\u00e3o das UPAs de Natal - Taveira Jr","robots":{"index":"index","follow":"follow","max-snippet":"max-snippet:-1","max-image-preview":"max-image-preview:large","max-video-preview":"max-video-preview:-1"},"canonical":"https:\/\/deputadotaveirajr.com.br\/index.php\/justica-suspende-editais-para-terceirizacao-das-upas-de-natal\/","og_locale":"pt_BR","og_type":"article","og_title":"Justi\u00e7a suspende editais para terceiriza\u00e7\u00e3o das UPAs de Natal - Taveira Jr","og_description":"UPA Cidade Sat\u00e9lite, em Natal S\u00e9rgio Henrique Santos\/Inter TV A Justi\u00e7a do Rio Grande do Norte determinou a suspens\u00e3o imediata dos editais lan\u00e7ados pela Prefeitura de Natal para terceirizar a ...","og_url":"https:\/\/deputadotaveirajr.com.br\/index.php\/justica-suspende-editais-para-terceirizacao-das-upas-de-natal\/","og_site_name":"Taveira Jr","og_image":[{"url":"https:\/\/s2-g1.glbimg.com\/Z8jxgjCJ8MhNPj7SHDDvkQp7_XQ=\/i.s3.glbimg.com\/v1\/AUTH_59edd422c0c84a879bd37670ae4f538a\/internal_photos\/bs\/2025\/3\/e\/kNofu8TrWpXAtT6ztBeQ\/whatsapp-image-2025-07-15-at-12.09.59.jpeg","type":"","width":"","height":""}],"twitter_card":"summary_large_image","twitter_misc":{"Est. tempo de leitura":"5 minutos"},"schema":{"@context":"https:\/\/schema.org","@graph":[{"@type":"WebPage","@id":"https:\/\/deputadotaveirajr.com.br\/index.php\/justica-suspende-editais-para-terceirizacao-das-upas-de-natal\/","url":"https:\/\/deputadotaveirajr.com.br\/index.php\/justica-suspende-editais-para-terceirizacao-das-upas-de-natal\/","name":"Justi\u00e7a suspende editais para terceiriza\u00e7\u00e3o das UPAs de Natal - Taveira Jr","isPartOf":{"@id":"https:\/\/deputadotaveirajr.com.br\/#website"},"primaryImageOfPage":{"@id":"https:\/\/deputadotaveirajr.com.br\/index.php\/justica-suspende-editais-para-terceirizacao-das-upas-de-natal\/#primaryimage"},"image":{"@id":"https:\/\/deputadotaveirajr.com.br\/index.php\/justica-suspende-editais-para-terceirizacao-das-upas-de-natal\/#primaryimage"},"thumbnailUrl":"https:\/\/deputadotaveirajr.com.br\/wp-content\/uploads\/2025\/09\/whatsapp-image-2025-07-15-at-12.09.59-xV3Jpx.jpg","datePublished":"2025-09-08T20:26:21+00:00","breadcrumb":{"@id":"https:\/\/deputadotaveirajr.com.br\/index.php\/justica-suspende-editais-para-terceirizacao-das-upas-de-natal\/#breadcrumb"},"inLanguage":"pt-BR","potentialAction":[{"@type":"ReadAction","target":["https:\/\/deputadotaveirajr.com.br\/index.php\/justica-suspende-editais-para-terceirizacao-das-upas-de-natal\/"]}]},{"@type":"ImageObject","inLanguage":"pt-BR","@id":"https:\/\/deputadotaveirajr.com.br\/index.php\/justica-suspende-editais-para-terceirizacao-das-upas-de-natal\/#primaryimage","url":"https:\/\/deputadotaveirajr.com.br\/wp-content\/uploads\/2025\/09\/whatsapp-image-2025-07-15-at-12.09.59-xV3Jpx.jpg","contentUrl":"https:\/\/deputadotaveirajr.com.br\/wp-content\/uploads\/2025\/09\/whatsapp-image-2025-07-15-at-12.09.59-xV3Jpx.jpg","width":1600,"height":1200},{"@type":"BreadcrumbList","@id":"https:\/\/deputadotaveirajr.com.br\/index.php\/justica-suspende-editais-para-terceirizacao-das-upas-de-natal\/#breadcrumb","itemListElement":[{"@type":"ListItem","position":1,"name":"In\u00edcio","item":"https:\/\/deputadotaveirajr.com.br\/"},{"@type":"ListItem","position":2,"name":"Justi\u00e7a suspende editais para terceiriza\u00e7\u00e3o das UPAs de Natal"}]},{"@type":"WebSite","@id":"https:\/\/deputadotaveirajr.com.br\/#website","url":"https:\/\/deputadotaveirajr.com.br\/","name":"Taveira Jr","description":"Deputado Estadual","publisher":{"@id":"https:\/\/deputadotaveirajr.com.br\/#organization"},"potentialAction":[{"@type":"SearchAction","target":{"@type":"EntryPoint","urlTemplate":"https:\/\/deputadotaveirajr.com.br\/?s={search_term_string}"},"query-input":{"@type":"PropertyValueSpecification","valueRequired":true,"valueName":"search_term_string"}}],"inLanguage":"pt-BR"},{"@type":"Organization","@id":"https:\/\/deputadotaveirajr.com.br\/#organization","name":"Taveira Jr","url":"https:\/\/deputadotaveirajr.com.br\/","logo":{"@type":"ImageObject","inLanguage":"pt-BR","@id":"https:\/\/deputadotaveirajr.com.br\/#\/schema\/logo\/image\/","url":"https:\/\/deputadotaveirajr.com.br\/wp-content\/uploads\/2026\/01\/logolow2a.png","contentUrl":"https:\/\/deputadotaveirajr.com.br\/wp-content\/uploads\/2026\/01\/logolow2a.png","width":290,"height":80,"caption":"Taveira Jr"},"image":{"@id":"https:\/\/deputadotaveirajr.com.br\/#\/schema\/logo\/image\/"}}]}},"_links":{"self":[{"href":"https:\/\/deputadotaveirajr.com.br\/index.php\/wp-json\/wp\/v2\/pages\/14063","targetHints":{"allow":["GET"]}}],"collection":[{"href":"https:\/\/deputadotaveirajr.com.br\/index.php\/wp-json\/wp\/v2\/pages"}],"about":[{"href":"https:\/\/deputadotaveirajr.com.br\/index.php\/wp-json\/wp\/v2\/types\/page"}],"replies":[{"embeddable":true,"href":"https:\/\/deputadotaveirajr.com.br\/index.php\/wp-json\/wp\/v2\/comments?post=14063"}],"version-history":[{"count":0,"href":"https:\/\/deputadotaveirajr.com.br\/index.php\/wp-json\/wp\/v2\/pages\/14063\/revisions"}],"wp:featuredmedia":[{"embeddable":true,"href":"https:\/\/deputadotaveirajr.com.br\/index.php\/wp-json\/wp\/v2\/media\/14064"}],"wp:attachment":[{"href":"https:\/\/deputadotaveirajr.com.br\/index.php\/wp-json\/wp\/v2\/media?parent=14063"}],"curies":[{"name":"wp","href":"https:\/\/api.w.org\/{rel}","templated":true}]}}