{"id":14131,"date":"2025-09-18T16:14:09","date_gmt":"2025-09-18T19:14:09","guid":{"rendered":"https:\/\/deputadotaveirajr.com.br\/index.php\/justica-determina-que-morador-preso-por-ataques-homofobicos-seja-expulso-de-condominio-em-natal\/"},"modified":"2025-09-18T16:14:09","modified_gmt":"2025-09-18T19:14:09","slug":"justica-determina-que-morador-preso-por-ataques-homofobicos-seja-expulso-de-condominio-em-natal","status":"publish","type":"page","link":"https:\/\/deputadotaveirajr.com.br\/index.php\/justica-determina-que-morador-preso-por-ataques-homofobicos-seja-expulso-de-condominio-em-natal\/","title":{"rendered":"Justi\u00e7a determina que morador preso por ataques homof\u00f3bicos seja expulso de condom\u00ednio em Natal"},"content":{"rendered":"<p><img decoding=\"async\" src=\"https:\/\/s2-g1.glbimg.com\/CxqzaSbHp-XcJBazvwFXw3NHHYY=\/i.s3.glbimg.com\/v1\/AUTH_59edd422c0c84a879bd37670ae4f538a\/internal_photos\/bs\/2025\/9\/b\/ACfDLhQrGeNUjgvQYQYA\/captura-de-tela-2025-08-15-as-09.46.28.png\" \/><br \/>     Justic\u0327a expulsa morador de condomi\u0301nio preso por homofobia no RN<br \/>\nUm homem de 49 anos, preso desde agosto ap\u00f3s uma s\u00e9rie de ataques homof\u00f3bicos, persegui\u00e7\u00f5es e amea\u00e7as contra vizinhos, deve ser expulso do condom\u00ednio onde morava, no bairro Cidade Alta, no Centro de Natal. A decis\u00e3o foi tomada pelo juiz Otto Bismark Nobre, da 4\u00aa Vara C\u00edvel da Comarca de Natal.<br \/>\nO magistrado determinou que o morador desocupe o apartamento no prazo de at\u00e9 30 dias a partir do tr\u00e2nsito em julgado do processo. Al\u00e9m disso, ele dever\u00e1 pagar multa de R$ 14 mil.<br \/>\n\ud83d\udcf3 Clique aqui para seguir o canal do g1 RN no WhatsApp<br \/>\nA decis\u00e3o judicial n\u00e3o retira a propriedade do im\u00f3vel, mas impede que o homem volte a morar no local, mesmo ap\u00f3s sair da pris\u00e3o. Em caso de descumprimento, a Justi\u00e7a autorizou o despejo compuls\u00f3rio com refor\u00e7o policial.<br \/>\nO pedido havia sido feito \u00e0 Justi\u00e7a pela pr\u00f3pria administra\u00e7\u00e3o do condom\u00ednio.<br \/>\nLEIA MAIS<br \/>\nHomofobia, bombas e persegui\u00e7\u00e3o: vizinho \u00e9 preso em Natal ap\u00f3s amea\u00e7as e ataques a moradores<br \/>\nMoradores relatam ataques homof\u00f3bicos de vizinho preso em Natal: &#8216;N\u00e3o podia sair do pr\u00e9dio sem medo&#8217;<br \/>\nPris\u00e3o por ataques homof\u00f3bicos<br \/>\nO homem foi preso preventivamente em 14 de agosto, ap\u00f3s investiga\u00e7\u00f5es da Pol\u00edcia Civil apontarem que ele praticava crimes reiterados de homofobia, inj\u00faria qualificada, amea\u00e7a e persegui\u00e7\u00e3o contra vizinhos \u2013 principalmente casais de mulheres.<br \/>\nDe acordo com a pol\u00edcia, ele j\u00e1 acumulava mais de 20 boletins de ocorr\u00eancia e 14 processos judiciais por persegui\u00e7\u00e3o, homofobia e inj\u00faria qualificada.<br \/>\nHomem foi preso por homofobia e amea\u00e7as a vizinhos em agosto<br \/>\nReprodu\u00e7\u00e3o\/PCRN<br \/>\nUma das v\u00edtimas relatou ter sofrido agress\u00f5es f\u00edsicas e ofensas constantes. &#8220;Ele j\u00e1 teve uma agress\u00e3o corporal comigo na grade do pr\u00e9dio. Come\u00e7ou a xingar, cantar na janela palavras como \u2018sapat\u00e3o vai morrer\u2019 e fazer gestos obscenos. Na garagem, ele circulava com a moto, tentando nos atingir&#8221;, disse a mulher, que pediu para n\u00e3o ser identificada.<br \/>\nOutro morador, o advogado Raimundo Oliveira, disse que tamb\u00e9m foi alvo dos ataques.<br \/>\n\u201cEu passava, ele me chamava de viado, seboso, macumbeiro, at\u00e9 de maconheiro. Quando passava no corredor, ele escarrava. Chegou a avan\u00e7ar com a moto em cima da gente e usou explosivos para constranger&#8221;, contou.<br \/>\nUm dos epis\u00f3dios mais graves ocorreu quando o homem arremessou bombas caseiras na garagem e no jardim do condom\u00ednio, gerando clima de medo entre os moradores.<br \/>\nInvestiga\u00e7\u00f5es<br \/>\nNa ocasi\u00e3o da pris\u00e3o, a delegada Paola Mau\u00e9s, respons\u00e1vel pelo caso, explicou que o suspeito tamb\u00e9m perseguia o s\u00edndico do pr\u00e9dio em raz\u00e3o da orienta\u00e7\u00e3o sexual dele. \u201cAs testemunhas que colaboravam se tornavam v\u00edtimas dele. Tamb\u00e9m perseguia e ofendia o s\u00edndico do pr\u00e9dio, em raz\u00e3o da orienta\u00e7\u00e3o sexual\u201d, disse.<br \/>\nA pol\u00edcia informou que ele responderia judicialmente por crimes de discrimina\u00e7\u00e3o, inj\u00faria qualificada em raz\u00e3o da orienta\u00e7\u00e3o sexual, persegui\u00e7\u00e3o e amea\u00e7a. As penas previstas para os crimes de preconceito variam de dois a cinco anos, mas podem ser somadas pelo contexto.<br \/>\nDurante buscas no apartamento, a Pol\u00edcia Civil apreendeu dispositivos eletr\u00f4nicos e uma grande quantia em dinheiro, cuja \u00e9 investigada, j\u00e1 que o suspeito declarou que estava desempregado.<br \/>\nVeja os v\u00eddeos mais assistidos no g1 RN<\/p>","protected":false},"excerpt":{"rendered":"<p>Justic\u0327a expulsa morador de condomi\u0301nio preso por homofobia no RN Um homem de 49 anos, preso desde agosto ap\u00f3s uma s\u00e9rie de ataques homof\u00f3bicos, persegui\u00e7\u00f5es e amea\u00e7as contra vizinhos, deve &#8230;<\/p>\n","protected":false},"author":0,"featured_media":14132,"parent":0,"menu_order":0,"comment_status":"closed","ping_status":"closed","template":"","meta":{"footnotes":""},"class_list":["post-14131","page","type-page","status-publish","has-post-thumbnail","hentry"],"yoast_head":"<!-- This site is optimized with the Yoast SEO plugin v27.1.1 - https:\/\/yoast.com\/product\/yoast-seo-wordpress\/ -->\n<title>Justi\u00e7a determina que morador preso por ataques homof\u00f3bicos seja expulso de condom\u00ednio em Natal - Taveira Jr<\/title>\n<meta name=\"robots\" content=\"index, follow, max-snippet:-1, max-image-preview:large, max-video-preview:-1\" \/>\n<link rel=\"canonical\" href=\"https:\/\/deputadotaveirajr.com.br\/index.php\/justica-determina-que-morador-preso-por-ataques-homofobicos-seja-expulso-de-condominio-em-natal\/\" \/>\n<meta property=\"og:locale\" content=\"pt_BR\" \/>\n<meta property=\"og:type\" content=\"article\" \/>\n<meta property=\"og:title\" content=\"Justi\u00e7a determina que morador preso por ataques homof\u00f3bicos seja expulso de condom\u00ednio em Natal - Taveira Jr\" \/>\n<meta property=\"og:description\" content=\"Justic\u0327a expulsa morador de condomi\u0301nio preso por homofobia no RN Um homem de 49 anos, preso desde agosto ap\u00f3s uma s\u00e9rie de ataques homof\u00f3bicos, persegui\u00e7\u00f5es e amea\u00e7as contra vizinhos, deve ...\" \/>\n<meta property=\"og:url\" content=\"https:\/\/deputadotaveirajr.com.br\/index.php\/justica-determina-que-morador-preso-por-ataques-homofobicos-seja-expulso-de-condominio-em-natal\/\" \/>\n<meta property=\"og:site_name\" content=\"Taveira Jr\" \/>\n<meta property=\"og:image\" content=\"https:\/\/s2-g1.glbimg.com\/CxqzaSbHp-XcJBazvwFXw3NHHYY=\/i.s3.glbimg.com\/v1\/AUTH_59edd422c0c84a879bd37670ae4f538a\/internal_photos\/bs\/2025\/9\/b\/ACfDLhQrGeNUjgvQYQYA\/captura-de-tela-2025-08-15-as-09.46.28.png\" \/>\n<meta name=\"twitter:card\" content=\"summary_large_image\" \/>\n<meta name=\"twitter:label1\" content=\"Est. tempo de leitura\" \/>\n\t<meta name=\"twitter:data1\" content=\"3 minutos\" \/>\n<script type=\"application\/ld+json\" class=\"yoast-schema-graph\">{\"@context\":\"https:\/\/schema.org\",\"@graph\":[{\"@type\":\"WebPage\",\"@id\":\"https:\/\/deputadotaveirajr.com.br\/index.php\/justica-determina-que-morador-preso-por-ataques-homofobicos-seja-expulso-de-condominio-em-natal\/\",\"url\":\"https:\/\/deputadotaveirajr.com.br\/index.php\/justica-determina-que-morador-preso-por-ataques-homofobicos-seja-expulso-de-condominio-em-natal\/\",\"name\":\"Justi\u00e7a determina que morador preso por ataques homof\u00f3bicos seja expulso de condom\u00ednio em Natal - Taveira Jr\",\"isPartOf\":{\"@id\":\"https:\/\/deputadotaveirajr.com.br\/#website\"},\"primaryImageOfPage\":{\"@id\":\"https:\/\/deputadotaveirajr.com.br\/index.php\/justica-determina-que-morador-preso-por-ataques-homofobicos-seja-expulso-de-condominio-em-natal\/#primaryimage\"},\"image\":{\"@id\":\"https:\/\/deputadotaveirajr.com.br\/index.php\/justica-determina-que-morador-preso-por-ataques-homofobicos-seja-expulso-de-condominio-em-natal\/#primaryimage\"},\"thumbnailUrl\":\"https:\/\/deputadotaveirajr.com.br\/wp-content\/uploads\/2025\/09\/captura-de-tela-2025-08-15-as-09.46.28-5YSkdz.jpg\",\"datePublished\":\"2025-09-18T19:14:09+00:00\",\"breadcrumb\":{\"@id\":\"https:\/\/deputadotaveirajr.com.br\/index.php\/justica-determina-que-morador-preso-por-ataques-homofobicos-seja-expulso-de-condominio-em-natal\/#breadcrumb\"},\"inLanguage\":\"pt-BR\",\"potentialAction\":[{\"@type\":\"ReadAction\",\"target\":[\"https:\/\/deputadotaveirajr.com.br\/index.php\/justica-determina-que-morador-preso-por-ataques-homofobicos-seja-expulso-de-condominio-em-natal\/\"]}]},{\"@type\":\"ImageObject\",\"inLanguage\":\"pt-BR\",\"@id\":\"https:\/\/deputadotaveirajr.com.br\/index.php\/justica-determina-que-morador-preso-por-ataques-homofobicos-seja-expulso-de-condominio-em-natal\/#primaryimage\",\"url\":\"https:\/\/deputadotaveirajr.com.br\/wp-content\/uploads\/2025\/09\/captura-de-tela-2025-08-15-as-09.46.28-5YSkdz.jpg\",\"contentUrl\":\"https:\/\/deputadotaveirajr.com.br\/wp-content\/uploads\/2025\/09\/captura-de-tela-2025-08-15-as-09.46.28-5YSkdz.jpg\",\"width\":1365,\"height\":680},{\"@type\":\"BreadcrumbList\",\"@id\":\"https:\/\/deputadotaveirajr.com.br\/index.php\/justica-determina-que-morador-preso-por-ataques-homofobicos-seja-expulso-de-condominio-em-natal\/#breadcrumb\",\"itemListElement\":[{\"@type\":\"ListItem\",\"position\":1,\"name\":\"In\u00edcio\",\"item\":\"https:\/\/deputadotaveirajr.com.br\/\"},{\"@type\":\"ListItem\",\"position\":2,\"name\":\"Justi\u00e7a determina que morador preso por ataques homof\u00f3bicos seja expulso de condom\u00ednio em Natal\"}]},{\"@type\":\"WebSite\",\"@id\":\"https:\/\/deputadotaveirajr.com.br\/#website\",\"url\":\"https:\/\/deputadotaveirajr.com.br\/\",\"name\":\"Taveira Jr\",\"description\":\"Deputado Estadual\",\"publisher\":{\"@id\":\"https:\/\/deputadotaveirajr.com.br\/#organization\"},\"potentialAction\":[{\"@type\":\"SearchAction\",\"target\":{\"@type\":\"EntryPoint\",\"urlTemplate\":\"https:\/\/deputadotaveirajr.com.br\/?s={search_term_string}\"},\"query-input\":{\"@type\":\"PropertyValueSpecification\",\"valueRequired\":true,\"valueName\":\"search_term_string\"}}],\"inLanguage\":\"pt-BR\"},{\"@type\":\"Organization\",\"@id\":\"https:\/\/deputadotaveirajr.com.br\/#organization\",\"name\":\"Taveira Jr\",\"url\":\"https:\/\/deputadotaveirajr.com.br\/\",\"logo\":{\"@type\":\"ImageObject\",\"inLanguage\":\"pt-BR\",\"@id\":\"https:\/\/deputadotaveirajr.com.br\/#\/schema\/logo\/image\/\",\"url\":\"https:\/\/deputadotaveirajr.com.br\/wp-content\/uploads\/2026\/01\/logolow2a.png\",\"contentUrl\":\"https:\/\/deputadotaveirajr.com.br\/wp-content\/uploads\/2026\/01\/logolow2a.png\",\"width\":290,\"height\":80,\"caption\":\"Taveira Jr\"},\"image\":{\"@id\":\"https:\/\/deputadotaveirajr.com.br\/#\/schema\/logo\/image\/\"}}]}<\/script>\n<!-- \/ Yoast SEO plugin. -->","yoast_head_json":{"title":"Justi\u00e7a determina que morador preso por ataques homof\u00f3bicos seja expulso de condom\u00ednio em Natal - Taveira Jr","robots":{"index":"index","follow":"follow","max-snippet":"max-snippet:-1","max-image-preview":"max-image-preview:large","max-video-preview":"max-video-preview:-1"},"canonical":"https:\/\/deputadotaveirajr.com.br\/index.php\/justica-determina-que-morador-preso-por-ataques-homofobicos-seja-expulso-de-condominio-em-natal\/","og_locale":"pt_BR","og_type":"article","og_title":"Justi\u00e7a determina que morador preso por ataques homof\u00f3bicos seja expulso de condom\u00ednio em Natal - Taveira Jr","og_description":"Justic\u0327a expulsa morador de condomi\u0301nio preso por homofobia no RN Um homem de 49 anos, preso desde agosto ap\u00f3s uma s\u00e9rie de ataques homof\u00f3bicos, persegui\u00e7\u00f5es e amea\u00e7as contra vizinhos, deve ...","og_url":"https:\/\/deputadotaveirajr.com.br\/index.php\/justica-determina-que-morador-preso-por-ataques-homofobicos-seja-expulso-de-condominio-em-natal\/","og_site_name":"Taveira Jr","og_image":[{"url":"https:\/\/s2-g1.glbimg.com\/CxqzaSbHp-XcJBazvwFXw3NHHYY=\/i.s3.glbimg.com\/v1\/AUTH_59edd422c0c84a879bd37670ae4f538a\/internal_photos\/bs\/2025\/9\/b\/ACfDLhQrGeNUjgvQYQYA\/captura-de-tela-2025-08-15-as-09.46.28.png","type":"","width":"","height":""}],"twitter_card":"summary_large_image","twitter_misc":{"Est. tempo de leitura":"3 minutos"},"schema":{"@context":"https:\/\/schema.org","@graph":[{"@type":"WebPage","@id":"https:\/\/deputadotaveirajr.com.br\/index.php\/justica-determina-que-morador-preso-por-ataques-homofobicos-seja-expulso-de-condominio-em-natal\/","url":"https:\/\/deputadotaveirajr.com.br\/index.php\/justica-determina-que-morador-preso-por-ataques-homofobicos-seja-expulso-de-condominio-em-natal\/","name":"Justi\u00e7a determina que morador preso por ataques homof\u00f3bicos seja expulso de condom\u00ednio em Natal - Taveira Jr","isPartOf":{"@id":"https:\/\/deputadotaveirajr.com.br\/#website"},"primaryImageOfPage":{"@id":"https:\/\/deputadotaveirajr.com.br\/index.php\/justica-determina-que-morador-preso-por-ataques-homofobicos-seja-expulso-de-condominio-em-natal\/#primaryimage"},"image":{"@id":"https:\/\/deputadotaveirajr.com.br\/index.php\/justica-determina-que-morador-preso-por-ataques-homofobicos-seja-expulso-de-condominio-em-natal\/#primaryimage"},"thumbnailUrl":"https:\/\/deputadotaveirajr.com.br\/wp-content\/uploads\/2025\/09\/captura-de-tela-2025-08-15-as-09.46.28-5YSkdz.jpg","datePublished":"2025-09-18T19:14:09+00:00","breadcrumb":{"@id":"https:\/\/deputadotaveirajr.com.br\/index.php\/justica-determina-que-morador-preso-por-ataques-homofobicos-seja-expulso-de-condominio-em-natal\/#breadcrumb"},"inLanguage":"pt-BR","potentialAction":[{"@type":"ReadAction","target":["https:\/\/deputadotaveirajr.com.br\/index.php\/justica-determina-que-morador-preso-por-ataques-homofobicos-seja-expulso-de-condominio-em-natal\/"]}]},{"@type":"ImageObject","inLanguage":"pt-BR","@id":"https:\/\/deputadotaveirajr.com.br\/index.php\/justica-determina-que-morador-preso-por-ataques-homofobicos-seja-expulso-de-condominio-em-natal\/#primaryimage","url":"https:\/\/deputadotaveirajr.com.br\/wp-content\/uploads\/2025\/09\/captura-de-tela-2025-08-15-as-09.46.28-5YSkdz.jpg","contentUrl":"https:\/\/deputadotaveirajr.com.br\/wp-content\/uploads\/2025\/09\/captura-de-tela-2025-08-15-as-09.46.28-5YSkdz.jpg","width":1365,"height":680},{"@type":"BreadcrumbList","@id":"https:\/\/deputadotaveirajr.com.br\/index.php\/justica-determina-que-morador-preso-por-ataques-homofobicos-seja-expulso-de-condominio-em-natal\/#breadcrumb","itemListElement":[{"@type":"ListItem","position":1,"name":"In\u00edcio","item":"https:\/\/deputadotaveirajr.com.br\/"},{"@type":"ListItem","position":2,"name":"Justi\u00e7a determina que morador preso por ataques homof\u00f3bicos seja expulso de condom\u00ednio em Natal"}]},{"@type":"WebSite","@id":"https:\/\/deputadotaveirajr.com.br\/#website","url":"https:\/\/deputadotaveirajr.com.br\/","name":"Taveira Jr","description":"Deputado Estadual","publisher":{"@id":"https:\/\/deputadotaveirajr.com.br\/#organization"},"potentialAction":[{"@type":"SearchAction","target":{"@type":"EntryPoint","urlTemplate":"https:\/\/deputadotaveirajr.com.br\/?s={search_term_string}"},"query-input":{"@type":"PropertyValueSpecification","valueRequired":true,"valueName":"search_term_string"}}],"inLanguage":"pt-BR"},{"@type":"Organization","@id":"https:\/\/deputadotaveirajr.com.br\/#organization","name":"Taveira Jr","url":"https:\/\/deputadotaveirajr.com.br\/","logo":{"@type":"ImageObject","inLanguage":"pt-BR","@id":"https:\/\/deputadotaveirajr.com.br\/#\/schema\/logo\/image\/","url":"https:\/\/deputadotaveirajr.com.br\/wp-content\/uploads\/2026\/01\/logolow2a.png","contentUrl":"https:\/\/deputadotaveirajr.com.br\/wp-content\/uploads\/2026\/01\/logolow2a.png","width":290,"height":80,"caption":"Taveira Jr"},"image":{"@id":"https:\/\/deputadotaveirajr.com.br\/#\/schema\/logo\/image\/"}}]}},"_links":{"self":[{"href":"https:\/\/deputadotaveirajr.com.br\/index.php\/wp-json\/wp\/v2\/pages\/14131","targetHints":{"allow":["GET"]}}],"collection":[{"href":"https:\/\/deputadotaveirajr.com.br\/index.php\/wp-json\/wp\/v2\/pages"}],"about":[{"href":"https:\/\/deputadotaveirajr.com.br\/index.php\/wp-json\/wp\/v2\/types\/page"}],"replies":[{"embeddable":true,"href":"https:\/\/deputadotaveirajr.com.br\/index.php\/wp-json\/wp\/v2\/comments?post=14131"}],"version-history":[{"count":0,"href":"https:\/\/deputadotaveirajr.com.br\/index.php\/wp-json\/wp\/v2\/pages\/14131\/revisions"}],"wp:featuredmedia":[{"embeddable":true,"href":"https:\/\/deputadotaveirajr.com.br\/index.php\/wp-json\/wp\/v2\/media\/14132"}],"wp:attachment":[{"href":"https:\/\/deputadotaveirajr.com.br\/index.php\/wp-json\/wp\/v2\/media?parent=14131"}],"curies":[{"name":"wp","href":"https:\/\/api.w.org\/{rel}","templated":true}]}}