{"id":14137,"date":"2025-09-18T12:59:38","date_gmt":"2025-09-18T15:59:38","guid":{"rendered":"https:\/\/deputadotaveirajr.com.br\/index.php\/producao-de-camarao-no-rn-cresce-27-em-2024\/"},"modified":"2025-09-18T12:59:38","modified_gmt":"2025-09-18T15:59:38","slug":"producao-de-camarao-no-rn-cresce-27-em-2024","status":"publish","type":"page","link":"https:\/\/deputadotaveirajr.com.br\/index.php\/producao-de-camarao-no-rn-cresce-27-em-2024\/","title":{"rendered":"Produ\u00e7\u00e3o de camar\u00e3o no RN cresce 27% em 2024"},"content":{"rendered":"<p><img decoding=\"async\" src=\"https:\/\/s2-g1.glbimg.com\/kSh25PHYDSaG9tYJecfsborPExM=\/i.s3.glbimg.com\/v1\/AUTH_59edd422c0c84a879bd37670ae4f538a\/internal_photos\/bs\/2024\/v\/2\/0BfP4AQbSXQBxmLCG76A\/modo-de-preparo-frame-panela.jpg\" \/><br \/>     Camar\u00e3o<br \/>\nTV Bahia<br \/>\nA produ\u00e7\u00e3o de camar\u00e3o no Rio Grande do Norte aumentou 27,8% em 2024, alcan\u00e7ando 31,6 milh\u00f5es de quilos, segundo a Pesquisa da Pecu\u00e1ria Municipal (PPM) divulgada nesta quinta-feira (18) pelo IBGE.<br \/>\nApesar do crescimento no volume, o faturamento do setor subiu apenas 2,6% em rela\u00e7\u00e3o a 2023, chegando a R$ 701,3 milh\u00f5es.<br \/>\n\ud83d\udcf3 Clique aqui para seguir o canal do g1 RN no WhatsApp<br \/>\nO resultado foi impactado pela queda no pre\u00e7o m\u00e9dio pago pelo quilo, que caiu de R$ 27,63 em 2023 para R$ 22,18 em 2024. O camar\u00e3o respondeu por 78,9% do valor da aquicultura potiguar no per\u00edodo.<br \/>\nO levantamento mostra que o Rio Grande do Norte se manteve como o segundo maior produtor do pa\u00eds, respons\u00e1vel por 21,5% da produ\u00e7\u00e3o nacional, atr\u00e1s apenas do Cear\u00e1 (57,1%). No Brasil, a produ\u00e7\u00e3o de camar\u00e3o somou 146,8 mil toneladas, com crescimento de 15,1% e faturamento de R$ 3,1 bilh\u00f5es.<br \/>\nNo estado, Pend\u00eancias liderou a produ\u00e7\u00e3o, com 9,6 milh\u00f5es de quilos, ou seja 30,4% do total potiguar. Em seguida aparecem Ar\u00eas (3,5 milh\u00f5es), Canguaretama (3,2 milh\u00f5es), Senador Georgino Avelino (2,8 milh\u00f5es) e Guamar\u00e9 (2,3 milh\u00f5es).<br \/>\nA aquicultura como um todo no Rio Grande do Norte faturou R$ 888,6 milh\u00f5es em 2024. Al\u00e9m do camar\u00e3o, o setor inclui a produ\u00e7\u00e3o de larvas e p\u00f3s-larvas do crust\u00e1ceo, til\u00e1pia e malacocultura (ostras, vieiras e mexilh\u00f5es).<br \/>\nA til\u00e1pia respondeu por 3,3% do valor do setor, com produ\u00e7\u00e3o de 2,2 milh\u00f5es de quilos, liderada por N\u00edsia Floresta. A malacocultura cresceu 25%, alcan\u00e7ando 125 mil quilos e R$ 2,5 milh\u00f5es em faturamento<br \/>\nVeja os v\u00eddeos mais assistidos no g1 RN<\/p>","protected":false},"excerpt":{"rendered":"<p>Camar\u00e3o TV Bahia A produ\u00e7\u00e3o de camar\u00e3o no Rio Grande do Norte aumentou 27,8% em 2024, alcan\u00e7ando 31,6 milh\u00f5es de quilos, segundo a Pesquisa da Pecu\u00e1ria Municipal (PPM) divulgada nesta &#8230;<\/p>\n","protected":false},"author":0,"featured_media":14138,"parent":0,"menu_order":0,"comment_status":"closed","ping_status":"closed","template":"","meta":{"footnotes":""},"class_list":["post-14137","page","type-page","status-publish","has-post-thumbnail","hentry"],"yoast_head":"<!-- This site is optimized with the Yoast SEO plugin v27.1.1 - https:\/\/yoast.com\/product\/yoast-seo-wordpress\/ -->\n<title>Produ\u00e7\u00e3o de camar\u00e3o no RN cresce 27% em 2024 - Taveira Jr<\/title>\n<meta name=\"robots\" content=\"index, follow, max-snippet:-1, max-image-preview:large, max-video-preview:-1\" \/>\n<link rel=\"canonical\" href=\"https:\/\/deputadotaveirajr.com.br\/index.php\/producao-de-camarao-no-rn-cresce-27-em-2024\/\" \/>\n<meta property=\"og:locale\" content=\"pt_BR\" \/>\n<meta property=\"og:type\" content=\"article\" \/>\n<meta property=\"og:title\" content=\"Produ\u00e7\u00e3o de camar\u00e3o no RN cresce 27% em 2024 - Taveira Jr\" \/>\n<meta property=\"og:description\" content=\"Camar\u00e3o TV Bahia A produ\u00e7\u00e3o de camar\u00e3o no Rio Grande do Norte aumentou 27,8% em 2024, alcan\u00e7ando 31,6 milh\u00f5es de quilos, segundo a Pesquisa da Pecu\u00e1ria Municipal (PPM) divulgada nesta ...\" \/>\n<meta property=\"og:url\" content=\"https:\/\/deputadotaveirajr.com.br\/index.php\/producao-de-camarao-no-rn-cresce-27-em-2024\/\" \/>\n<meta property=\"og:site_name\" content=\"Taveira Jr\" \/>\n<meta property=\"og:image\" content=\"https:\/\/s2-g1.glbimg.com\/kSh25PHYDSaG9tYJecfsborPExM=\/i.s3.glbimg.com\/v1\/AUTH_59edd422c0c84a879bd37670ae4f538a\/internal_photos\/bs\/2024\/v\/2\/0BfP4AQbSXQBxmLCG76A\/modo-de-preparo-frame-panela.jpg\" \/>\n<meta name=\"twitter:card\" content=\"summary_large_image\" \/>\n<meta name=\"twitter:label1\" content=\"Est. tempo de leitura\" \/>\n\t<meta name=\"twitter:data1\" content=\"1 minuto\" \/>\n<script type=\"application\/ld+json\" class=\"yoast-schema-graph\">{\"@context\":\"https:\/\/schema.org\",\"@graph\":[{\"@type\":\"WebPage\",\"@id\":\"https:\/\/deputadotaveirajr.com.br\/index.php\/producao-de-camarao-no-rn-cresce-27-em-2024\/\",\"url\":\"https:\/\/deputadotaveirajr.com.br\/index.php\/producao-de-camarao-no-rn-cresce-27-em-2024\/\",\"name\":\"Produ\u00e7\u00e3o de camar\u00e3o no RN cresce 27% em 2024 - Taveira Jr\",\"isPartOf\":{\"@id\":\"https:\/\/deputadotaveirajr.com.br\/#website\"},\"primaryImageOfPage\":{\"@id\":\"https:\/\/deputadotaveirajr.com.br\/index.php\/producao-de-camarao-no-rn-cresce-27-em-2024\/#primaryimage\"},\"image\":{\"@id\":\"https:\/\/deputadotaveirajr.com.br\/index.php\/producao-de-camarao-no-rn-cresce-27-em-2024\/#primaryimage\"},\"thumbnailUrl\":\"https:\/\/deputadotaveirajr.com.br\/wp-content\/uploads\/2025\/09\/modo-de-preparo-frame-panela-MVKNHE.jpg\",\"datePublished\":\"2025-09-18T15:59:38+00:00\",\"breadcrumb\":{\"@id\":\"https:\/\/deputadotaveirajr.com.br\/index.php\/producao-de-camarao-no-rn-cresce-27-em-2024\/#breadcrumb\"},\"inLanguage\":\"pt-BR\",\"potentialAction\":[{\"@type\":\"ReadAction\",\"target\":[\"https:\/\/deputadotaveirajr.com.br\/index.php\/producao-de-camarao-no-rn-cresce-27-em-2024\/\"]}]},{\"@type\":\"ImageObject\",\"inLanguage\":\"pt-BR\",\"@id\":\"https:\/\/deputadotaveirajr.com.br\/index.php\/producao-de-camarao-no-rn-cresce-27-em-2024\/#primaryimage\",\"url\":\"https:\/\/deputadotaveirajr.com.br\/wp-content\/uploads\/2025\/09\/modo-de-preparo-frame-panela-MVKNHE.jpg\",\"contentUrl\":\"https:\/\/deputadotaveirajr.com.br\/wp-content\/uploads\/2025\/09\/modo-de-preparo-frame-panela-MVKNHE.jpg\",\"width\":1920,\"height\":1080},{\"@type\":\"BreadcrumbList\",\"@id\":\"https:\/\/deputadotaveirajr.com.br\/index.php\/producao-de-camarao-no-rn-cresce-27-em-2024\/#breadcrumb\",\"itemListElement\":[{\"@type\":\"ListItem\",\"position\":1,\"name\":\"In\u00edcio\",\"item\":\"https:\/\/deputadotaveirajr.com.br\/\"},{\"@type\":\"ListItem\",\"position\":2,\"name\":\"Produ\u00e7\u00e3o de camar\u00e3o no RN cresce 27% em 2024\"}]},{\"@type\":\"WebSite\",\"@id\":\"https:\/\/deputadotaveirajr.com.br\/#website\",\"url\":\"https:\/\/deputadotaveirajr.com.br\/\",\"name\":\"Taveira Jr\",\"description\":\"Deputado Estadual\",\"publisher\":{\"@id\":\"https:\/\/deputadotaveirajr.com.br\/#organization\"},\"potentialAction\":[{\"@type\":\"SearchAction\",\"target\":{\"@type\":\"EntryPoint\",\"urlTemplate\":\"https:\/\/deputadotaveirajr.com.br\/?s={search_term_string}\"},\"query-input\":{\"@type\":\"PropertyValueSpecification\",\"valueRequired\":true,\"valueName\":\"search_term_string\"}}],\"inLanguage\":\"pt-BR\"},{\"@type\":\"Organization\",\"@id\":\"https:\/\/deputadotaveirajr.com.br\/#organization\",\"name\":\"Taveira Jr\",\"url\":\"https:\/\/deputadotaveirajr.com.br\/\",\"logo\":{\"@type\":\"ImageObject\",\"inLanguage\":\"pt-BR\",\"@id\":\"https:\/\/deputadotaveirajr.com.br\/#\/schema\/logo\/image\/\",\"url\":\"https:\/\/deputadotaveirajr.com.br\/wp-content\/uploads\/2026\/01\/logolow2a.png\",\"contentUrl\":\"https:\/\/deputadotaveirajr.com.br\/wp-content\/uploads\/2026\/01\/logolow2a.png\",\"width\":290,\"height\":80,\"caption\":\"Taveira Jr\"},\"image\":{\"@id\":\"https:\/\/deputadotaveirajr.com.br\/#\/schema\/logo\/image\/\"}}]}<\/script>\n<!-- \/ Yoast SEO plugin. -->","yoast_head_json":{"title":"Produ\u00e7\u00e3o de camar\u00e3o no RN cresce 27% em 2024 - Taveira Jr","robots":{"index":"index","follow":"follow","max-snippet":"max-snippet:-1","max-image-preview":"max-image-preview:large","max-video-preview":"max-video-preview:-1"},"canonical":"https:\/\/deputadotaveirajr.com.br\/index.php\/producao-de-camarao-no-rn-cresce-27-em-2024\/","og_locale":"pt_BR","og_type":"article","og_title":"Produ\u00e7\u00e3o de camar\u00e3o no RN cresce 27% em 2024 - Taveira Jr","og_description":"Camar\u00e3o TV Bahia A produ\u00e7\u00e3o de camar\u00e3o no Rio Grande do Norte aumentou 27,8% em 2024, alcan\u00e7ando 31,6 milh\u00f5es de quilos, segundo a Pesquisa da Pecu\u00e1ria Municipal (PPM) divulgada nesta ...","og_url":"https:\/\/deputadotaveirajr.com.br\/index.php\/producao-de-camarao-no-rn-cresce-27-em-2024\/","og_site_name":"Taveira Jr","og_image":[{"url":"https:\/\/s2-g1.glbimg.com\/kSh25PHYDSaG9tYJecfsborPExM=\/i.s3.glbimg.com\/v1\/AUTH_59edd422c0c84a879bd37670ae4f538a\/internal_photos\/bs\/2024\/v\/2\/0BfP4AQbSXQBxmLCG76A\/modo-de-preparo-frame-panela.jpg","type":"","width":"","height":""}],"twitter_card":"summary_large_image","twitter_misc":{"Est. tempo de leitura":"1 minuto"},"schema":{"@context":"https:\/\/schema.org","@graph":[{"@type":"WebPage","@id":"https:\/\/deputadotaveirajr.com.br\/index.php\/producao-de-camarao-no-rn-cresce-27-em-2024\/","url":"https:\/\/deputadotaveirajr.com.br\/index.php\/producao-de-camarao-no-rn-cresce-27-em-2024\/","name":"Produ\u00e7\u00e3o de camar\u00e3o no RN cresce 27% em 2024 - Taveira Jr","isPartOf":{"@id":"https:\/\/deputadotaveirajr.com.br\/#website"},"primaryImageOfPage":{"@id":"https:\/\/deputadotaveirajr.com.br\/index.php\/producao-de-camarao-no-rn-cresce-27-em-2024\/#primaryimage"},"image":{"@id":"https:\/\/deputadotaveirajr.com.br\/index.php\/producao-de-camarao-no-rn-cresce-27-em-2024\/#primaryimage"},"thumbnailUrl":"https:\/\/deputadotaveirajr.com.br\/wp-content\/uploads\/2025\/09\/modo-de-preparo-frame-panela-MVKNHE.jpg","datePublished":"2025-09-18T15:59:38+00:00","breadcrumb":{"@id":"https:\/\/deputadotaveirajr.com.br\/index.php\/producao-de-camarao-no-rn-cresce-27-em-2024\/#breadcrumb"},"inLanguage":"pt-BR","potentialAction":[{"@type":"ReadAction","target":["https:\/\/deputadotaveirajr.com.br\/index.php\/producao-de-camarao-no-rn-cresce-27-em-2024\/"]}]},{"@type":"ImageObject","inLanguage":"pt-BR","@id":"https:\/\/deputadotaveirajr.com.br\/index.php\/producao-de-camarao-no-rn-cresce-27-em-2024\/#primaryimage","url":"https:\/\/deputadotaveirajr.com.br\/wp-content\/uploads\/2025\/09\/modo-de-preparo-frame-panela-MVKNHE.jpg","contentUrl":"https:\/\/deputadotaveirajr.com.br\/wp-content\/uploads\/2025\/09\/modo-de-preparo-frame-panela-MVKNHE.jpg","width":1920,"height":1080},{"@type":"BreadcrumbList","@id":"https:\/\/deputadotaveirajr.com.br\/index.php\/producao-de-camarao-no-rn-cresce-27-em-2024\/#breadcrumb","itemListElement":[{"@type":"ListItem","position":1,"name":"In\u00edcio","item":"https:\/\/deputadotaveirajr.com.br\/"},{"@type":"ListItem","position":2,"name":"Produ\u00e7\u00e3o de camar\u00e3o no RN cresce 27% em 2024"}]},{"@type":"WebSite","@id":"https:\/\/deputadotaveirajr.com.br\/#website","url":"https:\/\/deputadotaveirajr.com.br\/","name":"Taveira Jr","description":"Deputado Estadual","publisher":{"@id":"https:\/\/deputadotaveirajr.com.br\/#organization"},"potentialAction":[{"@type":"SearchAction","target":{"@type":"EntryPoint","urlTemplate":"https:\/\/deputadotaveirajr.com.br\/?s={search_term_string}"},"query-input":{"@type":"PropertyValueSpecification","valueRequired":true,"valueName":"search_term_string"}}],"inLanguage":"pt-BR"},{"@type":"Organization","@id":"https:\/\/deputadotaveirajr.com.br\/#organization","name":"Taveira Jr","url":"https:\/\/deputadotaveirajr.com.br\/","logo":{"@type":"ImageObject","inLanguage":"pt-BR","@id":"https:\/\/deputadotaveirajr.com.br\/#\/schema\/logo\/image\/","url":"https:\/\/deputadotaveirajr.com.br\/wp-content\/uploads\/2026\/01\/logolow2a.png","contentUrl":"https:\/\/deputadotaveirajr.com.br\/wp-content\/uploads\/2026\/01\/logolow2a.png","width":290,"height":80,"caption":"Taveira Jr"},"image":{"@id":"https:\/\/deputadotaveirajr.com.br\/#\/schema\/logo\/image\/"}}]}},"_links":{"self":[{"href":"https:\/\/deputadotaveirajr.com.br\/index.php\/wp-json\/wp\/v2\/pages\/14137","targetHints":{"allow":["GET"]}}],"collection":[{"href":"https:\/\/deputadotaveirajr.com.br\/index.php\/wp-json\/wp\/v2\/pages"}],"about":[{"href":"https:\/\/deputadotaveirajr.com.br\/index.php\/wp-json\/wp\/v2\/types\/page"}],"replies":[{"embeddable":true,"href":"https:\/\/deputadotaveirajr.com.br\/index.php\/wp-json\/wp\/v2\/comments?post=14137"}],"version-history":[{"count":0,"href":"https:\/\/deputadotaveirajr.com.br\/index.php\/wp-json\/wp\/v2\/pages\/14137\/revisions"}],"wp:featuredmedia":[{"embeddable":true,"href":"https:\/\/deputadotaveirajr.com.br\/index.php\/wp-json\/wp\/v2\/media\/14138"}],"wp:attachment":[{"href":"https:\/\/deputadotaveirajr.com.br\/index.php\/wp-json\/wp\/v2\/media?parent=14137"}],"curies":[{"name":"wp","href":"https:\/\/api.w.org\/{rel}","templated":true}]}}