{"id":14167,"date":"2025-09-24T15:28:26","date_gmt":"2025-09-24T18:28:26","guid":{"rendered":"https:\/\/deputadotaveirajr.com.br\/index.php\/confira-as-vagas-de-emprego-no-rio-grande-do-norte\/"},"modified":"2025-09-24T15:28:26","modified_gmt":"2025-09-24T18:28:26","slug":"confira-as-vagas-de-emprego-no-rio-grande-do-norte","status":"publish","type":"page","link":"https:\/\/deputadotaveirajr.com.br\/index.php\/confira-as-vagas-de-emprego-no-rio-grande-do-norte\/","title":{"rendered":"Confira as vagas de emprego no Rio Grande do Norte"},"content":{"rendered":"<p><img decoding=\"async\" src=\"https:\/\/s2-g1.glbimg.com\/mY-4Mf0uFTtfqMPdJeGIpDixFwA=\/i.s3.glbimg.com\/v1\/AUTH_59edd422c0c84a879bd37670ae4f538a\/internal_photos\/bs\/2024\/W\/U\/0xOzXtSBS6QvAQEAo97A\/20210415-agb-emprego2.jpg\" \/><br \/>     Carteira de trabalho<br \/>\nGeraldo Bubniak\/AEN<br \/>\nNessa mat\u00e9ria voc\u00ea confere as vagas de emprego oferecidas pelo Sine em v\u00e1rias cidades do Rio Grande do Norte.<br \/>\nPara concorrer \u00e0s vagas, o(a) candidato(a) dever\u00e1 comparecer presencialmente nos postos de atendimento do SINE RN: unidade central na Rua Nossa Senhora da Candel\u00e1ria, bairro Candel\u00e1ria, s\/n, ou nas Centrais do Cidad\u00e3o. Contato do Sine pelo WhatsApp (84) 9 8140-8390.<br \/>\nVeja vagas por munic\u00edpio e cargo nesta quarta-feira (24):<br \/>\nNatal e Regi\u00e3o Metropolitana &#8211; 38 vagas<br \/>\nCostureira de m\u00e1quina reta &#8211; 03 | Experi\u00eancia profissional exigida de 6 meses | Escolaridade: Ensino Fundamental Completo<br \/>\nCostureira em geral &#8211; 01 | Experi\u00eancia profissional exigida de 6 meses | Escolaridade: Ensino Fundamental Completo<br \/>\nEstofador de m\u00f3veis &#8211; 02 | Experi\u00eancia profissional exigida de 6 meses | Escolaridade: Ensino Fundamental Completo<br \/>\nMarceneiro &#8211; 01 | Experi\u00eancia profissional exigida de 6 meses | Escolaridade: Ensino Fundamental Completo<br \/>\nMec\u00e2nico de autom\u00f3vel &#8211; 02 | Experi\u00eancia profissional exigida de 6 meses | Escolaridade: Ensino Fundamental Completo | CNH necess\u00e1ria &#8211; 6 meses<br \/>\nMec\u00e2nico de refrigera\u00e7\u00e3o e climatiza\u00e7\u00e3o &#8211; 01 | Experi\u00eancia profissional exigida de 6 meses em carteira | Escolaridade: Ensino Fundamental Completo<br \/>\nMotofretista &#8211; 01 | Experi\u00eancia profissional exigida de 6 meses | Escolaridade: Ensino Fundamental Completo | CNH necess\u00e1ria &#8211; 6 meses<br \/>\nSoldador &#8211; 01 | Experi\u00eancia profissional exigida de 6 meses | Escolaridade: Ensino Fundamental Completo<br \/>\nAuxiliar de confeiteiro &#8211; 01 | Experi\u00eancia profissional exigida de 6 meses em carteira | Escolaridade: Ensino M\u00e9dio Completo<br \/>\nConfeiteiro &#8211; 03 | Experi\u00eancia profissional exigida de 6 meses em carteira | Escolaridade: Ensino M\u00e9dio Completo<br \/>\nConsultor de vendas &#8211; 06 | Experi\u00eancia profissional exigida de 6 meses em carteira | Escolaridade: Ensino M\u00e9dio Completo<br \/>\nCumim &#8211; 08 | Experi\u00eancia profissional exigida de 6 meses | Escolaridade: Ensino M\u00e9dio Completo<br \/>\nPromotor de vendas &#8211; 04 | Experi\u00eancia profissional exigida de 6 meses em carteira | Escolaridade: Ensino M\u00e9dio Completo<br \/>\nT\u00e9cnico em edifica\u00e7\u00f5es &#8211; 01 | Experi\u00eancia profissional exigida de 6 meses em carteira | Escolaridade: Ensino M\u00e9dio Completo | CNH necess\u00e1ria &#8211; 3 meses | Localidade: Maca\u00edba<br \/>\nVendedor pracista &#8211; 02 | Experi\u00eancia profissional exigida de 6 meses | Escolaridade: Ensino M\u00e9dio Completo | CNH necess\u00e1ria &#8211; 6 meses<br \/>\nMossor\u00f3 e regi\u00e3o &#8211; 53 vagas<br \/>\nArmador de estrutura de concreto armado &#8211; 10 | Experi\u00eancia profissional exigida de 6 meses em carteira | Escolaridade: Fundamental Incompleto<br \/>\nAjudante de carga e descarga de mercadoria &#8211; 08 | Experi\u00eancia profissional exigida de 6 meses | Escolaridade: Ensino Fundamental Completo<br \/>\nCarpinteiro &#8211; 10 | Experi\u00eancia profissional exigida de 6 meses em carteira | Escolaridade: Ensino Fundamental Completo<br \/>\nSocial Media &#8211; 01 | N\u00e3o exige experi\u00eancia | Escolaridade: Ensino M\u00e9dio Completo<br \/>\nAuxiliar de estoque &#8211; 01 | Experi\u00eancia profissional exigida de 6 meses | Escolaridade: Ensino M\u00e9dio Completo<br \/>\nAuxiliar de limpeza &#8211; 01 | Experi\u00eancia profissional exigida de 6 meses | Escolaridade: Ensino M\u00e9dio Completo<br \/>\nInstrutor de treinamentos industriais &#8211; 15 | Experi\u00eancia profissional exigida de 6 meses em carteira | Escolaridade: Ensino M\u00e9dio Completo<br \/>\nOperador de caixa &#8211; 01 | Experi\u00eancia profissional exigida de 6 meses em carteira | Escolaridade: Ensino M\u00e9dio Completo<br \/>\nVendedor de com\u00e9rcio varejista &#8211; 01 | Experi\u00eancia profissional exigida de 6 meses | Escolaridade: Ensino M\u00e9dio Completo<br \/>\nVendedor de com\u00e9rcio varejista &#8211; 01 | Experi\u00eancia profissional exigida de 6 meses em carteira | Escolaridade: Ensino M\u00e9dio Completo<br \/>\nVendedor pracista &#8211; 01 | Experi\u00eancia profissional exigida de 6 meses | Escolaridade: Ensino M\u00e9dio Completo<br \/>\nSecret\u00e1rio escolar (tecn\u00f3logo) &#8211; 03 | Experi\u00eancia profissional exigida de 6 meses em carteira | Escolaridade: Ensino Superior Incompleto | Curso: Pedagogia (a partir do 3\u00ba per\u00edodo)<br \/>\nAss\u00fa e regi\u00e3o &#8211; 100 vagas<br \/>\nEmbalador, a m\u00e3o &#8211; 50 (Tempor\u00e1rio &#8211; 90 dias) | N\u00e3o exige experi\u00eancia | Escolaridade: N\u00e3o exigida<br \/>\nTrabalhador rural &#8211; 50 (Tempor\u00e1rio &#8211; 90 dias) | N\u00e3o exige experi\u00eancia | Escolaridade: N\u00e3o exigida<br \/>\nCurrais Novos e regi\u00e3o &#8211; 284 vagas<br \/>\nAuxiliar de laborat\u00f3rio de an\u00e1lises f\u00edsico-qu\u00edmicas &#8211; 01 | Experi\u00eancia profissional exigida de 6 meses | Escolaridade: N\u00e3o exigida | Disponibilidade para realizar viagens<br \/>\nCarpinteiro &#8211; 08 | Experi\u00eancia profissional exigida de 6 meses em carteira | Escolaridade: Fundamental Incompleto | Disponibilidade para realizar viagens<br \/>\nMotorista de caminh\u00e3o &#8211; 06 | Experi\u00eancia profissional exigida de 6 meses em carteira | Escolaridade: Fundamental Incompleto | CNH necess\u00e1ria &#8211; 12 meses | Disponibilidade para realizar viagens<br \/>\nMotorista de \u00f4nibus urbano &#8211; 08 | Experi\u00eancia profissional exigida de 6 meses | Escolaridade: Fundamental Incompleto<br \/>\nOperador de escavadeira &#8211; 06 | Experi\u00eancia profissional exigida de 6 meses em carteira | Escolaridade: Fundamental Incompleto | CNH necess\u00e1ria &#8211; 12 meses<br \/>\nOperador de motoniveladora &#8211; 03 | Experi\u00eancia profissional exigida de 6 meses em carteira | Escolaridade: Fundamental Incompleto | CNH necess\u00e1ria &#8211; 12 meses | Disponibilidade para realizar viagens<br \/>\nOperador de motosserra &#8211; 20 | Experi\u00eancia profissional exigida de 6 meses em carteira | Escolaridade: Fundamental Incompleto | Disponibilidade para realizar viagens<br \/>\nOperador de retroescavadeira &#8211; 03 | Experi\u00eancia profissional exigida de 6 meses em carteira | Escolaridade: Fundamental Incompleto | CNH necess\u00e1ria &#8211; 12 meses | Disponibilidade para realizar viagens<br \/>\nOperador de rolo compressor &#8211; 05 | Experi\u00eancia profissional exigida de 6 meses em carteira | Escolaridade: Fundamental Incompleto | CNH necess\u00e1ria &#8211; 12 meses | Disponibilidade para realizar viagens<br \/>\nOperador de trator (minas e pedreiras) &#8211; 08 | Experi\u00eancia profissional exigida de 6 meses em carteira | Escolaridade: Fundamental Incompleto | CNH necess\u00e1ria &#8211; 6 meses | Disponibilidade para realizar viagens<br \/>\nPedreiro &#8211; 20 | Experi\u00eancia profissional exigida de 6 meses em carteira | Escolaridade: Fundamental Incompleto<br \/>\nServente de obras &#8211; 120 | Experi\u00eancia profissional exigida de 6 meses | Escolaridade: Fundamental Incompleto<br \/>\nSinaleiro de campo nas opera\u00e7\u00f5es de m\u00e1quinas e equipamentos de eleva\u00e7\u00f5es &#8211; 55 | Experi\u00eancia profissional exigida de 6 meses | Escolaridade: Fundamental Incompleto<br \/>\nServente de servi\u00e7os gerais na conserva\u00e7\u00e3o de vias permanentes (exceto trilhos) &#8211; 15 | Experi\u00eancia profissional exigida de 6 meses | Escolaridade: Fundamental Incompleto<br \/>\nAjudante de carga e descarga de mercadoria &#8211; 01 | Experi\u00eancia profissional exigida de 6 meses | Escolaridade: Ensino M\u00e9dio Completo<br \/>\nAnalista de laborat\u00f3rio qu\u00edmico &#8211; 01 | Experi\u00eancia profissional exigida de 6 meses em carteira | Escolaridade: Ensino Superior Completo | Curso: Qu\u00edmica<br \/>\nAnalista financeiro (economista) &#8211; 01 | Experi\u00eancia profissional exigida de 6 meses em carteira | Escolaridade: Ensino Superior Completo | Curso: Finan\u00e7as | Conclus\u00e3o: 2020<br \/>\nAssistente de compras &#8211; 01 | Experi\u00eancia profissional exigida de 6 meses em carteira | Escolaridade: Ensino Superior Completo | Curso: Administra\u00e7\u00e3o | Conclus\u00e3o: 2020<br \/>\nSaque-anivers\u00e1rio do FGTS: pagamento do saldo retido come\u00e7a nesta quinta-feira<br \/>\nV\u00cdDEOS: Mais vistos do RN nos \u00faltimos 7 dias<\/p>","protected":false},"excerpt":{"rendered":"<p>Carteira de trabalho Geraldo Bubniak\/AEN Nessa mat\u00e9ria voc\u00ea confere as vagas de emprego oferecidas pelo Sine em v\u00e1rias cidades do Rio Grande do Norte. Para concorrer \u00e0s vagas, o(a) candidato(a) &#8230;<\/p>\n","protected":false},"author":0,"featured_media":14168,"parent":0,"menu_order":0,"comment_status":"closed","ping_status":"closed","template":"","meta":{"footnotes":""},"class_list":["post-14167","page","type-page","status-publish","has-post-thumbnail","hentry"],"yoast_head":"<!-- This site is optimized with the Yoast SEO plugin v27.1.1 - https:\/\/yoast.com\/product\/yoast-seo-wordpress\/ -->\n<title>Confira as vagas de emprego no Rio Grande do Norte - Taveira Jr<\/title>\n<meta name=\"robots\" content=\"index, follow, max-snippet:-1, max-image-preview:large, max-video-preview:-1\" \/>\n<link rel=\"canonical\" href=\"https:\/\/deputadotaveirajr.com.br\/index.php\/confira-as-vagas-de-emprego-no-rio-grande-do-norte\/\" \/>\n<meta property=\"og:locale\" content=\"pt_BR\" \/>\n<meta property=\"og:type\" content=\"article\" \/>\n<meta property=\"og:title\" content=\"Confira as vagas de emprego no Rio Grande do Norte - Taveira Jr\" \/>\n<meta property=\"og:description\" content=\"Carteira de trabalho Geraldo Bubniak\/AEN Nessa mat\u00e9ria voc\u00ea confere as vagas de emprego oferecidas pelo Sine em v\u00e1rias cidades do Rio Grande do Norte. Para concorrer \u00e0s vagas, o(a) candidato(a) ...\" \/>\n<meta property=\"og:url\" content=\"https:\/\/deputadotaveirajr.com.br\/index.php\/confira-as-vagas-de-emprego-no-rio-grande-do-norte\/\" \/>\n<meta property=\"og:site_name\" content=\"Taveira Jr\" \/>\n<meta property=\"og:image\" content=\"https:\/\/s2-g1.glbimg.com\/mY-4Mf0uFTtfqMPdJeGIpDixFwA=\/i.s3.glbimg.com\/v1\/AUTH_59edd422c0c84a879bd37670ae4f538a\/internal_photos\/bs\/2024\/W\/U\/0xOzXtSBS6QvAQEAo97A\/20210415-agb-emprego2.jpg\" \/>\n<meta name=\"twitter:card\" content=\"summary_large_image\" \/>\n<meta name=\"twitter:label1\" content=\"Est. tempo de leitura\" \/>\n\t<meta name=\"twitter:data1\" content=\"5 minutos\" \/>\n<script type=\"application\/ld+json\" class=\"yoast-schema-graph\">{\"@context\":\"https:\/\/schema.org\",\"@graph\":[{\"@type\":\"WebPage\",\"@id\":\"https:\/\/deputadotaveirajr.com.br\/index.php\/confira-as-vagas-de-emprego-no-rio-grande-do-norte\/\",\"url\":\"https:\/\/deputadotaveirajr.com.br\/index.php\/confira-as-vagas-de-emprego-no-rio-grande-do-norte\/\",\"name\":\"Confira as vagas de emprego no Rio Grande do Norte - Taveira Jr\",\"isPartOf\":{\"@id\":\"https:\/\/deputadotaveirajr.com.br\/#website\"},\"primaryImageOfPage\":{\"@id\":\"https:\/\/deputadotaveirajr.com.br\/index.php\/confira-as-vagas-de-emprego-no-rio-grande-do-norte\/#primaryimage\"},\"image\":{\"@id\":\"https:\/\/deputadotaveirajr.com.br\/index.php\/confira-as-vagas-de-emprego-no-rio-grande-do-norte\/#primaryimage\"},\"thumbnailUrl\":\"https:\/\/deputadotaveirajr.com.br\/wp-content\/uploads\/2025\/09\/20210415-agb-emprego2-klcpKF-scaled.png\",\"datePublished\":\"2025-09-24T18:28:26+00:00\",\"breadcrumb\":{\"@id\":\"https:\/\/deputadotaveirajr.com.br\/index.php\/confira-as-vagas-de-emprego-no-rio-grande-do-norte\/#breadcrumb\"},\"inLanguage\":\"pt-BR\",\"potentialAction\":[{\"@type\":\"ReadAction\",\"target\":[\"https:\/\/deputadotaveirajr.com.br\/index.php\/confira-as-vagas-de-emprego-no-rio-grande-do-norte\/\"]}]},{\"@type\":\"ImageObject\",\"inLanguage\":\"pt-BR\",\"@id\":\"https:\/\/deputadotaveirajr.com.br\/index.php\/confira-as-vagas-de-emprego-no-rio-grande-do-norte\/#primaryimage\",\"url\":\"https:\/\/deputadotaveirajr.com.br\/wp-content\/uploads\/2025\/09\/20210415-agb-emprego2-klcpKF-scaled.png\",\"contentUrl\":\"https:\/\/deputadotaveirajr.com.br\/wp-content\/uploads\/2025\/09\/20210415-agb-emprego2-klcpKF-scaled.png\",\"width\":2560,\"height\":1708},{\"@type\":\"BreadcrumbList\",\"@id\":\"https:\/\/deputadotaveirajr.com.br\/index.php\/confira-as-vagas-de-emprego-no-rio-grande-do-norte\/#breadcrumb\",\"itemListElement\":[{\"@type\":\"ListItem\",\"position\":1,\"name\":\"In\u00edcio\",\"item\":\"https:\/\/deputadotaveirajr.com.br\/\"},{\"@type\":\"ListItem\",\"position\":2,\"name\":\"Confira as vagas de emprego no Rio Grande do Norte\"}]},{\"@type\":\"WebSite\",\"@id\":\"https:\/\/deputadotaveirajr.com.br\/#website\",\"url\":\"https:\/\/deputadotaveirajr.com.br\/\",\"name\":\"Taveira Jr\",\"description\":\"Deputado Estadual\",\"publisher\":{\"@id\":\"https:\/\/deputadotaveirajr.com.br\/#organization\"},\"potentialAction\":[{\"@type\":\"SearchAction\",\"target\":{\"@type\":\"EntryPoint\",\"urlTemplate\":\"https:\/\/deputadotaveirajr.com.br\/?s={search_term_string}\"},\"query-input\":{\"@type\":\"PropertyValueSpecification\",\"valueRequired\":true,\"valueName\":\"search_term_string\"}}],\"inLanguage\":\"pt-BR\"},{\"@type\":\"Organization\",\"@id\":\"https:\/\/deputadotaveirajr.com.br\/#organization\",\"name\":\"Taveira Jr\",\"url\":\"https:\/\/deputadotaveirajr.com.br\/\",\"logo\":{\"@type\":\"ImageObject\",\"inLanguage\":\"pt-BR\",\"@id\":\"https:\/\/deputadotaveirajr.com.br\/#\/schema\/logo\/image\/\",\"url\":\"https:\/\/deputadotaveirajr.com.br\/wp-content\/uploads\/2026\/01\/logolow2a.png\",\"contentUrl\":\"https:\/\/deputadotaveirajr.com.br\/wp-content\/uploads\/2026\/01\/logolow2a.png\",\"width\":290,\"height\":80,\"caption\":\"Taveira Jr\"},\"image\":{\"@id\":\"https:\/\/deputadotaveirajr.com.br\/#\/schema\/logo\/image\/\"}}]}<\/script>\n<!-- \/ Yoast SEO plugin. -->","yoast_head_json":{"title":"Confira as vagas de emprego no Rio Grande do Norte - Taveira Jr","robots":{"index":"index","follow":"follow","max-snippet":"max-snippet:-1","max-image-preview":"max-image-preview:large","max-video-preview":"max-video-preview:-1"},"canonical":"https:\/\/deputadotaveirajr.com.br\/index.php\/confira-as-vagas-de-emprego-no-rio-grande-do-norte\/","og_locale":"pt_BR","og_type":"article","og_title":"Confira as vagas de emprego no Rio Grande do Norte - Taveira Jr","og_description":"Carteira de trabalho Geraldo Bubniak\/AEN Nessa mat\u00e9ria voc\u00ea confere as vagas de emprego oferecidas pelo Sine em v\u00e1rias cidades do Rio Grande do Norte. Para concorrer \u00e0s vagas, o(a) candidato(a) ...","og_url":"https:\/\/deputadotaveirajr.com.br\/index.php\/confira-as-vagas-de-emprego-no-rio-grande-do-norte\/","og_site_name":"Taveira Jr","og_image":[{"url":"https:\/\/s2-g1.glbimg.com\/mY-4Mf0uFTtfqMPdJeGIpDixFwA=\/i.s3.glbimg.com\/v1\/AUTH_59edd422c0c84a879bd37670ae4f538a\/internal_photos\/bs\/2024\/W\/U\/0xOzXtSBS6QvAQEAo97A\/20210415-agb-emprego2.jpg","type":"","width":"","height":""}],"twitter_card":"summary_large_image","twitter_misc":{"Est. tempo de leitura":"5 minutos"},"schema":{"@context":"https:\/\/schema.org","@graph":[{"@type":"WebPage","@id":"https:\/\/deputadotaveirajr.com.br\/index.php\/confira-as-vagas-de-emprego-no-rio-grande-do-norte\/","url":"https:\/\/deputadotaveirajr.com.br\/index.php\/confira-as-vagas-de-emprego-no-rio-grande-do-norte\/","name":"Confira as vagas de emprego no Rio Grande do Norte - Taveira Jr","isPartOf":{"@id":"https:\/\/deputadotaveirajr.com.br\/#website"},"primaryImageOfPage":{"@id":"https:\/\/deputadotaveirajr.com.br\/index.php\/confira-as-vagas-de-emprego-no-rio-grande-do-norte\/#primaryimage"},"image":{"@id":"https:\/\/deputadotaveirajr.com.br\/index.php\/confira-as-vagas-de-emprego-no-rio-grande-do-norte\/#primaryimage"},"thumbnailUrl":"https:\/\/deputadotaveirajr.com.br\/wp-content\/uploads\/2025\/09\/20210415-agb-emprego2-klcpKF-scaled.png","datePublished":"2025-09-24T18:28:26+00:00","breadcrumb":{"@id":"https:\/\/deputadotaveirajr.com.br\/index.php\/confira-as-vagas-de-emprego-no-rio-grande-do-norte\/#breadcrumb"},"inLanguage":"pt-BR","potentialAction":[{"@type":"ReadAction","target":["https:\/\/deputadotaveirajr.com.br\/index.php\/confira-as-vagas-de-emprego-no-rio-grande-do-norte\/"]}]},{"@type":"ImageObject","inLanguage":"pt-BR","@id":"https:\/\/deputadotaveirajr.com.br\/index.php\/confira-as-vagas-de-emprego-no-rio-grande-do-norte\/#primaryimage","url":"https:\/\/deputadotaveirajr.com.br\/wp-content\/uploads\/2025\/09\/20210415-agb-emprego2-klcpKF-scaled.png","contentUrl":"https:\/\/deputadotaveirajr.com.br\/wp-content\/uploads\/2025\/09\/20210415-agb-emprego2-klcpKF-scaled.png","width":2560,"height":1708},{"@type":"BreadcrumbList","@id":"https:\/\/deputadotaveirajr.com.br\/index.php\/confira-as-vagas-de-emprego-no-rio-grande-do-norte\/#breadcrumb","itemListElement":[{"@type":"ListItem","position":1,"name":"In\u00edcio","item":"https:\/\/deputadotaveirajr.com.br\/"},{"@type":"ListItem","position":2,"name":"Confira as vagas de emprego no Rio Grande do Norte"}]},{"@type":"WebSite","@id":"https:\/\/deputadotaveirajr.com.br\/#website","url":"https:\/\/deputadotaveirajr.com.br\/","name":"Taveira Jr","description":"Deputado Estadual","publisher":{"@id":"https:\/\/deputadotaveirajr.com.br\/#organization"},"potentialAction":[{"@type":"SearchAction","target":{"@type":"EntryPoint","urlTemplate":"https:\/\/deputadotaveirajr.com.br\/?s={search_term_string}"},"query-input":{"@type":"PropertyValueSpecification","valueRequired":true,"valueName":"search_term_string"}}],"inLanguage":"pt-BR"},{"@type":"Organization","@id":"https:\/\/deputadotaveirajr.com.br\/#organization","name":"Taveira Jr","url":"https:\/\/deputadotaveirajr.com.br\/","logo":{"@type":"ImageObject","inLanguage":"pt-BR","@id":"https:\/\/deputadotaveirajr.com.br\/#\/schema\/logo\/image\/","url":"https:\/\/deputadotaveirajr.com.br\/wp-content\/uploads\/2026\/01\/logolow2a.png","contentUrl":"https:\/\/deputadotaveirajr.com.br\/wp-content\/uploads\/2026\/01\/logolow2a.png","width":290,"height":80,"caption":"Taveira Jr"},"image":{"@id":"https:\/\/deputadotaveirajr.com.br\/#\/schema\/logo\/image\/"}}]}},"_links":{"self":[{"href":"https:\/\/deputadotaveirajr.com.br\/index.php\/wp-json\/wp\/v2\/pages\/14167","targetHints":{"allow":["GET"]}}],"collection":[{"href":"https:\/\/deputadotaveirajr.com.br\/index.php\/wp-json\/wp\/v2\/pages"}],"about":[{"href":"https:\/\/deputadotaveirajr.com.br\/index.php\/wp-json\/wp\/v2\/types\/page"}],"replies":[{"embeddable":true,"href":"https:\/\/deputadotaveirajr.com.br\/index.php\/wp-json\/wp\/v2\/comments?post=14167"}],"version-history":[{"count":0,"href":"https:\/\/deputadotaveirajr.com.br\/index.php\/wp-json\/wp\/v2\/pages\/14167\/revisions"}],"wp:featuredmedia":[{"embeddable":true,"href":"https:\/\/deputadotaveirajr.com.br\/index.php\/wp-json\/wp\/v2\/media\/14168"}],"wp:attachment":[{"href":"https:\/\/deputadotaveirajr.com.br\/index.php\/wp-json\/wp\/v2\/media?parent=14167"}],"curies":[{"name":"wp","href":"https:\/\/api.w.org\/{rel}","templated":true}]}}