{"id":14173,"date":"2025-09-24T11:21:16","date_gmt":"2025-09-24T14:21:16","guid":{"rendered":"https:\/\/deputadotaveirajr.com.br\/index.php\/hospital-admite-erro-em-transplante-apos-confusao-com-nomes-parecidos-de-pacientes\/"},"modified":"2025-09-24T11:21:16","modified_gmt":"2025-09-24T14:21:16","slug":"hospital-admite-erro-em-transplante-apos-confusao-com-nomes-parecidos-de-pacientes","status":"publish","type":"page","link":"https:\/\/deputadotaveirajr.com.br\/index.php\/hospital-admite-erro-em-transplante-apos-confusao-com-nomes-parecidos-de-pacientes\/","title":{"rendered":"Hospital admite erro em transplante ap\u00f3s confus\u00e3o com nomes parecidos de pacientes"},"content":{"rendered":"<p><img decoding=\"async\" src=\"https:\/\/s2-g1.glbimg.com\/1ZGEjku15mu7OIjrLJx_R49loxM=\/i.s3.glbimg.com\/v1\/AUTH_59edd422c0c84a879bd37670ae4f538a\/internal_photos\/bs\/2025\/0\/t\/0KYgbARrSsDeWECBlsBQ\/whatsapp-image-2025-09-24-at-10.59.01.jpeg\" \/><br \/>     Transplante de rim errado aconteceu no Hospital Universit\u00e1rio Onofre Lopes<br \/>\nTom Guedes\/Inter TV Cabugi<br \/>\nO Hospital Universit\u00e1rio Onofre Lopes admitiu que o erro em um transplante de rim aconteceu ap\u00f3s confus\u00e3o com nomes parecidos de dois pacientes.<br \/>\nO transplante foi feito no paciente errado. Os dois estavam na fila de espera pelo transplante renal. O Huol \u00e9 um hospital p\u00fablico, vinculado \u00e0 Universidade Federal do Rio Grande do Norte (UFRN) e administrado pela Empresa Brasileira de Servi\u00e7os Hospitalares (Ebserh).<br \/>\n\ud83d\udcf3 Clique aqui para seguir o canal do g1 RN no WhatsApp<br \/>\nO Hospital Universit\u00e1rio Onofre Lopes informou que abriu procedimento interno para apura\u00e7\u00e3o.<br \/>\nA Pol\u00edcia Civil informou que o hospital n\u00e3o procurou a delegacia e n\u00e3o h\u00e1 registro de ocorr\u00eancia sobre o caso.<br \/>\nA coordenadora da Central de Transplantes do Rio Grande do Norte, Rog\u00e9ria Medeiros, informou que a Central repassou o nome correto ao hospital. Segundo ela, a Central nem inscreve paciente na fila, nem convoca paciente para o transplante.<br \/>\n&#8220;A Central apenas gerencia a fila. Quando h\u00e1 um \u00f3rg\u00e3o dispon\u00edvel para doa\u00e7\u00e3o a Central avalia qual o paciente mais compat\u00edvel da fila e comunica o hospital. \u00c9 o hospital que entra em contato com o paciente para dar prosseguimento ao procedimento&#8221;, disse.<br \/>\nPaciente errado<br \/>\nO receptor errado foi convocado para a cirurgia e acabou recebendo o \u00f3rg\u00e3o, que n\u00e3o era compat\u00edvel com tipo sangu\u00edneo dele.<br \/>\nAp\u00f3s a cirurgia, o paciente apresentou rea\u00e7\u00e3o e precisou ser levado para a UTI. O rim foi retirado e n\u00e3o p\u00f4de mais ser aproveitado para o destinat\u00e1rio correto.<br \/>\nSegundo o estabelecimento de sa\u00fade, o paciente teve alta da UTI no \u00faltimo domingo (22) e segue na enfermaria.<br \/>\nO hospital informou que acompanha o quadro cl\u00ednico do paciente, abriu investiga\u00e7\u00e3o com prazo de at\u00e9 60 dias e disse que est\u00e1 oferecendo apoio psicol\u00f3gico.<br \/>\nEm nota, o hospital ressaltou que &#8220;\u00e9 refer\u00eancia no Rio Grande do Norte e no Brasil, em transplantes de rim e de c\u00f3rnea, tendo realizado 854 procedimentos ao longo de sua trajet\u00f3ria, com uma equipe qualificada em tratamentos de alta complexidade&#8221;.<br \/>\nTransplante \u00e9 feito em paciente errado<br \/>\nVeja os v\u00eddeos mais assistidos no g1 RN<\/p>","protected":false},"excerpt":{"rendered":"<p>Transplante de rim errado aconteceu no Hospital Universit\u00e1rio Onofre Lopes Tom Guedes\/Inter TV Cabugi O Hospital Universit\u00e1rio Onofre Lopes admitiu que o erro em um transplante de rim aconteceu ap\u00f3s &#8230;<\/p>\n","protected":false},"author":0,"featured_media":14174,"parent":0,"menu_order":0,"comment_status":"closed","ping_status":"closed","template":"","meta":{"footnotes":""},"class_list":["post-14173","page","type-page","status-publish","has-post-thumbnail","hentry"],"yoast_head":"<!-- This site is optimized with the Yoast SEO plugin v27.1.1 - https:\/\/yoast.com\/product\/yoast-seo-wordpress\/ -->\n<title>Hospital admite erro em transplante ap\u00f3s confus\u00e3o com nomes parecidos de pacientes - Taveira Jr<\/title>\n<meta name=\"robots\" content=\"index, follow, max-snippet:-1, max-image-preview:large, max-video-preview:-1\" \/>\n<link rel=\"canonical\" href=\"https:\/\/deputadotaveirajr.com.br\/index.php\/hospital-admite-erro-em-transplante-apos-confusao-com-nomes-parecidos-de-pacientes\/\" \/>\n<meta property=\"og:locale\" content=\"pt_BR\" \/>\n<meta property=\"og:type\" content=\"article\" \/>\n<meta property=\"og:title\" content=\"Hospital admite erro em transplante ap\u00f3s confus\u00e3o com nomes parecidos de pacientes - Taveira Jr\" \/>\n<meta property=\"og:description\" content=\"Transplante de rim errado aconteceu no Hospital Universit\u00e1rio Onofre Lopes Tom Guedes\/Inter TV Cabugi O Hospital Universit\u00e1rio Onofre Lopes admitiu que o erro em um transplante de rim aconteceu ap\u00f3s ...\" \/>\n<meta property=\"og:url\" content=\"https:\/\/deputadotaveirajr.com.br\/index.php\/hospital-admite-erro-em-transplante-apos-confusao-com-nomes-parecidos-de-pacientes\/\" \/>\n<meta property=\"og:site_name\" content=\"Taveira Jr\" \/>\n<meta property=\"og:image\" content=\"https:\/\/s2-g1.glbimg.com\/1ZGEjku15mu7OIjrLJx_R49loxM=\/i.s3.glbimg.com\/v1\/AUTH_59edd422c0c84a879bd37670ae4f538a\/internal_photos\/bs\/2025\/0\/t\/0KYgbARrSsDeWECBlsBQ\/whatsapp-image-2025-09-24-at-10.59.01.jpeg\" \/>\n<meta name=\"twitter:card\" content=\"summary_large_image\" \/>\n<meta name=\"twitter:label1\" content=\"Est. tempo de leitura\" \/>\n\t<meta name=\"twitter:data1\" content=\"2 minutos\" \/>\n<script type=\"application\/ld+json\" class=\"yoast-schema-graph\">{\"@context\":\"https:\/\/schema.org\",\"@graph\":[{\"@type\":\"WebPage\",\"@id\":\"https:\/\/deputadotaveirajr.com.br\/index.php\/hospital-admite-erro-em-transplante-apos-confusao-com-nomes-parecidos-de-pacientes\/\",\"url\":\"https:\/\/deputadotaveirajr.com.br\/index.php\/hospital-admite-erro-em-transplante-apos-confusao-com-nomes-parecidos-de-pacientes\/\",\"name\":\"Hospital admite erro em transplante ap\u00f3s confus\u00e3o com nomes parecidos de pacientes - Taveira Jr\",\"isPartOf\":{\"@id\":\"https:\/\/deputadotaveirajr.com.br\/#website\"},\"primaryImageOfPage\":{\"@id\":\"https:\/\/deputadotaveirajr.com.br\/index.php\/hospital-admite-erro-em-transplante-apos-confusao-com-nomes-parecidos-de-pacientes\/#primaryimage\"},\"image\":{\"@id\":\"https:\/\/deputadotaveirajr.com.br\/index.php\/hospital-admite-erro-em-transplante-apos-confusao-com-nomes-parecidos-de-pacientes\/#primaryimage\"},\"thumbnailUrl\":\"https:\/\/deputadotaveirajr.com.br\/wp-content\/uploads\/2025\/09\/whatsapp-image-2025-09-24-at-10.59.01-ZKJAtH.jpg\",\"datePublished\":\"2025-09-24T14:21:16+00:00\",\"breadcrumb\":{\"@id\":\"https:\/\/deputadotaveirajr.com.br\/index.php\/hospital-admite-erro-em-transplante-apos-confusao-com-nomes-parecidos-de-pacientes\/#breadcrumb\"},\"inLanguage\":\"pt-BR\",\"potentialAction\":[{\"@type\":\"ReadAction\",\"target\":[\"https:\/\/deputadotaveirajr.com.br\/index.php\/hospital-admite-erro-em-transplante-apos-confusao-com-nomes-parecidos-de-pacientes\/\"]}]},{\"@type\":\"ImageObject\",\"inLanguage\":\"pt-BR\",\"@id\":\"https:\/\/deputadotaveirajr.com.br\/index.php\/hospital-admite-erro-em-transplante-apos-confusao-com-nomes-parecidos-de-pacientes\/#primaryimage\",\"url\":\"https:\/\/deputadotaveirajr.com.br\/wp-content\/uploads\/2025\/09\/whatsapp-image-2025-09-24-at-10.59.01-ZKJAtH.jpg\",\"contentUrl\":\"https:\/\/deputadotaveirajr.com.br\/wp-content\/uploads\/2025\/09\/whatsapp-image-2025-09-24-at-10.59.01-ZKJAtH.jpg\",\"width\":1600,\"height\":900},{\"@type\":\"BreadcrumbList\",\"@id\":\"https:\/\/deputadotaveirajr.com.br\/index.php\/hospital-admite-erro-em-transplante-apos-confusao-com-nomes-parecidos-de-pacientes\/#breadcrumb\",\"itemListElement\":[{\"@type\":\"ListItem\",\"position\":1,\"name\":\"In\u00edcio\",\"item\":\"https:\/\/deputadotaveirajr.com.br\/\"},{\"@type\":\"ListItem\",\"position\":2,\"name\":\"Hospital admite erro em transplante ap\u00f3s confus\u00e3o com nomes parecidos de pacientes\"}]},{\"@type\":\"WebSite\",\"@id\":\"https:\/\/deputadotaveirajr.com.br\/#website\",\"url\":\"https:\/\/deputadotaveirajr.com.br\/\",\"name\":\"Taveira Jr\",\"description\":\"Deputado Estadual\",\"publisher\":{\"@id\":\"https:\/\/deputadotaveirajr.com.br\/#organization\"},\"potentialAction\":[{\"@type\":\"SearchAction\",\"target\":{\"@type\":\"EntryPoint\",\"urlTemplate\":\"https:\/\/deputadotaveirajr.com.br\/?s={search_term_string}\"},\"query-input\":{\"@type\":\"PropertyValueSpecification\",\"valueRequired\":true,\"valueName\":\"search_term_string\"}}],\"inLanguage\":\"pt-BR\"},{\"@type\":\"Organization\",\"@id\":\"https:\/\/deputadotaveirajr.com.br\/#organization\",\"name\":\"Taveira Jr\",\"url\":\"https:\/\/deputadotaveirajr.com.br\/\",\"logo\":{\"@type\":\"ImageObject\",\"inLanguage\":\"pt-BR\",\"@id\":\"https:\/\/deputadotaveirajr.com.br\/#\/schema\/logo\/image\/\",\"url\":\"https:\/\/deputadotaveirajr.com.br\/wp-content\/uploads\/2026\/01\/logolow2a.png\",\"contentUrl\":\"https:\/\/deputadotaveirajr.com.br\/wp-content\/uploads\/2026\/01\/logolow2a.png\",\"width\":290,\"height\":80,\"caption\":\"Taveira Jr\"},\"image\":{\"@id\":\"https:\/\/deputadotaveirajr.com.br\/#\/schema\/logo\/image\/\"}}]}<\/script>\n<!-- \/ Yoast SEO plugin. -->","yoast_head_json":{"title":"Hospital admite erro em transplante ap\u00f3s confus\u00e3o com nomes parecidos de pacientes - Taveira Jr","robots":{"index":"index","follow":"follow","max-snippet":"max-snippet:-1","max-image-preview":"max-image-preview:large","max-video-preview":"max-video-preview:-1"},"canonical":"https:\/\/deputadotaveirajr.com.br\/index.php\/hospital-admite-erro-em-transplante-apos-confusao-com-nomes-parecidos-de-pacientes\/","og_locale":"pt_BR","og_type":"article","og_title":"Hospital admite erro em transplante ap\u00f3s confus\u00e3o com nomes parecidos de pacientes - Taveira Jr","og_description":"Transplante de rim errado aconteceu no Hospital Universit\u00e1rio Onofre Lopes Tom Guedes\/Inter TV Cabugi O Hospital Universit\u00e1rio Onofre Lopes admitiu que o erro em um transplante de rim aconteceu ap\u00f3s ...","og_url":"https:\/\/deputadotaveirajr.com.br\/index.php\/hospital-admite-erro-em-transplante-apos-confusao-com-nomes-parecidos-de-pacientes\/","og_site_name":"Taveira Jr","og_image":[{"url":"https:\/\/s2-g1.glbimg.com\/1ZGEjku15mu7OIjrLJx_R49loxM=\/i.s3.glbimg.com\/v1\/AUTH_59edd422c0c84a879bd37670ae4f538a\/internal_photos\/bs\/2025\/0\/t\/0KYgbARrSsDeWECBlsBQ\/whatsapp-image-2025-09-24-at-10.59.01.jpeg","type":"","width":"","height":""}],"twitter_card":"summary_large_image","twitter_misc":{"Est. tempo de leitura":"2 minutos"},"schema":{"@context":"https:\/\/schema.org","@graph":[{"@type":"WebPage","@id":"https:\/\/deputadotaveirajr.com.br\/index.php\/hospital-admite-erro-em-transplante-apos-confusao-com-nomes-parecidos-de-pacientes\/","url":"https:\/\/deputadotaveirajr.com.br\/index.php\/hospital-admite-erro-em-transplante-apos-confusao-com-nomes-parecidos-de-pacientes\/","name":"Hospital admite erro em transplante ap\u00f3s confus\u00e3o com nomes parecidos de pacientes - Taveira Jr","isPartOf":{"@id":"https:\/\/deputadotaveirajr.com.br\/#website"},"primaryImageOfPage":{"@id":"https:\/\/deputadotaveirajr.com.br\/index.php\/hospital-admite-erro-em-transplante-apos-confusao-com-nomes-parecidos-de-pacientes\/#primaryimage"},"image":{"@id":"https:\/\/deputadotaveirajr.com.br\/index.php\/hospital-admite-erro-em-transplante-apos-confusao-com-nomes-parecidos-de-pacientes\/#primaryimage"},"thumbnailUrl":"https:\/\/deputadotaveirajr.com.br\/wp-content\/uploads\/2025\/09\/whatsapp-image-2025-09-24-at-10.59.01-ZKJAtH.jpg","datePublished":"2025-09-24T14:21:16+00:00","breadcrumb":{"@id":"https:\/\/deputadotaveirajr.com.br\/index.php\/hospital-admite-erro-em-transplante-apos-confusao-com-nomes-parecidos-de-pacientes\/#breadcrumb"},"inLanguage":"pt-BR","potentialAction":[{"@type":"ReadAction","target":["https:\/\/deputadotaveirajr.com.br\/index.php\/hospital-admite-erro-em-transplante-apos-confusao-com-nomes-parecidos-de-pacientes\/"]}]},{"@type":"ImageObject","inLanguage":"pt-BR","@id":"https:\/\/deputadotaveirajr.com.br\/index.php\/hospital-admite-erro-em-transplante-apos-confusao-com-nomes-parecidos-de-pacientes\/#primaryimage","url":"https:\/\/deputadotaveirajr.com.br\/wp-content\/uploads\/2025\/09\/whatsapp-image-2025-09-24-at-10.59.01-ZKJAtH.jpg","contentUrl":"https:\/\/deputadotaveirajr.com.br\/wp-content\/uploads\/2025\/09\/whatsapp-image-2025-09-24-at-10.59.01-ZKJAtH.jpg","width":1600,"height":900},{"@type":"BreadcrumbList","@id":"https:\/\/deputadotaveirajr.com.br\/index.php\/hospital-admite-erro-em-transplante-apos-confusao-com-nomes-parecidos-de-pacientes\/#breadcrumb","itemListElement":[{"@type":"ListItem","position":1,"name":"In\u00edcio","item":"https:\/\/deputadotaveirajr.com.br\/"},{"@type":"ListItem","position":2,"name":"Hospital admite erro em transplante ap\u00f3s confus\u00e3o com nomes parecidos de pacientes"}]},{"@type":"WebSite","@id":"https:\/\/deputadotaveirajr.com.br\/#website","url":"https:\/\/deputadotaveirajr.com.br\/","name":"Taveira Jr","description":"Deputado Estadual","publisher":{"@id":"https:\/\/deputadotaveirajr.com.br\/#organization"},"potentialAction":[{"@type":"SearchAction","target":{"@type":"EntryPoint","urlTemplate":"https:\/\/deputadotaveirajr.com.br\/?s={search_term_string}"},"query-input":{"@type":"PropertyValueSpecification","valueRequired":true,"valueName":"search_term_string"}}],"inLanguage":"pt-BR"},{"@type":"Organization","@id":"https:\/\/deputadotaveirajr.com.br\/#organization","name":"Taveira Jr","url":"https:\/\/deputadotaveirajr.com.br\/","logo":{"@type":"ImageObject","inLanguage":"pt-BR","@id":"https:\/\/deputadotaveirajr.com.br\/#\/schema\/logo\/image\/","url":"https:\/\/deputadotaveirajr.com.br\/wp-content\/uploads\/2026\/01\/logolow2a.png","contentUrl":"https:\/\/deputadotaveirajr.com.br\/wp-content\/uploads\/2026\/01\/logolow2a.png","width":290,"height":80,"caption":"Taveira Jr"},"image":{"@id":"https:\/\/deputadotaveirajr.com.br\/#\/schema\/logo\/image\/"}}]}},"_links":{"self":[{"href":"https:\/\/deputadotaveirajr.com.br\/index.php\/wp-json\/wp\/v2\/pages\/14173","targetHints":{"allow":["GET"]}}],"collection":[{"href":"https:\/\/deputadotaveirajr.com.br\/index.php\/wp-json\/wp\/v2\/pages"}],"about":[{"href":"https:\/\/deputadotaveirajr.com.br\/index.php\/wp-json\/wp\/v2\/types\/page"}],"replies":[{"embeddable":true,"href":"https:\/\/deputadotaveirajr.com.br\/index.php\/wp-json\/wp\/v2\/comments?post=14173"}],"version-history":[{"count":0,"href":"https:\/\/deputadotaveirajr.com.br\/index.php\/wp-json\/wp\/v2\/pages\/14173\/revisions"}],"wp:featuredmedia":[{"embeddable":true,"href":"https:\/\/deputadotaveirajr.com.br\/index.php\/wp-json\/wp\/v2\/media\/14174"}],"wp:attachment":[{"href":"https:\/\/deputadotaveirajr.com.br\/index.php\/wp-json\/wp\/v2\/media?parent=14173"}],"curies":[{"name":"wp","href":"https:\/\/api.w.org\/{rel}","templated":true}]}}