{"id":14225,"date":"2025-10-03T17:31:52","date_gmt":"2025-10-03T20:31:52","guid":{"rendered":"https:\/\/deputadotaveirajr.com.br\/index.php\/festival-mada-2025-tera-mano-brown-marina-sena-baianasystem-liniker-e-mais-de-30-atracoes\/"},"modified":"2025-10-03T17:31:52","modified_gmt":"2025-10-03T20:31:52","slug":"festival-mada-2025-tera-mano-brown-marina-sena-baianasystem-liniker-e-mais-de-30-atracoes","status":"publish","type":"page","link":"https:\/\/deputadotaveirajr.com.br\/index.php\/festival-mada-2025-tera-mano-brown-marina-sena-baianasystem-liniker-e-mais-de-30-atracoes\/","title":{"rendered":"Festival Mada 2025 ter\u00e1 Mano Brown, Marina Sena, BaianaSystem, Liniker e mais de 30 atra\u00e7\u00f5es"},"content":{"rendered":"<p><img decoding=\"async\" src=\"https:\/\/s2-g1.glbimg.com\/3xwFVgGditQCsqsxsKbGzS3ldOc=\/i.s3.glbimg.com\/v1\/AUTH_59edd422c0c84a879bd37670ae4f538a\/internal_photos\/bs\/2022\/Z\/G\/DWSHs6RZACP5apNXAc3w\/whatsapp-image-2022-09-03-at-22.24.23.jpeg\" \/><br \/>     Mano Brown \u00e9 uma das atra\u00e7\u00f5es do Mada em 2025<br \/>\nMarcos Serra Lima\/g1<br \/>\nO Festival Mada (M\u00fasica Alimento da Alma) 2025 promete uma edi\u00e7\u00e3o hist\u00f3rica com shows de Mano Brown, Marina Sena, Liniker, BaianaSystem, Raquel Reis e Melly, al\u00e9m do projeto Dominguinho, com Jo\u00e3o Gomes, Mestrinho e Jota.P\u00ea, e mais outras 30 atra\u00e7\u00f5es. O evento ser\u00e1 realizado nos dias 17 e 18 de outubro, no gramado da Arena das Dunas, em Natal.<br \/>\n\ud83d\udcf3 Participe do canal do g1 RN no WhatsApp<br \/>\nMano Brown estreia no festival em carreira solo, coroando a longa rela\u00e7\u00e3o do Mada com o rap brasileiro. &#8220;O festival optou por um movimento de constante renova\u00e7\u00e3o que acaba se refletindo no seu line-up. S\u00e3o pelo menos tr\u00eas gera\u00e7\u00f5es de produtores articuladores culturais atuando ativamente no festival, discutindo e debatendo sugest\u00f5es apresentadas pelos curadores&#8221;, pontua Pedro Barreira, curador do Mada.<br \/>\n&#8220;A maior miss\u00e3o do Mada \u00e9 manter o frescor e as novas tend\u00eancias em sua programa\u00e7\u00e3o. Entregar uma experi\u00eancia melhor a cada ano e expandir para novos mercados. Esse ano mais do que nunca estamos apostando no turismo como mola propulsora de neg\u00f3cios. A cada edi\u00e7\u00e3o atra\u00edmos um p\u00fablico maior que reafirma a for\u00e7a do Nordeste nos grandes eventos&#8221;, destaca Jomardo Jomas, idealizador e diretor do festival.<br \/>\nCriado em 2023, o Baile da Amada retorna em 2025 e apresenta um recorte pulsante da m\u00fasica eletr\u00f4nica e urbana que ecoa das pistas do Brasil. Entre os nomes confirmados no Baile est\u00e3o Jadsa , Irm\u00e3s de Pau, MC RB KBLZ convida Mika, Jennify C convida Casixtranha, Bateu Pode Comemorar e Taj Ma House.<br \/>\nDominguinho: Jo\u00e3o Gomes, Jota.p\u00ea e Mestrinho cantam no palco do Show da Vida<br \/>\nOs \u00faltimos ingressos para esta edi\u00e7\u00e3o do festival est\u00e3o \u00e0 venda pela internet.<br \/>\nConfira a programa\u00e7\u00e3o:<br \/>\nSexta (17)<br \/>\nDominguinho &#8211; Jo\u00e3o Gomes, Mestrinho e Jota.P\u00ea<br \/>\nMarina Sena<br \/>\nDonL<br \/>\nMelly<br \/>\nBoogarins<br \/>\nFebem<br \/>\nJadsa<br \/>\nDani Cruz<br \/>\nAfreekassia<br \/>\nD.Silvestre<br \/>\nKenya20hz<br \/>\nMCRB KBLZ convida Mika<br \/>\nBateu Pode Comemorar<br \/>\nJennify C convida Casixtranha<br \/>\nTinoc<br \/>\nS\u00e1bado (18)<br \/>\nMano Brown<br \/>\nLiniker<br \/>\nBaianaSystem<br \/>\nRachel Reis<br \/>\nIrm\u00e3s de Pau<br \/>\nEdgar<br \/>\nPotyguara Bardo<br \/>\nKaty da Voz e as Abusadas<br \/>\nSourebel<br \/>\nTaj Ma House<br \/>\nGuto Brant<br \/>\nAya Ibeji<br \/>\nO Cheiro do Queijo<br \/>\nSeed Selector<br \/>\nBrisa<br \/>\nVal Pescador<\/p>","protected":false},"excerpt":{"rendered":"<p>Mano Brown \u00e9 uma das atra\u00e7\u00f5es do Mada em 2025 Marcos Serra Lima\/g1 O Festival Mada (M\u00fasica Alimento da Alma) 2025 promete uma edi\u00e7\u00e3o hist\u00f3rica com shows de Mano Brown, &#8230;<\/p>\n","protected":false},"author":0,"featured_media":14226,"parent":0,"menu_order":0,"comment_status":"closed","ping_status":"closed","template":"","meta":{"footnotes":""},"class_list":["post-14225","page","type-page","status-publish","has-post-thumbnail","hentry"],"yoast_head":"<!-- This site is optimized with the Yoast SEO plugin v27.1.1 - https:\/\/yoast.com\/product\/yoast-seo-wordpress\/ -->\n<title>Festival Mada 2025 ter\u00e1 Mano Brown, Marina Sena, BaianaSystem, Liniker e mais de 30 atra\u00e7\u00f5es - Taveira Jr<\/title>\n<meta name=\"robots\" content=\"index, follow, max-snippet:-1, max-image-preview:large, max-video-preview:-1\" \/>\n<link rel=\"canonical\" href=\"https:\/\/deputadotaveirajr.com.br\/index.php\/festival-mada-2025-tera-mano-brown-marina-sena-baianasystem-liniker-e-mais-de-30-atracoes\/\" \/>\n<meta property=\"og:locale\" content=\"pt_BR\" \/>\n<meta property=\"og:type\" content=\"article\" \/>\n<meta property=\"og:title\" content=\"Festival Mada 2025 ter\u00e1 Mano Brown, Marina Sena, BaianaSystem, Liniker e mais de 30 atra\u00e7\u00f5es - Taveira Jr\" \/>\n<meta property=\"og:description\" content=\"Mano Brown \u00e9 uma das atra\u00e7\u00f5es do Mada em 2025 Marcos Serra Lima\/g1 O Festival Mada (M\u00fasica Alimento da Alma) 2025 promete uma edi\u00e7\u00e3o hist\u00f3rica com shows de Mano Brown, ...\" \/>\n<meta property=\"og:url\" content=\"https:\/\/deputadotaveirajr.com.br\/index.php\/festival-mada-2025-tera-mano-brown-marina-sena-baianasystem-liniker-e-mais-de-30-atracoes\/\" \/>\n<meta property=\"og:site_name\" content=\"Taveira Jr\" \/>\n<meta property=\"og:image\" content=\"https:\/\/s2-g1.glbimg.com\/3xwFVgGditQCsqsxsKbGzS3ldOc=\/i.s3.glbimg.com\/v1\/AUTH_59edd422c0c84a879bd37670ae4f538a\/internal_photos\/bs\/2022\/Z\/G\/DWSHs6RZACP5apNXAc3w\/whatsapp-image-2022-09-03-at-22.24.23.jpeg\" \/>\n<meta name=\"twitter:card\" content=\"summary_large_image\" \/>\n<meta name=\"twitter:label1\" content=\"Est. tempo de leitura\" \/>\n\t<meta name=\"twitter:data1\" content=\"2 minutos\" \/>\n<script type=\"application\/ld+json\" class=\"yoast-schema-graph\">{\"@context\":\"https:\/\/schema.org\",\"@graph\":[{\"@type\":\"WebPage\",\"@id\":\"https:\/\/deputadotaveirajr.com.br\/index.php\/festival-mada-2025-tera-mano-brown-marina-sena-baianasystem-liniker-e-mais-de-30-atracoes\/\",\"url\":\"https:\/\/deputadotaveirajr.com.br\/index.php\/festival-mada-2025-tera-mano-brown-marina-sena-baianasystem-liniker-e-mais-de-30-atracoes\/\",\"name\":\"Festival Mada 2025 ter\u00e1 Mano Brown, Marina Sena, BaianaSystem, Liniker e mais de 30 atra\u00e7\u00f5es - Taveira Jr\",\"isPartOf\":{\"@id\":\"https:\/\/deputadotaveirajr.com.br\/#website\"},\"primaryImageOfPage\":{\"@id\":\"https:\/\/deputadotaveirajr.com.br\/index.php\/festival-mada-2025-tera-mano-brown-marina-sena-baianasystem-liniker-e-mais-de-30-atracoes\/#primaryimage\"},\"image\":{\"@id\":\"https:\/\/deputadotaveirajr.com.br\/index.php\/festival-mada-2025-tera-mano-brown-marina-sena-baianasystem-liniker-e-mais-de-30-atracoes\/#primaryimage\"},\"thumbnailUrl\":\"https:\/\/deputadotaveirajr.com.br\/wp-content\/uploads\/2025\/10\/whatsapp-image-2022-09-03-at-22.24.23-t2nxdK.jpg\",\"datePublished\":\"2025-10-03T20:31:52+00:00\",\"breadcrumb\":{\"@id\":\"https:\/\/deputadotaveirajr.com.br\/index.php\/festival-mada-2025-tera-mano-brown-marina-sena-baianasystem-liniker-e-mais-de-30-atracoes\/#breadcrumb\"},\"inLanguage\":\"pt-BR\",\"potentialAction\":[{\"@type\":\"ReadAction\",\"target\":[\"https:\/\/deputadotaveirajr.com.br\/index.php\/festival-mada-2025-tera-mano-brown-marina-sena-baianasystem-liniker-e-mais-de-30-atracoes\/\"]}]},{\"@type\":\"ImageObject\",\"inLanguage\":\"pt-BR\",\"@id\":\"https:\/\/deputadotaveirajr.com.br\/index.php\/festival-mada-2025-tera-mano-brown-marina-sena-baianasystem-liniker-e-mais-de-30-atracoes\/#primaryimage\",\"url\":\"https:\/\/deputadotaveirajr.com.br\/wp-content\/uploads\/2025\/10\/whatsapp-image-2022-09-03-at-22.24.23-t2nxdK.jpg\",\"contentUrl\":\"https:\/\/deputadotaveirajr.com.br\/wp-content\/uploads\/2025\/10\/whatsapp-image-2022-09-03-at-22.24.23-t2nxdK.jpg\",\"width\":1600,\"height\":1069},{\"@type\":\"BreadcrumbList\",\"@id\":\"https:\/\/deputadotaveirajr.com.br\/index.php\/festival-mada-2025-tera-mano-brown-marina-sena-baianasystem-liniker-e-mais-de-30-atracoes\/#breadcrumb\",\"itemListElement\":[{\"@type\":\"ListItem\",\"position\":1,\"name\":\"In\u00edcio\",\"item\":\"https:\/\/deputadotaveirajr.com.br\/\"},{\"@type\":\"ListItem\",\"position\":2,\"name\":\"Festival Mada 2025 ter\u00e1 Mano Brown, Marina Sena, BaianaSystem, Liniker e mais de 30 atra\u00e7\u00f5es\"}]},{\"@type\":\"WebSite\",\"@id\":\"https:\/\/deputadotaveirajr.com.br\/#website\",\"url\":\"https:\/\/deputadotaveirajr.com.br\/\",\"name\":\"Taveira Jr\",\"description\":\"Deputado Estadual\",\"publisher\":{\"@id\":\"https:\/\/deputadotaveirajr.com.br\/#organization\"},\"potentialAction\":[{\"@type\":\"SearchAction\",\"target\":{\"@type\":\"EntryPoint\",\"urlTemplate\":\"https:\/\/deputadotaveirajr.com.br\/?s={search_term_string}\"},\"query-input\":{\"@type\":\"PropertyValueSpecification\",\"valueRequired\":true,\"valueName\":\"search_term_string\"}}],\"inLanguage\":\"pt-BR\"},{\"@type\":\"Organization\",\"@id\":\"https:\/\/deputadotaveirajr.com.br\/#organization\",\"name\":\"Taveira Jr\",\"url\":\"https:\/\/deputadotaveirajr.com.br\/\",\"logo\":{\"@type\":\"ImageObject\",\"inLanguage\":\"pt-BR\",\"@id\":\"https:\/\/deputadotaveirajr.com.br\/#\/schema\/logo\/image\/\",\"url\":\"https:\/\/deputadotaveirajr.com.br\/wp-content\/uploads\/2026\/01\/logolow2a.png\",\"contentUrl\":\"https:\/\/deputadotaveirajr.com.br\/wp-content\/uploads\/2026\/01\/logolow2a.png\",\"width\":290,\"height\":80,\"caption\":\"Taveira Jr\"},\"image\":{\"@id\":\"https:\/\/deputadotaveirajr.com.br\/#\/schema\/logo\/image\/\"}}]}<\/script>\n<!-- \/ Yoast SEO plugin. -->","yoast_head_json":{"title":"Festival Mada 2025 ter\u00e1 Mano Brown, Marina Sena, BaianaSystem, Liniker e mais de 30 atra\u00e7\u00f5es - Taveira Jr","robots":{"index":"index","follow":"follow","max-snippet":"max-snippet:-1","max-image-preview":"max-image-preview:large","max-video-preview":"max-video-preview:-1"},"canonical":"https:\/\/deputadotaveirajr.com.br\/index.php\/festival-mada-2025-tera-mano-brown-marina-sena-baianasystem-liniker-e-mais-de-30-atracoes\/","og_locale":"pt_BR","og_type":"article","og_title":"Festival Mada 2025 ter\u00e1 Mano Brown, Marina Sena, BaianaSystem, Liniker e mais de 30 atra\u00e7\u00f5es - Taveira Jr","og_description":"Mano Brown \u00e9 uma das atra\u00e7\u00f5es do Mada em 2025 Marcos Serra Lima\/g1 O Festival Mada (M\u00fasica Alimento da Alma) 2025 promete uma edi\u00e7\u00e3o hist\u00f3rica com shows de Mano Brown, ...","og_url":"https:\/\/deputadotaveirajr.com.br\/index.php\/festival-mada-2025-tera-mano-brown-marina-sena-baianasystem-liniker-e-mais-de-30-atracoes\/","og_site_name":"Taveira Jr","og_image":[{"url":"https:\/\/s2-g1.glbimg.com\/3xwFVgGditQCsqsxsKbGzS3ldOc=\/i.s3.glbimg.com\/v1\/AUTH_59edd422c0c84a879bd37670ae4f538a\/internal_photos\/bs\/2022\/Z\/G\/DWSHs6RZACP5apNXAc3w\/whatsapp-image-2022-09-03-at-22.24.23.jpeg","type":"","width":"","height":""}],"twitter_card":"summary_large_image","twitter_misc":{"Est. tempo de leitura":"2 minutos"},"schema":{"@context":"https:\/\/schema.org","@graph":[{"@type":"WebPage","@id":"https:\/\/deputadotaveirajr.com.br\/index.php\/festival-mada-2025-tera-mano-brown-marina-sena-baianasystem-liniker-e-mais-de-30-atracoes\/","url":"https:\/\/deputadotaveirajr.com.br\/index.php\/festival-mada-2025-tera-mano-brown-marina-sena-baianasystem-liniker-e-mais-de-30-atracoes\/","name":"Festival Mada 2025 ter\u00e1 Mano Brown, Marina Sena, BaianaSystem, Liniker e mais de 30 atra\u00e7\u00f5es - Taveira Jr","isPartOf":{"@id":"https:\/\/deputadotaveirajr.com.br\/#website"},"primaryImageOfPage":{"@id":"https:\/\/deputadotaveirajr.com.br\/index.php\/festival-mada-2025-tera-mano-brown-marina-sena-baianasystem-liniker-e-mais-de-30-atracoes\/#primaryimage"},"image":{"@id":"https:\/\/deputadotaveirajr.com.br\/index.php\/festival-mada-2025-tera-mano-brown-marina-sena-baianasystem-liniker-e-mais-de-30-atracoes\/#primaryimage"},"thumbnailUrl":"https:\/\/deputadotaveirajr.com.br\/wp-content\/uploads\/2025\/10\/whatsapp-image-2022-09-03-at-22.24.23-t2nxdK.jpg","datePublished":"2025-10-03T20:31:52+00:00","breadcrumb":{"@id":"https:\/\/deputadotaveirajr.com.br\/index.php\/festival-mada-2025-tera-mano-brown-marina-sena-baianasystem-liniker-e-mais-de-30-atracoes\/#breadcrumb"},"inLanguage":"pt-BR","potentialAction":[{"@type":"ReadAction","target":["https:\/\/deputadotaveirajr.com.br\/index.php\/festival-mada-2025-tera-mano-brown-marina-sena-baianasystem-liniker-e-mais-de-30-atracoes\/"]}]},{"@type":"ImageObject","inLanguage":"pt-BR","@id":"https:\/\/deputadotaveirajr.com.br\/index.php\/festival-mada-2025-tera-mano-brown-marina-sena-baianasystem-liniker-e-mais-de-30-atracoes\/#primaryimage","url":"https:\/\/deputadotaveirajr.com.br\/wp-content\/uploads\/2025\/10\/whatsapp-image-2022-09-03-at-22.24.23-t2nxdK.jpg","contentUrl":"https:\/\/deputadotaveirajr.com.br\/wp-content\/uploads\/2025\/10\/whatsapp-image-2022-09-03-at-22.24.23-t2nxdK.jpg","width":1600,"height":1069},{"@type":"BreadcrumbList","@id":"https:\/\/deputadotaveirajr.com.br\/index.php\/festival-mada-2025-tera-mano-brown-marina-sena-baianasystem-liniker-e-mais-de-30-atracoes\/#breadcrumb","itemListElement":[{"@type":"ListItem","position":1,"name":"In\u00edcio","item":"https:\/\/deputadotaveirajr.com.br\/"},{"@type":"ListItem","position":2,"name":"Festival Mada 2025 ter\u00e1 Mano Brown, Marina Sena, BaianaSystem, Liniker e mais de 30 atra\u00e7\u00f5es"}]},{"@type":"WebSite","@id":"https:\/\/deputadotaveirajr.com.br\/#website","url":"https:\/\/deputadotaveirajr.com.br\/","name":"Taveira Jr","description":"Deputado Estadual","publisher":{"@id":"https:\/\/deputadotaveirajr.com.br\/#organization"},"potentialAction":[{"@type":"SearchAction","target":{"@type":"EntryPoint","urlTemplate":"https:\/\/deputadotaveirajr.com.br\/?s={search_term_string}"},"query-input":{"@type":"PropertyValueSpecification","valueRequired":true,"valueName":"search_term_string"}}],"inLanguage":"pt-BR"},{"@type":"Organization","@id":"https:\/\/deputadotaveirajr.com.br\/#organization","name":"Taveira Jr","url":"https:\/\/deputadotaveirajr.com.br\/","logo":{"@type":"ImageObject","inLanguage":"pt-BR","@id":"https:\/\/deputadotaveirajr.com.br\/#\/schema\/logo\/image\/","url":"https:\/\/deputadotaveirajr.com.br\/wp-content\/uploads\/2026\/01\/logolow2a.png","contentUrl":"https:\/\/deputadotaveirajr.com.br\/wp-content\/uploads\/2026\/01\/logolow2a.png","width":290,"height":80,"caption":"Taveira Jr"},"image":{"@id":"https:\/\/deputadotaveirajr.com.br\/#\/schema\/logo\/image\/"}}]}},"_links":{"self":[{"href":"https:\/\/deputadotaveirajr.com.br\/index.php\/wp-json\/wp\/v2\/pages\/14225","targetHints":{"allow":["GET"]}}],"collection":[{"href":"https:\/\/deputadotaveirajr.com.br\/index.php\/wp-json\/wp\/v2\/pages"}],"about":[{"href":"https:\/\/deputadotaveirajr.com.br\/index.php\/wp-json\/wp\/v2\/types\/page"}],"replies":[{"embeddable":true,"href":"https:\/\/deputadotaveirajr.com.br\/index.php\/wp-json\/wp\/v2\/comments?post=14225"}],"version-history":[{"count":0,"href":"https:\/\/deputadotaveirajr.com.br\/index.php\/wp-json\/wp\/v2\/pages\/14225\/revisions"}],"wp:featuredmedia":[{"embeddable":true,"href":"https:\/\/deputadotaveirajr.com.br\/index.php\/wp-json\/wp\/v2\/media\/14226"}],"wp:attachment":[{"href":"https:\/\/deputadotaveirajr.com.br\/index.php\/wp-json\/wp\/v2\/media?parent=14225"}],"curies":[{"name":"wp","href":"https:\/\/api.w.org\/{rel}","templated":true}]}}