{"id":14266,"date":"2025-10-14T10:03:58","date_gmt":"2025-10-14T13:03:58","guid":{"rendered":"https:\/\/deputadotaveirajr.com.br\/index.php\/homem-tem-moto-leiloada-indevidamente-e-deve-receber-indenizacao-de-r-135-mil\/"},"modified":"2025-10-14T10:03:58","modified_gmt":"2025-10-14T13:03:58","slug":"homem-tem-moto-leiloada-indevidamente-e-deve-receber-indenizacao-de-r-135-mil","status":"publish","type":"page","link":"https:\/\/deputadotaveirajr.com.br\/index.php\/homem-tem-moto-leiloada-indevidamente-e-deve-receber-indenizacao-de-r-135-mil\/","title":{"rendered":"Homem tem moto leiloada indevidamente e deve receber indeniza\u00e7\u00e3o de R$ 13,5 mil"},"content":{"rendered":"<p><img decoding=\"async\" src=\"https:\/\/s2-g1.glbimg.com\/ewegdaDeryL1Pkf-ub8icdjSNp0=\/i.s3.glbimg.com\/v1\/AUTH_59edd422c0c84a879bd37670ae4f538a\/internal_photos\/bs\/2025\/j\/8\/8VBKyLQeAVByfaPZ4Xbw\/whatsapp-image-2025-08-19-at-10.29.02.jpeg\" \/><br \/>     Leil\u00f5es s\u00e3o realizados periodicamente pelo estado<br \/>\nDivulga\u00e7\u00e3o\/Detran-RN<br \/>\nO governo do Rio Grande do Norte foi condenado a pagar uma indeniza\u00e7\u00e3o de R$ 13.558,00 por danos materiais e morais ao propriet\u00e1rio de uma moto que foi leiloada indevidamente pelo estado.<br \/>\nA moto era avaliada em R$ 9,5 mil e estava apreendido por determina\u00e7\u00e3o judicial. Segundo a Justi\u00e7a do Rio Grande do Norte, o bem foi leiloado por um \u00f3rg\u00e3o estadual sem que fosse observada a situa\u00e7\u00e3o jur\u00eddica, pelo valor de R$ 2,2 mil.<br \/>\n\ud83d\udcf3 Clique aqui para seguir o canal do g1 RN no WhatsApp<br \/>\nA senten\u00e7a da ju\u00edza Josane Noronha, do Juizado da Fazenda P\u00fablica da Comarca de Maca\u00edba,  reconheceu a responsabilidade objetiva do Estado do Rio Grande do Norte no caso.<br \/>\nDe acordo com o processo, a moto modelo CG 150 Fan, foi apreendida em novembro de 2022 e foi liberada apenas ap\u00f3s a execu\u00e7\u00e3o de uma decis\u00e3o judicial, em maio do ano passado.<br \/>\nNo entando, antes mesmo de ser restitu\u00eddo ao dono, o ve\u00edculo foi colocado em leil\u00e3o p\u00fablico por R$ 2,2 mil &#8211; um valor considerado muito abaixo da avalia\u00e7\u00e3o de mercado.<br \/>\nVeja os v\u00eddeos que est\u00e3o em alta no g1<br \/>\nPara a Justi\u00e7a, no caso em quest\u00e3o, ficou demonstrado que o Estado do RN, por meio de seus \u00f3rg\u00e3os, n\u00e3o agiu corretamente ao autorizar o leil\u00e3o da moto que ainda estava vinculada ao processo judicial.<br \/>\nSegundo a decis\u00e3o, o autor dever\u00e1 receber indeniza\u00e7\u00e3o por danos materiais, no valor de R$ 9.558,00, e por danos morais, no valor de R$ 4 mil, levando em considera\u00e7\u00e3o o constrangimento e os preju\u00edzos ocasionados por causa da situa\u00e7\u00e3o. O valor dever\u00e1 ser atualizado com base na taxa Selic.<br \/>\nVeja os v\u00eddeos mais assistidos no g1 RN<\/p>","protected":false},"excerpt":{"rendered":"<p>Leil\u00f5es s\u00e3o realizados periodicamente pelo estado Divulga\u00e7\u00e3o\/Detran-RN O governo do Rio Grande do Norte foi condenado a pagar uma indeniza\u00e7\u00e3o de R$ 13.558,00 por danos materiais e morais ao propriet\u00e1rio &#8230;<\/p>\n","protected":false},"author":0,"featured_media":14267,"parent":0,"menu_order":0,"comment_status":"closed","ping_status":"closed","template":"","meta":{"footnotes":""},"class_list":["post-14266","page","type-page","status-publish","has-post-thumbnail","hentry"],"yoast_head":"<!-- This site is optimized with the Yoast SEO plugin v27.1.1 - https:\/\/yoast.com\/product\/yoast-seo-wordpress\/ -->\n<title>Homem tem moto leiloada indevidamente e deve receber indeniza\u00e7\u00e3o de R$ 13,5 mil - Taveira Jr<\/title>\n<meta name=\"robots\" content=\"index, follow, max-snippet:-1, max-image-preview:large, max-video-preview:-1\" \/>\n<link rel=\"canonical\" href=\"https:\/\/deputadotaveirajr.com.br\/index.php\/homem-tem-moto-leiloada-indevidamente-e-deve-receber-indenizacao-de-r-135-mil\/\" \/>\n<meta property=\"og:locale\" content=\"pt_BR\" \/>\n<meta property=\"og:type\" content=\"article\" \/>\n<meta property=\"og:title\" content=\"Homem tem moto leiloada indevidamente e deve receber indeniza\u00e7\u00e3o de R$ 13,5 mil - Taveira Jr\" \/>\n<meta property=\"og:description\" content=\"Leil\u00f5es s\u00e3o realizados periodicamente pelo estado Divulga\u00e7\u00e3o\/Detran-RN O governo do Rio Grande do Norte foi condenado a pagar uma indeniza\u00e7\u00e3o de R$ 13.558,00 por danos materiais e morais ao propriet\u00e1rio ...\" \/>\n<meta property=\"og:url\" content=\"https:\/\/deputadotaveirajr.com.br\/index.php\/homem-tem-moto-leiloada-indevidamente-e-deve-receber-indenizacao-de-r-135-mil\/\" \/>\n<meta property=\"og:site_name\" content=\"Taveira Jr\" \/>\n<meta property=\"og:image\" content=\"https:\/\/s2-g1.glbimg.com\/ewegdaDeryL1Pkf-ub8icdjSNp0=\/i.s3.glbimg.com\/v1\/AUTH_59edd422c0c84a879bd37670ae4f538a\/internal_photos\/bs\/2025\/j\/8\/8VBKyLQeAVByfaPZ4Xbw\/whatsapp-image-2025-08-19-at-10.29.02.jpeg\" \/>\n<meta name=\"twitter:card\" content=\"summary_large_image\" \/>\n<meta name=\"twitter:label1\" content=\"Est. tempo de leitura\" \/>\n\t<meta name=\"twitter:data1\" content=\"2 minutos\" \/>\n<script type=\"application\/ld+json\" class=\"yoast-schema-graph\">{\"@context\":\"https:\/\/schema.org\",\"@graph\":[{\"@type\":\"WebPage\",\"@id\":\"https:\/\/deputadotaveirajr.com.br\/index.php\/homem-tem-moto-leiloada-indevidamente-e-deve-receber-indenizacao-de-r-135-mil\/\",\"url\":\"https:\/\/deputadotaveirajr.com.br\/index.php\/homem-tem-moto-leiloada-indevidamente-e-deve-receber-indenizacao-de-r-135-mil\/\",\"name\":\"Homem tem moto leiloada indevidamente e deve receber indeniza\u00e7\u00e3o de R$ 13,5 mil - Taveira Jr\",\"isPartOf\":{\"@id\":\"https:\/\/deputadotaveirajr.com.br\/#website\"},\"primaryImageOfPage\":{\"@id\":\"https:\/\/deputadotaveirajr.com.br\/index.php\/homem-tem-moto-leiloada-indevidamente-e-deve-receber-indenizacao-de-r-135-mil\/#primaryimage\"},\"image\":{\"@id\":\"https:\/\/deputadotaveirajr.com.br\/index.php\/homem-tem-moto-leiloada-indevidamente-e-deve-receber-indenizacao-de-r-135-mil\/#primaryimage\"},\"thumbnailUrl\":\"https:\/\/deputadotaveirajr.com.br\/wp-content\/uploads\/2025\/10\/whatsapp-image-2025-08-19-at-10.29.02-KdNwgs.jpg\",\"datePublished\":\"2025-10-14T13:03:58+00:00\",\"breadcrumb\":{\"@id\":\"https:\/\/deputadotaveirajr.com.br\/index.php\/homem-tem-moto-leiloada-indevidamente-e-deve-receber-indenizacao-de-r-135-mil\/#breadcrumb\"},\"inLanguage\":\"pt-BR\",\"potentialAction\":[{\"@type\":\"ReadAction\",\"target\":[\"https:\/\/deputadotaveirajr.com.br\/index.php\/homem-tem-moto-leiloada-indevidamente-e-deve-receber-indenizacao-de-r-135-mil\/\"]}]},{\"@type\":\"ImageObject\",\"inLanguage\":\"pt-BR\",\"@id\":\"https:\/\/deputadotaveirajr.com.br\/index.php\/homem-tem-moto-leiloada-indevidamente-e-deve-receber-indenizacao-de-r-135-mil\/#primaryimage\",\"url\":\"https:\/\/deputadotaveirajr.com.br\/wp-content\/uploads\/2025\/10\/whatsapp-image-2025-08-19-at-10.29.02-KdNwgs.jpg\",\"contentUrl\":\"https:\/\/deputadotaveirajr.com.br\/wp-content\/uploads\/2025\/10\/whatsapp-image-2025-08-19-at-10.29.02-KdNwgs.jpg\",\"width\":1280,\"height\":854},{\"@type\":\"BreadcrumbList\",\"@id\":\"https:\/\/deputadotaveirajr.com.br\/index.php\/homem-tem-moto-leiloada-indevidamente-e-deve-receber-indenizacao-de-r-135-mil\/#breadcrumb\",\"itemListElement\":[{\"@type\":\"ListItem\",\"position\":1,\"name\":\"In\u00edcio\",\"item\":\"https:\/\/deputadotaveirajr.com.br\/\"},{\"@type\":\"ListItem\",\"position\":2,\"name\":\"Homem tem moto leiloada indevidamente e deve receber indeniza\u00e7\u00e3o de R$ 13,5 mil\"}]},{\"@type\":\"WebSite\",\"@id\":\"https:\/\/deputadotaveirajr.com.br\/#website\",\"url\":\"https:\/\/deputadotaveirajr.com.br\/\",\"name\":\"Taveira Jr\",\"description\":\"Deputado Estadual\",\"publisher\":{\"@id\":\"https:\/\/deputadotaveirajr.com.br\/#organization\"},\"potentialAction\":[{\"@type\":\"SearchAction\",\"target\":{\"@type\":\"EntryPoint\",\"urlTemplate\":\"https:\/\/deputadotaveirajr.com.br\/?s={search_term_string}\"},\"query-input\":{\"@type\":\"PropertyValueSpecification\",\"valueRequired\":true,\"valueName\":\"search_term_string\"}}],\"inLanguage\":\"pt-BR\"},{\"@type\":\"Organization\",\"@id\":\"https:\/\/deputadotaveirajr.com.br\/#organization\",\"name\":\"Taveira Jr\",\"url\":\"https:\/\/deputadotaveirajr.com.br\/\",\"logo\":{\"@type\":\"ImageObject\",\"inLanguage\":\"pt-BR\",\"@id\":\"https:\/\/deputadotaveirajr.com.br\/#\/schema\/logo\/image\/\",\"url\":\"https:\/\/deputadotaveirajr.com.br\/wp-content\/uploads\/2026\/01\/logolow2a.png\",\"contentUrl\":\"https:\/\/deputadotaveirajr.com.br\/wp-content\/uploads\/2026\/01\/logolow2a.png\",\"width\":290,\"height\":80,\"caption\":\"Taveira Jr\"},\"image\":{\"@id\":\"https:\/\/deputadotaveirajr.com.br\/#\/schema\/logo\/image\/\"}}]}<\/script>\n<!-- \/ Yoast SEO plugin. -->","yoast_head_json":{"title":"Homem tem moto leiloada indevidamente e deve receber indeniza\u00e7\u00e3o de R$ 13,5 mil - Taveira Jr","robots":{"index":"index","follow":"follow","max-snippet":"max-snippet:-1","max-image-preview":"max-image-preview:large","max-video-preview":"max-video-preview:-1"},"canonical":"https:\/\/deputadotaveirajr.com.br\/index.php\/homem-tem-moto-leiloada-indevidamente-e-deve-receber-indenizacao-de-r-135-mil\/","og_locale":"pt_BR","og_type":"article","og_title":"Homem tem moto leiloada indevidamente e deve receber indeniza\u00e7\u00e3o de R$ 13,5 mil - Taveira Jr","og_description":"Leil\u00f5es s\u00e3o realizados periodicamente pelo estado Divulga\u00e7\u00e3o\/Detran-RN O governo do Rio Grande do Norte foi condenado a pagar uma indeniza\u00e7\u00e3o de R$ 13.558,00 por danos materiais e morais ao propriet\u00e1rio ...","og_url":"https:\/\/deputadotaveirajr.com.br\/index.php\/homem-tem-moto-leiloada-indevidamente-e-deve-receber-indenizacao-de-r-135-mil\/","og_site_name":"Taveira Jr","og_image":[{"url":"https:\/\/s2-g1.glbimg.com\/ewegdaDeryL1Pkf-ub8icdjSNp0=\/i.s3.glbimg.com\/v1\/AUTH_59edd422c0c84a879bd37670ae4f538a\/internal_photos\/bs\/2025\/j\/8\/8VBKyLQeAVByfaPZ4Xbw\/whatsapp-image-2025-08-19-at-10.29.02.jpeg","type":"","width":"","height":""}],"twitter_card":"summary_large_image","twitter_misc":{"Est. tempo de leitura":"2 minutos"},"schema":{"@context":"https:\/\/schema.org","@graph":[{"@type":"WebPage","@id":"https:\/\/deputadotaveirajr.com.br\/index.php\/homem-tem-moto-leiloada-indevidamente-e-deve-receber-indenizacao-de-r-135-mil\/","url":"https:\/\/deputadotaveirajr.com.br\/index.php\/homem-tem-moto-leiloada-indevidamente-e-deve-receber-indenizacao-de-r-135-mil\/","name":"Homem tem moto leiloada indevidamente e deve receber indeniza\u00e7\u00e3o de R$ 13,5 mil - Taveira Jr","isPartOf":{"@id":"https:\/\/deputadotaveirajr.com.br\/#website"},"primaryImageOfPage":{"@id":"https:\/\/deputadotaveirajr.com.br\/index.php\/homem-tem-moto-leiloada-indevidamente-e-deve-receber-indenizacao-de-r-135-mil\/#primaryimage"},"image":{"@id":"https:\/\/deputadotaveirajr.com.br\/index.php\/homem-tem-moto-leiloada-indevidamente-e-deve-receber-indenizacao-de-r-135-mil\/#primaryimage"},"thumbnailUrl":"https:\/\/deputadotaveirajr.com.br\/wp-content\/uploads\/2025\/10\/whatsapp-image-2025-08-19-at-10.29.02-KdNwgs.jpg","datePublished":"2025-10-14T13:03:58+00:00","breadcrumb":{"@id":"https:\/\/deputadotaveirajr.com.br\/index.php\/homem-tem-moto-leiloada-indevidamente-e-deve-receber-indenizacao-de-r-135-mil\/#breadcrumb"},"inLanguage":"pt-BR","potentialAction":[{"@type":"ReadAction","target":["https:\/\/deputadotaveirajr.com.br\/index.php\/homem-tem-moto-leiloada-indevidamente-e-deve-receber-indenizacao-de-r-135-mil\/"]}]},{"@type":"ImageObject","inLanguage":"pt-BR","@id":"https:\/\/deputadotaveirajr.com.br\/index.php\/homem-tem-moto-leiloada-indevidamente-e-deve-receber-indenizacao-de-r-135-mil\/#primaryimage","url":"https:\/\/deputadotaveirajr.com.br\/wp-content\/uploads\/2025\/10\/whatsapp-image-2025-08-19-at-10.29.02-KdNwgs.jpg","contentUrl":"https:\/\/deputadotaveirajr.com.br\/wp-content\/uploads\/2025\/10\/whatsapp-image-2025-08-19-at-10.29.02-KdNwgs.jpg","width":1280,"height":854},{"@type":"BreadcrumbList","@id":"https:\/\/deputadotaveirajr.com.br\/index.php\/homem-tem-moto-leiloada-indevidamente-e-deve-receber-indenizacao-de-r-135-mil\/#breadcrumb","itemListElement":[{"@type":"ListItem","position":1,"name":"In\u00edcio","item":"https:\/\/deputadotaveirajr.com.br\/"},{"@type":"ListItem","position":2,"name":"Homem tem moto leiloada indevidamente e deve receber indeniza\u00e7\u00e3o de R$ 13,5 mil"}]},{"@type":"WebSite","@id":"https:\/\/deputadotaveirajr.com.br\/#website","url":"https:\/\/deputadotaveirajr.com.br\/","name":"Taveira Jr","description":"Deputado Estadual","publisher":{"@id":"https:\/\/deputadotaveirajr.com.br\/#organization"},"potentialAction":[{"@type":"SearchAction","target":{"@type":"EntryPoint","urlTemplate":"https:\/\/deputadotaveirajr.com.br\/?s={search_term_string}"},"query-input":{"@type":"PropertyValueSpecification","valueRequired":true,"valueName":"search_term_string"}}],"inLanguage":"pt-BR"},{"@type":"Organization","@id":"https:\/\/deputadotaveirajr.com.br\/#organization","name":"Taveira Jr","url":"https:\/\/deputadotaveirajr.com.br\/","logo":{"@type":"ImageObject","inLanguage":"pt-BR","@id":"https:\/\/deputadotaveirajr.com.br\/#\/schema\/logo\/image\/","url":"https:\/\/deputadotaveirajr.com.br\/wp-content\/uploads\/2026\/01\/logolow2a.png","contentUrl":"https:\/\/deputadotaveirajr.com.br\/wp-content\/uploads\/2026\/01\/logolow2a.png","width":290,"height":80,"caption":"Taveira Jr"},"image":{"@id":"https:\/\/deputadotaveirajr.com.br\/#\/schema\/logo\/image\/"}}]}},"_links":{"self":[{"href":"https:\/\/deputadotaveirajr.com.br\/index.php\/wp-json\/wp\/v2\/pages\/14266","targetHints":{"allow":["GET"]}}],"collection":[{"href":"https:\/\/deputadotaveirajr.com.br\/index.php\/wp-json\/wp\/v2\/pages"}],"about":[{"href":"https:\/\/deputadotaveirajr.com.br\/index.php\/wp-json\/wp\/v2\/types\/page"}],"replies":[{"embeddable":true,"href":"https:\/\/deputadotaveirajr.com.br\/index.php\/wp-json\/wp\/v2\/comments?post=14266"}],"version-history":[{"count":0,"href":"https:\/\/deputadotaveirajr.com.br\/index.php\/wp-json\/wp\/v2\/pages\/14266\/revisions"}],"wp:featuredmedia":[{"embeddable":true,"href":"https:\/\/deputadotaveirajr.com.br\/index.php\/wp-json\/wp\/v2\/media\/14267"}],"wp:attachment":[{"href":"https:\/\/deputadotaveirajr.com.br\/index.php\/wp-json\/wp\/v2\/media?parent=14266"}],"curies":[{"name":"wp","href":"https:\/\/api.w.org\/{rel}","templated":true}]}}