{"id":14316,"date":"2025-10-18T11:01:07","date_gmt":"2025-10-18T14:01:07","guid":{"rendered":"https:\/\/deputadotaveirajr.com.br\/index.php\/crianca-viraliza-ao-fazer-parto-cesarea-em-ovos-e-ajudar-pintinhos-a-nascerem-no-rn\/"},"modified":"2025-10-18T11:01:07","modified_gmt":"2025-10-18T14:01:07","slug":"crianca-viraliza-ao-fazer-parto-cesarea-em-ovos-e-ajudar-pintinhos-a-nascerem-no-rn","status":"publish","type":"page","link":"https:\/\/deputadotaveirajr.com.br\/index.php\/crianca-viraliza-ao-fazer-parto-cesarea-em-ovos-e-ajudar-pintinhos-a-nascerem-no-rn\/","title":{"rendered":"Crian\u00e7a viraliza ao fazer &#8216;parto ces\u00e1rea&#8217; em ovos e ajudar pintinhos a nascerem no RN"},"content":{"rendered":"<p><img decoding=\"async\" src=\"https:\/\/s2-g1.glbimg.com\/h2xNSYGBKqqg1U6R6c2ossC1lCk=\/i.s3.glbimg.com\/v1\/AUTH_59edd422c0c84a879bd37670ae4f538a\/internal_photos\/bs\/2025\/j\/9\/UGcfUXTNqZkfUBNrROxA\/sofhya-materia.jpg\" \/><br \/>     Crian\u00e7a viraliza ao fazer &#8216;parto ces\u00e1rea&#8217; em ovos e ajudar pintinhos a nascerem no RN<br \/>\nBer\u00e7\u00e1rio pronto, m\u00e3os esterilizadas com \u00e1lcool, ultrassom e, em seguida, a &#8216;ces\u00e1rea&#8217;. A imagem que pode vir \u00e0 mente \u00e9 de um parto de um beb\u00ea em uma maternidade, mas o procedimento \u00e9 para o nascimento de um pintinho no galinheiro de um s\u00edtio na zona rural de Cara\u00fabas, na regi\u00e3o Oeste do Rio Grande do Norte.<br \/>\nA pequena Sofhya de Moura, mais conhecida como Sofhya Vaqueira, de 7 anos, viralizou na internet ao mostrar os &#8220;partos&#8221; de pintinhos. Ela abre ovos que j\u00e1 passaram do prazo de eclos\u00e3o a fim de ajudar os bichos que n\u00e3o conseguiram quebrar a casca.<br \/>\n\ud83d\udcf3 Clique aqui para seguir o canal do g1 RN no WhatsApp<br \/>\nO ber\u00e7\u00e1rio \u00e9 um balde com terra e um pano limpinho, o exame de som consiste em aproximar o ovo da orelha e identificar onde est\u00e1 o bico da ave. Por fim, a cirurgia envolve quebrar a casca com cuidado e ajudar o pintinho a sair do ovo.<br \/>\nSofhya viralizou na internet ao fazer &#8216;parto&#8217; de pintos em s\u00edtio do RN<br \/>\nArquivo pessoal\/Cedidas<br \/>\nO manejo aprendido com os pais produtores rurais foi registrado em alguns v\u00eddeos da menina no perfil que ela mant\u00e9m nas redes sociais. Um deles viralizou e alcan\u00e7ou mais de 3,7 milh\u00f5es de visualiza\u00e7\u00f5es.<br \/>\nO cuidado com os animais recebeu elogios nas redes sociais, com internautas apontando que Sofhya teria voca\u00e7\u00e3o para a Medicina Veterin\u00e1ria. A crian\u00e7a confirma o amor pelos animais, mas tem outros planos para o futuro al\u00e9m da veterin\u00e1ria.<br \/>\n&#8220;Eu amo os animais. Eu quero ser veterin\u00e1ria, professora e correr vaquejada. Eu aprendi isso com meu pai, minha m\u00e3e e minha av\u00f3 e hoje sou em quem faz (os partos)&#8221;, diz.<br \/>\nSofhya tem cerca de 990 mil seguidores no seu perfil no instagram, aberto ainda durante a pandemia e administrado pela m\u00e3e, a agricultora e pedagoga Vanessa de Moura.<br \/>\nRedes sociais como terapia para o autismo<br \/>\nVanessa conta que resolveu usar as redes sociais para incentivar a filha, que tinha atrasos na fala e foi diagnosticada com autismo de suporte n\u00edvel 3 aos 2 anos e 11 meses.<br \/>\n\u201cA gente iniciou nas redes sociais como uma forma de ajudar ela na fala, que era bem prejudicada na \u00e9poca\u201d, conta Vanessa. \u201cAs grava\u00e7\u00f5es come\u00e7aram como um momento de divers\u00e3o, mas tamb\u00e9m de aprendizado. Quando ela cozinha, por exemplo, trabalha concentra\u00e7\u00e3o, quantidade, coordena\u00e7\u00e3o. Foi um complemento importante\u201d, explica.<br \/>\nSofhya mostra rotina do s\u00edtio da fam\u00edlia na internet<br \/>\nArquivo pessoal\/cedidas<br \/>\nCom o tempo, a evolu\u00e7\u00e3o de Sofia passou a inspirar outras fam\u00edlias. \u201cHoje, muitas pessoas chegam dizendo que ela nem parece autista. Mas n\u00e3o \u00e9 sobre parecer ou n\u00e3o\u201d, afirma Vanessa.<br \/>\nAs redes sociais s\u00e3o um complemento ao tratamento. Sofhya vai \u00e0 escola, na cidade de Cara\u00fabas e faz terapias semanalmente. M\u00e3e e filha chegam a sair de manh\u00e3 de casa e s\u00f3 voltar \u00e0 noite, em alguns dias.<br \/>\nO pai e a irm\u00e3 mais velha, de 16 anos, tamb\u00e9m participam dos v\u00eddeos da crian\u00e7a, que ainda contam com receitas e outras atividades do cotidiano da ro\u00e7a.<br \/>\nA m\u00e3e explica que a fam\u00edlia n\u00e3o tem renda garantida pelos v\u00eddeos, mas ganhou um grande presente do cantor J\u00fanior Vianna, de quem Sophya \u00e9 f\u00e3. Ele realizou a reforma da casa da fam\u00edlia, na comunidade Baixa do Meio, localizada h\u00e1 cerca de 15 km da cidade.<br \/>\n&#8220;A gente vai permanecer nas redes sociais, mas sempre priorizando os estudos, que \u00e9 o mais importante, a inf\u00e2ncia, o lazer, o descanso. Sempre tem essas prioridades. E as redes sociais entram como um momento de divers\u00e3o na nossa vida&#8221;, diz a m\u00e3e.<br \/>\nVeja os v\u00eddeos mais assistidos no g1 RN<\/p>","protected":false},"excerpt":{"rendered":"<p>Crian\u00e7a viraliza ao fazer &#8216;parto ces\u00e1rea&#8217; em ovos e ajudar pintinhos a nascerem no RN Ber\u00e7\u00e1rio pronto, m\u00e3os esterilizadas com \u00e1lcool, ultrassom e, em seguida, a &#8216;ces\u00e1rea&#8217;. A imagem que &#8230;<\/p>\n","protected":false},"author":0,"featured_media":14317,"parent":0,"menu_order":0,"comment_status":"closed","ping_status":"closed","template":"","meta":{"footnotes":""},"class_list":["post-14316","page","type-page","status-publish","has-post-thumbnail","hentry"],"yoast_head":"<!-- This site is optimized with the Yoast SEO plugin v27.1.1 - https:\/\/yoast.com\/product\/yoast-seo-wordpress\/ -->\n<title>Crian\u00e7a viraliza ao fazer &#039;parto ces\u00e1rea&#039; em ovos e ajudar pintinhos a nascerem no RN - Taveira Jr<\/title>\n<meta name=\"robots\" content=\"index, follow, max-snippet:-1, max-image-preview:large, max-video-preview:-1\" \/>\n<link rel=\"canonical\" href=\"https:\/\/deputadotaveirajr.com.br\/index.php\/crianca-viraliza-ao-fazer-parto-cesarea-em-ovos-e-ajudar-pintinhos-a-nascerem-no-rn\/\" \/>\n<meta property=\"og:locale\" content=\"pt_BR\" \/>\n<meta property=\"og:type\" content=\"article\" \/>\n<meta property=\"og:title\" content=\"Crian\u00e7a viraliza ao fazer &#039;parto ces\u00e1rea&#039; em ovos e ajudar pintinhos a nascerem no RN - Taveira Jr\" \/>\n<meta property=\"og:description\" content=\"Crian\u00e7a viraliza ao fazer &#8216;parto ces\u00e1rea&#8217; em ovos e ajudar pintinhos a nascerem no RN Ber\u00e7\u00e1rio pronto, m\u00e3os esterilizadas com \u00e1lcool, ultrassom e, em seguida, a &#8216;ces\u00e1rea&#8217;. A imagem que ...\" \/>\n<meta property=\"og:url\" content=\"https:\/\/deputadotaveirajr.com.br\/index.php\/crianca-viraliza-ao-fazer-parto-cesarea-em-ovos-e-ajudar-pintinhos-a-nascerem-no-rn\/\" \/>\n<meta property=\"og:site_name\" content=\"Taveira Jr\" \/>\n<meta property=\"og:image\" content=\"https:\/\/s2-g1.glbimg.com\/h2xNSYGBKqqg1U6R6c2ossC1lCk=\/i.s3.glbimg.com\/v1\/AUTH_59edd422c0c84a879bd37670ae4f538a\/internal_photos\/bs\/2025\/j\/9\/UGcfUXTNqZkfUBNrROxA\/sofhya-materia.jpg\" \/>\n<meta name=\"twitter:card\" content=\"summary_large_image\" \/>\n<meta name=\"twitter:label1\" content=\"Est. tempo de leitura\" \/>\n\t<meta name=\"twitter:data1\" content=\"3 minutos\" \/>\n<script type=\"application\/ld+json\" class=\"yoast-schema-graph\">{\"@context\":\"https:\/\/schema.org\",\"@graph\":[{\"@type\":\"WebPage\",\"@id\":\"https:\/\/deputadotaveirajr.com.br\/index.php\/crianca-viraliza-ao-fazer-parto-cesarea-em-ovos-e-ajudar-pintinhos-a-nascerem-no-rn\/\",\"url\":\"https:\/\/deputadotaveirajr.com.br\/index.php\/crianca-viraliza-ao-fazer-parto-cesarea-em-ovos-e-ajudar-pintinhos-a-nascerem-no-rn\/\",\"name\":\"Crian\u00e7a viraliza ao fazer 'parto ces\u00e1rea' em ovos e ajudar pintinhos a nascerem no RN - Taveira Jr\",\"isPartOf\":{\"@id\":\"https:\/\/deputadotaveirajr.com.br\/#website\"},\"primaryImageOfPage\":{\"@id\":\"https:\/\/deputadotaveirajr.com.br\/index.php\/crianca-viraliza-ao-fazer-parto-cesarea-em-ovos-e-ajudar-pintinhos-a-nascerem-no-rn\/#primaryimage\"},\"image\":{\"@id\":\"https:\/\/deputadotaveirajr.com.br\/index.php\/crianca-viraliza-ao-fazer-parto-cesarea-em-ovos-e-ajudar-pintinhos-a-nascerem-no-rn\/#primaryimage\"},\"thumbnailUrl\":\"https:\/\/deputadotaveirajr.com.br\/wp-content\/uploads\/2025\/10\/sofhya-materia-72V5EQ.jpg\",\"datePublished\":\"2025-10-18T14:01:07+00:00\",\"breadcrumb\":{\"@id\":\"https:\/\/deputadotaveirajr.com.br\/index.php\/crianca-viraliza-ao-fazer-parto-cesarea-em-ovos-e-ajudar-pintinhos-a-nascerem-no-rn\/#breadcrumb\"},\"inLanguage\":\"pt-BR\",\"potentialAction\":[{\"@type\":\"ReadAction\",\"target\":[\"https:\/\/deputadotaveirajr.com.br\/index.php\/crianca-viraliza-ao-fazer-parto-cesarea-em-ovos-e-ajudar-pintinhos-a-nascerem-no-rn\/\"]}]},{\"@type\":\"ImageObject\",\"inLanguage\":\"pt-BR\",\"@id\":\"https:\/\/deputadotaveirajr.com.br\/index.php\/crianca-viraliza-ao-fazer-parto-cesarea-em-ovos-e-ajudar-pintinhos-a-nascerem-no-rn\/#primaryimage\",\"url\":\"https:\/\/deputadotaveirajr.com.br\/wp-content\/uploads\/2025\/10\/sofhya-materia-72V5EQ.jpg\",\"contentUrl\":\"https:\/\/deputadotaveirajr.com.br\/wp-content\/uploads\/2025\/10\/sofhya-materia-72V5EQ.jpg\",\"width\":1400,\"height\":799},{\"@type\":\"BreadcrumbList\",\"@id\":\"https:\/\/deputadotaveirajr.com.br\/index.php\/crianca-viraliza-ao-fazer-parto-cesarea-em-ovos-e-ajudar-pintinhos-a-nascerem-no-rn\/#breadcrumb\",\"itemListElement\":[{\"@type\":\"ListItem\",\"position\":1,\"name\":\"In\u00edcio\",\"item\":\"https:\/\/deputadotaveirajr.com.br\/\"},{\"@type\":\"ListItem\",\"position\":2,\"name\":\"Crian\u00e7a viraliza ao fazer &#8216;parto ces\u00e1rea&#8217; em ovos e ajudar pintinhos a nascerem no RN\"}]},{\"@type\":\"WebSite\",\"@id\":\"https:\/\/deputadotaveirajr.com.br\/#website\",\"url\":\"https:\/\/deputadotaveirajr.com.br\/\",\"name\":\"Taveira Jr\",\"description\":\"Deputado Estadual\",\"publisher\":{\"@id\":\"https:\/\/deputadotaveirajr.com.br\/#organization\"},\"potentialAction\":[{\"@type\":\"SearchAction\",\"target\":{\"@type\":\"EntryPoint\",\"urlTemplate\":\"https:\/\/deputadotaveirajr.com.br\/?s={search_term_string}\"},\"query-input\":{\"@type\":\"PropertyValueSpecification\",\"valueRequired\":true,\"valueName\":\"search_term_string\"}}],\"inLanguage\":\"pt-BR\"},{\"@type\":\"Organization\",\"@id\":\"https:\/\/deputadotaveirajr.com.br\/#organization\",\"name\":\"Taveira Jr\",\"url\":\"https:\/\/deputadotaveirajr.com.br\/\",\"logo\":{\"@type\":\"ImageObject\",\"inLanguage\":\"pt-BR\",\"@id\":\"https:\/\/deputadotaveirajr.com.br\/#\/schema\/logo\/image\/\",\"url\":\"https:\/\/deputadotaveirajr.com.br\/wp-content\/uploads\/2026\/01\/logolow2a.png\",\"contentUrl\":\"https:\/\/deputadotaveirajr.com.br\/wp-content\/uploads\/2026\/01\/logolow2a.png\",\"width\":290,\"height\":80,\"caption\":\"Taveira Jr\"},\"image\":{\"@id\":\"https:\/\/deputadotaveirajr.com.br\/#\/schema\/logo\/image\/\"}}]}<\/script>\n<!-- \/ Yoast SEO plugin. -->","yoast_head_json":{"title":"Crian\u00e7a viraliza ao fazer 'parto ces\u00e1rea' em ovos e ajudar pintinhos a nascerem no RN - Taveira Jr","robots":{"index":"index","follow":"follow","max-snippet":"max-snippet:-1","max-image-preview":"max-image-preview:large","max-video-preview":"max-video-preview:-1"},"canonical":"https:\/\/deputadotaveirajr.com.br\/index.php\/crianca-viraliza-ao-fazer-parto-cesarea-em-ovos-e-ajudar-pintinhos-a-nascerem-no-rn\/","og_locale":"pt_BR","og_type":"article","og_title":"Crian\u00e7a viraliza ao fazer 'parto ces\u00e1rea' em ovos e ajudar pintinhos a nascerem no RN - Taveira Jr","og_description":"Crian\u00e7a viraliza ao fazer &#8216;parto ces\u00e1rea&#8217; em ovos e ajudar pintinhos a nascerem no RN Ber\u00e7\u00e1rio pronto, m\u00e3os esterilizadas com \u00e1lcool, ultrassom e, em seguida, a &#8216;ces\u00e1rea&#8217;. A imagem que ...","og_url":"https:\/\/deputadotaveirajr.com.br\/index.php\/crianca-viraliza-ao-fazer-parto-cesarea-em-ovos-e-ajudar-pintinhos-a-nascerem-no-rn\/","og_site_name":"Taveira Jr","og_image":[{"url":"https:\/\/s2-g1.glbimg.com\/h2xNSYGBKqqg1U6R6c2ossC1lCk=\/i.s3.glbimg.com\/v1\/AUTH_59edd422c0c84a879bd37670ae4f538a\/internal_photos\/bs\/2025\/j\/9\/UGcfUXTNqZkfUBNrROxA\/sofhya-materia.jpg","type":"","width":"","height":""}],"twitter_card":"summary_large_image","twitter_misc":{"Est. tempo de leitura":"3 minutos"},"schema":{"@context":"https:\/\/schema.org","@graph":[{"@type":"WebPage","@id":"https:\/\/deputadotaveirajr.com.br\/index.php\/crianca-viraliza-ao-fazer-parto-cesarea-em-ovos-e-ajudar-pintinhos-a-nascerem-no-rn\/","url":"https:\/\/deputadotaveirajr.com.br\/index.php\/crianca-viraliza-ao-fazer-parto-cesarea-em-ovos-e-ajudar-pintinhos-a-nascerem-no-rn\/","name":"Crian\u00e7a viraliza ao fazer 'parto ces\u00e1rea' em ovos e ajudar pintinhos a nascerem no RN - Taveira Jr","isPartOf":{"@id":"https:\/\/deputadotaveirajr.com.br\/#website"},"primaryImageOfPage":{"@id":"https:\/\/deputadotaveirajr.com.br\/index.php\/crianca-viraliza-ao-fazer-parto-cesarea-em-ovos-e-ajudar-pintinhos-a-nascerem-no-rn\/#primaryimage"},"image":{"@id":"https:\/\/deputadotaveirajr.com.br\/index.php\/crianca-viraliza-ao-fazer-parto-cesarea-em-ovos-e-ajudar-pintinhos-a-nascerem-no-rn\/#primaryimage"},"thumbnailUrl":"https:\/\/deputadotaveirajr.com.br\/wp-content\/uploads\/2025\/10\/sofhya-materia-72V5EQ.jpg","datePublished":"2025-10-18T14:01:07+00:00","breadcrumb":{"@id":"https:\/\/deputadotaveirajr.com.br\/index.php\/crianca-viraliza-ao-fazer-parto-cesarea-em-ovos-e-ajudar-pintinhos-a-nascerem-no-rn\/#breadcrumb"},"inLanguage":"pt-BR","potentialAction":[{"@type":"ReadAction","target":["https:\/\/deputadotaveirajr.com.br\/index.php\/crianca-viraliza-ao-fazer-parto-cesarea-em-ovos-e-ajudar-pintinhos-a-nascerem-no-rn\/"]}]},{"@type":"ImageObject","inLanguage":"pt-BR","@id":"https:\/\/deputadotaveirajr.com.br\/index.php\/crianca-viraliza-ao-fazer-parto-cesarea-em-ovos-e-ajudar-pintinhos-a-nascerem-no-rn\/#primaryimage","url":"https:\/\/deputadotaveirajr.com.br\/wp-content\/uploads\/2025\/10\/sofhya-materia-72V5EQ.jpg","contentUrl":"https:\/\/deputadotaveirajr.com.br\/wp-content\/uploads\/2025\/10\/sofhya-materia-72V5EQ.jpg","width":1400,"height":799},{"@type":"BreadcrumbList","@id":"https:\/\/deputadotaveirajr.com.br\/index.php\/crianca-viraliza-ao-fazer-parto-cesarea-em-ovos-e-ajudar-pintinhos-a-nascerem-no-rn\/#breadcrumb","itemListElement":[{"@type":"ListItem","position":1,"name":"In\u00edcio","item":"https:\/\/deputadotaveirajr.com.br\/"},{"@type":"ListItem","position":2,"name":"Crian\u00e7a viraliza ao fazer &#8216;parto ces\u00e1rea&#8217; em ovos e ajudar pintinhos a nascerem no RN"}]},{"@type":"WebSite","@id":"https:\/\/deputadotaveirajr.com.br\/#website","url":"https:\/\/deputadotaveirajr.com.br\/","name":"Taveira Jr","description":"Deputado Estadual","publisher":{"@id":"https:\/\/deputadotaveirajr.com.br\/#organization"},"potentialAction":[{"@type":"SearchAction","target":{"@type":"EntryPoint","urlTemplate":"https:\/\/deputadotaveirajr.com.br\/?s={search_term_string}"},"query-input":{"@type":"PropertyValueSpecification","valueRequired":true,"valueName":"search_term_string"}}],"inLanguage":"pt-BR"},{"@type":"Organization","@id":"https:\/\/deputadotaveirajr.com.br\/#organization","name":"Taveira Jr","url":"https:\/\/deputadotaveirajr.com.br\/","logo":{"@type":"ImageObject","inLanguage":"pt-BR","@id":"https:\/\/deputadotaveirajr.com.br\/#\/schema\/logo\/image\/","url":"https:\/\/deputadotaveirajr.com.br\/wp-content\/uploads\/2026\/01\/logolow2a.png","contentUrl":"https:\/\/deputadotaveirajr.com.br\/wp-content\/uploads\/2026\/01\/logolow2a.png","width":290,"height":80,"caption":"Taveira Jr"},"image":{"@id":"https:\/\/deputadotaveirajr.com.br\/#\/schema\/logo\/image\/"}}]}},"_links":{"self":[{"href":"https:\/\/deputadotaveirajr.com.br\/index.php\/wp-json\/wp\/v2\/pages\/14316","targetHints":{"allow":["GET"]}}],"collection":[{"href":"https:\/\/deputadotaveirajr.com.br\/index.php\/wp-json\/wp\/v2\/pages"}],"about":[{"href":"https:\/\/deputadotaveirajr.com.br\/index.php\/wp-json\/wp\/v2\/types\/page"}],"replies":[{"embeddable":true,"href":"https:\/\/deputadotaveirajr.com.br\/index.php\/wp-json\/wp\/v2\/comments?post=14316"}],"version-history":[{"count":0,"href":"https:\/\/deputadotaveirajr.com.br\/index.php\/wp-json\/wp\/v2\/pages\/14316\/revisions"}],"wp:featuredmedia":[{"embeddable":true,"href":"https:\/\/deputadotaveirajr.com.br\/index.php\/wp-json\/wp\/v2\/media\/14317"}],"wp:attachment":[{"href":"https:\/\/deputadotaveirajr.com.br\/index.php\/wp-json\/wp\/v2\/media?parent=14316"}],"curies":[{"name":"wp","href":"https:\/\/api.w.org\/{rel}","templated":true}]}}