{"id":14334,"date":"2025-10-21T12:34:06","date_gmt":"2025-10-21T15:34:06","guid":{"rendered":"https:\/\/deputadotaveirajr.com.br\/index.php\/governo-autoriza-concurso-com-300-vagas-para-a-secretaria-de-administracao-penitenciaria-do-rn\/"},"modified":"2025-10-21T12:34:06","modified_gmt":"2025-10-21T15:34:06","slug":"governo-autoriza-concurso-com-300-vagas-para-a-secretaria-de-administracao-penitenciaria-do-rn","status":"publish","type":"page","link":"https:\/\/deputadotaveirajr.com.br\/index.php\/governo-autoriza-concurso-com-300-vagas-para-a-secretaria-de-administracao-penitenciaria-do-rn\/","title":{"rendered":"Governo autoriza concurso com 300 vagas para a Secretaria de Administra\u00e7\u00e3o Penitenci\u00e1ria do RN"},"content":{"rendered":"<p><img decoding=\"async\" src=\"https:\/\/s2-g1.glbimg.com\/68JgdYsCIQWy86PVGONia8CZoyw=\/i.s3.glbimg.com\/v1\/AUTH_59edd422c0c84a879bd37670ae4f538a\/internal_photos\/bs\/2024\/k\/x\/MK3INpQwWgKtWQVD8BVA\/policia-penal-seap.jpg\" \/><br \/>     Governo do RN autorizou concurso com 300 vagas para a Seap<br \/>\nKleber Teixeita\/Inter TV Cabugi<br \/>\nO governo do Rio Grande do Norte autorizou a realiza\u00e7\u00e3o de um concurso p\u00fablico com 300 vagas para a Secretaria Estadual de Administra\u00e7\u00e3o Penitenci\u00e1ria (Seap), nesta segunda-feira (20).<br \/>\nA expectativa do governo \u00e9 de que o edital seja lan\u00e7ado no primeiro semestre de 2026.<br \/>\n\ud83d\udcf3 Clique aqui para seguir o canal do g1 RN no WhatsApp<br \/>\nAs vagas previstas s\u00e3o:<br \/>\n200 para policiais penais<br \/>\n60 para especialistas em assist\u00eancia penitenci\u00e1ria<br \/>\n40 para cargos administrativos<br \/>\n&#8211; 9 para assistentes administrativos (qualquer forma\u00e7\u00e3o)<br \/>\n&#8211; 5 para administra\u00e7\u00e3o<br \/>\n&#8211; 1 para contabilidade<br \/>\n&#8211; 2 para Tecnologia da Informa\u00e7\u00e3o<br \/>\n&#8211; 3 para engenheiro<br \/>\n14 forma\u00e7\u00e3o n\u00edvel m\u00e9dio 3 contabilidade e 3 TI<br \/>\nA iniciativa atende a um Termo de Ajustamento de Conduta (TAC) firmado entre o estado e o Minist\u00e9rio P\u00fablico.<br \/>\nO secret\u00e1rio estadual de Administra\u00e7\u00e3o, Pedro Lopes, afirmou que o concurso ser\u00e1 o primeiro ap\u00f3s a Lei Complementar n\u00ba 793, que reestruturou o quadro de pessoal da pasta.<br \/>\n\u201cCom a autoriza\u00e7\u00e3o formalizada, os pr\u00f3ximos passos incluem a forma\u00e7\u00e3o da comiss\u00e3o organizadora e a contrata\u00e7\u00e3o da banca\u201d, disse.<br \/>\nNas redes sociais, o secret\u00e1rio apontou que previs\u00e3o \u00e9 de que a comiss\u00e3o seja institu\u00edda at\u00e9 a pr\u00f3xima semana, que a banca seja definida em janeiro de 2026 e o edital saia entre fevereiro e mar\u00e7o.<br \/>\nA autoriza\u00e7\u00e3o do concurso foi destaque na coluna pol\u00edtica do Bom Dia RN:<br \/>\nConfira as not\u00edcias da pol\u00edtica no RN<br \/>\nA nova legisla\u00e7\u00e3o criou 556 cargos efetivos de policial penal. Al\u00e9m disso, foram institu\u00eddos 60 cargos de Especialista em Assist\u00eancia Penitenci\u00e1ria, distribu\u00eddos entre assistentes sociais, psic\u00f3logos, terapeutas ocupacionais e m\u00e9dicos psiquiatras, voltados ao atendimento dos custodiados e \u00e0 promo\u00e7\u00e3o da reintegra\u00e7\u00e3o social.<br \/>\nA Lei Complementar tamb\u00e9m incorporou 40 cargos administrativos \u2014 20 de n\u00edvel m\u00e9dio e 20 de n\u00edvel superior \u2014 com fun\u00e7\u00f5es de suporte t\u00e9cnico, gest\u00e3o e infraestrutura.<br \/>\nTamb\u00e9m houve a cria\u00e7\u00e3o e transforma\u00e7\u00e3o de cargos comissionados estrat\u00e9gicos, incluindo diretores de estabelecimentos prisionais, chefias de seguran\u00e7a e coordena\u00e7\u00f5es operacionais.<br \/>\n\u201cCom o concurso, vamos reestruturar completamente a secretaria e ampliar o n\u00famero de cargos. Isso \u00e9 muito importante para fortalecer o sistema de seguran\u00e7a p\u00fablica do Rio Grande do Norte\u201d, disse o secret\u00e1rio estadual de Administra\u00e7\u00e3o Penitenci\u00e1ria, Helton Edi Xavier.<br \/>\nCargos<br \/>\nNas redes sociais, o secret\u00e1rio de Administra\u00e7\u00e3o, Pedro Lopes, detalhou que os candidatos aprovados no cadastro de reserva dos cargos administrativos tamb\u00e9m poder\u00e3o ser aproveitados por outras secretarias estaduais.<br \/>\n60 vagas de assistente penitenci\u00e1rio (n\u00edvel superior)<br \/>\n&#8211; 20 para assistente social<br \/>\n&#8211; 20 para psic\u00f3logo<br \/>\n&#8211; 14 para terapeuta ocupacional<br \/>\n&#8211; 6 para m\u00e9dico psiquiatra<br \/>\n40 para cargos administrativos (n\u00edvel m\u00e9dio e superior)<br \/>\nN\u00edvel superior<br \/>\n&#8211; 9 para assistentes administrativos (qualquer forma\u00e7\u00e3o)<br \/>\n&#8211; 5 para administra\u00e7\u00e3o<br \/>\n&#8211; 1 para contabilidade<br \/>\n&#8211; 2 para Tecnologia da Informa\u00e7\u00e3o<br \/>\n&#8211; 3 para engenheiro<br \/>\nN\u00edvel m\u00e9dio<br \/>\n&#8211; 14 para forma\u00e7\u00e3o geral<br \/>\n&#8211; 3 com especialidade em contabilidade<br \/>\n&#8211; 3 com especializa\u00e7\u00e3o em Tecnologia da Informa\u00e7\u00e3o<br \/>\nVeja os v\u00eddeos mais assistidos no g1 RN<\/p>","protected":false},"excerpt":{"rendered":"<p>Governo do RN autorizou concurso com 300 vagas para a Seap Kleber Teixeita\/Inter TV Cabugi O governo do Rio Grande do Norte autorizou a realiza\u00e7\u00e3o de um concurso p\u00fablico com &#8230;<\/p>\n","protected":false},"author":0,"featured_media":14335,"parent":0,"menu_order":0,"comment_status":"closed","ping_status":"closed","template":"","meta":{"footnotes":""},"class_list":["post-14334","page","type-page","status-publish","has-post-thumbnail","hentry"],"yoast_head":"<!-- This site is optimized with the Yoast SEO plugin v27.1.1 - https:\/\/yoast.com\/product\/yoast-seo-wordpress\/ -->\n<title>Governo autoriza concurso com 300 vagas para a Secretaria de Administra\u00e7\u00e3o Penitenci\u00e1ria do RN - Taveira Jr<\/title>\n<meta name=\"robots\" content=\"index, follow, max-snippet:-1, max-image-preview:large, max-video-preview:-1\" \/>\n<link rel=\"canonical\" href=\"https:\/\/deputadotaveirajr.com.br\/index.php\/governo-autoriza-concurso-com-300-vagas-para-a-secretaria-de-administracao-penitenciaria-do-rn\/\" \/>\n<meta property=\"og:locale\" content=\"pt_BR\" \/>\n<meta property=\"og:type\" content=\"article\" \/>\n<meta property=\"og:title\" content=\"Governo autoriza concurso com 300 vagas para a Secretaria de Administra\u00e7\u00e3o Penitenci\u00e1ria do RN - Taveira Jr\" \/>\n<meta property=\"og:description\" content=\"Governo do RN autorizou concurso com 300 vagas para a Seap Kleber Teixeita\/Inter TV Cabugi O governo do Rio Grande do Norte autorizou a realiza\u00e7\u00e3o de um concurso p\u00fablico com ...\" \/>\n<meta property=\"og:url\" content=\"https:\/\/deputadotaveirajr.com.br\/index.php\/governo-autoriza-concurso-com-300-vagas-para-a-secretaria-de-administracao-penitenciaria-do-rn\/\" \/>\n<meta property=\"og:site_name\" content=\"Taveira Jr\" \/>\n<meta property=\"og:image\" content=\"https:\/\/s2-g1.glbimg.com\/68JgdYsCIQWy86PVGONia8CZoyw=\/i.s3.glbimg.com\/v1\/AUTH_59edd422c0c84a879bd37670ae4f538a\/internal_photos\/bs\/2024\/k\/x\/MK3INpQwWgKtWQVD8BVA\/policia-penal-seap.jpg\" \/>\n<meta name=\"twitter:card\" content=\"summary_large_image\" \/>\n<meta name=\"twitter:label1\" content=\"Est. tempo de leitura\" \/>\n\t<meta name=\"twitter:data1\" content=\"3 minutos\" \/>\n<script type=\"application\/ld+json\" class=\"yoast-schema-graph\">{\"@context\":\"https:\/\/schema.org\",\"@graph\":[{\"@type\":\"WebPage\",\"@id\":\"https:\/\/deputadotaveirajr.com.br\/index.php\/governo-autoriza-concurso-com-300-vagas-para-a-secretaria-de-administracao-penitenciaria-do-rn\/\",\"url\":\"https:\/\/deputadotaveirajr.com.br\/index.php\/governo-autoriza-concurso-com-300-vagas-para-a-secretaria-de-administracao-penitenciaria-do-rn\/\",\"name\":\"Governo autoriza concurso com 300 vagas para a Secretaria de Administra\u00e7\u00e3o Penitenci\u00e1ria do RN - Taveira Jr\",\"isPartOf\":{\"@id\":\"https:\/\/deputadotaveirajr.com.br\/#website\"},\"primaryImageOfPage\":{\"@id\":\"https:\/\/deputadotaveirajr.com.br\/index.php\/governo-autoriza-concurso-com-300-vagas-para-a-secretaria-de-administracao-penitenciaria-do-rn\/#primaryimage\"},\"image\":{\"@id\":\"https:\/\/deputadotaveirajr.com.br\/index.php\/governo-autoriza-concurso-com-300-vagas-para-a-secretaria-de-administracao-penitenciaria-do-rn\/#primaryimage\"},\"thumbnailUrl\":\"https:\/\/deputadotaveirajr.com.br\/wp-content\/uploads\/2025\/10\/policia-penal-seap-ZOdOrQ.jpg\",\"datePublished\":\"2025-10-21T15:34:06+00:00\",\"breadcrumb\":{\"@id\":\"https:\/\/deputadotaveirajr.com.br\/index.php\/governo-autoriza-concurso-com-300-vagas-para-a-secretaria-de-administracao-penitenciaria-do-rn\/#breadcrumb\"},\"inLanguage\":\"pt-BR\",\"potentialAction\":[{\"@type\":\"ReadAction\",\"target\":[\"https:\/\/deputadotaveirajr.com.br\/index.php\/governo-autoriza-concurso-com-300-vagas-para-a-secretaria-de-administracao-penitenciaria-do-rn\/\"]}]},{\"@type\":\"ImageObject\",\"inLanguage\":\"pt-BR\",\"@id\":\"https:\/\/deputadotaveirajr.com.br\/index.php\/governo-autoriza-concurso-com-300-vagas-para-a-secretaria-de-administracao-penitenciaria-do-rn\/#primaryimage\",\"url\":\"https:\/\/deputadotaveirajr.com.br\/wp-content\/uploads\/2025\/10\/policia-penal-seap-ZOdOrQ.jpg\",\"contentUrl\":\"https:\/\/deputadotaveirajr.com.br\/wp-content\/uploads\/2025\/10\/policia-penal-seap-ZOdOrQ.jpg\",\"width\":1200,\"height\":813},{\"@type\":\"BreadcrumbList\",\"@id\":\"https:\/\/deputadotaveirajr.com.br\/index.php\/governo-autoriza-concurso-com-300-vagas-para-a-secretaria-de-administracao-penitenciaria-do-rn\/#breadcrumb\",\"itemListElement\":[{\"@type\":\"ListItem\",\"position\":1,\"name\":\"In\u00edcio\",\"item\":\"https:\/\/deputadotaveirajr.com.br\/\"},{\"@type\":\"ListItem\",\"position\":2,\"name\":\"Governo autoriza concurso com 300 vagas para a Secretaria de Administra\u00e7\u00e3o Penitenci\u00e1ria do RN\"}]},{\"@type\":\"WebSite\",\"@id\":\"https:\/\/deputadotaveirajr.com.br\/#website\",\"url\":\"https:\/\/deputadotaveirajr.com.br\/\",\"name\":\"Taveira Jr\",\"description\":\"Deputado Estadual\",\"publisher\":{\"@id\":\"https:\/\/deputadotaveirajr.com.br\/#organization\"},\"potentialAction\":[{\"@type\":\"SearchAction\",\"target\":{\"@type\":\"EntryPoint\",\"urlTemplate\":\"https:\/\/deputadotaveirajr.com.br\/?s={search_term_string}\"},\"query-input\":{\"@type\":\"PropertyValueSpecification\",\"valueRequired\":true,\"valueName\":\"search_term_string\"}}],\"inLanguage\":\"pt-BR\"},{\"@type\":\"Organization\",\"@id\":\"https:\/\/deputadotaveirajr.com.br\/#organization\",\"name\":\"Taveira Jr\",\"url\":\"https:\/\/deputadotaveirajr.com.br\/\",\"logo\":{\"@type\":\"ImageObject\",\"inLanguage\":\"pt-BR\",\"@id\":\"https:\/\/deputadotaveirajr.com.br\/#\/schema\/logo\/image\/\",\"url\":\"https:\/\/deputadotaveirajr.com.br\/wp-content\/uploads\/2026\/01\/logolow2a.png\",\"contentUrl\":\"https:\/\/deputadotaveirajr.com.br\/wp-content\/uploads\/2026\/01\/logolow2a.png\",\"width\":290,\"height\":80,\"caption\":\"Taveira Jr\"},\"image\":{\"@id\":\"https:\/\/deputadotaveirajr.com.br\/#\/schema\/logo\/image\/\"}}]}<\/script>\n<!-- \/ Yoast SEO plugin. -->","yoast_head_json":{"title":"Governo autoriza concurso com 300 vagas para a Secretaria de Administra\u00e7\u00e3o Penitenci\u00e1ria do RN - Taveira Jr","robots":{"index":"index","follow":"follow","max-snippet":"max-snippet:-1","max-image-preview":"max-image-preview:large","max-video-preview":"max-video-preview:-1"},"canonical":"https:\/\/deputadotaveirajr.com.br\/index.php\/governo-autoriza-concurso-com-300-vagas-para-a-secretaria-de-administracao-penitenciaria-do-rn\/","og_locale":"pt_BR","og_type":"article","og_title":"Governo autoriza concurso com 300 vagas para a Secretaria de Administra\u00e7\u00e3o Penitenci\u00e1ria do RN - Taveira Jr","og_description":"Governo do RN autorizou concurso com 300 vagas para a Seap Kleber Teixeita\/Inter TV Cabugi O governo do Rio Grande do Norte autorizou a realiza\u00e7\u00e3o de um concurso p\u00fablico com ...","og_url":"https:\/\/deputadotaveirajr.com.br\/index.php\/governo-autoriza-concurso-com-300-vagas-para-a-secretaria-de-administracao-penitenciaria-do-rn\/","og_site_name":"Taveira Jr","og_image":[{"url":"https:\/\/s2-g1.glbimg.com\/68JgdYsCIQWy86PVGONia8CZoyw=\/i.s3.glbimg.com\/v1\/AUTH_59edd422c0c84a879bd37670ae4f538a\/internal_photos\/bs\/2024\/k\/x\/MK3INpQwWgKtWQVD8BVA\/policia-penal-seap.jpg","type":"","width":"","height":""}],"twitter_card":"summary_large_image","twitter_misc":{"Est. tempo de leitura":"3 minutos"},"schema":{"@context":"https:\/\/schema.org","@graph":[{"@type":"WebPage","@id":"https:\/\/deputadotaveirajr.com.br\/index.php\/governo-autoriza-concurso-com-300-vagas-para-a-secretaria-de-administracao-penitenciaria-do-rn\/","url":"https:\/\/deputadotaveirajr.com.br\/index.php\/governo-autoriza-concurso-com-300-vagas-para-a-secretaria-de-administracao-penitenciaria-do-rn\/","name":"Governo autoriza concurso com 300 vagas para a Secretaria de Administra\u00e7\u00e3o Penitenci\u00e1ria do RN - Taveira Jr","isPartOf":{"@id":"https:\/\/deputadotaveirajr.com.br\/#website"},"primaryImageOfPage":{"@id":"https:\/\/deputadotaveirajr.com.br\/index.php\/governo-autoriza-concurso-com-300-vagas-para-a-secretaria-de-administracao-penitenciaria-do-rn\/#primaryimage"},"image":{"@id":"https:\/\/deputadotaveirajr.com.br\/index.php\/governo-autoriza-concurso-com-300-vagas-para-a-secretaria-de-administracao-penitenciaria-do-rn\/#primaryimage"},"thumbnailUrl":"https:\/\/deputadotaveirajr.com.br\/wp-content\/uploads\/2025\/10\/policia-penal-seap-ZOdOrQ.jpg","datePublished":"2025-10-21T15:34:06+00:00","breadcrumb":{"@id":"https:\/\/deputadotaveirajr.com.br\/index.php\/governo-autoriza-concurso-com-300-vagas-para-a-secretaria-de-administracao-penitenciaria-do-rn\/#breadcrumb"},"inLanguage":"pt-BR","potentialAction":[{"@type":"ReadAction","target":["https:\/\/deputadotaveirajr.com.br\/index.php\/governo-autoriza-concurso-com-300-vagas-para-a-secretaria-de-administracao-penitenciaria-do-rn\/"]}]},{"@type":"ImageObject","inLanguage":"pt-BR","@id":"https:\/\/deputadotaveirajr.com.br\/index.php\/governo-autoriza-concurso-com-300-vagas-para-a-secretaria-de-administracao-penitenciaria-do-rn\/#primaryimage","url":"https:\/\/deputadotaveirajr.com.br\/wp-content\/uploads\/2025\/10\/policia-penal-seap-ZOdOrQ.jpg","contentUrl":"https:\/\/deputadotaveirajr.com.br\/wp-content\/uploads\/2025\/10\/policia-penal-seap-ZOdOrQ.jpg","width":1200,"height":813},{"@type":"BreadcrumbList","@id":"https:\/\/deputadotaveirajr.com.br\/index.php\/governo-autoriza-concurso-com-300-vagas-para-a-secretaria-de-administracao-penitenciaria-do-rn\/#breadcrumb","itemListElement":[{"@type":"ListItem","position":1,"name":"In\u00edcio","item":"https:\/\/deputadotaveirajr.com.br\/"},{"@type":"ListItem","position":2,"name":"Governo autoriza concurso com 300 vagas para a Secretaria de Administra\u00e7\u00e3o Penitenci\u00e1ria do RN"}]},{"@type":"WebSite","@id":"https:\/\/deputadotaveirajr.com.br\/#website","url":"https:\/\/deputadotaveirajr.com.br\/","name":"Taveira Jr","description":"Deputado Estadual","publisher":{"@id":"https:\/\/deputadotaveirajr.com.br\/#organization"},"potentialAction":[{"@type":"SearchAction","target":{"@type":"EntryPoint","urlTemplate":"https:\/\/deputadotaveirajr.com.br\/?s={search_term_string}"},"query-input":{"@type":"PropertyValueSpecification","valueRequired":true,"valueName":"search_term_string"}}],"inLanguage":"pt-BR"},{"@type":"Organization","@id":"https:\/\/deputadotaveirajr.com.br\/#organization","name":"Taveira Jr","url":"https:\/\/deputadotaveirajr.com.br\/","logo":{"@type":"ImageObject","inLanguage":"pt-BR","@id":"https:\/\/deputadotaveirajr.com.br\/#\/schema\/logo\/image\/","url":"https:\/\/deputadotaveirajr.com.br\/wp-content\/uploads\/2026\/01\/logolow2a.png","contentUrl":"https:\/\/deputadotaveirajr.com.br\/wp-content\/uploads\/2026\/01\/logolow2a.png","width":290,"height":80,"caption":"Taveira Jr"},"image":{"@id":"https:\/\/deputadotaveirajr.com.br\/#\/schema\/logo\/image\/"}}]}},"_links":{"self":[{"href":"https:\/\/deputadotaveirajr.com.br\/index.php\/wp-json\/wp\/v2\/pages\/14334","targetHints":{"allow":["GET"]}}],"collection":[{"href":"https:\/\/deputadotaveirajr.com.br\/index.php\/wp-json\/wp\/v2\/pages"}],"about":[{"href":"https:\/\/deputadotaveirajr.com.br\/index.php\/wp-json\/wp\/v2\/types\/page"}],"replies":[{"embeddable":true,"href":"https:\/\/deputadotaveirajr.com.br\/index.php\/wp-json\/wp\/v2\/comments?post=14334"}],"version-history":[{"count":0,"href":"https:\/\/deputadotaveirajr.com.br\/index.php\/wp-json\/wp\/v2\/pages\/14334\/revisions"}],"wp:featuredmedia":[{"embeddable":true,"href":"https:\/\/deputadotaveirajr.com.br\/index.php\/wp-json\/wp\/v2\/media\/14335"}],"wp:attachment":[{"href":"https:\/\/deputadotaveirajr.com.br\/index.php\/wp-json\/wp\/v2\/media?parent=14334"}],"curies":[{"name":"wp","href":"https:\/\/api.w.org\/{rel}","templated":true}]}}