{"id":14348,"date":"2025-10-24T19:04:40","date_gmt":"2025-10-24T22:04:40","guid":{"rendered":"https:\/\/deputadotaveirajr.com.br\/index.php\/justica-federal-no-rn-condena-18-por-contrabando-internacional-de-cigarros-e-outros-produtos\/"},"modified":"2025-10-24T19:04:40","modified_gmt":"2025-10-24T22:04:40","slug":"justica-federal-no-rn-condena-18-por-contrabando-internacional-de-cigarros-e-outros-produtos","status":"publish","type":"page","link":"https:\/\/deputadotaveirajr.com.br\/index.php\/justica-federal-no-rn-condena-18-por-contrabando-internacional-de-cigarros-e-outros-produtos\/","title":{"rendered":"Justi\u00e7a Federal no RN condena 18 por contrabando internacional de cigarros e outros produtos"},"content":{"rendered":"<p><img decoding=\"async\" src=\"https:\/\/s2-g1.glbimg.com\/zrKp1peXY4LD-zUOOA83iWHin8U=\/i.s3.glbimg.com\/v1\/AUTH_59edd422c0c84a879bd37670ae4f538a\/internal_photos\/bs\/2025\/s\/K\/NzKB13Q6uAsoEqeOlm4A\/4567184198.jpg\" \/><br \/>     PF apreendeu grande quantia de dinheiro que estava escondida em caixas, sacos e cofrinhos em opera\u00e7\u00e3o Falsos Her\u00f3is, em 2021<br \/>\nDivulga\u00e7\u00e3o\/PF<br \/>\nA Justi\u00e7a Federal no Rio Grande do Norte condenou 18 integrantes de uma organiza\u00e7\u00e3o criminosa transnacional armada de contrabando internacional e interestadual de cigarros, vestu\u00e1rios, equipamentos eletr\u00f4nicos e outros produtos.<br \/>\nOs 18 acusados foram condenados pelo crime de organiza\u00e7\u00e3o criminosa, com penas de at\u00e9 seis anos de reclus\u00e3o e multa, em propor\u00e7\u00e3o \u00e0 participa\u00e7\u00e3o de cada um no esquema. Cabe recurso da senten\u00e7a.<br \/>\n\ud83d\udcf3 Clique aqui para seguir o canal do g1 RN no WhatsApp<br \/>\nSegundo o Minist\u00e9rio P\u00fablico Federal (MPF), autor da den\u00fancia, o grupo tinha a participa\u00e7\u00e3o de policiais civis e ingressava com as cargas do Paraguai e do Suriname pelo Rio Grande do Norte para encaminhar os produtos a outros estados, principalmente S\u00e3o Paulo.<br \/>\n\ud83d\udd0e A investiga\u00e7\u00e3o da rede criminosa come\u00e7ou a partir de apreens\u00f5es de contrabando nas cidades de Mossor\u00f3, Areia Branca, Porto do Mangue e Macau, entre 2018 e 2019, de acordo com o MPF, o que culminou com quebra dos sigilos banc\u00e1rio, telef\u00f4nico e telem\u00e1tico dos envolvidos.<br \/>\n\ud83d\udd0e Em 2020, a Pol\u00edcia Federal deflagrou a Opera\u00e7\u00e3o Falsos Her\u00f3is, que resultou na apreens\u00e3o de mais de R$ 2,4 milh\u00f5es em esp\u00e9cie, al\u00e9m de joias e ve\u00edculos. Os mandados foram cumpridos no RN, no Par\u00e1 e em S\u00e3o Paulo. (Lembre no v\u00eddeo abaixo).<br \/>\nPF cumpre mandados em 3 estados em opera\u00e7\u00e3o de combate ao contrabando<br \/>\nOrganiza\u00e7\u00e3o movimentou R$ 185 milh\u00f5es em dois anos<br \/>\nSegundo o MPF, somente em 2018 e 2019, a organiza\u00e7\u00e3o movimentou cerca de R$ 185 milh\u00f5es.<br \/>\nA investiga\u00e7\u00e3o apontou, segundo o MPF, uma complexa teia de contrabando, com atua\u00e7\u00e3o internacional e movimenta\u00e7\u00f5es financeiras injustificadas.<br \/>\nDe acordo com o MPF, foi comprovada a exist\u00eancia de uma organiza\u00e7\u00e3o criminosa est\u00e1vel e permanente, com transporte mar\u00edtimo de produtos contrabandeados, que eram internalizados clandestinamente no litoral do Rio Grande do Norte e escoados para outros estados, a maioria com destino \u00e0 capital paulista.<br \/>\nDecis\u00e3o cita &#8216;estrutura criminosa complexa&#8217;<br \/>\nA 8\u00aa Vara da Justi\u00e7a Federal no RN reconheceu que \u201ca exist\u00eancia da organiza\u00e7\u00e3o criminosa denunciada encontra-se inequivocamente demonstrada nos autos, substancialmente amparada por um robusto conjunto probat\u00f3rio, reunido ao longo da Opera\u00e7\u00e3o Falsos Her\u00f3is e suas fases subsequentes\u201d.<br \/>\n De acordo com a senten\u00e7a, \u201cos elementos coligidos revelam uma estrutura criminosa complexa, com divis\u00e3o de tarefas, estabilidade e perman\u00eancia, voltada para a pr\u00e1tica reiterada e profissional de contrabando de mercadorias proibidas\u201d.<br \/>\nGrupo tinha divis\u00e3o de tarefas<br \/>\nSegundo o MPF, a investiga\u00e7\u00e3o revelou a divis\u00e3o de tarefas e o funcionamento das opera\u00e7\u00f5es log\u00edsticas e financeiras do grupo, dividido em tr\u00eas n\u00facleos.<br \/>\nOs n\u00facleos, segundo o MPF, eram &#8220;frete&#8221;, &#8220;transbordo&#8221; e &#8220;destino&#8221;:<br \/>\nos integrantes do &#8220;frete&#8221; coordenavam as opera\u00e7\u00f5es internacionais e viabilizavam o fluxo de capitais;<br \/>\nno &#8220;transbordo&#8221;, a tarefa era recepcionar, armazenar e escoar as mercadorias em solo potiguar, sob a prote\u00e7\u00e3o armada de policiais civis; e<br \/>\no &#8220;destino&#8221; reunia o comando e financiamento da organiza\u00e7\u00e3o, respons\u00e1vel pela distribui\u00e7\u00e3o dos produtos contrabandeados, com base em S\u00e3o Paulo.<br \/>\nV\u00eddeos mais assistidos do g1 RN<\/p>","protected":false},"excerpt":{"rendered":"<p>PF apreendeu grande quantia de dinheiro que estava escondida em caixas, sacos e cofrinhos em opera\u00e7\u00e3o Falsos Her\u00f3is, em 2021 Divulga\u00e7\u00e3o\/PF A Justi\u00e7a Federal no Rio Grande do Norte condenou &#8230;<\/p>\n","protected":false},"author":0,"featured_media":14349,"parent":0,"menu_order":0,"comment_status":"closed","ping_status":"closed","template":"","meta":{"footnotes":""},"class_list":["post-14348","page","type-page","status-publish","has-post-thumbnail","hentry"],"yoast_head":"<!-- This site is optimized with the Yoast SEO plugin v27.1.1 - https:\/\/yoast.com\/product\/yoast-seo-wordpress\/ -->\n<title>Justi\u00e7a Federal no RN condena 18 por contrabando internacional de cigarros e outros produtos - Taveira Jr<\/title>\n<meta name=\"robots\" content=\"index, follow, max-snippet:-1, max-image-preview:large, max-video-preview:-1\" \/>\n<link rel=\"canonical\" href=\"https:\/\/deputadotaveirajr.com.br\/index.php\/justica-federal-no-rn-condena-18-por-contrabando-internacional-de-cigarros-e-outros-produtos\/\" \/>\n<meta property=\"og:locale\" content=\"pt_BR\" \/>\n<meta property=\"og:type\" content=\"article\" \/>\n<meta property=\"og:title\" content=\"Justi\u00e7a Federal no RN condena 18 por contrabando internacional de cigarros e outros produtos - Taveira Jr\" \/>\n<meta property=\"og:description\" content=\"PF apreendeu grande quantia de dinheiro que estava escondida em caixas, sacos e cofrinhos em opera\u00e7\u00e3o Falsos Her\u00f3is, em 2021 Divulga\u00e7\u00e3o\/PF A Justi\u00e7a Federal no Rio Grande do Norte condenou ...\" \/>\n<meta property=\"og:url\" content=\"https:\/\/deputadotaveirajr.com.br\/index.php\/justica-federal-no-rn-condena-18-por-contrabando-internacional-de-cigarros-e-outros-produtos\/\" \/>\n<meta property=\"og:site_name\" content=\"Taveira Jr\" \/>\n<meta property=\"og:image\" content=\"https:\/\/s2-g1.glbimg.com\/zrKp1peXY4LD-zUOOA83iWHin8U=\/i.s3.glbimg.com\/v1\/AUTH_59edd422c0c84a879bd37670ae4f538a\/internal_photos\/bs\/2025\/s\/K\/NzKB13Q6uAsoEqeOlm4A\/4567184198.jpg\" \/>\n<meta name=\"twitter:card\" content=\"summary_large_image\" \/>\n<meta name=\"twitter:label1\" content=\"Est. tempo de leitura\" \/>\n\t<meta name=\"twitter:data1\" content=\"3 minutos\" \/>\n<script type=\"application\/ld+json\" class=\"yoast-schema-graph\">{\"@context\":\"https:\/\/schema.org\",\"@graph\":[{\"@type\":\"WebPage\",\"@id\":\"https:\/\/deputadotaveirajr.com.br\/index.php\/justica-federal-no-rn-condena-18-por-contrabando-internacional-de-cigarros-e-outros-produtos\/\",\"url\":\"https:\/\/deputadotaveirajr.com.br\/index.php\/justica-federal-no-rn-condena-18-por-contrabando-internacional-de-cigarros-e-outros-produtos\/\",\"name\":\"Justi\u00e7a Federal no RN condena 18 por contrabando internacional de cigarros e outros produtos - Taveira Jr\",\"isPartOf\":{\"@id\":\"https:\/\/deputadotaveirajr.com.br\/#website\"},\"primaryImageOfPage\":{\"@id\":\"https:\/\/deputadotaveirajr.com.br\/index.php\/justica-federal-no-rn-condena-18-por-contrabando-internacional-de-cigarros-e-outros-produtos\/#primaryimage\"},\"image\":{\"@id\":\"https:\/\/deputadotaveirajr.com.br\/index.php\/justica-federal-no-rn-condena-18-por-contrabando-internacional-de-cigarros-e-outros-produtos\/#primaryimage\"},\"thumbnailUrl\":\"https:\/\/deputadotaveirajr.com.br\/wp-content\/uploads\/2025\/10\/4567184198-XnPNx0.jpg\",\"datePublished\":\"2025-10-24T22:04:40+00:00\",\"breadcrumb\":{\"@id\":\"https:\/\/deputadotaveirajr.com.br\/index.php\/justica-federal-no-rn-condena-18-por-contrabando-internacional-de-cigarros-e-outros-produtos\/#breadcrumb\"},\"inLanguage\":\"pt-BR\",\"potentialAction\":[{\"@type\":\"ReadAction\",\"target\":[\"https:\/\/deputadotaveirajr.com.br\/index.php\/justica-federal-no-rn-condena-18-por-contrabando-internacional-de-cigarros-e-outros-produtos\/\"]}]},{\"@type\":\"ImageObject\",\"inLanguage\":\"pt-BR\",\"@id\":\"https:\/\/deputadotaveirajr.com.br\/index.php\/justica-federal-no-rn-condena-18-por-contrabando-internacional-de-cigarros-e-outros-produtos\/#primaryimage\",\"url\":\"https:\/\/deputadotaveirajr.com.br\/wp-content\/uploads\/2025\/10\/4567184198-XnPNx0.jpg\",\"contentUrl\":\"https:\/\/deputadotaveirajr.com.br\/wp-content\/uploads\/2025\/10\/4567184198-XnPNx0.jpg\",\"width\":1250,\"height\":1411},{\"@type\":\"BreadcrumbList\",\"@id\":\"https:\/\/deputadotaveirajr.com.br\/index.php\/justica-federal-no-rn-condena-18-por-contrabando-internacional-de-cigarros-e-outros-produtos\/#breadcrumb\",\"itemListElement\":[{\"@type\":\"ListItem\",\"position\":1,\"name\":\"In\u00edcio\",\"item\":\"https:\/\/deputadotaveirajr.com.br\/\"},{\"@type\":\"ListItem\",\"position\":2,\"name\":\"Justi\u00e7a Federal no RN condena 18 por contrabando internacional de cigarros e outros produtos\"}]},{\"@type\":\"WebSite\",\"@id\":\"https:\/\/deputadotaveirajr.com.br\/#website\",\"url\":\"https:\/\/deputadotaveirajr.com.br\/\",\"name\":\"Taveira Jr\",\"description\":\"Deputado Estadual\",\"publisher\":{\"@id\":\"https:\/\/deputadotaveirajr.com.br\/#organization\"},\"potentialAction\":[{\"@type\":\"SearchAction\",\"target\":{\"@type\":\"EntryPoint\",\"urlTemplate\":\"https:\/\/deputadotaveirajr.com.br\/?s={search_term_string}\"},\"query-input\":{\"@type\":\"PropertyValueSpecification\",\"valueRequired\":true,\"valueName\":\"search_term_string\"}}],\"inLanguage\":\"pt-BR\"},{\"@type\":\"Organization\",\"@id\":\"https:\/\/deputadotaveirajr.com.br\/#organization\",\"name\":\"Taveira Jr\",\"url\":\"https:\/\/deputadotaveirajr.com.br\/\",\"logo\":{\"@type\":\"ImageObject\",\"inLanguage\":\"pt-BR\",\"@id\":\"https:\/\/deputadotaveirajr.com.br\/#\/schema\/logo\/image\/\",\"url\":\"https:\/\/deputadotaveirajr.com.br\/wp-content\/uploads\/2026\/01\/logolow2a.png\",\"contentUrl\":\"https:\/\/deputadotaveirajr.com.br\/wp-content\/uploads\/2026\/01\/logolow2a.png\",\"width\":290,\"height\":80,\"caption\":\"Taveira Jr\"},\"image\":{\"@id\":\"https:\/\/deputadotaveirajr.com.br\/#\/schema\/logo\/image\/\"}}]}<\/script>\n<!-- \/ Yoast SEO plugin. -->","yoast_head_json":{"title":"Justi\u00e7a Federal no RN condena 18 por contrabando internacional de cigarros e outros produtos - Taveira Jr","robots":{"index":"index","follow":"follow","max-snippet":"max-snippet:-1","max-image-preview":"max-image-preview:large","max-video-preview":"max-video-preview:-1"},"canonical":"https:\/\/deputadotaveirajr.com.br\/index.php\/justica-federal-no-rn-condena-18-por-contrabando-internacional-de-cigarros-e-outros-produtos\/","og_locale":"pt_BR","og_type":"article","og_title":"Justi\u00e7a Federal no RN condena 18 por contrabando internacional de cigarros e outros produtos - Taveira Jr","og_description":"PF apreendeu grande quantia de dinheiro que estava escondida em caixas, sacos e cofrinhos em opera\u00e7\u00e3o Falsos Her\u00f3is, em 2021 Divulga\u00e7\u00e3o\/PF A Justi\u00e7a Federal no Rio Grande do Norte condenou ...","og_url":"https:\/\/deputadotaveirajr.com.br\/index.php\/justica-federal-no-rn-condena-18-por-contrabando-internacional-de-cigarros-e-outros-produtos\/","og_site_name":"Taveira Jr","og_image":[{"url":"https:\/\/s2-g1.glbimg.com\/zrKp1peXY4LD-zUOOA83iWHin8U=\/i.s3.glbimg.com\/v1\/AUTH_59edd422c0c84a879bd37670ae4f538a\/internal_photos\/bs\/2025\/s\/K\/NzKB13Q6uAsoEqeOlm4A\/4567184198.jpg","type":"","width":"","height":""}],"twitter_card":"summary_large_image","twitter_misc":{"Est. tempo de leitura":"3 minutos"},"schema":{"@context":"https:\/\/schema.org","@graph":[{"@type":"WebPage","@id":"https:\/\/deputadotaveirajr.com.br\/index.php\/justica-federal-no-rn-condena-18-por-contrabando-internacional-de-cigarros-e-outros-produtos\/","url":"https:\/\/deputadotaveirajr.com.br\/index.php\/justica-federal-no-rn-condena-18-por-contrabando-internacional-de-cigarros-e-outros-produtos\/","name":"Justi\u00e7a Federal no RN condena 18 por contrabando internacional de cigarros e outros produtos - Taveira Jr","isPartOf":{"@id":"https:\/\/deputadotaveirajr.com.br\/#website"},"primaryImageOfPage":{"@id":"https:\/\/deputadotaveirajr.com.br\/index.php\/justica-federal-no-rn-condena-18-por-contrabando-internacional-de-cigarros-e-outros-produtos\/#primaryimage"},"image":{"@id":"https:\/\/deputadotaveirajr.com.br\/index.php\/justica-federal-no-rn-condena-18-por-contrabando-internacional-de-cigarros-e-outros-produtos\/#primaryimage"},"thumbnailUrl":"https:\/\/deputadotaveirajr.com.br\/wp-content\/uploads\/2025\/10\/4567184198-XnPNx0.jpg","datePublished":"2025-10-24T22:04:40+00:00","breadcrumb":{"@id":"https:\/\/deputadotaveirajr.com.br\/index.php\/justica-federal-no-rn-condena-18-por-contrabando-internacional-de-cigarros-e-outros-produtos\/#breadcrumb"},"inLanguage":"pt-BR","potentialAction":[{"@type":"ReadAction","target":["https:\/\/deputadotaveirajr.com.br\/index.php\/justica-federal-no-rn-condena-18-por-contrabando-internacional-de-cigarros-e-outros-produtos\/"]}]},{"@type":"ImageObject","inLanguage":"pt-BR","@id":"https:\/\/deputadotaveirajr.com.br\/index.php\/justica-federal-no-rn-condena-18-por-contrabando-internacional-de-cigarros-e-outros-produtos\/#primaryimage","url":"https:\/\/deputadotaveirajr.com.br\/wp-content\/uploads\/2025\/10\/4567184198-XnPNx0.jpg","contentUrl":"https:\/\/deputadotaveirajr.com.br\/wp-content\/uploads\/2025\/10\/4567184198-XnPNx0.jpg","width":1250,"height":1411},{"@type":"BreadcrumbList","@id":"https:\/\/deputadotaveirajr.com.br\/index.php\/justica-federal-no-rn-condena-18-por-contrabando-internacional-de-cigarros-e-outros-produtos\/#breadcrumb","itemListElement":[{"@type":"ListItem","position":1,"name":"In\u00edcio","item":"https:\/\/deputadotaveirajr.com.br\/"},{"@type":"ListItem","position":2,"name":"Justi\u00e7a Federal no RN condena 18 por contrabando internacional de cigarros e outros produtos"}]},{"@type":"WebSite","@id":"https:\/\/deputadotaveirajr.com.br\/#website","url":"https:\/\/deputadotaveirajr.com.br\/","name":"Taveira Jr","description":"Deputado Estadual","publisher":{"@id":"https:\/\/deputadotaveirajr.com.br\/#organization"},"potentialAction":[{"@type":"SearchAction","target":{"@type":"EntryPoint","urlTemplate":"https:\/\/deputadotaveirajr.com.br\/?s={search_term_string}"},"query-input":{"@type":"PropertyValueSpecification","valueRequired":true,"valueName":"search_term_string"}}],"inLanguage":"pt-BR"},{"@type":"Organization","@id":"https:\/\/deputadotaveirajr.com.br\/#organization","name":"Taveira Jr","url":"https:\/\/deputadotaveirajr.com.br\/","logo":{"@type":"ImageObject","inLanguage":"pt-BR","@id":"https:\/\/deputadotaveirajr.com.br\/#\/schema\/logo\/image\/","url":"https:\/\/deputadotaveirajr.com.br\/wp-content\/uploads\/2026\/01\/logolow2a.png","contentUrl":"https:\/\/deputadotaveirajr.com.br\/wp-content\/uploads\/2026\/01\/logolow2a.png","width":290,"height":80,"caption":"Taveira Jr"},"image":{"@id":"https:\/\/deputadotaveirajr.com.br\/#\/schema\/logo\/image\/"}}]}},"_links":{"self":[{"href":"https:\/\/deputadotaveirajr.com.br\/index.php\/wp-json\/wp\/v2\/pages\/14348","targetHints":{"allow":["GET"]}}],"collection":[{"href":"https:\/\/deputadotaveirajr.com.br\/index.php\/wp-json\/wp\/v2\/pages"}],"about":[{"href":"https:\/\/deputadotaveirajr.com.br\/index.php\/wp-json\/wp\/v2\/types\/page"}],"replies":[{"embeddable":true,"href":"https:\/\/deputadotaveirajr.com.br\/index.php\/wp-json\/wp\/v2\/comments?post=14348"}],"version-history":[{"count":0,"href":"https:\/\/deputadotaveirajr.com.br\/index.php\/wp-json\/wp\/v2\/pages\/14348\/revisions"}],"wp:featuredmedia":[{"embeddable":true,"href":"https:\/\/deputadotaveirajr.com.br\/index.php\/wp-json\/wp\/v2\/media\/14349"}],"wp:attachment":[{"href":"https:\/\/deputadotaveirajr.com.br\/index.php\/wp-json\/wp\/v2\/media?parent=14348"}],"curies":[{"name":"wp","href":"https:\/\/api.w.org\/{rel}","templated":true}]}}