{"id":14358,"date":"2025-10-27T19:56:22","date_gmt":"2025-10-27T22:56:22","guid":{"rendered":"https:\/\/deputadotaveirajr.com.br\/index.php\/homem-e-feito-refem-e-obrigado-a-transferir-pix-por-criminosos-na-grande-natal\/"},"modified":"2025-10-27T19:56:22","modified_gmt":"2025-10-27T22:56:22","slug":"homem-e-feito-refem-e-obrigado-a-transferir-pix-por-criminosos-na-grande-natal","status":"publish","type":"page","link":"https:\/\/deputadotaveirajr.com.br\/index.php\/homem-e-feito-refem-e-obrigado-a-transferir-pix-por-criminosos-na-grande-natal\/","title":{"rendered":"Homem \u00e9 feito ref\u00e9m e obrigado a transferir PIX por criminosos na Grande Natal"},"content":{"rendered":"<p><img decoding=\"async\" src=\"https:\/\/s2-g1.glbimg.com\/34OhDzruLGZeF3kfo-heYFLxIdg=\/i.s3.glbimg.com\/v1\/AUTH_59edd422c0c84a879bd37670ae4f538a\/internal_photos\/bs\/2025\/I\/J\/M2UhKDQJWFLAAmJ4Jpsw\/whatsapp-image-2025-10-27-at-19.08.38-1-.jpeg\" \/><br \/>     Balaclava foi colocada na cabe\u00e7a da v\u00edtima de sequestro na Grande Natal<br \/>\nKleber Teixeira\/Inter TV Cabugi<br \/>\nUm homem de 39 anos foi feito ref\u00e9m por crimininosos na tarde desta segunda-feira (27) em Maca\u00edba, na Grande Natal, colocado em um carro e obrigado a transferir valores por PIX, que totalizaram R$ 2,4 mil. Ele teve ainda o ve\u00edculo e dois celulares roubados. O homem n\u00e3o ficou ferido.<br \/>\nA v\u00edtima, que \u00e9 motorista por aplicativo, contou que tinha ido at\u00e9 Maca\u00edba para realizar uma corrida particular, quando foi abordado por quatro criminosos.<br \/>\n\ud83d\udcf3 Clique aqui para seguir o canal do g1 RN no WhatsApp<br \/>\n&#8220;Eu achando que era s\u00f3 um assalto, falei: &#8216;Perdi&#8217;. J\u00e1 fui entregando a chave para ele, a\u00ed ele disse: &#8216;N\u00e3o, entra no carro&#8217;. E a\u00ed eu fui para o banco do passageiro&#8221;, contou.<br \/>\nUm dos suspeitos ficou com a arma no pesco\u00e7o da v\u00edtima durante todo o trajeto. O motorista por aplicativo tamb\u00e9m foi encapuzado para n\u00e3o saber para onde estava indo.<br \/>\nVeja os v\u00eddeos que est\u00e3o em alta no g1<br \/>\n&#8220;Procuraram dinheiro no carro, procuraram dinheiro nos meus bolsos, n\u00e3o havia, porque hoje em dia \u00e9 mais PIX. E a\u00ed falaram: &#8216;Olha, se voc\u00ea n\u00e3o cooperar, a gente vai lhe matar'&#8221;, relatou.<br \/>\nE&#8221; a\u00ed nessa hora eu disse: &#8216;Tenho dinheiro guardado na minha conta, que inclusive \u00e9 o dinheiro para pagar o meu carro, esse carro aqui. Eu pago daqui a dois dias, mas t\u00e1 a\u00ed o dinheiro. R$ 2.400&#8217;. A\u00ed eles pediram para abrir a conta, para ver se realmente ia abrir&#8221;.<br \/>\nV\u00edtima foi obrigada a descer do carro de joelhos<br \/>\nO homem contou que em um trecho de matagal pr\u00f3ximo ao Planalto, na Zona Oeste de Natal, os criminosos o mandaram descer do carro de joelhos.<br \/>\n&#8220;Nessa hora que eu temi pela minha vida, porque eles pediram para eu sair de joelhos e ali eu imaginei que ia ser executado&#8221;, disse.<br \/>\nEle contou que andou cerca de 10 metros e em seguida ouviu um dos carros sair. Dois criminosos permaneceram com ele o extorquindo.<br \/>\n&#8220;Come\u00e7aram a pedir para eu ligar para minha esposa, para ela me mandar o que ela tivesse l\u00e1, para tios, grupo de fam\u00edlia, falando que a carro estava quebrado, estava numa situa\u00e7\u00e3o dif\u00edcil. A\u00ed quando fui enviar essas mensagens, falar com a minha esposa, eles escutaram o barulho do carro&#8221;, contou.<br \/>\nO carro ouvido, explicou a v\u00edtima, era da Pol\u00edcia Militar. Ao perceberem o ve\u00edculo se aproximar, os criminosos fugiram.<br \/>\n&#8220;Eu s\u00f3 fiz levantar a balaclava, ainda desorientado sem saber onde \u00e9 que estava. Segui a zoada do carro da pol\u00edcia, do barulho do motor. Quando eu sa\u00ed de dentro do mato com a balaclava na m\u00e3o e as m\u00e3o para cima. At\u00e9 para para minha seguran\u00e7a, para n\u00e3o ser confundido&#8221;, falou.<br \/>\nO caso foi registrado na Central de Flagrante nesta segunda-feira e passa a ser investigado pela Pol\u00edcia Civil. At\u00e9 a atualiza\u00e7\u00e3o mais recente desta reportagem, nenhum suspeito havia sido preso.<br \/>\nV\u00eddeos mais assistidos do g1 RN<\/p>","protected":false},"excerpt":{"rendered":"<p>Balaclava foi colocada na cabe\u00e7a da v\u00edtima de sequestro na Grande Natal Kleber Teixeira\/Inter TV Cabugi Um homem de 39 anos foi feito ref\u00e9m por crimininosos na tarde desta segunda-feira &#8230;<\/p>\n","protected":false},"author":0,"featured_media":14359,"parent":0,"menu_order":0,"comment_status":"closed","ping_status":"closed","template":"","meta":{"footnotes":""},"class_list":["post-14358","page","type-page","status-publish","has-post-thumbnail","hentry"],"yoast_head":"<!-- This site is optimized with the Yoast SEO plugin v27.1.1 - https:\/\/yoast.com\/product\/yoast-seo-wordpress\/ -->\n<title>Homem \u00e9 feito ref\u00e9m e obrigado a transferir PIX por criminosos na Grande Natal - Taveira Jr<\/title>\n<meta name=\"robots\" content=\"index, follow, max-snippet:-1, max-image-preview:large, max-video-preview:-1\" \/>\n<link rel=\"canonical\" href=\"https:\/\/deputadotaveirajr.com.br\/index.php\/homem-e-feito-refem-e-obrigado-a-transferir-pix-por-criminosos-na-grande-natal\/\" \/>\n<meta property=\"og:locale\" content=\"pt_BR\" \/>\n<meta property=\"og:type\" content=\"article\" \/>\n<meta property=\"og:title\" content=\"Homem \u00e9 feito ref\u00e9m e obrigado a transferir PIX por criminosos na Grande Natal - Taveira Jr\" \/>\n<meta property=\"og:description\" content=\"Balaclava foi colocada na cabe\u00e7a da v\u00edtima de sequestro na Grande Natal Kleber Teixeira\/Inter TV Cabugi Um homem de 39 anos foi feito ref\u00e9m por crimininosos na tarde desta segunda-feira ...\" \/>\n<meta property=\"og:url\" content=\"https:\/\/deputadotaveirajr.com.br\/index.php\/homem-e-feito-refem-e-obrigado-a-transferir-pix-por-criminosos-na-grande-natal\/\" \/>\n<meta property=\"og:site_name\" content=\"Taveira Jr\" \/>\n<meta property=\"og:image\" content=\"https:\/\/s2-g1.glbimg.com\/34OhDzruLGZeF3kfo-heYFLxIdg=\/i.s3.glbimg.com\/v1\/AUTH_59edd422c0c84a879bd37670ae4f538a\/internal_photos\/bs\/2025\/I\/J\/M2UhKDQJWFLAAmJ4Jpsw\/whatsapp-image-2025-10-27-at-19.08.38-1-.jpeg\" \/>\n<meta name=\"twitter:card\" content=\"summary_large_image\" \/>\n<meta name=\"twitter:label1\" content=\"Est. tempo de leitura\" \/>\n\t<meta name=\"twitter:data1\" content=\"3 minutos\" \/>\n<script type=\"application\/ld+json\" class=\"yoast-schema-graph\">{\"@context\":\"https:\/\/schema.org\",\"@graph\":[{\"@type\":\"WebPage\",\"@id\":\"https:\/\/deputadotaveirajr.com.br\/index.php\/homem-e-feito-refem-e-obrigado-a-transferir-pix-por-criminosos-na-grande-natal\/\",\"url\":\"https:\/\/deputadotaveirajr.com.br\/index.php\/homem-e-feito-refem-e-obrigado-a-transferir-pix-por-criminosos-na-grande-natal\/\",\"name\":\"Homem \u00e9 feito ref\u00e9m e obrigado a transferir PIX por criminosos na Grande Natal - Taveira Jr\",\"isPartOf\":{\"@id\":\"https:\/\/deputadotaveirajr.com.br\/#website\"},\"primaryImageOfPage\":{\"@id\":\"https:\/\/deputadotaveirajr.com.br\/index.php\/homem-e-feito-refem-e-obrigado-a-transferir-pix-por-criminosos-na-grande-natal\/#primaryimage\"},\"image\":{\"@id\":\"https:\/\/deputadotaveirajr.com.br\/index.php\/homem-e-feito-refem-e-obrigado-a-transferir-pix-por-criminosos-na-grande-natal\/#primaryimage\"},\"thumbnailUrl\":\"https:\/\/deputadotaveirajr.com.br\/wp-content\/uploads\/2025\/10\/whatsapp-image-2025-10-27-at-19.08.38-1-prJvzZ.jpg\",\"datePublished\":\"2025-10-27T22:56:22+00:00\",\"breadcrumb\":{\"@id\":\"https:\/\/deputadotaveirajr.com.br\/index.php\/homem-e-feito-refem-e-obrigado-a-transferir-pix-por-criminosos-na-grande-natal\/#breadcrumb\"},\"inLanguage\":\"pt-BR\",\"potentialAction\":[{\"@type\":\"ReadAction\",\"target\":[\"https:\/\/deputadotaveirajr.com.br\/index.php\/homem-e-feito-refem-e-obrigado-a-transferir-pix-por-criminosos-na-grande-natal\/\"]}]},{\"@type\":\"ImageObject\",\"inLanguage\":\"pt-BR\",\"@id\":\"https:\/\/deputadotaveirajr.com.br\/index.php\/homem-e-feito-refem-e-obrigado-a-transferir-pix-por-criminosos-na-grande-natal\/#primaryimage\",\"url\":\"https:\/\/deputadotaveirajr.com.br\/wp-content\/uploads\/2025\/10\/whatsapp-image-2025-10-27-at-19.08.38-1-prJvzZ.jpg\",\"contentUrl\":\"https:\/\/deputadotaveirajr.com.br\/wp-content\/uploads\/2025\/10\/whatsapp-image-2025-10-27-at-19.08.38-1-prJvzZ.jpg\",\"width\":1600,\"height\":900},{\"@type\":\"BreadcrumbList\",\"@id\":\"https:\/\/deputadotaveirajr.com.br\/index.php\/homem-e-feito-refem-e-obrigado-a-transferir-pix-por-criminosos-na-grande-natal\/#breadcrumb\",\"itemListElement\":[{\"@type\":\"ListItem\",\"position\":1,\"name\":\"In\u00edcio\",\"item\":\"https:\/\/deputadotaveirajr.com.br\/\"},{\"@type\":\"ListItem\",\"position\":2,\"name\":\"Homem \u00e9 feito ref\u00e9m e obrigado a transferir PIX por criminosos na Grande Natal\"}]},{\"@type\":\"WebSite\",\"@id\":\"https:\/\/deputadotaveirajr.com.br\/#website\",\"url\":\"https:\/\/deputadotaveirajr.com.br\/\",\"name\":\"Taveira Jr\",\"description\":\"Deputado Estadual\",\"publisher\":{\"@id\":\"https:\/\/deputadotaveirajr.com.br\/#organization\"},\"potentialAction\":[{\"@type\":\"SearchAction\",\"target\":{\"@type\":\"EntryPoint\",\"urlTemplate\":\"https:\/\/deputadotaveirajr.com.br\/?s={search_term_string}\"},\"query-input\":{\"@type\":\"PropertyValueSpecification\",\"valueRequired\":true,\"valueName\":\"search_term_string\"}}],\"inLanguage\":\"pt-BR\"},{\"@type\":\"Organization\",\"@id\":\"https:\/\/deputadotaveirajr.com.br\/#organization\",\"name\":\"Taveira Jr\",\"url\":\"https:\/\/deputadotaveirajr.com.br\/\",\"logo\":{\"@type\":\"ImageObject\",\"inLanguage\":\"pt-BR\",\"@id\":\"https:\/\/deputadotaveirajr.com.br\/#\/schema\/logo\/image\/\",\"url\":\"https:\/\/deputadotaveirajr.com.br\/wp-content\/uploads\/2026\/01\/logolow2a.png\",\"contentUrl\":\"https:\/\/deputadotaveirajr.com.br\/wp-content\/uploads\/2026\/01\/logolow2a.png\",\"width\":290,\"height\":80,\"caption\":\"Taveira Jr\"},\"image\":{\"@id\":\"https:\/\/deputadotaveirajr.com.br\/#\/schema\/logo\/image\/\"}}]}<\/script>\n<!-- \/ Yoast SEO plugin. -->","yoast_head_json":{"title":"Homem \u00e9 feito ref\u00e9m e obrigado a transferir PIX por criminosos na Grande Natal - Taveira Jr","robots":{"index":"index","follow":"follow","max-snippet":"max-snippet:-1","max-image-preview":"max-image-preview:large","max-video-preview":"max-video-preview:-1"},"canonical":"https:\/\/deputadotaveirajr.com.br\/index.php\/homem-e-feito-refem-e-obrigado-a-transferir-pix-por-criminosos-na-grande-natal\/","og_locale":"pt_BR","og_type":"article","og_title":"Homem \u00e9 feito ref\u00e9m e obrigado a transferir PIX por criminosos na Grande Natal - Taveira Jr","og_description":"Balaclava foi colocada na cabe\u00e7a da v\u00edtima de sequestro na Grande Natal Kleber Teixeira\/Inter TV Cabugi Um homem de 39 anos foi feito ref\u00e9m por crimininosos na tarde desta segunda-feira ...","og_url":"https:\/\/deputadotaveirajr.com.br\/index.php\/homem-e-feito-refem-e-obrigado-a-transferir-pix-por-criminosos-na-grande-natal\/","og_site_name":"Taveira Jr","og_image":[{"url":"https:\/\/s2-g1.glbimg.com\/34OhDzruLGZeF3kfo-heYFLxIdg=\/i.s3.glbimg.com\/v1\/AUTH_59edd422c0c84a879bd37670ae4f538a\/internal_photos\/bs\/2025\/I\/J\/M2UhKDQJWFLAAmJ4Jpsw\/whatsapp-image-2025-10-27-at-19.08.38-1-.jpeg","type":"","width":"","height":""}],"twitter_card":"summary_large_image","twitter_misc":{"Est. tempo de leitura":"3 minutos"},"schema":{"@context":"https:\/\/schema.org","@graph":[{"@type":"WebPage","@id":"https:\/\/deputadotaveirajr.com.br\/index.php\/homem-e-feito-refem-e-obrigado-a-transferir-pix-por-criminosos-na-grande-natal\/","url":"https:\/\/deputadotaveirajr.com.br\/index.php\/homem-e-feito-refem-e-obrigado-a-transferir-pix-por-criminosos-na-grande-natal\/","name":"Homem \u00e9 feito ref\u00e9m e obrigado a transferir PIX por criminosos na Grande Natal - Taveira Jr","isPartOf":{"@id":"https:\/\/deputadotaveirajr.com.br\/#website"},"primaryImageOfPage":{"@id":"https:\/\/deputadotaveirajr.com.br\/index.php\/homem-e-feito-refem-e-obrigado-a-transferir-pix-por-criminosos-na-grande-natal\/#primaryimage"},"image":{"@id":"https:\/\/deputadotaveirajr.com.br\/index.php\/homem-e-feito-refem-e-obrigado-a-transferir-pix-por-criminosos-na-grande-natal\/#primaryimage"},"thumbnailUrl":"https:\/\/deputadotaveirajr.com.br\/wp-content\/uploads\/2025\/10\/whatsapp-image-2025-10-27-at-19.08.38-1-prJvzZ.jpg","datePublished":"2025-10-27T22:56:22+00:00","breadcrumb":{"@id":"https:\/\/deputadotaveirajr.com.br\/index.php\/homem-e-feito-refem-e-obrigado-a-transferir-pix-por-criminosos-na-grande-natal\/#breadcrumb"},"inLanguage":"pt-BR","potentialAction":[{"@type":"ReadAction","target":["https:\/\/deputadotaveirajr.com.br\/index.php\/homem-e-feito-refem-e-obrigado-a-transferir-pix-por-criminosos-na-grande-natal\/"]}]},{"@type":"ImageObject","inLanguage":"pt-BR","@id":"https:\/\/deputadotaveirajr.com.br\/index.php\/homem-e-feito-refem-e-obrigado-a-transferir-pix-por-criminosos-na-grande-natal\/#primaryimage","url":"https:\/\/deputadotaveirajr.com.br\/wp-content\/uploads\/2025\/10\/whatsapp-image-2025-10-27-at-19.08.38-1-prJvzZ.jpg","contentUrl":"https:\/\/deputadotaveirajr.com.br\/wp-content\/uploads\/2025\/10\/whatsapp-image-2025-10-27-at-19.08.38-1-prJvzZ.jpg","width":1600,"height":900},{"@type":"BreadcrumbList","@id":"https:\/\/deputadotaveirajr.com.br\/index.php\/homem-e-feito-refem-e-obrigado-a-transferir-pix-por-criminosos-na-grande-natal\/#breadcrumb","itemListElement":[{"@type":"ListItem","position":1,"name":"In\u00edcio","item":"https:\/\/deputadotaveirajr.com.br\/"},{"@type":"ListItem","position":2,"name":"Homem \u00e9 feito ref\u00e9m e obrigado a transferir PIX por criminosos na Grande Natal"}]},{"@type":"WebSite","@id":"https:\/\/deputadotaveirajr.com.br\/#website","url":"https:\/\/deputadotaveirajr.com.br\/","name":"Taveira Jr","description":"Deputado Estadual","publisher":{"@id":"https:\/\/deputadotaveirajr.com.br\/#organization"},"potentialAction":[{"@type":"SearchAction","target":{"@type":"EntryPoint","urlTemplate":"https:\/\/deputadotaveirajr.com.br\/?s={search_term_string}"},"query-input":{"@type":"PropertyValueSpecification","valueRequired":true,"valueName":"search_term_string"}}],"inLanguage":"pt-BR"},{"@type":"Organization","@id":"https:\/\/deputadotaveirajr.com.br\/#organization","name":"Taveira Jr","url":"https:\/\/deputadotaveirajr.com.br\/","logo":{"@type":"ImageObject","inLanguage":"pt-BR","@id":"https:\/\/deputadotaveirajr.com.br\/#\/schema\/logo\/image\/","url":"https:\/\/deputadotaveirajr.com.br\/wp-content\/uploads\/2026\/01\/logolow2a.png","contentUrl":"https:\/\/deputadotaveirajr.com.br\/wp-content\/uploads\/2026\/01\/logolow2a.png","width":290,"height":80,"caption":"Taveira Jr"},"image":{"@id":"https:\/\/deputadotaveirajr.com.br\/#\/schema\/logo\/image\/"}}]}},"_links":{"self":[{"href":"https:\/\/deputadotaveirajr.com.br\/index.php\/wp-json\/wp\/v2\/pages\/14358","targetHints":{"allow":["GET"]}}],"collection":[{"href":"https:\/\/deputadotaveirajr.com.br\/index.php\/wp-json\/wp\/v2\/pages"}],"about":[{"href":"https:\/\/deputadotaveirajr.com.br\/index.php\/wp-json\/wp\/v2\/types\/page"}],"replies":[{"embeddable":true,"href":"https:\/\/deputadotaveirajr.com.br\/index.php\/wp-json\/wp\/v2\/comments?post=14358"}],"version-history":[{"count":0,"href":"https:\/\/deputadotaveirajr.com.br\/index.php\/wp-json\/wp\/v2\/pages\/14358\/revisions"}],"wp:featuredmedia":[{"embeddable":true,"href":"https:\/\/deputadotaveirajr.com.br\/index.php\/wp-json\/wp\/v2\/media\/14359"}],"wp:attachment":[{"href":"https:\/\/deputadotaveirajr.com.br\/index.php\/wp-json\/wp\/v2\/media?parent=14358"}],"curies":[{"name":"wp","href":"https:\/\/api.w.org\/{rel}","templated":true}]}}