{"id":14385,"date":"2025-10-31T07:07:45","date_gmt":"2025-10-31T10:07:45","guid":{"rendered":"https:\/\/deputadotaveirajr.com.br\/index.php\/prefeitura-exonera-secretarios-presos-suspeitos-de-envolvimento-em-morte-de-vereador-de-jacarau\/"},"modified":"2025-10-31T07:07:45","modified_gmt":"2025-10-31T10:07:45","slug":"prefeitura-exonera-secretarios-presos-suspeitos-de-envolvimento-em-morte-de-vereador-de-jacarau","status":"publish","type":"page","link":"https:\/\/deputadotaveirajr.com.br\/index.php\/prefeitura-exonera-secretarios-presos-suspeitos-de-envolvimento-em-morte-de-vereador-de-jacarau\/","title":{"rendered":"Prefeitura exonera secret\u00e1rios presos suspeitos de envolvimento em morte de vereador de Jacara\u00fa"},"content":{"rendered":"<p><img decoding=\"async\" src=\"https:\/\/s2-g1.glbimg.com\/Bgd3y45nYB2lNUe3X9IV2hlwsZc=\/i.s3.glbimg.com\/v1\/AUTH_59edd422c0c84a879bd37670ae4f538a\/internal_photos\/bs\/2025\/8\/C\/ZQABn1QdmGU9SSclUc1A\/secretarios-presos-2.jpg\" \/><br \/>     Secret\u00e1rios foram presos suspeitos de serem mandantes da morte do vereador Peron Filho<br \/>\nReprodu\u00e7\u00e3o\/TV Cabo Branco<br \/>\nA prefeitura de Jacara\u00fa exonerou os secret\u00e1rios Jeferson Carvalho da Silva, da Secretaria de Transportes e Mobilidade Urbana, e Ant\u00f4nio Fernandes Alves Bezerra, da Secretaria de Administra\u00e7\u00e3o. Os dois est\u00e3o entre os cinco presos nesta quinta-feira (30) suspeitos da morte do vereador Peron Filho.<br \/>\nA exonera\u00e7\u00e3o foi por meio de uma portaria publicada ainda nesta quinta-feira (30). A prefeitura j\u00e1 havia anunciado o afastamento dos dois secret\u00e1rios ap\u00f3s a opera\u00e7\u00e3o.<br \/>\nEm nota, a prefeitura informou que \u201ca gest\u00e3o ressalta que repudia qualquer ato que contrarie os princ\u00edpios da legalidade e da \u00e9tica p\u00fablica, e que adotar\u00e1 as medidas administrativas cab\u00edveis diante das informa\u00e7\u00f5es oficiais que vierem a p\u00fablico, o que de logo j\u00e1 determinou o afastamento dos envolvidos\u201d.<br \/>\nOutros dois suspeitos foram presos no Rio Grande do Norte, suspeitos de serem executores do crime. O quinto preso \u00e9 o dono de uma pousada de Jacara\u00fa, onde, segundo o delegado Sylvio Rabello, aconteceu uma reuni\u00e3o entre os suspeitos antes da execu\u00e7\u00e3o do vereador.<br \/>\n&#8220;Percebemos que houve uma reuni\u00e3o em uma pousada pr\u00f3xima ao local do crime.  Ap\u00f3s essa reuni\u00e3o, meia hora antes do crime, o carro do secret\u00e1rio foi ao gin\u00e1sio e verificou, foi pontuar a v\u00edtima, e o outro carro saiu em dire\u00e7\u00e3o ao local do crime. Ent\u00e3o, n\u00f3s percebemos que, quando a v\u00edtima saiu da partida de futsal, o segundo carro foi avisado disso.&#8221;<br \/>\nO delegado detalhou que, ap\u00f3s essa reuni\u00e3o, o carro do secret\u00e1rio foi at\u00e9 o gin\u00e1sio onde o vereador jogava uma partida de futsal, e o carro em que estavam os suspeitos foi at\u00e9 a estrada de Pedro R\u00e9gis, onde a v\u00edtima foi morta.<br \/>\nVereador denunciou secret\u00e1rios<br \/>\nPeron Filho, vereador de Jacara\u00fa morto a tiros, teria denunciado desvio de recurso p\u00fablico e m\u00e1 conserva\u00e7\u00e3o da frota de transporte da cidade, segundo a Pol\u00edcia Civil. Dois secret\u00e1rios est\u00e3o entre cinco presos na manh\u00e3 desta quinta-feira (30), suspeitos do crime.<br \/>\n\u201cDenunciou desvio de combust\u00edvel, m\u00e1 utiliza\u00e7\u00e3o e m\u00e1 conserva\u00e7\u00e3o da frota de transporte, e tamb\u00e9m desvio p\u00fablico\u201d, informou o delegado Sylvio Rabello.<br \/>\nAlguns meses antes do crime, o vereador Peron Filho tinha gravado um v\u00eddeo de uma ambul\u00e2ncia de Jacara\u00fa em p\u00e9ssimas condi\u00e7\u00f5es e publicado nas redes sociais, o que gerou uma grande repercuss\u00e3o na cidade.<br \/>\n&#8220;Certo dia, h\u00e1 cerca de dois ou tr\u00eas meses antes, a v\u00edtima filmou uma ambul\u00e2ncia em p\u00e9ssimas condi\u00e7\u00f5es e colocou no Instagram e houve um n\u00famero expressivo de pessoas que acessaram&#8221;, disse o delegado Sylvio Rabello.<br \/>\nLEIA TAMB\u00c9M: Quem \u00e9 Peron Filho<br \/>\nPeron Pessoa, pai do vereador Peron Filho, disse que cerca de 20 dias antes do crime os dois secret\u00e1rios presos nesta quinta-feira (30) foram at\u00e9 a casa dele e propuseram que o vereador deixasse de ser oposi\u00e7\u00e3o.<br \/>\n&#8220;Vinte dias antes desse evento, os dois secret\u00e1rios estiveram na minha casa aqui \u00e0s 11 horas da noite para conversar com o meu filho para, ele passar para o lado do governo e ele disse que n\u00e3o faria isso. Eles ofereceram vantagem e ele disse que n\u00e3o aceitaria.&#8221;<br \/>\nRelembre o caso<br \/>\nPol\u00edcia apura homic\u00eddio de vereador Peron Bezerra Filho, morto a tiros em Jacara\u00fa (PB)<br \/>\nPeron Filho foi encontrado morto na estrada da cidade de Pedro R\u00e9gis no dia 15 de setembro. De acordo com o delegado Sylvio Rabelo, ele estava voltando para casa de moto e havia participado de uma partida de futebol em um distrito de Jacara\u00fa. A v\u00edtima foi atingida por tr\u00eas disparos nas costas e morreu ainda no local.<br \/>\nA Pol\u00edcia Civil j\u00e1 havia descartado a possibilidade do vereador ter sido morto por latroc\u00ednio, ou seja, roubo seguido de morte. C\u00e2meras de seguran\u00e7a foram analisadas pela Pol\u00edcia Civil no caso do vereador morto. Diversas pessoas foram ouvidas no inqu\u00e9rito.<br \/>\nO corpo do vereador foi enterrado em Jacara\u00fa na manh\u00e3 do dia 17 de setembro. O vel\u00f3rio, que aconteceu em um gin\u00e1sio da cidade e atraiu uma multid\u00e3o, incluindo familiares, amigos, eleitores e outros moradores da cidade. Em seguida, aconteceu o cortejo at\u00e9 o cemit\u00e9rio da cidade onde o vereador foi enterrado.<br \/>\nFiliado ao MDB, o parlamentar foi reeleito vereador de Jacara\u00fa nas elei\u00e7\u00f5es de 2024, com 702 votos, o terceiro mais votado. Com forte atua\u00e7\u00e3o na causa animal, ele foi um dos fundadores da ONG Zona dos Pets, que promove o cuidado e a ado\u00e7\u00e3o de animais abandonados. O vereador era divorciado e completaria 37 anos no dia 19 de setembro. Ele n\u00e3o teve filhos.<br \/>\nVeja os v\u00eddeos que est\u00e3o em alta no g1<br \/>\nV\u00eddeos mais assistidos do g1 Para\u00edba<\/p>","protected":false},"excerpt":{"rendered":"<p>Secret\u00e1rios foram presos suspeitos de serem mandantes da morte do vereador Peron Filho Reprodu\u00e7\u00e3o\/TV Cabo Branco A prefeitura de Jacara\u00fa exonerou os secret\u00e1rios Jeferson Carvalho da Silva, da Secretaria de &#8230;<\/p>\n","protected":false},"author":0,"featured_media":14386,"parent":0,"menu_order":0,"comment_status":"closed","ping_status":"closed","template":"","meta":{"footnotes":""},"class_list":["post-14385","page","type-page","status-publish","has-post-thumbnail","hentry"],"yoast_head":"<!-- This site is optimized with the Yoast SEO plugin v27.1.1 - https:\/\/yoast.com\/product\/yoast-seo-wordpress\/ -->\n<title>Prefeitura exonera secret\u00e1rios presos suspeitos de envolvimento em morte de vereador de Jacara\u00fa - Taveira Jr<\/title>\n<meta name=\"robots\" content=\"index, follow, max-snippet:-1, max-image-preview:large, max-video-preview:-1\" \/>\n<link rel=\"canonical\" href=\"https:\/\/deputadotaveirajr.com.br\/index.php\/prefeitura-exonera-secretarios-presos-suspeitos-de-envolvimento-em-morte-de-vereador-de-jacarau\/\" \/>\n<meta property=\"og:locale\" content=\"pt_BR\" \/>\n<meta property=\"og:type\" content=\"article\" \/>\n<meta property=\"og:title\" content=\"Prefeitura exonera secret\u00e1rios presos suspeitos de envolvimento em morte de vereador de Jacara\u00fa - Taveira Jr\" \/>\n<meta property=\"og:description\" content=\"Secret\u00e1rios foram presos suspeitos de serem mandantes da morte do vereador Peron Filho Reprodu\u00e7\u00e3o\/TV Cabo Branco A prefeitura de Jacara\u00fa exonerou os secret\u00e1rios Jeferson Carvalho da Silva, da Secretaria de ...\" \/>\n<meta property=\"og:url\" content=\"https:\/\/deputadotaveirajr.com.br\/index.php\/prefeitura-exonera-secretarios-presos-suspeitos-de-envolvimento-em-morte-de-vereador-de-jacarau\/\" \/>\n<meta property=\"og:site_name\" content=\"Taveira Jr\" \/>\n<meta property=\"og:image\" content=\"https:\/\/s2-g1.glbimg.com\/Bgd3y45nYB2lNUe3X9IV2hlwsZc=\/i.s3.glbimg.com\/v1\/AUTH_59edd422c0c84a879bd37670ae4f538a\/internal_photos\/bs\/2025\/8\/C\/ZQABn1QdmGU9SSclUc1A\/secretarios-presos-2.jpg\" \/>\n<meta name=\"twitter:card\" content=\"summary_large_image\" \/>\n<meta name=\"twitter:label1\" content=\"Est. tempo de leitura\" \/>\n\t<meta name=\"twitter:data1\" content=\"4 minutos\" \/>\n<script type=\"application\/ld+json\" class=\"yoast-schema-graph\">{\"@context\":\"https:\/\/schema.org\",\"@graph\":[{\"@type\":\"WebPage\",\"@id\":\"https:\/\/deputadotaveirajr.com.br\/index.php\/prefeitura-exonera-secretarios-presos-suspeitos-de-envolvimento-em-morte-de-vereador-de-jacarau\/\",\"url\":\"https:\/\/deputadotaveirajr.com.br\/index.php\/prefeitura-exonera-secretarios-presos-suspeitos-de-envolvimento-em-morte-de-vereador-de-jacarau\/\",\"name\":\"Prefeitura exonera secret\u00e1rios presos suspeitos de envolvimento em morte de vereador de Jacara\u00fa - Taveira Jr\",\"isPartOf\":{\"@id\":\"https:\/\/deputadotaveirajr.com.br\/#website\"},\"primaryImageOfPage\":{\"@id\":\"https:\/\/deputadotaveirajr.com.br\/index.php\/prefeitura-exonera-secretarios-presos-suspeitos-de-envolvimento-em-morte-de-vereador-de-jacarau\/#primaryimage\"},\"image\":{\"@id\":\"https:\/\/deputadotaveirajr.com.br\/index.php\/prefeitura-exonera-secretarios-presos-suspeitos-de-envolvimento-em-morte-de-vereador-de-jacarau\/#primaryimage\"},\"thumbnailUrl\":\"https:\/\/deputadotaveirajr.com.br\/wp-content\/uploads\/2025\/10\/secretarios-presos-2-nUGCUS.jpg\",\"datePublished\":\"2025-10-31T10:07:45+00:00\",\"breadcrumb\":{\"@id\":\"https:\/\/deputadotaveirajr.com.br\/index.php\/prefeitura-exonera-secretarios-presos-suspeitos-de-envolvimento-em-morte-de-vereador-de-jacarau\/#breadcrumb\"},\"inLanguage\":\"pt-BR\",\"potentialAction\":[{\"@type\":\"ReadAction\",\"target\":[\"https:\/\/deputadotaveirajr.com.br\/index.php\/prefeitura-exonera-secretarios-presos-suspeitos-de-envolvimento-em-morte-de-vereador-de-jacarau\/\"]}]},{\"@type\":\"ImageObject\",\"inLanguage\":\"pt-BR\",\"@id\":\"https:\/\/deputadotaveirajr.com.br\/index.php\/prefeitura-exonera-secretarios-presos-suspeitos-de-envolvimento-em-morte-de-vereador-de-jacarau\/#primaryimage\",\"url\":\"https:\/\/deputadotaveirajr.com.br\/wp-content\/uploads\/2025\/10\/secretarios-presos-2-nUGCUS.jpg\",\"contentUrl\":\"https:\/\/deputadotaveirajr.com.br\/wp-content\/uploads\/2025\/10\/secretarios-presos-2-nUGCUS.jpg\",\"width\":1400,\"height\":1080},{\"@type\":\"BreadcrumbList\",\"@id\":\"https:\/\/deputadotaveirajr.com.br\/index.php\/prefeitura-exonera-secretarios-presos-suspeitos-de-envolvimento-em-morte-de-vereador-de-jacarau\/#breadcrumb\",\"itemListElement\":[{\"@type\":\"ListItem\",\"position\":1,\"name\":\"In\u00edcio\",\"item\":\"https:\/\/deputadotaveirajr.com.br\/\"},{\"@type\":\"ListItem\",\"position\":2,\"name\":\"Prefeitura exonera secret\u00e1rios presos suspeitos de envolvimento em morte de vereador de Jacara\u00fa\"}]},{\"@type\":\"WebSite\",\"@id\":\"https:\/\/deputadotaveirajr.com.br\/#website\",\"url\":\"https:\/\/deputadotaveirajr.com.br\/\",\"name\":\"Taveira Jr\",\"description\":\"Deputado Estadual\",\"publisher\":{\"@id\":\"https:\/\/deputadotaveirajr.com.br\/#organization\"},\"potentialAction\":[{\"@type\":\"SearchAction\",\"target\":{\"@type\":\"EntryPoint\",\"urlTemplate\":\"https:\/\/deputadotaveirajr.com.br\/?s={search_term_string}\"},\"query-input\":{\"@type\":\"PropertyValueSpecification\",\"valueRequired\":true,\"valueName\":\"search_term_string\"}}],\"inLanguage\":\"pt-BR\"},{\"@type\":\"Organization\",\"@id\":\"https:\/\/deputadotaveirajr.com.br\/#organization\",\"name\":\"Taveira Jr\",\"url\":\"https:\/\/deputadotaveirajr.com.br\/\",\"logo\":{\"@type\":\"ImageObject\",\"inLanguage\":\"pt-BR\",\"@id\":\"https:\/\/deputadotaveirajr.com.br\/#\/schema\/logo\/image\/\",\"url\":\"https:\/\/deputadotaveirajr.com.br\/wp-content\/uploads\/2026\/01\/logolow2a.png\",\"contentUrl\":\"https:\/\/deputadotaveirajr.com.br\/wp-content\/uploads\/2026\/01\/logolow2a.png\",\"width\":290,\"height\":80,\"caption\":\"Taveira Jr\"},\"image\":{\"@id\":\"https:\/\/deputadotaveirajr.com.br\/#\/schema\/logo\/image\/\"}}]}<\/script>\n<!-- \/ Yoast SEO plugin. -->","yoast_head_json":{"title":"Prefeitura exonera secret\u00e1rios presos suspeitos de envolvimento em morte de vereador de Jacara\u00fa - Taveira Jr","robots":{"index":"index","follow":"follow","max-snippet":"max-snippet:-1","max-image-preview":"max-image-preview:large","max-video-preview":"max-video-preview:-1"},"canonical":"https:\/\/deputadotaveirajr.com.br\/index.php\/prefeitura-exonera-secretarios-presos-suspeitos-de-envolvimento-em-morte-de-vereador-de-jacarau\/","og_locale":"pt_BR","og_type":"article","og_title":"Prefeitura exonera secret\u00e1rios presos suspeitos de envolvimento em morte de vereador de Jacara\u00fa - Taveira Jr","og_description":"Secret\u00e1rios foram presos suspeitos de serem mandantes da morte do vereador Peron Filho Reprodu\u00e7\u00e3o\/TV Cabo Branco A prefeitura de Jacara\u00fa exonerou os secret\u00e1rios Jeferson Carvalho da Silva, da Secretaria de ...","og_url":"https:\/\/deputadotaveirajr.com.br\/index.php\/prefeitura-exonera-secretarios-presos-suspeitos-de-envolvimento-em-morte-de-vereador-de-jacarau\/","og_site_name":"Taveira Jr","og_image":[{"url":"https:\/\/s2-g1.glbimg.com\/Bgd3y45nYB2lNUe3X9IV2hlwsZc=\/i.s3.glbimg.com\/v1\/AUTH_59edd422c0c84a879bd37670ae4f538a\/internal_photos\/bs\/2025\/8\/C\/ZQABn1QdmGU9SSclUc1A\/secretarios-presos-2.jpg","type":"","width":"","height":""}],"twitter_card":"summary_large_image","twitter_misc":{"Est. tempo de leitura":"4 minutos"},"schema":{"@context":"https:\/\/schema.org","@graph":[{"@type":"WebPage","@id":"https:\/\/deputadotaveirajr.com.br\/index.php\/prefeitura-exonera-secretarios-presos-suspeitos-de-envolvimento-em-morte-de-vereador-de-jacarau\/","url":"https:\/\/deputadotaveirajr.com.br\/index.php\/prefeitura-exonera-secretarios-presos-suspeitos-de-envolvimento-em-morte-de-vereador-de-jacarau\/","name":"Prefeitura exonera secret\u00e1rios presos suspeitos de envolvimento em morte de vereador de Jacara\u00fa - Taveira Jr","isPartOf":{"@id":"https:\/\/deputadotaveirajr.com.br\/#website"},"primaryImageOfPage":{"@id":"https:\/\/deputadotaveirajr.com.br\/index.php\/prefeitura-exonera-secretarios-presos-suspeitos-de-envolvimento-em-morte-de-vereador-de-jacarau\/#primaryimage"},"image":{"@id":"https:\/\/deputadotaveirajr.com.br\/index.php\/prefeitura-exonera-secretarios-presos-suspeitos-de-envolvimento-em-morte-de-vereador-de-jacarau\/#primaryimage"},"thumbnailUrl":"https:\/\/deputadotaveirajr.com.br\/wp-content\/uploads\/2025\/10\/secretarios-presos-2-nUGCUS.jpg","datePublished":"2025-10-31T10:07:45+00:00","breadcrumb":{"@id":"https:\/\/deputadotaveirajr.com.br\/index.php\/prefeitura-exonera-secretarios-presos-suspeitos-de-envolvimento-em-morte-de-vereador-de-jacarau\/#breadcrumb"},"inLanguage":"pt-BR","potentialAction":[{"@type":"ReadAction","target":["https:\/\/deputadotaveirajr.com.br\/index.php\/prefeitura-exonera-secretarios-presos-suspeitos-de-envolvimento-em-morte-de-vereador-de-jacarau\/"]}]},{"@type":"ImageObject","inLanguage":"pt-BR","@id":"https:\/\/deputadotaveirajr.com.br\/index.php\/prefeitura-exonera-secretarios-presos-suspeitos-de-envolvimento-em-morte-de-vereador-de-jacarau\/#primaryimage","url":"https:\/\/deputadotaveirajr.com.br\/wp-content\/uploads\/2025\/10\/secretarios-presos-2-nUGCUS.jpg","contentUrl":"https:\/\/deputadotaveirajr.com.br\/wp-content\/uploads\/2025\/10\/secretarios-presos-2-nUGCUS.jpg","width":1400,"height":1080},{"@type":"BreadcrumbList","@id":"https:\/\/deputadotaveirajr.com.br\/index.php\/prefeitura-exonera-secretarios-presos-suspeitos-de-envolvimento-em-morte-de-vereador-de-jacarau\/#breadcrumb","itemListElement":[{"@type":"ListItem","position":1,"name":"In\u00edcio","item":"https:\/\/deputadotaveirajr.com.br\/"},{"@type":"ListItem","position":2,"name":"Prefeitura exonera secret\u00e1rios presos suspeitos de envolvimento em morte de vereador de Jacara\u00fa"}]},{"@type":"WebSite","@id":"https:\/\/deputadotaveirajr.com.br\/#website","url":"https:\/\/deputadotaveirajr.com.br\/","name":"Taveira Jr","description":"Deputado Estadual","publisher":{"@id":"https:\/\/deputadotaveirajr.com.br\/#organization"},"potentialAction":[{"@type":"SearchAction","target":{"@type":"EntryPoint","urlTemplate":"https:\/\/deputadotaveirajr.com.br\/?s={search_term_string}"},"query-input":{"@type":"PropertyValueSpecification","valueRequired":true,"valueName":"search_term_string"}}],"inLanguage":"pt-BR"},{"@type":"Organization","@id":"https:\/\/deputadotaveirajr.com.br\/#organization","name":"Taveira Jr","url":"https:\/\/deputadotaveirajr.com.br\/","logo":{"@type":"ImageObject","inLanguage":"pt-BR","@id":"https:\/\/deputadotaveirajr.com.br\/#\/schema\/logo\/image\/","url":"https:\/\/deputadotaveirajr.com.br\/wp-content\/uploads\/2026\/01\/logolow2a.png","contentUrl":"https:\/\/deputadotaveirajr.com.br\/wp-content\/uploads\/2026\/01\/logolow2a.png","width":290,"height":80,"caption":"Taveira Jr"},"image":{"@id":"https:\/\/deputadotaveirajr.com.br\/#\/schema\/logo\/image\/"}}]}},"_links":{"self":[{"href":"https:\/\/deputadotaveirajr.com.br\/index.php\/wp-json\/wp\/v2\/pages\/14385","targetHints":{"allow":["GET"]}}],"collection":[{"href":"https:\/\/deputadotaveirajr.com.br\/index.php\/wp-json\/wp\/v2\/pages"}],"about":[{"href":"https:\/\/deputadotaveirajr.com.br\/index.php\/wp-json\/wp\/v2\/types\/page"}],"replies":[{"embeddable":true,"href":"https:\/\/deputadotaveirajr.com.br\/index.php\/wp-json\/wp\/v2\/comments?post=14385"}],"version-history":[{"count":0,"href":"https:\/\/deputadotaveirajr.com.br\/index.php\/wp-json\/wp\/v2\/pages\/14385\/revisions"}],"wp:featuredmedia":[{"embeddable":true,"href":"https:\/\/deputadotaveirajr.com.br\/index.php\/wp-json\/wp\/v2\/media\/14386"}],"wp:attachment":[{"href":"https:\/\/deputadotaveirajr.com.br\/index.php\/wp-json\/wp\/v2\/media?parent=14385"}],"curies":[{"name":"wp","href":"https:\/\/api.w.org\/{rel}","templated":true}]}}