{"id":14393,"date":"2025-10-30T16:20:41","date_gmt":"2025-10-30T19:20:41","guid":{"rendered":"https:\/\/deputadotaveirajr.com.br\/index.php\/video-mostra-batida-entre-dois-carros-na-br-304-no-rn\/"},"modified":"2025-10-30T16:20:41","modified_gmt":"2025-10-30T19:20:41","slug":"video-mostra-batida-entre-dois-carros-na-br-304-no-rn","status":"publish","type":"page","link":"https:\/\/deputadotaveirajr.com.br\/index.php\/video-mostra-batida-entre-dois-carros-na-br-304-no-rn\/","title":{"rendered":"V\u00eddeo mostra batida entre dois carros na BR-304 no RN"},"content":{"rendered":"<p><img decoding=\"async\" src=\"https:\/\/s2-g1.glbimg.com\/Rzi20DmDoGGax7hYeTG9e7ksHHU=\/i.s3.glbimg.com\/v1\/AUTH_59edd422c0c84a879bd37670ae4f538a\/internal_photos\/bs\/2025\/Y\/S\/stBN9vTVKtRs4B2l8yTQ\/captura-de-tela-2025-10-30-160623.png\" \/><br \/>     Acidente na entrada de Assu, no RN<br \/>\nC\u00e2meras de seguran\u00e7a registraram um acidente entre dois carros na manh\u00e3 desta quinta-feira (30) na entrada da cidade de Ass\u00fa, na Regi\u00e3o Oeste do Rio Grande do Norte. Duas pessoas tiveram ferimentos leves, de acordo com a Pol\u00edcia Rodovi\u00e1ria Federal (PRF).<br \/>\nNo v\u00eddeo, do Departamento Municipal de Tr\u00e2nsito de Ass\u00fa (Dmeutran), \u00e9 poss\u00edvel ver que um carro saiu da comunidade rural Mendubim, acessou a rodovia e seguiu alguns metros pelo acostamento.  Logo em seguida, o ve\u00edculo acena para entrar \u00e0 esquerda, na rodovia que liga a cidade de Ass\u00fa.<br \/>\n\ud83d\udcf3 Clique aqui para seguir o canal do g1 RN no WhatsApp<br \/>\nNeste momento, uma caminhonete, que seguia atr\u00e1s, tenta fazer a ultrapassagem e acaba atingindo o ve\u00edculo em cheio.<br \/>\nO motorista da caminhonete perdeu o controle, e o carro seguiu para o matagal \u00e0s margens da rodovia. De acordo com a PRF, duas pessoas estavam no ve\u00edculo, que seguia de Mossor\u00f3 para Recife.<br \/>\nLEIA TAMB\u00c9M<br \/>\nV\u00cdDEO: Motociclista morre ap\u00f3s ser atingido por placa met\u00e1lica arrastada por ventania<br \/>\nCAIC\u00d3: Motorista morre atropelado por carreta em empresa de reciclagem<br \/>\nEles tiveram ferimentos leves e chegaram a ser atacados por um enxame de abelhas que estava no matagal, sendo necess\u00e1rio o acionamento do Corpo de Bombeiros. Segundo a PRF, os dois passavam bem.<br \/>\n J\u00e1 o motorista do outro ve\u00edculo estava sozinho e n\u00e3o teve ferimentos, segundo as autoridades.<br \/>\nAcidente na entrada de Ass\u00fa, no interior do Rio Grande do Norte<br \/>\nDivulga\u00e7\u00e3o\/DMEUTRAN<br \/>\nV\u00eddeos mais assistidos do g1 RN<\/p>","protected":false},"excerpt":{"rendered":"<p>Acidente na entrada de Assu, no RN C\u00e2meras de seguran\u00e7a registraram um acidente entre dois carros na manh\u00e3 desta quinta-feira (30) na entrada da cidade de Ass\u00fa, na Regi\u00e3o Oeste &#8230;<\/p>\n","protected":false},"author":0,"featured_media":14394,"parent":0,"menu_order":0,"comment_status":"closed","ping_status":"closed","template":"","meta":{"footnotes":""},"class_list":["post-14393","page","type-page","status-publish","has-post-thumbnail","hentry"],"yoast_head":"<!-- This site is optimized with the Yoast SEO plugin v27.1.1 - https:\/\/yoast.com\/product\/yoast-seo-wordpress\/ -->\n<title>V\u00eddeo mostra batida entre dois carros na BR-304 no RN - Taveira Jr<\/title>\n<meta name=\"robots\" content=\"index, follow, max-snippet:-1, max-image-preview:large, max-video-preview:-1\" \/>\n<link rel=\"canonical\" href=\"https:\/\/deputadotaveirajr.com.br\/index.php\/video-mostra-batida-entre-dois-carros-na-br-304-no-rn\/\" \/>\n<meta property=\"og:locale\" content=\"pt_BR\" \/>\n<meta property=\"og:type\" content=\"article\" \/>\n<meta property=\"og:title\" content=\"V\u00eddeo mostra batida entre dois carros na BR-304 no RN - Taveira Jr\" \/>\n<meta property=\"og:description\" content=\"Acidente na entrada de Assu, no RN C\u00e2meras de seguran\u00e7a registraram um acidente entre dois carros na manh\u00e3 desta quinta-feira (30) na entrada da cidade de Ass\u00fa, na Regi\u00e3o Oeste ...\" \/>\n<meta property=\"og:url\" content=\"https:\/\/deputadotaveirajr.com.br\/index.php\/video-mostra-batida-entre-dois-carros-na-br-304-no-rn\/\" \/>\n<meta property=\"og:site_name\" content=\"Taveira Jr\" \/>\n<meta property=\"og:image\" content=\"https:\/\/s2-g1.glbimg.com\/Rzi20DmDoGGax7hYeTG9e7ksHHU=\/i.s3.glbimg.com\/v1\/AUTH_59edd422c0c84a879bd37670ae4f538a\/internal_photos\/bs\/2025\/Y\/S\/stBN9vTVKtRs4B2l8yTQ\/captura-de-tela-2025-10-30-160623.png\" \/>\n<meta name=\"twitter:card\" content=\"summary_large_image\" \/>\n<meta name=\"twitter:label1\" content=\"Est. tempo de leitura\" \/>\n\t<meta name=\"twitter:data1\" content=\"1 minuto\" \/>\n<script type=\"application\/ld+json\" class=\"yoast-schema-graph\">{\"@context\":\"https:\/\/schema.org\",\"@graph\":[{\"@type\":\"WebPage\",\"@id\":\"https:\/\/deputadotaveirajr.com.br\/index.php\/video-mostra-batida-entre-dois-carros-na-br-304-no-rn\/\",\"url\":\"https:\/\/deputadotaveirajr.com.br\/index.php\/video-mostra-batida-entre-dois-carros-na-br-304-no-rn\/\",\"name\":\"V\u00eddeo mostra batida entre dois carros na BR-304 no RN - Taveira Jr\",\"isPartOf\":{\"@id\":\"https:\/\/deputadotaveirajr.com.br\/#website\"},\"primaryImageOfPage\":{\"@id\":\"https:\/\/deputadotaveirajr.com.br\/index.php\/video-mostra-batida-entre-dois-carros-na-br-304-no-rn\/#primaryimage\"},\"image\":{\"@id\":\"https:\/\/deputadotaveirajr.com.br\/index.php\/video-mostra-batida-entre-dois-carros-na-br-304-no-rn\/#primaryimage\"},\"thumbnailUrl\":\"https:\/\/deputadotaveirajr.com.br\/wp-content\/uploads\/2025\/10\/captura-de-tela-2025-10-30-160623-QAdiF1.jpg\",\"datePublished\":\"2025-10-30T19:20:41+00:00\",\"breadcrumb\":{\"@id\":\"https:\/\/deputadotaveirajr.com.br\/index.php\/video-mostra-batida-entre-dois-carros-na-br-304-no-rn\/#breadcrumb\"},\"inLanguage\":\"pt-BR\",\"potentialAction\":[{\"@type\":\"ReadAction\",\"target\":[\"https:\/\/deputadotaveirajr.com.br\/index.php\/video-mostra-batida-entre-dois-carros-na-br-304-no-rn\/\"]}]},{\"@type\":\"ImageObject\",\"inLanguage\":\"pt-BR\",\"@id\":\"https:\/\/deputadotaveirajr.com.br\/index.php\/video-mostra-batida-entre-dois-carros-na-br-304-no-rn\/#primaryimage\",\"url\":\"https:\/\/deputadotaveirajr.com.br\/wp-content\/uploads\/2025\/10\/captura-de-tela-2025-10-30-160623-QAdiF1.jpg\",\"contentUrl\":\"https:\/\/deputadotaveirajr.com.br\/wp-content\/uploads\/2025\/10\/captura-de-tela-2025-10-30-160623-QAdiF1.jpg\",\"width\":1826,\"height\":1004},{\"@type\":\"BreadcrumbList\",\"@id\":\"https:\/\/deputadotaveirajr.com.br\/index.php\/video-mostra-batida-entre-dois-carros-na-br-304-no-rn\/#breadcrumb\",\"itemListElement\":[{\"@type\":\"ListItem\",\"position\":1,\"name\":\"In\u00edcio\",\"item\":\"https:\/\/deputadotaveirajr.com.br\/\"},{\"@type\":\"ListItem\",\"position\":2,\"name\":\"V\u00eddeo mostra batida entre dois carros na BR-304 no RN\"}]},{\"@type\":\"WebSite\",\"@id\":\"https:\/\/deputadotaveirajr.com.br\/#website\",\"url\":\"https:\/\/deputadotaveirajr.com.br\/\",\"name\":\"Taveira Jr\",\"description\":\"Deputado Estadual\",\"publisher\":{\"@id\":\"https:\/\/deputadotaveirajr.com.br\/#organization\"},\"potentialAction\":[{\"@type\":\"SearchAction\",\"target\":{\"@type\":\"EntryPoint\",\"urlTemplate\":\"https:\/\/deputadotaveirajr.com.br\/?s={search_term_string}\"},\"query-input\":{\"@type\":\"PropertyValueSpecification\",\"valueRequired\":true,\"valueName\":\"search_term_string\"}}],\"inLanguage\":\"pt-BR\"},{\"@type\":\"Organization\",\"@id\":\"https:\/\/deputadotaveirajr.com.br\/#organization\",\"name\":\"Taveira Jr\",\"url\":\"https:\/\/deputadotaveirajr.com.br\/\",\"logo\":{\"@type\":\"ImageObject\",\"inLanguage\":\"pt-BR\",\"@id\":\"https:\/\/deputadotaveirajr.com.br\/#\/schema\/logo\/image\/\",\"url\":\"https:\/\/deputadotaveirajr.com.br\/wp-content\/uploads\/2026\/01\/logolow2a.png\",\"contentUrl\":\"https:\/\/deputadotaveirajr.com.br\/wp-content\/uploads\/2026\/01\/logolow2a.png\",\"width\":290,\"height\":80,\"caption\":\"Taveira Jr\"},\"image\":{\"@id\":\"https:\/\/deputadotaveirajr.com.br\/#\/schema\/logo\/image\/\"}}]}<\/script>\n<!-- \/ Yoast SEO plugin. -->","yoast_head_json":{"title":"V\u00eddeo mostra batida entre dois carros na BR-304 no RN - Taveira Jr","robots":{"index":"index","follow":"follow","max-snippet":"max-snippet:-1","max-image-preview":"max-image-preview:large","max-video-preview":"max-video-preview:-1"},"canonical":"https:\/\/deputadotaveirajr.com.br\/index.php\/video-mostra-batida-entre-dois-carros-na-br-304-no-rn\/","og_locale":"pt_BR","og_type":"article","og_title":"V\u00eddeo mostra batida entre dois carros na BR-304 no RN - Taveira Jr","og_description":"Acidente na entrada de Assu, no RN C\u00e2meras de seguran\u00e7a registraram um acidente entre dois carros na manh\u00e3 desta quinta-feira (30) na entrada da cidade de Ass\u00fa, na Regi\u00e3o Oeste ...","og_url":"https:\/\/deputadotaveirajr.com.br\/index.php\/video-mostra-batida-entre-dois-carros-na-br-304-no-rn\/","og_site_name":"Taveira Jr","og_image":[{"url":"https:\/\/s2-g1.glbimg.com\/Rzi20DmDoGGax7hYeTG9e7ksHHU=\/i.s3.glbimg.com\/v1\/AUTH_59edd422c0c84a879bd37670ae4f538a\/internal_photos\/bs\/2025\/Y\/S\/stBN9vTVKtRs4B2l8yTQ\/captura-de-tela-2025-10-30-160623.png","type":"","width":"","height":""}],"twitter_card":"summary_large_image","twitter_misc":{"Est. tempo de leitura":"1 minuto"},"schema":{"@context":"https:\/\/schema.org","@graph":[{"@type":"WebPage","@id":"https:\/\/deputadotaveirajr.com.br\/index.php\/video-mostra-batida-entre-dois-carros-na-br-304-no-rn\/","url":"https:\/\/deputadotaveirajr.com.br\/index.php\/video-mostra-batida-entre-dois-carros-na-br-304-no-rn\/","name":"V\u00eddeo mostra batida entre dois carros na BR-304 no RN - Taveira Jr","isPartOf":{"@id":"https:\/\/deputadotaveirajr.com.br\/#website"},"primaryImageOfPage":{"@id":"https:\/\/deputadotaveirajr.com.br\/index.php\/video-mostra-batida-entre-dois-carros-na-br-304-no-rn\/#primaryimage"},"image":{"@id":"https:\/\/deputadotaveirajr.com.br\/index.php\/video-mostra-batida-entre-dois-carros-na-br-304-no-rn\/#primaryimage"},"thumbnailUrl":"https:\/\/deputadotaveirajr.com.br\/wp-content\/uploads\/2025\/10\/captura-de-tela-2025-10-30-160623-QAdiF1.jpg","datePublished":"2025-10-30T19:20:41+00:00","breadcrumb":{"@id":"https:\/\/deputadotaveirajr.com.br\/index.php\/video-mostra-batida-entre-dois-carros-na-br-304-no-rn\/#breadcrumb"},"inLanguage":"pt-BR","potentialAction":[{"@type":"ReadAction","target":["https:\/\/deputadotaveirajr.com.br\/index.php\/video-mostra-batida-entre-dois-carros-na-br-304-no-rn\/"]}]},{"@type":"ImageObject","inLanguage":"pt-BR","@id":"https:\/\/deputadotaveirajr.com.br\/index.php\/video-mostra-batida-entre-dois-carros-na-br-304-no-rn\/#primaryimage","url":"https:\/\/deputadotaveirajr.com.br\/wp-content\/uploads\/2025\/10\/captura-de-tela-2025-10-30-160623-QAdiF1.jpg","contentUrl":"https:\/\/deputadotaveirajr.com.br\/wp-content\/uploads\/2025\/10\/captura-de-tela-2025-10-30-160623-QAdiF1.jpg","width":1826,"height":1004},{"@type":"BreadcrumbList","@id":"https:\/\/deputadotaveirajr.com.br\/index.php\/video-mostra-batida-entre-dois-carros-na-br-304-no-rn\/#breadcrumb","itemListElement":[{"@type":"ListItem","position":1,"name":"In\u00edcio","item":"https:\/\/deputadotaveirajr.com.br\/"},{"@type":"ListItem","position":2,"name":"V\u00eddeo mostra batida entre dois carros na BR-304 no RN"}]},{"@type":"WebSite","@id":"https:\/\/deputadotaveirajr.com.br\/#website","url":"https:\/\/deputadotaveirajr.com.br\/","name":"Taveira Jr","description":"Deputado Estadual","publisher":{"@id":"https:\/\/deputadotaveirajr.com.br\/#organization"},"potentialAction":[{"@type":"SearchAction","target":{"@type":"EntryPoint","urlTemplate":"https:\/\/deputadotaveirajr.com.br\/?s={search_term_string}"},"query-input":{"@type":"PropertyValueSpecification","valueRequired":true,"valueName":"search_term_string"}}],"inLanguage":"pt-BR"},{"@type":"Organization","@id":"https:\/\/deputadotaveirajr.com.br\/#organization","name":"Taveira Jr","url":"https:\/\/deputadotaveirajr.com.br\/","logo":{"@type":"ImageObject","inLanguage":"pt-BR","@id":"https:\/\/deputadotaveirajr.com.br\/#\/schema\/logo\/image\/","url":"https:\/\/deputadotaveirajr.com.br\/wp-content\/uploads\/2026\/01\/logolow2a.png","contentUrl":"https:\/\/deputadotaveirajr.com.br\/wp-content\/uploads\/2026\/01\/logolow2a.png","width":290,"height":80,"caption":"Taveira Jr"},"image":{"@id":"https:\/\/deputadotaveirajr.com.br\/#\/schema\/logo\/image\/"}}]}},"_links":{"self":[{"href":"https:\/\/deputadotaveirajr.com.br\/index.php\/wp-json\/wp\/v2\/pages\/14393","targetHints":{"allow":["GET"]}}],"collection":[{"href":"https:\/\/deputadotaveirajr.com.br\/index.php\/wp-json\/wp\/v2\/pages"}],"about":[{"href":"https:\/\/deputadotaveirajr.com.br\/index.php\/wp-json\/wp\/v2\/types\/page"}],"replies":[{"embeddable":true,"href":"https:\/\/deputadotaveirajr.com.br\/index.php\/wp-json\/wp\/v2\/comments?post=14393"}],"version-history":[{"count":0,"href":"https:\/\/deputadotaveirajr.com.br\/index.php\/wp-json\/wp\/v2\/pages\/14393\/revisions"}],"wp:featuredmedia":[{"embeddable":true,"href":"https:\/\/deputadotaveirajr.com.br\/index.php\/wp-json\/wp\/v2\/media\/14394"}],"wp:attachment":[{"href":"https:\/\/deputadotaveirajr.com.br\/index.php\/wp-json\/wp\/v2\/media?parent=14393"}],"curies":[{"name":"wp","href":"https:\/\/api.w.org\/{rel}","templated":true}]}}