{"id":14399,"date":"2025-10-31T10:35:09","date_gmt":"2025-10-31T13:35:09","guid":{"rendered":"https:\/\/deputadotaveirajr.com.br\/index.php\/festival-gastronomico-de-caico-2025-comeca-nesta-sexta-feira-31-confira-a-programacao-completa\/"},"modified":"2025-10-31T10:35:09","modified_gmt":"2025-10-31T13:35:09","slug":"festival-gastronomico-de-caico-2025-comeca-nesta-sexta-feira-31-confira-a-programacao-completa","status":"publish","type":"page","link":"https:\/\/deputadotaveirajr.com.br\/index.php\/festival-gastronomico-de-caico-2025-comeca-nesta-sexta-feira-31-confira-a-programacao-completa\/","title":{"rendered":"Festival Gastron\u00f4mico de Caic\u00f3 2025 come\u00e7a nesta sexta-feira (31); confira a programa\u00e7\u00e3o completa"},"content":{"rendered":"<p><img decoding=\"async\" src=\"https:\/\/s2-g1.glbimg.com\/FuREg79ahlDOu4UG7aG0oPtMqck=\/i.s3.glbimg.com\/v1\/AUTH_59edd422c0c84a879bd37670ae4f538a\/internal_photos\/bs\/2025\/9\/J\/ImrJllQluIYb06F4KVZw\/caico.jpg\" \/><br \/>     Festival Gastron\u00f4mico de Caic\u00f3 come\u00e7a nesta sexta-feira (31)<br \/>\nDivulga\u00e7\u00e3o<br \/>\nCaic\u00f3 se transforma, a partir desta sexta-feira (31), na capital da gastronomia no Rio Grande do Norte. O Festival Gastron\u00f4mico de Caic\u00f3 2025 abre oficialmente sua programa\u00e7\u00e3o com uma combina\u00e7\u00e3o de experi\u00eancias que unem sabor, cultura e identidade regional.<br \/>\nO evento acontece em duas etapas: programa\u00e7\u00e3o na Pra\u00e7a da Catedral de Sant\u2019Ana, nesta sexta-feira (31) e s\u00e1bado (1\u00ba), a partir das 17h, e o Circuito de Bares e Restaurantes, que segue at\u00e9 15 de novembro em 12 estabelecimentos da cidade.<br \/>\n\ud83d\udcf3 Clique aqui para seguir o canal do g1 RN no WhatsApp<br \/>\nNa Pra\u00e7a da Catedral, o p\u00fablico vai poder acompanhar oficinas gratuitas na Cozinha Show, com degusta\u00e7\u00f5es, al\u00e9m do Concurso Gastron\u00f4mico Abrachefs RN 2025, que eleger\u00e1 os melhores cozinheiros e confeiteiros do estado.<br \/>\nA programa\u00e7\u00e3o tamb\u00e9m conta com a Feira de Produtos Gastron\u00f4micos Artesanais, Feira de Artesanato Caic\u00f3 Mostra Caic\u00f3, Feira da Agricultura Familiar e Economia Solid\u00e1ria, al\u00e9m do Pavilh\u00e3o Feito Potiguar do Sebrae, com destaque para produtos da ind\u00fastria de alimentos do Serid\u00f3.<br \/>\nVeja os v\u00eddeos que est\u00e3o em alta no g1<br \/>\nAl\u00e9m das experi\u00eancias gastron\u00f4micas, o p\u00fablico poder\u00e1 aproveitar a venda de comidas e bebidas locais e uma programa\u00e7\u00e3o musical. Veja a programa\u00e7\u00e3o abaixo, no fim desta reportagem.<br \/>\nA Cozinha Show contar\u00e1 com dez chefs e mixologistas, entre eles grandes nomes da gastronomia nordestina. O p\u00fablico poder\u00e1 assistir a apresenta\u00e7\u00f5es de Cumpade Jo\u00e3o, paraibano vencedor do Pr\u00eamio D\u00f3lm\u00e3 Nacional (2018) e jurado do MasterChef Celebridades; Jos\u00e9 Roberto Caju, campe\u00e3o do MasterChef Brasil 2024; e Jarlles Gois, influenciador da \u00e1rea gastron\u00f4mica.<br \/>\nO SENAC Barreira Roxa tamb\u00e9m marca presen\u00e7a com Elizabeth Assun\u00e7\u00e3o, ProChef pelo Culinary Institute of America, e Gustavo Almeida, mixologista premiado que j\u00e1 representou o Brasil em competi\u00e7\u00f5es na China e na R\u00fassia. A chef Maristela Silva, figura tradicional no festival, completa o time.<br \/>\nRepresentando Caic\u00f3, o evento conta com talentos locais que despontam na cena gastron\u00f4mica: Aillane Rodrigues, estudante de Gastronomia; Wanderson Gomes, autor do prato \u201cMeu Sert\u00e3o\u201d, vencedor do Circuito de Restaurantes do Festival 2024; Josifran Gomes, premiado com o Pr\u00eamio Nacional D\u00f3lm\u00e3; e Nat\u00e1lia Carvalho, mixologista vencedora do Abrachefs RN 2024.<br \/>\nO Concurso Abrachefs RN 2025 trar\u00e1 disputas entre tr\u00eas finalistas na categoria Cozinheiro e tr\u00eas na categoria Confeiteiro.<br \/>\nAl\u00e9m da gastronomia, o festival abre espa\u00e7o para a cultura potiguar. No s\u00e1bado, ser\u00e1 lan\u00e7ado o livro \u201cDas m\u00e3os de Seu Fausto para as mesas do Brasil\u201d, do jornalista Osair Vasconcelos, refor\u00e7ando o elo entre tradi\u00e7\u00e3o, mem\u00f3ria e culin\u00e1ria regional.<br \/>\n\u201cO evento tem como prop\u00f3sito destacar Caic\u00f3 como terra da carne de sol e do queijo, consolidando a cidade como um dos principais destinos tur\u00edsticos gastron\u00f4micos e culturais do interior do Nordeste\u201d, destaca Raildon Lucena, produtor do Festival.<br \/>\nCircuito segue at\u00e9 15 de novembro<br \/>\nA programa\u00e7\u00e3o do Festival Gastron\u00f4mico tamb\u00e9m acontece nos estabelecimentos de alimenta\u00e7\u00e3o da cidade. O Circuito de Bares e Restaurantes, que acontece de 31 de outubro a 15 de novembro, re\u00fane 12 estabelecimentos de Caic\u00f3.<br \/>\nTodos os pratos participantes s\u00e3o \u00e0 base de carne de sol e queijo, com ingredientes de marcas do Feito Potiguar, valorizando a produ\u00e7\u00e3o regional.<br \/>\nEst\u00e3o inseridos no Circuito os seguintes estabelecimentos e pratos:<br \/>\nArmaz\u00e9m 400 \u2013 Seridoense Moderno;<br \/>\nBar do Coreto \u2013 Fil\u00e9 do Coreto;<br \/>\nBotequim Guedes \u2013 Caldo Sertanejo;<br \/>\nBurguers \u2013 Mano do Sert\u00e3o;<br \/>\nCai\u00e7ara 21 \u2013 Sol do Serid\u00f3;<br \/>\nCasa Virgulino \u2013 Terra de Sant\u2019Ana;<br \/>\nDoha \u2013 Esfiha Nordestina;<br \/>\nDona Bela \u2013 Sert\u00e3o Sinf\u00f4nico;<br \/>\nEros Motel \u2013 Fil\u00e9 do Eros;<br \/>\nFarinno Pizzas \u2013 Pizza Engenho;<br \/>\nLa Nonna \u2013 Arancine do Sol \/ Linguine di Soll;<br \/>\nZeca Barr\u00e3o \u2013 Malassada do Zeca.<br \/>\nConfira a programa\u00e7\u00e3o completa do Festival:<br \/>\nOficinas da Cozinha Show:<br \/>\nSexta-feira (31):<br \/>\n18h: Wanderson Gomes<br \/>\n18h40: Aillane Rodrigues<br \/>\n19h20: Cumpade Jo\u00e3o<br \/>\n20h: Abertura oficial do evento<br \/>\n20h30: Gustavo Almeida<br \/>\n21h10: Jarlles Gois<br \/>\n22h: Roberto Caju<br \/>\nS\u00e1bado (1):<br \/>\n18h: Maristela Silva<br \/>\n18h40: Jarlles Gois<br \/>\n19h20: Roberto Caju<br \/>\n20h: Lan\u00e7amento do livro \u201cDas m\u00e3os de Seu Fausto para as mesas do Brasil\u201d, de Osair Vasconcelos<br \/>\n20h30: Josifran Gomes\u00a0<br \/>\n21h10: Elizabeth Assun\u00e7\u00e3o<br \/>\n22h: Cumpade Jo\u00e3o<br \/>\nConcurso gastron\u00f4mico<br \/>\nSexta-feira (31):<br \/>\n18h: In\u00edcio das apresenta\u00e7\u00f5es de cozinheiros<br \/>\n19h30: Oficina com Nat\u00e1lia Carvalho<br \/>\n20h30: In\u00edcio das apresenta\u00e7\u00f5es de confeiteiros<br \/>\nS\u00e1bado (1):<br \/>\n18h: Oficina Nat\u00e1lia Carvalho e Gustavo Almeida<br \/>\n19h: Final Confeitaria<br \/>\n20h30: Final Cozinha Quente<br \/>\n21h30: Premia\u00e7\u00e3o<br \/>\nPrograma\u00e7\u00e3o de shows musicais<br \/>\nSexta-feira (31):<br \/>\n20h: Hugo e Heitor<br \/>\n21h: Johnny Cortez<br \/>\nS\u00e1bado (1):<br \/>\n18h: Marcus Vinicius<br \/>\n21h: Wall Dutra<br \/>\nVeja os v\u00eddeos mais assistidos no g1 RN<\/p>","protected":false},"excerpt":{"rendered":"<p>Festival Gastron\u00f4mico de Caic\u00f3 come\u00e7a nesta sexta-feira (31) Divulga\u00e7\u00e3o Caic\u00f3 se transforma, a partir desta sexta-feira (31), na capital da gastronomia no Rio Grande do Norte. O Festival Gastron\u00f4mico de &#8230;<\/p>\n","protected":false},"author":0,"featured_media":14400,"parent":0,"menu_order":0,"comment_status":"closed","ping_status":"closed","template":"","meta":{"footnotes":""},"class_list":["post-14399","page","type-page","status-publish","has-post-thumbnail","hentry"],"yoast_head":"<!-- This site is optimized with the Yoast SEO plugin v27.1.1 - https:\/\/yoast.com\/product\/yoast-seo-wordpress\/ -->\n<title>Festival Gastron\u00f4mico de Caic\u00f3 2025 come\u00e7a nesta sexta-feira (31); confira a programa\u00e7\u00e3o completa - Taveira Jr<\/title>\n<meta name=\"robots\" content=\"index, follow, max-snippet:-1, max-image-preview:large, max-video-preview:-1\" \/>\n<link rel=\"canonical\" href=\"https:\/\/deputadotaveirajr.com.br\/index.php\/festival-gastronomico-de-caico-2025-comeca-nesta-sexta-feira-31-confira-a-programacao-completa\/\" \/>\n<meta property=\"og:locale\" content=\"pt_BR\" \/>\n<meta property=\"og:type\" content=\"article\" \/>\n<meta property=\"og:title\" content=\"Festival Gastron\u00f4mico de Caic\u00f3 2025 come\u00e7a nesta sexta-feira (31); confira a programa\u00e7\u00e3o completa - Taveira Jr\" \/>\n<meta property=\"og:description\" content=\"Festival Gastron\u00f4mico de Caic\u00f3 come\u00e7a nesta sexta-feira (31) Divulga\u00e7\u00e3o Caic\u00f3 se transforma, a partir desta sexta-feira (31), na capital da gastronomia no Rio Grande do Norte. O Festival Gastron\u00f4mico de ...\" \/>\n<meta property=\"og:url\" content=\"https:\/\/deputadotaveirajr.com.br\/index.php\/festival-gastronomico-de-caico-2025-comeca-nesta-sexta-feira-31-confira-a-programacao-completa\/\" \/>\n<meta property=\"og:site_name\" content=\"Taveira Jr\" \/>\n<meta property=\"og:image\" content=\"https:\/\/s2-g1.glbimg.com\/FuREg79ahlDOu4UG7aG0oPtMqck=\/i.s3.glbimg.com\/v1\/AUTH_59edd422c0c84a879bd37670ae4f538a\/internal_photos\/bs\/2025\/9\/J\/ImrJllQluIYb06F4KVZw\/caico.jpg\" \/>\n<meta name=\"twitter:card\" content=\"summary_large_image\" \/>\n<meta name=\"twitter:label1\" content=\"Est. tempo de leitura\" \/>\n\t<meta name=\"twitter:data1\" content=\"4 minutos\" \/>\n<script type=\"application\/ld+json\" class=\"yoast-schema-graph\">{\"@context\":\"https:\/\/schema.org\",\"@graph\":[{\"@type\":\"WebPage\",\"@id\":\"https:\/\/deputadotaveirajr.com.br\/index.php\/festival-gastronomico-de-caico-2025-comeca-nesta-sexta-feira-31-confira-a-programacao-completa\/\",\"url\":\"https:\/\/deputadotaveirajr.com.br\/index.php\/festival-gastronomico-de-caico-2025-comeca-nesta-sexta-feira-31-confira-a-programacao-completa\/\",\"name\":\"Festival Gastron\u00f4mico de Caic\u00f3 2025 come\u00e7a nesta sexta-feira (31); confira a programa\u00e7\u00e3o completa - Taveira Jr\",\"isPartOf\":{\"@id\":\"https:\/\/deputadotaveirajr.com.br\/#website\"},\"primaryImageOfPage\":{\"@id\":\"https:\/\/deputadotaveirajr.com.br\/index.php\/festival-gastronomico-de-caico-2025-comeca-nesta-sexta-feira-31-confira-a-programacao-completa\/#primaryimage\"},\"image\":{\"@id\":\"https:\/\/deputadotaveirajr.com.br\/index.php\/festival-gastronomico-de-caico-2025-comeca-nesta-sexta-feira-31-confira-a-programacao-completa\/#primaryimage\"},\"thumbnailUrl\":\"https:\/\/deputadotaveirajr.com.br\/wp-content\/uploads\/2025\/10\/caico-JkPSSu.jpg\",\"datePublished\":\"2025-10-31T13:35:09+00:00\",\"breadcrumb\":{\"@id\":\"https:\/\/deputadotaveirajr.com.br\/index.php\/festival-gastronomico-de-caico-2025-comeca-nesta-sexta-feira-31-confira-a-programacao-completa\/#breadcrumb\"},\"inLanguage\":\"pt-BR\",\"potentialAction\":[{\"@type\":\"ReadAction\",\"target\":[\"https:\/\/deputadotaveirajr.com.br\/index.php\/festival-gastronomico-de-caico-2025-comeca-nesta-sexta-feira-31-confira-a-programacao-completa\/\"]}]},{\"@type\":\"ImageObject\",\"inLanguage\":\"pt-BR\",\"@id\":\"https:\/\/deputadotaveirajr.com.br\/index.php\/festival-gastronomico-de-caico-2025-comeca-nesta-sexta-feira-31-confira-a-programacao-completa\/#primaryimage\",\"url\":\"https:\/\/deputadotaveirajr.com.br\/wp-content\/uploads\/2025\/10\/caico-JkPSSu.jpg\",\"contentUrl\":\"https:\/\/deputadotaveirajr.com.br\/wp-content\/uploads\/2025\/10\/caico-JkPSSu.jpg\",\"width\":1600,\"height\":1066},{\"@type\":\"BreadcrumbList\",\"@id\":\"https:\/\/deputadotaveirajr.com.br\/index.php\/festival-gastronomico-de-caico-2025-comeca-nesta-sexta-feira-31-confira-a-programacao-completa\/#breadcrumb\",\"itemListElement\":[{\"@type\":\"ListItem\",\"position\":1,\"name\":\"In\u00edcio\",\"item\":\"https:\/\/deputadotaveirajr.com.br\/\"},{\"@type\":\"ListItem\",\"position\":2,\"name\":\"Festival Gastron\u00f4mico de Caic\u00f3 2025 come\u00e7a nesta sexta-feira (31); confira a programa\u00e7\u00e3o completa\"}]},{\"@type\":\"WebSite\",\"@id\":\"https:\/\/deputadotaveirajr.com.br\/#website\",\"url\":\"https:\/\/deputadotaveirajr.com.br\/\",\"name\":\"Taveira Jr\",\"description\":\"Deputado Estadual\",\"publisher\":{\"@id\":\"https:\/\/deputadotaveirajr.com.br\/#organization\"},\"potentialAction\":[{\"@type\":\"SearchAction\",\"target\":{\"@type\":\"EntryPoint\",\"urlTemplate\":\"https:\/\/deputadotaveirajr.com.br\/?s={search_term_string}\"},\"query-input\":{\"@type\":\"PropertyValueSpecification\",\"valueRequired\":true,\"valueName\":\"search_term_string\"}}],\"inLanguage\":\"pt-BR\"},{\"@type\":\"Organization\",\"@id\":\"https:\/\/deputadotaveirajr.com.br\/#organization\",\"name\":\"Taveira Jr\",\"url\":\"https:\/\/deputadotaveirajr.com.br\/\",\"logo\":{\"@type\":\"ImageObject\",\"inLanguage\":\"pt-BR\",\"@id\":\"https:\/\/deputadotaveirajr.com.br\/#\/schema\/logo\/image\/\",\"url\":\"https:\/\/deputadotaveirajr.com.br\/wp-content\/uploads\/2026\/01\/logolow2a.png\",\"contentUrl\":\"https:\/\/deputadotaveirajr.com.br\/wp-content\/uploads\/2026\/01\/logolow2a.png\",\"width\":290,\"height\":80,\"caption\":\"Taveira Jr\"},\"image\":{\"@id\":\"https:\/\/deputadotaveirajr.com.br\/#\/schema\/logo\/image\/\"}}]}<\/script>\n<!-- \/ Yoast SEO plugin. -->","yoast_head_json":{"title":"Festival Gastron\u00f4mico de Caic\u00f3 2025 come\u00e7a nesta sexta-feira (31); confira a programa\u00e7\u00e3o completa - Taveira Jr","robots":{"index":"index","follow":"follow","max-snippet":"max-snippet:-1","max-image-preview":"max-image-preview:large","max-video-preview":"max-video-preview:-1"},"canonical":"https:\/\/deputadotaveirajr.com.br\/index.php\/festival-gastronomico-de-caico-2025-comeca-nesta-sexta-feira-31-confira-a-programacao-completa\/","og_locale":"pt_BR","og_type":"article","og_title":"Festival Gastron\u00f4mico de Caic\u00f3 2025 come\u00e7a nesta sexta-feira (31); confira a programa\u00e7\u00e3o completa - Taveira Jr","og_description":"Festival Gastron\u00f4mico de Caic\u00f3 come\u00e7a nesta sexta-feira (31) Divulga\u00e7\u00e3o Caic\u00f3 se transforma, a partir desta sexta-feira (31), na capital da gastronomia no Rio Grande do Norte. O Festival Gastron\u00f4mico de ...","og_url":"https:\/\/deputadotaveirajr.com.br\/index.php\/festival-gastronomico-de-caico-2025-comeca-nesta-sexta-feira-31-confira-a-programacao-completa\/","og_site_name":"Taveira Jr","og_image":[{"url":"https:\/\/s2-g1.glbimg.com\/FuREg79ahlDOu4UG7aG0oPtMqck=\/i.s3.glbimg.com\/v1\/AUTH_59edd422c0c84a879bd37670ae4f538a\/internal_photos\/bs\/2025\/9\/J\/ImrJllQluIYb06F4KVZw\/caico.jpg","type":"","width":"","height":""}],"twitter_card":"summary_large_image","twitter_misc":{"Est. tempo de leitura":"4 minutos"},"schema":{"@context":"https:\/\/schema.org","@graph":[{"@type":"WebPage","@id":"https:\/\/deputadotaveirajr.com.br\/index.php\/festival-gastronomico-de-caico-2025-comeca-nesta-sexta-feira-31-confira-a-programacao-completa\/","url":"https:\/\/deputadotaveirajr.com.br\/index.php\/festival-gastronomico-de-caico-2025-comeca-nesta-sexta-feira-31-confira-a-programacao-completa\/","name":"Festival Gastron\u00f4mico de Caic\u00f3 2025 come\u00e7a nesta sexta-feira (31); confira a programa\u00e7\u00e3o completa - Taveira Jr","isPartOf":{"@id":"https:\/\/deputadotaveirajr.com.br\/#website"},"primaryImageOfPage":{"@id":"https:\/\/deputadotaveirajr.com.br\/index.php\/festival-gastronomico-de-caico-2025-comeca-nesta-sexta-feira-31-confira-a-programacao-completa\/#primaryimage"},"image":{"@id":"https:\/\/deputadotaveirajr.com.br\/index.php\/festival-gastronomico-de-caico-2025-comeca-nesta-sexta-feira-31-confira-a-programacao-completa\/#primaryimage"},"thumbnailUrl":"https:\/\/deputadotaveirajr.com.br\/wp-content\/uploads\/2025\/10\/caico-JkPSSu.jpg","datePublished":"2025-10-31T13:35:09+00:00","breadcrumb":{"@id":"https:\/\/deputadotaveirajr.com.br\/index.php\/festival-gastronomico-de-caico-2025-comeca-nesta-sexta-feira-31-confira-a-programacao-completa\/#breadcrumb"},"inLanguage":"pt-BR","potentialAction":[{"@type":"ReadAction","target":["https:\/\/deputadotaveirajr.com.br\/index.php\/festival-gastronomico-de-caico-2025-comeca-nesta-sexta-feira-31-confira-a-programacao-completa\/"]}]},{"@type":"ImageObject","inLanguage":"pt-BR","@id":"https:\/\/deputadotaveirajr.com.br\/index.php\/festival-gastronomico-de-caico-2025-comeca-nesta-sexta-feira-31-confira-a-programacao-completa\/#primaryimage","url":"https:\/\/deputadotaveirajr.com.br\/wp-content\/uploads\/2025\/10\/caico-JkPSSu.jpg","contentUrl":"https:\/\/deputadotaveirajr.com.br\/wp-content\/uploads\/2025\/10\/caico-JkPSSu.jpg","width":1600,"height":1066},{"@type":"BreadcrumbList","@id":"https:\/\/deputadotaveirajr.com.br\/index.php\/festival-gastronomico-de-caico-2025-comeca-nesta-sexta-feira-31-confira-a-programacao-completa\/#breadcrumb","itemListElement":[{"@type":"ListItem","position":1,"name":"In\u00edcio","item":"https:\/\/deputadotaveirajr.com.br\/"},{"@type":"ListItem","position":2,"name":"Festival Gastron\u00f4mico de Caic\u00f3 2025 come\u00e7a nesta sexta-feira (31); confira a programa\u00e7\u00e3o completa"}]},{"@type":"WebSite","@id":"https:\/\/deputadotaveirajr.com.br\/#website","url":"https:\/\/deputadotaveirajr.com.br\/","name":"Taveira Jr","description":"Deputado Estadual","publisher":{"@id":"https:\/\/deputadotaveirajr.com.br\/#organization"},"potentialAction":[{"@type":"SearchAction","target":{"@type":"EntryPoint","urlTemplate":"https:\/\/deputadotaveirajr.com.br\/?s={search_term_string}"},"query-input":{"@type":"PropertyValueSpecification","valueRequired":true,"valueName":"search_term_string"}}],"inLanguage":"pt-BR"},{"@type":"Organization","@id":"https:\/\/deputadotaveirajr.com.br\/#organization","name":"Taveira Jr","url":"https:\/\/deputadotaveirajr.com.br\/","logo":{"@type":"ImageObject","inLanguage":"pt-BR","@id":"https:\/\/deputadotaveirajr.com.br\/#\/schema\/logo\/image\/","url":"https:\/\/deputadotaveirajr.com.br\/wp-content\/uploads\/2026\/01\/logolow2a.png","contentUrl":"https:\/\/deputadotaveirajr.com.br\/wp-content\/uploads\/2026\/01\/logolow2a.png","width":290,"height":80,"caption":"Taveira Jr"},"image":{"@id":"https:\/\/deputadotaveirajr.com.br\/#\/schema\/logo\/image\/"}}]}},"_links":{"self":[{"href":"https:\/\/deputadotaveirajr.com.br\/index.php\/wp-json\/wp\/v2\/pages\/14399","targetHints":{"allow":["GET"]}}],"collection":[{"href":"https:\/\/deputadotaveirajr.com.br\/index.php\/wp-json\/wp\/v2\/pages"}],"about":[{"href":"https:\/\/deputadotaveirajr.com.br\/index.php\/wp-json\/wp\/v2\/types\/page"}],"replies":[{"embeddable":true,"href":"https:\/\/deputadotaveirajr.com.br\/index.php\/wp-json\/wp\/v2\/comments?post=14399"}],"version-history":[{"count":0,"href":"https:\/\/deputadotaveirajr.com.br\/index.php\/wp-json\/wp\/v2\/pages\/14399\/revisions"}],"wp:featuredmedia":[{"embeddable":true,"href":"https:\/\/deputadotaveirajr.com.br\/index.php\/wp-json\/wp\/v2\/media\/14400"}],"wp:attachment":[{"href":"https:\/\/deputadotaveirajr.com.br\/index.php\/wp-json\/wp\/v2\/media?parent=14399"}],"curies":[{"name":"wp","href":"https:\/\/api.w.org\/{rel}","templated":true}]}}