{"id":14436,"date":"2025-11-03T14:38:12","date_gmt":"2025-11-03T17:38:12","guid":{"rendered":"https:\/\/deputadotaveirajr.com.br\/index.php\/veja-como-negociar-dividas-com-ate-99-de-desconto-no-rn\/"},"modified":"2025-11-03T14:38:12","modified_gmt":"2025-11-03T17:38:12","slug":"veja-como-negociar-dividas-com-ate-99-de-desconto-no-rn","status":"publish","type":"page","link":"https:\/\/deputadotaveirajr.com.br\/index.php\/veja-como-negociar-dividas-com-ate-99-de-desconto-no-rn\/","title":{"rendered":"Veja como negociar d\u00edvidas com at\u00e9 99% de desconto no RN"},"content":{"rendered":"<p><img decoding=\"async\" src=\"https:\/\/s2-g1.glbimg.com\/RoCFyjhSwC0NvSUYkYA9UrhNqes=\/i.s3.glbimg.com\/v1\/AUTH_59edd422c0c84a879bd37670ae4f538a\/internal_photos\/bs\/2025\/2\/u\/rgpBFhTaCSSdlW0Lqujg\/1.png\" \/><br \/>     Feir\u00e3o que oferece descontos para negociar d\u00edvidas e limpar o nome come\u00e7a nesta segunda-feira (3)<br \/>\nA Serasa come\u00e7ou nesta segunda-feira (3) uma nova edi\u00e7\u00e3o do Feir\u00e3o Limpa Nome, o maior mutir\u00e3o de negocia\u00e7\u00e3o de d\u00edvidas do pa\u00eds. Os descontos podem chegar a 99% e h\u00e1 op\u00e7\u00f5es de parcelamento a partir de R$9,90.<br \/>\nO feir\u00e3o segue at\u00e9 o dia 30 de novembro. As ofertas e condi\u00e7\u00f5es dispon\u00edveis para negocia\u00e7\u00e3o das d\u00edvidas podem ser consultadas no site e no aplicativo da Serasa, al\u00e9m das ag\u00eancias de Correios.<br \/>\n\ud83d\udcf3 Clique aqui para seguir o canal do g1 RN no WhatsApp<br \/>\nA iniciativa re\u00fane mais de 1,6 mil de empresas parceiras e conta com o apoio dos Correios, que oferece atendimento presencial gratuito em todas as suas mais de 7 mil ag\u00eancias espalhadas pelo Brasil.<br \/>\nAo todo, s\u00e3o 633 milh\u00f5es de d\u00edvidas  no Brasil com ofertas de negocia\u00e7\u00e3o dispon\u00edveis em segmentos como bancos, varejo, telecomunica\u00e7\u00f5es, financeiras e concession\u00e1rias de servi\u00e7os b\u00e1sicos.<br \/>\nN\u00famero de inadimplentes em Campinas sobe 21,5% em cinco anos, e Serasa prorroga mutir\u00e3o para renegocia\u00e7\u00e3o de d\u00edvidas<br \/>\nReprodu\u00e7\u00e3o\/EPTV<br \/>\nAtendimento nos Correios<br \/>\nQuem prefere atendimento presencial pode recorrer \u00e0s ag\u00eancias dos Correios em todo o Rio Grande do Norte.<br \/>\nElas oferecem consulta e negocia\u00e7\u00e3o dos d\u00e9bitos sem qualquer cobran\u00e7a de taxa at\u00e9 o final de novembro.<br \/>\nPara realizar o atendimento, basta que o titular apresente um documento oficial com foto. As ofertas e condi\u00e7\u00f5es dispon\u00edveis nas ag\u00eancias s\u00e3o as mesmas que constam no site e aplicativo da Serasa.<br \/>\nEduca\u00e7\u00e3o financeira<br \/>\nAl\u00e9m das negocia\u00e7\u00f5es, a Serasa, em parceria com a Febraban e os Correios, promove uma opera\u00e7\u00e3o especial de educa\u00e7\u00e3o financeira nos dias 3 e 4 de novembro, em ag\u00eancias selecionadas de capitais brasileiras.<br \/>\nEm Natal, a consultoria acontece na Ag\u00eancia Central, no bairro da Ribeira (Av. Eng. Hildebrando de G\u00f3is, 221).<br \/>\nT\u00e9cnicos e especialistas estar\u00e3o \u00e0 disposi\u00e7\u00e3o para orientar a popula\u00e7\u00e3o sobre como organizar o or\u00e7amento, evitar o endividamento e manter o nome limpo ap\u00f3s a negocia\u00e7\u00e3o.<br \/>\nV\u00eddeos mais assistidos do g1 RN<\/p>","protected":false},"excerpt":{"rendered":"<p>Feir\u00e3o que oferece descontos para negociar d\u00edvidas e limpar o nome come\u00e7a nesta segunda-feira (3) A Serasa come\u00e7ou nesta segunda-feira (3) uma nova edi\u00e7\u00e3o do Feir\u00e3o Limpa Nome, o maior &#8230;<\/p>\n","protected":false},"author":0,"featured_media":14437,"parent":0,"menu_order":0,"comment_status":"closed","ping_status":"closed","template":"","meta":{"footnotes":""},"class_list":["post-14436","page","type-page","status-publish","has-post-thumbnail","hentry"],"yoast_head":"<!-- This site is optimized with the Yoast SEO plugin v27.1.1 - https:\/\/yoast.com\/product\/yoast-seo-wordpress\/ -->\n<title>Veja como negociar d\u00edvidas com at\u00e9 99% de desconto no RN - Taveira Jr<\/title>\n<meta name=\"robots\" content=\"index, follow, max-snippet:-1, max-image-preview:large, max-video-preview:-1\" \/>\n<link rel=\"canonical\" href=\"https:\/\/deputadotaveirajr.com.br\/index.php\/veja-como-negociar-dividas-com-ate-99-de-desconto-no-rn\/\" \/>\n<meta property=\"og:locale\" content=\"pt_BR\" \/>\n<meta property=\"og:type\" content=\"article\" \/>\n<meta property=\"og:title\" content=\"Veja como negociar d\u00edvidas com at\u00e9 99% de desconto no RN - Taveira Jr\" \/>\n<meta property=\"og:description\" content=\"Feir\u00e3o que oferece descontos para negociar d\u00edvidas e limpar o nome come\u00e7a nesta segunda-feira (3) A Serasa come\u00e7ou nesta segunda-feira (3) uma nova edi\u00e7\u00e3o do Feir\u00e3o Limpa Nome, o maior ...\" \/>\n<meta property=\"og:url\" content=\"https:\/\/deputadotaveirajr.com.br\/index.php\/veja-como-negociar-dividas-com-ate-99-de-desconto-no-rn\/\" \/>\n<meta property=\"og:site_name\" content=\"Taveira Jr\" \/>\n<meta property=\"og:image\" content=\"https:\/\/s2-g1.glbimg.com\/RoCFyjhSwC0NvSUYkYA9UrhNqes=\/i.s3.glbimg.com\/v1\/AUTH_59edd422c0c84a879bd37670ae4f538a\/internal_photos\/bs\/2025\/2\/u\/rgpBFhTaCSSdlW0Lqujg\/1.png\" \/>\n<meta name=\"twitter:card\" content=\"summary_large_image\" \/>\n<meta name=\"twitter:label1\" content=\"Est. tempo de leitura\" \/>\n\t<meta name=\"twitter:data1\" content=\"2 minutos\" \/>\n<script type=\"application\/ld+json\" class=\"yoast-schema-graph\">{\"@context\":\"https:\/\/schema.org\",\"@graph\":[{\"@type\":\"WebPage\",\"@id\":\"https:\/\/deputadotaveirajr.com.br\/index.php\/veja-como-negociar-dividas-com-ate-99-de-desconto-no-rn\/\",\"url\":\"https:\/\/deputadotaveirajr.com.br\/index.php\/veja-como-negociar-dividas-com-ate-99-de-desconto-no-rn\/\",\"name\":\"Veja como negociar d\u00edvidas com at\u00e9 99% de desconto no RN - Taveira Jr\",\"isPartOf\":{\"@id\":\"https:\/\/deputadotaveirajr.com.br\/#website\"},\"primaryImageOfPage\":{\"@id\":\"https:\/\/deputadotaveirajr.com.br\/index.php\/veja-como-negociar-dividas-com-ate-99-de-desconto-no-rn\/#primaryimage\"},\"image\":{\"@id\":\"https:\/\/deputadotaveirajr.com.br\/index.php\/veja-como-negociar-dividas-com-ate-99-de-desconto-no-rn\/#primaryimage\"},\"thumbnailUrl\":\"https:\/\/deputadotaveirajr.com.br\/wp-content\/uploads\/2025\/11\/1-BpzemA.jpg\",\"datePublished\":\"2025-11-03T17:38:12+00:00\",\"breadcrumb\":{\"@id\":\"https:\/\/deputadotaveirajr.com.br\/index.php\/veja-como-negociar-dividas-com-ate-99-de-desconto-no-rn\/#breadcrumb\"},\"inLanguage\":\"pt-BR\",\"potentialAction\":[{\"@type\":\"ReadAction\",\"target\":[\"https:\/\/deputadotaveirajr.com.br\/index.php\/veja-como-negociar-dividas-com-ate-99-de-desconto-no-rn\/\"]}]},{\"@type\":\"ImageObject\",\"inLanguage\":\"pt-BR\",\"@id\":\"https:\/\/deputadotaveirajr.com.br\/index.php\/veja-como-negociar-dividas-com-ate-99-de-desconto-no-rn\/#primaryimage\",\"url\":\"https:\/\/deputadotaveirajr.com.br\/wp-content\/uploads\/2025\/11\/1-BpzemA.jpg\",\"contentUrl\":\"https:\/\/deputadotaveirajr.com.br\/wp-content\/uploads\/2025\/11\/1-BpzemA.jpg\",\"width\":1350,\"height\":900},{\"@type\":\"BreadcrumbList\",\"@id\":\"https:\/\/deputadotaveirajr.com.br\/index.php\/veja-como-negociar-dividas-com-ate-99-de-desconto-no-rn\/#breadcrumb\",\"itemListElement\":[{\"@type\":\"ListItem\",\"position\":1,\"name\":\"In\u00edcio\",\"item\":\"https:\/\/deputadotaveirajr.com.br\/\"},{\"@type\":\"ListItem\",\"position\":2,\"name\":\"Veja como negociar d\u00edvidas com at\u00e9 99% de desconto no RN\"}]},{\"@type\":\"WebSite\",\"@id\":\"https:\/\/deputadotaveirajr.com.br\/#website\",\"url\":\"https:\/\/deputadotaveirajr.com.br\/\",\"name\":\"Taveira Jr\",\"description\":\"Deputado Estadual\",\"publisher\":{\"@id\":\"https:\/\/deputadotaveirajr.com.br\/#organization\"},\"potentialAction\":[{\"@type\":\"SearchAction\",\"target\":{\"@type\":\"EntryPoint\",\"urlTemplate\":\"https:\/\/deputadotaveirajr.com.br\/?s={search_term_string}\"},\"query-input\":{\"@type\":\"PropertyValueSpecification\",\"valueRequired\":true,\"valueName\":\"search_term_string\"}}],\"inLanguage\":\"pt-BR\"},{\"@type\":\"Organization\",\"@id\":\"https:\/\/deputadotaveirajr.com.br\/#organization\",\"name\":\"Taveira Jr\",\"url\":\"https:\/\/deputadotaveirajr.com.br\/\",\"logo\":{\"@type\":\"ImageObject\",\"inLanguage\":\"pt-BR\",\"@id\":\"https:\/\/deputadotaveirajr.com.br\/#\/schema\/logo\/image\/\",\"url\":\"https:\/\/deputadotaveirajr.com.br\/wp-content\/uploads\/2026\/01\/logolow2a.png\",\"contentUrl\":\"https:\/\/deputadotaveirajr.com.br\/wp-content\/uploads\/2026\/01\/logolow2a.png\",\"width\":290,\"height\":80,\"caption\":\"Taveira Jr\"},\"image\":{\"@id\":\"https:\/\/deputadotaveirajr.com.br\/#\/schema\/logo\/image\/\"}}]}<\/script>\n<!-- \/ Yoast SEO plugin. -->","yoast_head_json":{"title":"Veja como negociar d\u00edvidas com at\u00e9 99% de desconto no RN - Taveira Jr","robots":{"index":"index","follow":"follow","max-snippet":"max-snippet:-1","max-image-preview":"max-image-preview:large","max-video-preview":"max-video-preview:-1"},"canonical":"https:\/\/deputadotaveirajr.com.br\/index.php\/veja-como-negociar-dividas-com-ate-99-de-desconto-no-rn\/","og_locale":"pt_BR","og_type":"article","og_title":"Veja como negociar d\u00edvidas com at\u00e9 99% de desconto no RN - Taveira Jr","og_description":"Feir\u00e3o que oferece descontos para negociar d\u00edvidas e limpar o nome come\u00e7a nesta segunda-feira (3) A Serasa come\u00e7ou nesta segunda-feira (3) uma nova edi\u00e7\u00e3o do Feir\u00e3o Limpa Nome, o maior ...","og_url":"https:\/\/deputadotaveirajr.com.br\/index.php\/veja-como-negociar-dividas-com-ate-99-de-desconto-no-rn\/","og_site_name":"Taveira Jr","og_image":[{"url":"https:\/\/s2-g1.glbimg.com\/RoCFyjhSwC0NvSUYkYA9UrhNqes=\/i.s3.glbimg.com\/v1\/AUTH_59edd422c0c84a879bd37670ae4f538a\/internal_photos\/bs\/2025\/2\/u\/rgpBFhTaCSSdlW0Lqujg\/1.png","type":"","width":"","height":""}],"twitter_card":"summary_large_image","twitter_misc":{"Est. tempo de leitura":"2 minutos"},"schema":{"@context":"https:\/\/schema.org","@graph":[{"@type":"WebPage","@id":"https:\/\/deputadotaveirajr.com.br\/index.php\/veja-como-negociar-dividas-com-ate-99-de-desconto-no-rn\/","url":"https:\/\/deputadotaveirajr.com.br\/index.php\/veja-como-negociar-dividas-com-ate-99-de-desconto-no-rn\/","name":"Veja como negociar d\u00edvidas com at\u00e9 99% de desconto no RN - Taveira Jr","isPartOf":{"@id":"https:\/\/deputadotaveirajr.com.br\/#website"},"primaryImageOfPage":{"@id":"https:\/\/deputadotaveirajr.com.br\/index.php\/veja-como-negociar-dividas-com-ate-99-de-desconto-no-rn\/#primaryimage"},"image":{"@id":"https:\/\/deputadotaveirajr.com.br\/index.php\/veja-como-negociar-dividas-com-ate-99-de-desconto-no-rn\/#primaryimage"},"thumbnailUrl":"https:\/\/deputadotaveirajr.com.br\/wp-content\/uploads\/2025\/11\/1-BpzemA.jpg","datePublished":"2025-11-03T17:38:12+00:00","breadcrumb":{"@id":"https:\/\/deputadotaveirajr.com.br\/index.php\/veja-como-negociar-dividas-com-ate-99-de-desconto-no-rn\/#breadcrumb"},"inLanguage":"pt-BR","potentialAction":[{"@type":"ReadAction","target":["https:\/\/deputadotaveirajr.com.br\/index.php\/veja-como-negociar-dividas-com-ate-99-de-desconto-no-rn\/"]}]},{"@type":"ImageObject","inLanguage":"pt-BR","@id":"https:\/\/deputadotaveirajr.com.br\/index.php\/veja-como-negociar-dividas-com-ate-99-de-desconto-no-rn\/#primaryimage","url":"https:\/\/deputadotaveirajr.com.br\/wp-content\/uploads\/2025\/11\/1-BpzemA.jpg","contentUrl":"https:\/\/deputadotaveirajr.com.br\/wp-content\/uploads\/2025\/11\/1-BpzemA.jpg","width":1350,"height":900},{"@type":"BreadcrumbList","@id":"https:\/\/deputadotaveirajr.com.br\/index.php\/veja-como-negociar-dividas-com-ate-99-de-desconto-no-rn\/#breadcrumb","itemListElement":[{"@type":"ListItem","position":1,"name":"In\u00edcio","item":"https:\/\/deputadotaveirajr.com.br\/"},{"@type":"ListItem","position":2,"name":"Veja como negociar d\u00edvidas com at\u00e9 99% de desconto no RN"}]},{"@type":"WebSite","@id":"https:\/\/deputadotaveirajr.com.br\/#website","url":"https:\/\/deputadotaveirajr.com.br\/","name":"Taveira Jr","description":"Deputado Estadual","publisher":{"@id":"https:\/\/deputadotaveirajr.com.br\/#organization"},"potentialAction":[{"@type":"SearchAction","target":{"@type":"EntryPoint","urlTemplate":"https:\/\/deputadotaveirajr.com.br\/?s={search_term_string}"},"query-input":{"@type":"PropertyValueSpecification","valueRequired":true,"valueName":"search_term_string"}}],"inLanguage":"pt-BR"},{"@type":"Organization","@id":"https:\/\/deputadotaveirajr.com.br\/#organization","name":"Taveira Jr","url":"https:\/\/deputadotaveirajr.com.br\/","logo":{"@type":"ImageObject","inLanguage":"pt-BR","@id":"https:\/\/deputadotaveirajr.com.br\/#\/schema\/logo\/image\/","url":"https:\/\/deputadotaveirajr.com.br\/wp-content\/uploads\/2026\/01\/logolow2a.png","contentUrl":"https:\/\/deputadotaveirajr.com.br\/wp-content\/uploads\/2026\/01\/logolow2a.png","width":290,"height":80,"caption":"Taveira Jr"},"image":{"@id":"https:\/\/deputadotaveirajr.com.br\/#\/schema\/logo\/image\/"}}]}},"_links":{"self":[{"href":"https:\/\/deputadotaveirajr.com.br\/index.php\/wp-json\/wp\/v2\/pages\/14436","targetHints":{"allow":["GET"]}}],"collection":[{"href":"https:\/\/deputadotaveirajr.com.br\/index.php\/wp-json\/wp\/v2\/pages"}],"about":[{"href":"https:\/\/deputadotaveirajr.com.br\/index.php\/wp-json\/wp\/v2\/types\/page"}],"replies":[{"embeddable":true,"href":"https:\/\/deputadotaveirajr.com.br\/index.php\/wp-json\/wp\/v2\/comments?post=14436"}],"version-history":[{"count":0,"href":"https:\/\/deputadotaveirajr.com.br\/index.php\/wp-json\/wp\/v2\/pages\/14436\/revisions"}],"wp:featuredmedia":[{"embeddable":true,"href":"https:\/\/deputadotaveirajr.com.br\/index.php\/wp-json\/wp\/v2\/media\/14437"}],"wp:attachment":[{"href":"https:\/\/deputadotaveirajr.com.br\/index.php\/wp-json\/wp\/v2\/media?parent=14436"}],"curies":[{"name":"wp","href":"https:\/\/api.w.org\/{rel}","templated":true}]}}