{"id":14462,"date":"2025-11-07T17:15:18","date_gmt":"2025-11-07T20:15:18","guid":{"rendered":"https:\/\/deputadotaveirajr.com.br\/index.php\/teatro-sandoval-wanderley-e-reaberto-em-natal-com-programacao-gratuita-confira\/"},"modified":"2025-11-07T17:15:18","modified_gmt":"2025-11-07T20:15:18","slug":"teatro-sandoval-wanderley-e-reaberto-em-natal-com-programacao-gratuita-confira","status":"publish","type":"page","link":"https:\/\/deputadotaveirajr.com.br\/index.php\/teatro-sandoval-wanderley-e-reaberto-em-natal-com-programacao-gratuita-confira\/","title":{"rendered":"Teatro Sandoval Wanderley \u00e9 reaberto em Natal com programa\u00e7\u00e3o gratuita; confira"},"content":{"rendered":"<p><img decoding=\"async\" src=\"https:\/\/s2-g1.glbimg.com\/1v2xEAUbSFj1izeGGYQbZT5CyPI=\/i.s3.glbimg.com\/v1\/AUTH_59edd422c0c84a879bd37670ae4f538a\/internal_photos\/bs\/2024\/D\/n\/w4r59oSiKOai3npbahxg\/tsw-11.jpg\" \/><br \/>     Teatro Sandoval Wanderley volta a abrir as portas hoje<br \/>\nO Teatro Sesc Sandoval Wanderley, no Alecrim, em Natal, ser\u00e1 inaugurado nesta sexta-feira (7) ap\u00f3s mais de 15 anos fechado, e tem a programa\u00e7\u00e3o de novembro totalmente gratuita (veja mais abaixo).<br \/>\nAo todo, mais de 20 apresenta\u00e7\u00f5es est\u00e3o previstas para ocorrer ainda em 2025, sendo duas delas j\u00e1 neste final de semana.<br \/>\n\ud83d\udcf3 Clique aqui para seguir o canal do g1 RN no WhatsApp<br \/>\nFechado em 2009, o Teatro Sandoval Wanderley, conhecido como o \u201cTeatrinho do Povo\u201d, passou por uma restaura\u00e7\u00e3o completa realizada pela prefeitura de Natal, que foi conclu\u00edda em outubro do ano passado.<br \/>\nEm dezembro do ano passado, foi formalizada a concess\u00e3o do pr\u00e9dio ao Sistema Fecom\u00e9rcio, por meio do Sesc, que passou a ser o respons\u00e1vel pelo gerenciamento do teatro. Em n\u00edvel nacional, o Sesc administra 118 teatros.<br \/>\nTeatro Sandoval Wanderley \u00e9 reinaugurado em Natal<br \/>\nDivulga\u00e7\u00e3o\/Sesc RN<br \/>\nReinaugura\u00e7\u00e3o<br \/>\nO evento de abertura do Teatro Sesc Sandoval Wanderley, nesta sexta-feira (7), \u00e9 apenas para convidados, mas contar\u00e1 com a publica\u00e7\u00e3o de tr\u00eas editais de fomento \u00e0 cultura, que somam R$ 590 mil em investimentos nas \u00e1reas de m\u00fasica, teatro, circo e dan\u00e7a.<br \/>\nAl\u00e9m disso, ser\u00e1 aberta para visita\u00e7\u00e3o a exposi\u00e7\u00e3o \u201cMem\u00f3rias do Teatro Sesc Sandoval Wanderley\u201d, que ficar\u00e1 em cartaz no local.<br \/>\nO equipamento cultural inicia sua programa\u00e7\u00e3o aberta ao p\u00fablico neste s\u00e1bado, \u00e0s 16h, com o espet\u00e1culo \u201cMenino P\u00e1ssaro\u201d, da Cia Trapi\u00e1. J\u00e1 no domingo, 09, quem sobe ao palco do novo teatro \u00e9 o grupo Quarteto Linha com show musical, \u00e0s 19h, com ingressos dispon\u00edveis pela plataforma Sympla.<br \/>\nTodas as apresenta\u00e7\u00f5es dessa temporada s\u00e3o gratuitas e arrecadam alimentos para o projeto Sesc mesa Brasil.<br \/>\nPautas para 2026<br \/>\nA reabertura do teatro tamb\u00e9m reabre as propostas de novas pautas para apresenta\u00e7\u00f5es no local, que podem ser submetidas para an\u00e1lise a partir do dia 20 de novembro at\u00e9 14 de dezembro.<br \/>\nEssas primeiras solicita\u00e7\u00f5es de reserva de pauta no Teatro Sesc Sandoval Wanderley s\u00e3o referentes ao per\u00edodo da quarta semana de fevereiro a julho de 2026.<br \/>\nO regulamento e o formul\u00e1rio v\u00e3o ficar  dispon\u00edveis no site do Sesc RN. Os pedidos ser\u00e3o analisados pela equipe t\u00e9cnica respons\u00e1vel, respeitando crit\u00e9rios de ocupa\u00e7\u00e3o e pol\u00edtica de uso do equipamento, que est\u00e1 sob gest\u00e3o do Servi\u00e7o Social do Com\u00e9rcio do Rio Grande do Norte (Sesc RN).<br \/>\nConfira a programa\u00e7\u00e3o<br \/>\nTodas as a\u00e7\u00f5es no teatro ser\u00e3o totalmente gratuitas, sendo solicitada apenas a doa\u00e7\u00e3o de alimentos n\u00e3o-perec\u00edveis ao programa Sesc Mesa Brasil, na entrada de cada a\u00e7\u00e3o.<br \/>\n\ud83d\udcc5 8 de novembro<br \/>\n16h &#8211; Espet\u00e1culo \u201cMenino P\u00e1ssaro\u201d, da Cia Trapi\u00e1 (Caic\u00f3\/RN) &#8211; ingressos devem ser retirados no Sympla<br \/>\n\ud83d\udcc5 9 de novembro<br \/>\n19h &#8211; Show musical \u201cQuarteto Linha\u201d &#8211; ingressos retirados no Sympla<br \/>\n\ud83d\udcc5 11 e 12 de novembro<br \/>\n19h no dia 11; e 9h e 15h no dia 12 &#8211; VIII Mostra Sesc de Cinema<br \/>\n\ud83d\udcc5 13 e 14 de novembro<br \/>\n19h no dia 13; e 15h no dia 14 &#8211; Mostra Poti Sesc de Cinema<br \/>\n\ud83d\udcc5 29 de novembro<br \/>\nEspet\u00e1culo \u201cMuito para o Leste, Tanto para o Oeste\u201d, do Grupo Interfer\u00eancias de Teatro (RN) &#8211; hor\u00e1rio n\u00e3o divulgado<br \/>\nOficinas<br \/>\nOficina \u201cPerdendo medo de edital: do projeto audiovisual \u00e0 inscri\u00e7\u00e3o com Camila Guerra\u201d, programa\u00e7\u00e3o do Labmais nos dias 11, 13, 18 e 19\/11<br \/>\nOficina \u201cCria\u00e7\u00e3o de Cine Clube Independente com Rosy Nascimento\u201d, programa\u00e7\u00e3o do Labmais nos dias 25\/11, 27\/11, 02\/12 e 04\/12;<br \/>\nOficina \u201cUm Lugar de Partida\u201d, de dan\u00e7a contempor\u00e2nea, com Ana Cl\u00e1udia Viana, entre os dias 25 e 28\/11;<br \/>\nV\u00eddeos mais assistidos do g1 RN<\/p>","protected":false},"excerpt":{"rendered":"<p>Teatro Sandoval Wanderley volta a abrir as portas hoje O Teatro Sesc Sandoval Wanderley, no Alecrim, em Natal, ser\u00e1 inaugurado nesta sexta-feira (7) ap\u00f3s mais de 15 anos fechado, e &#8230;<\/p>\n","protected":false},"author":0,"featured_media":14463,"parent":0,"menu_order":0,"comment_status":"closed","ping_status":"closed","template":"","meta":{"footnotes":""},"class_list":["post-14462","page","type-page","status-publish","has-post-thumbnail","hentry"],"yoast_head":"<!-- This site is optimized with the Yoast SEO plugin v27.1.1 - https:\/\/yoast.com\/product\/yoast-seo-wordpress\/ -->\n<title>Teatro Sandoval Wanderley \u00e9 reaberto em Natal com programa\u00e7\u00e3o gratuita; confira - Taveira Jr<\/title>\n<meta name=\"robots\" content=\"index, follow, max-snippet:-1, max-image-preview:large, max-video-preview:-1\" \/>\n<link rel=\"canonical\" href=\"https:\/\/deputadotaveirajr.com.br\/index.php\/teatro-sandoval-wanderley-e-reaberto-em-natal-com-programacao-gratuita-confira\/\" \/>\n<meta property=\"og:locale\" content=\"pt_BR\" \/>\n<meta property=\"og:type\" content=\"article\" \/>\n<meta property=\"og:title\" content=\"Teatro Sandoval Wanderley \u00e9 reaberto em Natal com programa\u00e7\u00e3o gratuita; confira - Taveira Jr\" \/>\n<meta property=\"og:description\" content=\"Teatro Sandoval Wanderley volta a abrir as portas hoje O Teatro Sesc Sandoval Wanderley, no Alecrim, em Natal, ser\u00e1 inaugurado nesta sexta-feira (7) ap\u00f3s mais de 15 anos fechado, e ...\" \/>\n<meta property=\"og:url\" content=\"https:\/\/deputadotaveirajr.com.br\/index.php\/teatro-sandoval-wanderley-e-reaberto-em-natal-com-programacao-gratuita-confira\/\" \/>\n<meta property=\"og:site_name\" content=\"Taveira Jr\" \/>\n<meta property=\"og:image\" content=\"https:\/\/s2-g1.glbimg.com\/1v2xEAUbSFj1izeGGYQbZT5CyPI=\/i.s3.glbimg.com\/v1\/AUTH_59edd422c0c84a879bd37670ae4f538a\/internal_photos\/bs\/2024\/D\/n\/w4r59oSiKOai3npbahxg\/tsw-11.jpg\" \/>\n<meta name=\"twitter:card\" content=\"summary_large_image\" \/>\n<meta name=\"twitter:label1\" content=\"Est. tempo de leitura\" \/>\n\t<meta name=\"twitter:data1\" content=\"3 minutos\" \/>\n<script type=\"application\/ld+json\" class=\"yoast-schema-graph\">{\"@context\":\"https:\/\/schema.org\",\"@graph\":[{\"@type\":\"WebPage\",\"@id\":\"https:\/\/deputadotaveirajr.com.br\/index.php\/teatro-sandoval-wanderley-e-reaberto-em-natal-com-programacao-gratuita-confira\/\",\"url\":\"https:\/\/deputadotaveirajr.com.br\/index.php\/teatro-sandoval-wanderley-e-reaberto-em-natal-com-programacao-gratuita-confira\/\",\"name\":\"Teatro Sandoval Wanderley \u00e9 reaberto em Natal com programa\u00e7\u00e3o gratuita; confira - Taveira Jr\",\"isPartOf\":{\"@id\":\"https:\/\/deputadotaveirajr.com.br\/#website\"},\"primaryImageOfPage\":{\"@id\":\"https:\/\/deputadotaveirajr.com.br\/index.php\/teatro-sandoval-wanderley-e-reaberto-em-natal-com-programacao-gratuita-confira\/#primaryimage\"},\"image\":{\"@id\":\"https:\/\/deputadotaveirajr.com.br\/index.php\/teatro-sandoval-wanderley-e-reaberto-em-natal-com-programacao-gratuita-confira\/#primaryimage\"},\"thumbnailUrl\":\"https:\/\/deputadotaveirajr.com.br\/wp-content\/uploads\/2025\/11\/tsw-11-BA0f7e.jpg\",\"datePublished\":\"2025-11-07T20:15:18+00:00\",\"breadcrumb\":{\"@id\":\"https:\/\/deputadotaveirajr.com.br\/index.php\/teatro-sandoval-wanderley-e-reaberto-em-natal-com-programacao-gratuita-confira\/#breadcrumb\"},\"inLanguage\":\"pt-BR\",\"potentialAction\":[{\"@type\":\"ReadAction\",\"target\":[\"https:\/\/deputadotaveirajr.com.br\/index.php\/teatro-sandoval-wanderley-e-reaberto-em-natal-com-programacao-gratuita-confira\/\"]}]},{\"@type\":\"ImageObject\",\"inLanguage\":\"pt-BR\",\"@id\":\"https:\/\/deputadotaveirajr.com.br\/index.php\/teatro-sandoval-wanderley-e-reaberto-em-natal-com-programacao-gratuita-confira\/#primaryimage\",\"url\":\"https:\/\/deputadotaveirajr.com.br\/wp-content\/uploads\/2025\/11\/tsw-11-BA0f7e.jpg\",\"contentUrl\":\"https:\/\/deputadotaveirajr.com.br\/wp-content\/uploads\/2025\/11\/tsw-11-BA0f7e.jpg\",\"width\":1240,\"height\":886},{\"@type\":\"BreadcrumbList\",\"@id\":\"https:\/\/deputadotaveirajr.com.br\/index.php\/teatro-sandoval-wanderley-e-reaberto-em-natal-com-programacao-gratuita-confira\/#breadcrumb\",\"itemListElement\":[{\"@type\":\"ListItem\",\"position\":1,\"name\":\"In\u00edcio\",\"item\":\"https:\/\/deputadotaveirajr.com.br\/\"},{\"@type\":\"ListItem\",\"position\":2,\"name\":\"Teatro Sandoval Wanderley \u00e9 reaberto em Natal com programa\u00e7\u00e3o gratuita; confira\"}]},{\"@type\":\"WebSite\",\"@id\":\"https:\/\/deputadotaveirajr.com.br\/#website\",\"url\":\"https:\/\/deputadotaveirajr.com.br\/\",\"name\":\"Taveira Jr\",\"description\":\"Deputado Estadual\",\"publisher\":{\"@id\":\"https:\/\/deputadotaveirajr.com.br\/#organization\"},\"potentialAction\":[{\"@type\":\"SearchAction\",\"target\":{\"@type\":\"EntryPoint\",\"urlTemplate\":\"https:\/\/deputadotaveirajr.com.br\/?s={search_term_string}\"},\"query-input\":{\"@type\":\"PropertyValueSpecification\",\"valueRequired\":true,\"valueName\":\"search_term_string\"}}],\"inLanguage\":\"pt-BR\"},{\"@type\":\"Organization\",\"@id\":\"https:\/\/deputadotaveirajr.com.br\/#organization\",\"name\":\"Taveira Jr\",\"url\":\"https:\/\/deputadotaveirajr.com.br\/\",\"logo\":{\"@type\":\"ImageObject\",\"inLanguage\":\"pt-BR\",\"@id\":\"https:\/\/deputadotaveirajr.com.br\/#\/schema\/logo\/image\/\",\"url\":\"https:\/\/deputadotaveirajr.com.br\/wp-content\/uploads\/2026\/01\/logolow2a.png\",\"contentUrl\":\"https:\/\/deputadotaveirajr.com.br\/wp-content\/uploads\/2026\/01\/logolow2a.png\",\"width\":290,\"height\":80,\"caption\":\"Taveira Jr\"},\"image\":{\"@id\":\"https:\/\/deputadotaveirajr.com.br\/#\/schema\/logo\/image\/\"}}]}<\/script>\n<!-- \/ Yoast SEO plugin. -->","yoast_head_json":{"title":"Teatro Sandoval Wanderley \u00e9 reaberto em Natal com programa\u00e7\u00e3o gratuita; confira - Taveira Jr","robots":{"index":"index","follow":"follow","max-snippet":"max-snippet:-1","max-image-preview":"max-image-preview:large","max-video-preview":"max-video-preview:-1"},"canonical":"https:\/\/deputadotaveirajr.com.br\/index.php\/teatro-sandoval-wanderley-e-reaberto-em-natal-com-programacao-gratuita-confira\/","og_locale":"pt_BR","og_type":"article","og_title":"Teatro Sandoval Wanderley \u00e9 reaberto em Natal com programa\u00e7\u00e3o gratuita; confira - Taveira Jr","og_description":"Teatro Sandoval Wanderley volta a abrir as portas hoje O Teatro Sesc Sandoval Wanderley, no Alecrim, em Natal, ser\u00e1 inaugurado nesta sexta-feira (7) ap\u00f3s mais de 15 anos fechado, e ...","og_url":"https:\/\/deputadotaveirajr.com.br\/index.php\/teatro-sandoval-wanderley-e-reaberto-em-natal-com-programacao-gratuita-confira\/","og_site_name":"Taveira Jr","og_image":[{"url":"https:\/\/s2-g1.glbimg.com\/1v2xEAUbSFj1izeGGYQbZT5CyPI=\/i.s3.glbimg.com\/v1\/AUTH_59edd422c0c84a879bd37670ae4f538a\/internal_photos\/bs\/2024\/D\/n\/w4r59oSiKOai3npbahxg\/tsw-11.jpg","type":"","width":"","height":""}],"twitter_card":"summary_large_image","twitter_misc":{"Est. tempo de leitura":"3 minutos"},"schema":{"@context":"https:\/\/schema.org","@graph":[{"@type":"WebPage","@id":"https:\/\/deputadotaveirajr.com.br\/index.php\/teatro-sandoval-wanderley-e-reaberto-em-natal-com-programacao-gratuita-confira\/","url":"https:\/\/deputadotaveirajr.com.br\/index.php\/teatro-sandoval-wanderley-e-reaberto-em-natal-com-programacao-gratuita-confira\/","name":"Teatro Sandoval Wanderley \u00e9 reaberto em Natal com programa\u00e7\u00e3o gratuita; confira - Taveira Jr","isPartOf":{"@id":"https:\/\/deputadotaveirajr.com.br\/#website"},"primaryImageOfPage":{"@id":"https:\/\/deputadotaveirajr.com.br\/index.php\/teatro-sandoval-wanderley-e-reaberto-em-natal-com-programacao-gratuita-confira\/#primaryimage"},"image":{"@id":"https:\/\/deputadotaveirajr.com.br\/index.php\/teatro-sandoval-wanderley-e-reaberto-em-natal-com-programacao-gratuita-confira\/#primaryimage"},"thumbnailUrl":"https:\/\/deputadotaveirajr.com.br\/wp-content\/uploads\/2025\/11\/tsw-11-BA0f7e.jpg","datePublished":"2025-11-07T20:15:18+00:00","breadcrumb":{"@id":"https:\/\/deputadotaveirajr.com.br\/index.php\/teatro-sandoval-wanderley-e-reaberto-em-natal-com-programacao-gratuita-confira\/#breadcrumb"},"inLanguage":"pt-BR","potentialAction":[{"@type":"ReadAction","target":["https:\/\/deputadotaveirajr.com.br\/index.php\/teatro-sandoval-wanderley-e-reaberto-em-natal-com-programacao-gratuita-confira\/"]}]},{"@type":"ImageObject","inLanguage":"pt-BR","@id":"https:\/\/deputadotaveirajr.com.br\/index.php\/teatro-sandoval-wanderley-e-reaberto-em-natal-com-programacao-gratuita-confira\/#primaryimage","url":"https:\/\/deputadotaveirajr.com.br\/wp-content\/uploads\/2025\/11\/tsw-11-BA0f7e.jpg","contentUrl":"https:\/\/deputadotaveirajr.com.br\/wp-content\/uploads\/2025\/11\/tsw-11-BA0f7e.jpg","width":1240,"height":886},{"@type":"BreadcrumbList","@id":"https:\/\/deputadotaveirajr.com.br\/index.php\/teatro-sandoval-wanderley-e-reaberto-em-natal-com-programacao-gratuita-confira\/#breadcrumb","itemListElement":[{"@type":"ListItem","position":1,"name":"In\u00edcio","item":"https:\/\/deputadotaveirajr.com.br\/"},{"@type":"ListItem","position":2,"name":"Teatro Sandoval Wanderley \u00e9 reaberto em Natal com programa\u00e7\u00e3o gratuita; confira"}]},{"@type":"WebSite","@id":"https:\/\/deputadotaveirajr.com.br\/#website","url":"https:\/\/deputadotaveirajr.com.br\/","name":"Taveira Jr","description":"Deputado Estadual","publisher":{"@id":"https:\/\/deputadotaveirajr.com.br\/#organization"},"potentialAction":[{"@type":"SearchAction","target":{"@type":"EntryPoint","urlTemplate":"https:\/\/deputadotaveirajr.com.br\/?s={search_term_string}"},"query-input":{"@type":"PropertyValueSpecification","valueRequired":true,"valueName":"search_term_string"}}],"inLanguage":"pt-BR"},{"@type":"Organization","@id":"https:\/\/deputadotaveirajr.com.br\/#organization","name":"Taveira Jr","url":"https:\/\/deputadotaveirajr.com.br\/","logo":{"@type":"ImageObject","inLanguage":"pt-BR","@id":"https:\/\/deputadotaveirajr.com.br\/#\/schema\/logo\/image\/","url":"https:\/\/deputadotaveirajr.com.br\/wp-content\/uploads\/2026\/01\/logolow2a.png","contentUrl":"https:\/\/deputadotaveirajr.com.br\/wp-content\/uploads\/2026\/01\/logolow2a.png","width":290,"height":80,"caption":"Taveira Jr"},"image":{"@id":"https:\/\/deputadotaveirajr.com.br\/#\/schema\/logo\/image\/"}}]}},"_links":{"self":[{"href":"https:\/\/deputadotaveirajr.com.br\/index.php\/wp-json\/wp\/v2\/pages\/14462","targetHints":{"allow":["GET"]}}],"collection":[{"href":"https:\/\/deputadotaveirajr.com.br\/index.php\/wp-json\/wp\/v2\/pages"}],"about":[{"href":"https:\/\/deputadotaveirajr.com.br\/index.php\/wp-json\/wp\/v2\/types\/page"}],"replies":[{"embeddable":true,"href":"https:\/\/deputadotaveirajr.com.br\/index.php\/wp-json\/wp\/v2\/comments?post=14462"}],"version-history":[{"count":0,"href":"https:\/\/deputadotaveirajr.com.br\/index.php\/wp-json\/wp\/v2\/pages\/14462\/revisions"}],"wp:featuredmedia":[{"embeddable":true,"href":"https:\/\/deputadotaveirajr.com.br\/index.php\/wp-json\/wp\/v2\/media\/14463"}],"wp:attachment":[{"href":"https:\/\/deputadotaveirajr.com.br\/index.php\/wp-json\/wp\/v2\/media?parent=14462"}],"curies":[{"name":"wp","href":"https:\/\/api.w.org\/{rel}","templated":true}]}}