{"id":14475,"date":"2025-11-10T19:13:33","date_gmt":"2025-11-10T22:13:33","guid":{"rendered":"https:\/\/deputadotaveirajr.com.br\/index.php\/primeira-nascida-em-hospital-do-rn-volta-a-unidade-para-parto-de-bisneto-mulher-da-nome-ao-local\/"},"modified":"2025-11-10T19:13:33","modified_gmt":"2025-11-10T22:13:33","slug":"primeira-nascida-em-hospital-do-rn-volta-a-unidade-para-parto-de-bisneto-mulher-da-nome-ao-local","status":"publish","type":"page","link":"https:\/\/deputadotaveirajr.com.br\/index.php\/primeira-nascida-em-hospital-do-rn-volta-a-unidade-para-parto-de-bisneto-mulher-da-nome-ao-local\/","title":{"rendered":"Primeira nascida em hospital do RN volta \u00e0 unidade para parto de bisneto; mulher d\u00e1 nome ao local"},"content":{"rendered":"<p><img decoding=\"async\" src=\"https:\/\/s2-g1.glbimg.com\/tpcrRWotQuJeibmr20oPxpbFats=\/i.s3.glbimg.com\/v1\/AUTH_59edd422c0c84a879bd37670ae4f538a\/internal_photos\/bs\/2025\/E\/A\/AcIwDxQAGGBICwHqQajw\/whatsapp-image-2025-11-10-at-18.06.46.jpeg\" \/><br \/>     Ana Bezerra (ao centro), ao lado da esposa do neto, que deu \u00e0 luz, e da filha dela<br \/>\nDivulga\u00e7\u00e3o\/Ebserh<br \/>\nO Hospital Universit\u00e1rio Ana Bezerra, em Santa Cruz, no interior do Rio Grande do Norte, recebeu no \u00faltimo s\u00e1bado (8) a visita de Ana Bezerra Brasileira, primeira pessoa nascida na unidade e que d\u00e1 nome ao local.<br \/>\nE a visita ilustre teve um motivo especial: a mulher foi conhecer o bisneto dela, que tamb\u00e9m nasceu na unidade.<br \/>\n\ud83d\udcf3 Clique aqui para seguir o canal do g1 RN no WhatsApp<br \/>\nAna Bezerra Brasileira nasceu no hospital em 4 de fevereiro de 1952. Atualmente, a unidade \u00e9 vinculada \u00e0 Universidade Federal do Rio Grande do Norte (UFRN).<br \/>\nO bisneto de Ana Bezerra \u00e9 Joaquim Lorenzo Rodrigues da Cruz, filho de Let\u00edcia Kely dos Santos Rodrigues e Jo\u00e3o Paulo Cruz Silva, ambos de 21 anos.<br \/>\nVeja os v\u00eddeos que est\u00e3o em alta no g1<br \/>\nOs dois s\u00e3o naturais de Santa Cruz e pais de primeira viagem. Eles celebraram o nascimento do filho \u00e0s 10h, por meio de parto cesariano, com o beb\u00ea pesando 3,7 kg e 52 centimeros.<br \/>\n\u201cFoi um momento muito especial pra gente. Sempre foi interesse nosso que o primeiro filho nascesse no hospital que leva o nome da minha av\u00f3. A equipe nos tratou muito bem e deu todo suporte necess\u00e1rio durante o parto e a perman\u00eancia no hospital\u201d, destacou Jo\u00e3o Paulo.<br \/>\nLet\u00edcia Kely contou que o parto transcorreu de forma tranquila e sem intercorr\u00eancias.<br \/>\n\u201cBoa parte do pr\u00e9-natal foi feita aqui no hospital, ent\u00e3o a gente j\u00e1 vinha se preparando para o momento do parto aqui, e correu tudo bem, gra\u00e7as a Deus\u201d.<br \/>\nEncontro emocionante, diz enfermeira<br \/>\nNatalia Filgueira, que \u00e9 enfermeria do HUAB, contou que o encontro de Ana Bezerra com o bisneto foi um momento marcante ap\u00f3s o parto.<br \/>\n&#8220;O parto foi muito tranquilo e sem intercorr\u00eancias. Ap\u00f3s o parto, o pai segurou seu filho nos bra\u00e7os. E Ana Bezerra tamb\u00e9m ficou bastante emocionada com a chegada do bisneto. Para mim, como profissional, foi gratificante participar desse momento hist\u00f3rico para o hospital&#8221;, falou a profissional.<br \/>\nO nascimento foi acompanhado de perto pela pr\u00f3pria Ana Bezerra, que esteve no hospital na companhia de sua filha, Rita de C\u00e1ssia Lima da Cruz, m\u00e3e de Jo\u00e3o Paulo. A presen\u00e7a das quatro gera\u00e7\u00f5es \u2014 bisav\u00f3, av\u00f3, pai e bisneto \u2014 marcou um momento hist\u00f3rico para a institui\u00e7\u00e3o.<br \/>\nLet\u00edcia Kely dos Santos Rodrigues e Jo\u00e3o Paulo Cruz Silva, pais de Joaquim Lorenzo<br \/>\nDivulga\u00e7\u00e3o\/Ebserh<br \/>\nV\u00eddeos mais assistidos do g1 RN<\/p>","protected":false},"excerpt":{"rendered":"<p>Ana Bezerra (ao centro), ao lado da esposa do neto, que deu \u00e0 luz, e da filha dela Divulga\u00e7\u00e3o\/Ebserh O Hospital Universit\u00e1rio Ana Bezerra, em Santa Cruz, no interior do &#8230;<\/p>\n","protected":false},"author":0,"featured_media":14476,"parent":0,"menu_order":0,"comment_status":"closed","ping_status":"closed","template":"","meta":{"footnotes":""},"class_list":["post-14475","page","type-page","status-publish","has-post-thumbnail","hentry"],"yoast_head":"<!-- This site is optimized with the Yoast SEO plugin v27.1.1 - https:\/\/yoast.com\/product\/yoast-seo-wordpress\/ -->\n<title>Primeira nascida em hospital do RN volta \u00e0 unidade para parto de bisneto; mulher d\u00e1 nome ao local - Taveira Jr<\/title>\n<meta name=\"robots\" content=\"index, follow, max-snippet:-1, max-image-preview:large, max-video-preview:-1\" \/>\n<link rel=\"canonical\" href=\"https:\/\/deputadotaveirajr.com.br\/index.php\/primeira-nascida-em-hospital-do-rn-volta-a-unidade-para-parto-de-bisneto-mulher-da-nome-ao-local\/\" \/>\n<meta property=\"og:locale\" content=\"pt_BR\" \/>\n<meta property=\"og:type\" content=\"article\" \/>\n<meta property=\"og:title\" content=\"Primeira nascida em hospital do RN volta \u00e0 unidade para parto de bisneto; mulher d\u00e1 nome ao local - Taveira Jr\" \/>\n<meta property=\"og:description\" content=\"Ana Bezerra (ao centro), ao lado da esposa do neto, que deu \u00e0 luz, e da filha dela Divulga\u00e7\u00e3o\/Ebserh O Hospital Universit\u00e1rio Ana Bezerra, em Santa Cruz, no interior do ...\" \/>\n<meta property=\"og:url\" content=\"https:\/\/deputadotaveirajr.com.br\/index.php\/primeira-nascida-em-hospital-do-rn-volta-a-unidade-para-parto-de-bisneto-mulher-da-nome-ao-local\/\" \/>\n<meta property=\"og:site_name\" content=\"Taveira Jr\" \/>\n<meta property=\"og:image\" content=\"https:\/\/s2-g1.glbimg.com\/tpcrRWotQuJeibmr20oPxpbFats=\/i.s3.glbimg.com\/v1\/AUTH_59edd422c0c84a879bd37670ae4f538a\/internal_photos\/bs\/2025\/E\/A\/AcIwDxQAGGBICwHqQajw\/whatsapp-image-2025-11-10-at-18.06.46.jpeg\" \/>\n<meta name=\"twitter:card\" content=\"summary_large_image\" \/>\n<meta name=\"twitter:label1\" content=\"Est. tempo de leitura\" \/>\n\t<meta name=\"twitter:data1\" content=\"2 minutos\" \/>\n<script type=\"application\/ld+json\" class=\"yoast-schema-graph\">{\"@context\":\"https:\/\/schema.org\",\"@graph\":[{\"@type\":\"WebPage\",\"@id\":\"https:\/\/deputadotaveirajr.com.br\/index.php\/primeira-nascida-em-hospital-do-rn-volta-a-unidade-para-parto-de-bisneto-mulher-da-nome-ao-local\/\",\"url\":\"https:\/\/deputadotaveirajr.com.br\/index.php\/primeira-nascida-em-hospital-do-rn-volta-a-unidade-para-parto-de-bisneto-mulher-da-nome-ao-local\/\",\"name\":\"Primeira nascida em hospital do RN volta \u00e0 unidade para parto de bisneto; mulher d\u00e1 nome ao local - Taveira Jr\",\"isPartOf\":{\"@id\":\"https:\/\/deputadotaveirajr.com.br\/#website\"},\"primaryImageOfPage\":{\"@id\":\"https:\/\/deputadotaveirajr.com.br\/index.php\/primeira-nascida-em-hospital-do-rn-volta-a-unidade-para-parto-de-bisneto-mulher-da-nome-ao-local\/#primaryimage\"},\"image\":{\"@id\":\"https:\/\/deputadotaveirajr.com.br\/index.php\/primeira-nascida-em-hospital-do-rn-volta-a-unidade-para-parto-de-bisneto-mulher-da-nome-ao-local\/#primaryimage\"},\"thumbnailUrl\":\"https:\/\/deputadotaveirajr.com.br\/wp-content\/uploads\/2025\/11\/whatsapp-image-2025-11-10-at-18.06.46-HhsQFK.jpg\",\"datePublished\":\"2025-11-10T22:13:33+00:00\",\"breadcrumb\":{\"@id\":\"https:\/\/deputadotaveirajr.com.br\/index.php\/primeira-nascida-em-hospital-do-rn-volta-a-unidade-para-parto-de-bisneto-mulher-da-nome-ao-local\/#breadcrumb\"},\"inLanguage\":\"pt-BR\",\"potentialAction\":[{\"@type\":\"ReadAction\",\"target\":[\"https:\/\/deputadotaveirajr.com.br\/index.php\/primeira-nascida-em-hospital-do-rn-volta-a-unidade-para-parto-de-bisneto-mulher-da-nome-ao-local\/\"]}]},{\"@type\":\"ImageObject\",\"inLanguage\":\"pt-BR\",\"@id\":\"https:\/\/deputadotaveirajr.com.br\/index.php\/primeira-nascida-em-hospital-do-rn-volta-a-unidade-para-parto-de-bisneto-mulher-da-nome-ao-local\/#primaryimage\",\"url\":\"https:\/\/deputadotaveirajr.com.br\/wp-content\/uploads\/2025\/11\/whatsapp-image-2025-11-10-at-18.06.46-HhsQFK.jpg\",\"contentUrl\":\"https:\/\/deputadotaveirajr.com.br\/wp-content\/uploads\/2025\/11\/whatsapp-image-2025-11-10-at-18.06.46-HhsQFK.jpg\",\"width\":1600,\"height\":1200},{\"@type\":\"BreadcrumbList\",\"@id\":\"https:\/\/deputadotaveirajr.com.br\/index.php\/primeira-nascida-em-hospital-do-rn-volta-a-unidade-para-parto-de-bisneto-mulher-da-nome-ao-local\/#breadcrumb\",\"itemListElement\":[{\"@type\":\"ListItem\",\"position\":1,\"name\":\"In\u00edcio\",\"item\":\"https:\/\/deputadotaveirajr.com.br\/\"},{\"@type\":\"ListItem\",\"position\":2,\"name\":\"Primeira nascida em hospital do RN volta \u00e0 unidade para parto de bisneto; mulher d\u00e1 nome ao local\"}]},{\"@type\":\"WebSite\",\"@id\":\"https:\/\/deputadotaveirajr.com.br\/#website\",\"url\":\"https:\/\/deputadotaveirajr.com.br\/\",\"name\":\"Taveira Jr\",\"description\":\"Deputado Estadual\",\"publisher\":{\"@id\":\"https:\/\/deputadotaveirajr.com.br\/#organization\"},\"potentialAction\":[{\"@type\":\"SearchAction\",\"target\":{\"@type\":\"EntryPoint\",\"urlTemplate\":\"https:\/\/deputadotaveirajr.com.br\/?s={search_term_string}\"},\"query-input\":{\"@type\":\"PropertyValueSpecification\",\"valueRequired\":true,\"valueName\":\"search_term_string\"}}],\"inLanguage\":\"pt-BR\"},{\"@type\":\"Organization\",\"@id\":\"https:\/\/deputadotaveirajr.com.br\/#organization\",\"name\":\"Taveira Jr\",\"url\":\"https:\/\/deputadotaveirajr.com.br\/\",\"logo\":{\"@type\":\"ImageObject\",\"inLanguage\":\"pt-BR\",\"@id\":\"https:\/\/deputadotaveirajr.com.br\/#\/schema\/logo\/image\/\",\"url\":\"https:\/\/deputadotaveirajr.com.br\/wp-content\/uploads\/2026\/01\/logolow2a.png\",\"contentUrl\":\"https:\/\/deputadotaveirajr.com.br\/wp-content\/uploads\/2026\/01\/logolow2a.png\",\"width\":290,\"height\":80,\"caption\":\"Taveira Jr\"},\"image\":{\"@id\":\"https:\/\/deputadotaveirajr.com.br\/#\/schema\/logo\/image\/\"}}]}<\/script>\n<!-- \/ Yoast SEO plugin. -->","yoast_head_json":{"title":"Primeira nascida em hospital do RN volta \u00e0 unidade para parto de bisneto; mulher d\u00e1 nome ao local - Taveira Jr","robots":{"index":"index","follow":"follow","max-snippet":"max-snippet:-1","max-image-preview":"max-image-preview:large","max-video-preview":"max-video-preview:-1"},"canonical":"https:\/\/deputadotaveirajr.com.br\/index.php\/primeira-nascida-em-hospital-do-rn-volta-a-unidade-para-parto-de-bisneto-mulher-da-nome-ao-local\/","og_locale":"pt_BR","og_type":"article","og_title":"Primeira nascida em hospital do RN volta \u00e0 unidade para parto de bisneto; mulher d\u00e1 nome ao local - Taveira Jr","og_description":"Ana Bezerra (ao centro), ao lado da esposa do neto, que deu \u00e0 luz, e da filha dela Divulga\u00e7\u00e3o\/Ebserh O Hospital Universit\u00e1rio Ana Bezerra, em Santa Cruz, no interior do ...","og_url":"https:\/\/deputadotaveirajr.com.br\/index.php\/primeira-nascida-em-hospital-do-rn-volta-a-unidade-para-parto-de-bisneto-mulher-da-nome-ao-local\/","og_site_name":"Taveira Jr","og_image":[{"url":"https:\/\/s2-g1.glbimg.com\/tpcrRWotQuJeibmr20oPxpbFats=\/i.s3.glbimg.com\/v1\/AUTH_59edd422c0c84a879bd37670ae4f538a\/internal_photos\/bs\/2025\/E\/A\/AcIwDxQAGGBICwHqQajw\/whatsapp-image-2025-11-10-at-18.06.46.jpeg","type":"","width":"","height":""}],"twitter_card":"summary_large_image","twitter_misc":{"Est. tempo de leitura":"2 minutos"},"schema":{"@context":"https:\/\/schema.org","@graph":[{"@type":"WebPage","@id":"https:\/\/deputadotaveirajr.com.br\/index.php\/primeira-nascida-em-hospital-do-rn-volta-a-unidade-para-parto-de-bisneto-mulher-da-nome-ao-local\/","url":"https:\/\/deputadotaveirajr.com.br\/index.php\/primeira-nascida-em-hospital-do-rn-volta-a-unidade-para-parto-de-bisneto-mulher-da-nome-ao-local\/","name":"Primeira nascida em hospital do RN volta \u00e0 unidade para parto de bisneto; mulher d\u00e1 nome ao local - Taveira Jr","isPartOf":{"@id":"https:\/\/deputadotaveirajr.com.br\/#website"},"primaryImageOfPage":{"@id":"https:\/\/deputadotaveirajr.com.br\/index.php\/primeira-nascida-em-hospital-do-rn-volta-a-unidade-para-parto-de-bisneto-mulher-da-nome-ao-local\/#primaryimage"},"image":{"@id":"https:\/\/deputadotaveirajr.com.br\/index.php\/primeira-nascida-em-hospital-do-rn-volta-a-unidade-para-parto-de-bisneto-mulher-da-nome-ao-local\/#primaryimage"},"thumbnailUrl":"https:\/\/deputadotaveirajr.com.br\/wp-content\/uploads\/2025\/11\/whatsapp-image-2025-11-10-at-18.06.46-HhsQFK.jpg","datePublished":"2025-11-10T22:13:33+00:00","breadcrumb":{"@id":"https:\/\/deputadotaveirajr.com.br\/index.php\/primeira-nascida-em-hospital-do-rn-volta-a-unidade-para-parto-de-bisneto-mulher-da-nome-ao-local\/#breadcrumb"},"inLanguage":"pt-BR","potentialAction":[{"@type":"ReadAction","target":["https:\/\/deputadotaveirajr.com.br\/index.php\/primeira-nascida-em-hospital-do-rn-volta-a-unidade-para-parto-de-bisneto-mulher-da-nome-ao-local\/"]}]},{"@type":"ImageObject","inLanguage":"pt-BR","@id":"https:\/\/deputadotaveirajr.com.br\/index.php\/primeira-nascida-em-hospital-do-rn-volta-a-unidade-para-parto-de-bisneto-mulher-da-nome-ao-local\/#primaryimage","url":"https:\/\/deputadotaveirajr.com.br\/wp-content\/uploads\/2025\/11\/whatsapp-image-2025-11-10-at-18.06.46-HhsQFK.jpg","contentUrl":"https:\/\/deputadotaveirajr.com.br\/wp-content\/uploads\/2025\/11\/whatsapp-image-2025-11-10-at-18.06.46-HhsQFK.jpg","width":1600,"height":1200},{"@type":"BreadcrumbList","@id":"https:\/\/deputadotaveirajr.com.br\/index.php\/primeira-nascida-em-hospital-do-rn-volta-a-unidade-para-parto-de-bisneto-mulher-da-nome-ao-local\/#breadcrumb","itemListElement":[{"@type":"ListItem","position":1,"name":"In\u00edcio","item":"https:\/\/deputadotaveirajr.com.br\/"},{"@type":"ListItem","position":2,"name":"Primeira nascida em hospital do RN volta \u00e0 unidade para parto de bisneto; mulher d\u00e1 nome ao local"}]},{"@type":"WebSite","@id":"https:\/\/deputadotaveirajr.com.br\/#website","url":"https:\/\/deputadotaveirajr.com.br\/","name":"Taveira Jr","description":"Deputado Estadual","publisher":{"@id":"https:\/\/deputadotaveirajr.com.br\/#organization"},"potentialAction":[{"@type":"SearchAction","target":{"@type":"EntryPoint","urlTemplate":"https:\/\/deputadotaveirajr.com.br\/?s={search_term_string}"},"query-input":{"@type":"PropertyValueSpecification","valueRequired":true,"valueName":"search_term_string"}}],"inLanguage":"pt-BR"},{"@type":"Organization","@id":"https:\/\/deputadotaveirajr.com.br\/#organization","name":"Taveira Jr","url":"https:\/\/deputadotaveirajr.com.br\/","logo":{"@type":"ImageObject","inLanguage":"pt-BR","@id":"https:\/\/deputadotaveirajr.com.br\/#\/schema\/logo\/image\/","url":"https:\/\/deputadotaveirajr.com.br\/wp-content\/uploads\/2026\/01\/logolow2a.png","contentUrl":"https:\/\/deputadotaveirajr.com.br\/wp-content\/uploads\/2026\/01\/logolow2a.png","width":290,"height":80,"caption":"Taveira Jr"},"image":{"@id":"https:\/\/deputadotaveirajr.com.br\/#\/schema\/logo\/image\/"}}]}},"_links":{"self":[{"href":"https:\/\/deputadotaveirajr.com.br\/index.php\/wp-json\/wp\/v2\/pages\/14475","targetHints":{"allow":["GET"]}}],"collection":[{"href":"https:\/\/deputadotaveirajr.com.br\/index.php\/wp-json\/wp\/v2\/pages"}],"about":[{"href":"https:\/\/deputadotaveirajr.com.br\/index.php\/wp-json\/wp\/v2\/types\/page"}],"replies":[{"embeddable":true,"href":"https:\/\/deputadotaveirajr.com.br\/index.php\/wp-json\/wp\/v2\/comments?post=14475"}],"version-history":[{"count":0,"href":"https:\/\/deputadotaveirajr.com.br\/index.php\/wp-json\/wp\/v2\/pages\/14475\/revisions"}],"wp:featuredmedia":[{"embeddable":true,"href":"https:\/\/deputadotaveirajr.com.br\/index.php\/wp-json\/wp\/v2\/media\/14476"}],"wp:attachment":[{"href":"https:\/\/deputadotaveirajr.com.br\/index.php\/wp-json\/wp\/v2\/media?parent=14475"}],"curies":[{"name":"wp","href":"https:\/\/api.w.org\/{rel}","templated":true}]}}