{"id":14489,"date":"2025-11-13T12:03:21","date_gmt":"2025-11-13T15:03:21","guid":{"rendered":"https:\/\/deputadotaveirajr.com.br\/index.php\/investigacao-contra-bets-em-bodo-tem-bloqueio-judicial-de-r-145-milhoes\/"},"modified":"2025-11-13T12:03:21","modified_gmt":"2025-11-13T15:03:21","slug":"investigacao-contra-bets-em-bodo-tem-bloqueio-judicial-de-r-145-milhoes","status":"publish","type":"page","link":"https:\/\/deputadotaveirajr.com.br\/index.php\/investigacao-contra-bets-em-bodo-tem-bloqueio-judicial-de-r-145-milhoes\/","title":{"rendered":"Investiga\u00e7\u00e3o contra bets em Bod\u00f3 tem bloqueio judicial de R$ 145 milh\u00f5es"},"content":{"rendered":"<p>Loterias municipais em funcionamento na cidade de Bod\u00f3 (RN)<br \/>\ng1<br \/>\nO Minist\u00e9rio P\u00fablico do Rio Grande do Norte anunciou que investiga um esquema de explora\u00e7\u00e3o irregular de apostas de quotas fixas \u2013 as bets &#8211; no munic\u00edpio de Bod\u00f3, na regi\u00e3o Serid\u00f3 potiguar.<br \/>\nA pedido do \u00f3rg\u00e3o, a Justi\u00e7a determinou sequestro, bloqueio e indisponibilidade de bens no valor de at\u00e9 R$ 145 milh\u00f5es dos investigados.<br \/>\n\ud83d\udcf3 Clique aqui para seguir o canal do g1 RN no WhatsApp<br \/>\nEm nota, a prefeitura de Bod\u00f3 informou que tomou conhecimento do conte\u00fado por meio da publica\u00e7\u00e3o no MP, n\u00e3o tendo recebido notifica\u00e7\u00e3o oficial ou comunica\u00e7\u00e3o formal.<br \/>\n&#8220;Refor\u00e7amos que estamos \u00e0 inteira disposi\u00e7\u00e3o do Minist\u00e9rio P\u00fablico para prestar todos os esclarecimentos necess\u00e1rios e colaborar com as investiga\u00e7\u00f5es, caso o \u00f3rg\u00e3o entenda pertinente envolver o munic\u00edpio no procedimento&#8221;, citou em nota. (Veja nota completa mais abaixo).<br \/>\nA a\u00e7\u00e3o do MPRN foca na apura\u00e7\u00e3o dos crimes de lavagem de dinheiro, induzimento \u00e0 especula\u00e7\u00e3o, contraven\u00e7\u00e3o penal (explora\u00e7\u00e3o de jogo de azar e loteria n\u00e3o autorizada), associa\u00e7\u00e3o criminosa e crimes contra as rela\u00e7\u00f5es de consumo.<br \/>\n&#8220;O esquema utilizava como fachada a ag\u00eancia municipal LotSerid\u00f3, criada pelo Munic\u00edpio de Bod\u00f3, para conferir uma apar\u00eancia de legalidade a dezenas de plataformas de apostas online&#8221;, disse o MP.<br \/>\nSegundo o MP h\u00e1 flagrante ilegalidade das opera\u00e7\u00f5es, uma vez que munic\u00edpios n\u00e3o podem legislar sobre loterias e apostas de quota fixa. Um levantamnto do g1 apontou que mais de 70 munic\u00edpios do pa\u00eds aprovaram leis de loterias municipais, mas apenas Bod\u00f3 tinha o servi\u00e7o em opera\u00e7\u00e3o at\u00e9 outubro.<br \/>\nLEIA MAIS<br \/>\nCidade do RN regulamenta bets e credencia pelo menos 38 empresas em 2 meses<br \/>\nMinist\u00e9rio da Fazenda notifica prefeitura de cidade do RN que credenciou bets<br \/>\nPrefeituras aprovam leis para criar mais de 70 loterias municipais; governo diz que s\u00e3o irregulares<br \/>\nCidade de 2,3 mil habitantes suspende bets municipais ap\u00f3s arrecadar R$ 8 milh\u00f5es em 10 meses<br \/>\nSegundo o MP, o pedido de medida cautelar foi considerado urgente diante do risco concreto de fuga de capitais, sonega\u00e7\u00e3o e dissipa\u00e7\u00e3o patrimonial, visando proteger o ressarcimento dos danos causados pela atividade il\u00edcita e a efetividade da persecu\u00e7\u00e3o penal.<br \/>\nAs conclus\u00f5es do MPRN se fundamentam, entre outros argumentos, no entendimento consolidado do Supremo Tribunal Federal (STF) sobre a mat\u00e9ria, que considera que munic\u00edpios n\u00e3o podem explorar servi\u00e7os de aposta nem de loterias.<br \/>\nPrefeitura de Bod\u00f3 suspende loterias municipais<br \/>\nO MPRN apurou a movimenta\u00e7\u00e3o expressiva de recursos financeiros. Foi demonstrado, pela pr\u00f3pria Prefeitura de Bod\u00f3\/RN, em manifesta\u00e7\u00f5es p\u00fablicas, que as empresas arrecadaram cerca de R$ 415 milh\u00f5es em apenas 10 meses de funcionamento, baseado no repasse de 2% da receita bruta (GGR) \u00e0 Prefeitura de Bod\u00f3 (cerca de R$ 8 milh\u00f5es).<br \/>\nA an\u00e1lise ainda teria revelado o uso de \u201claranjas\u201d, indiv\u00edduos com perfis socioecon\u00f4micos incompat\u00edveis com os valores movimentados.<br \/>\nAs investiga\u00e7\u00f5es apontam que muitas das empresas registradas t\u00eam ind\u00edcios de serem de fachada, registrando endere\u00e7os inexistentes, ou continuaram a operar mesmo ap\u00f3s terem sido baixadas na Receita Federal.<br \/>\nPrefeitura de Bod\u00f3, cidade da regi\u00e3o do Serid\u00f3 potiguar<br \/>\nGoogle Maps\/Reprodu\u00e7\u00e3o<br \/>\nAl\u00e9m disso, s\u00e3o investigados crimes contra as rela\u00e7\u00f5es de consumo, nos quais as empresas utilizavam a falsifica\u00e7\u00e3o digital institucional (inje\u00e7\u00e3o de c\u00f3digos em dom\u00ednios de boa reputa\u00e7\u00e3o, como \u201c.gov.br\u201d, \u201cedu.br\u201d, para conferir falsa credibilidade) para induzir consumidores a erro.<br \/>\n&#8220;A a\u00e7\u00e3o do MPRN visa interromper um esquema que lesa consumidores e promove a desinforma\u00e7\u00e3o sobre a legalidade das apostas, sem quaisquer preocupa\u00e7\u00f5es com a preven\u00e7\u00e3o \u00e0 lavagem de dinheiro ou com a sa\u00fade mental dos apostadores. A indisponibilidade dos ativos financeiros, ve\u00edculos e bens im\u00f3veis serve para garantir a futura repara\u00e7\u00e3o dos danos e viabilizar o confisco dos valores obtidos ilicitamente&#8221;, informou o \u00f3rg\u00e3o.<br \/>\nA pedido do MPRN, a Justi\u00e7a potiguar determinou o bloqueio de saldos em contas (correntes, poupan\u00e7a, investimento) e aplica\u00e7\u00f5es financeiras, o bloqueio de planos de previd\u00eancia, a indisponibilidade de bens im\u00f3veis e o bloqueio de ve\u00edculos.<br \/>\nCom as medidas cautelares decretadas, o MPRN informou que busca a cessa\u00e7\u00e3o imediata das infra\u00e7\u00f5es penais e assegurar que os ativos utilizados ou provenientes dos crimes de lavagem de dinheiro sejam bloqueados.<br \/>\nO que diz a prefeitura de Bod\u00f3<br \/>\nA prefeitura de Bod\u00f3 se manifestou por meio de nota. Veja abaixo:<br \/>\n&#8220;A Prefeitura Municipal de Bod\u00f3 vem a p\u00fablico se manifestar acerca da mat\u00e9ria recentemente divulgada pelo Minist\u00e9rio P\u00fablico do Estado do Rio Grande do Norte (MPRN), que trata de uma investiga\u00e7\u00e3o envolvendo a explora\u00e7\u00e3o da loteria municipal e do suposto bloqueio de R$ 145 milh\u00f5es.<br \/>\nEsclarecemos que tomamos conhecimento do conte\u00fado exclusivamente por meio da publica\u00e7\u00e3o realizada no site oficial do MPRN, n\u00e3o tendo o munic\u00edpio recebido, at\u00e9 o momento, qualquer notifica\u00e7\u00e3o oficial ou comunica\u00e7\u00e3o formal sobre determina\u00e7\u00e3o relacionada a esse tema.<br \/>\nRefor\u00e7amos que estamos \u00e0 inteira disposi\u00e7\u00e3o do Minist\u00e9rio P\u00fablico para prestar todos os esclarecimentos necess\u00e1rios e colaborar com as investiga\u00e7\u00f5es, caso o \u00f3rg\u00e3o entenda pertinente envolver o munic\u00edpio no procedimento.&#8221;<\/p>","protected":false},"excerpt":{"rendered":"<p>Loterias municipais em funcionamento na cidade de Bod\u00f3 (RN) g1 O Minist\u00e9rio P\u00fablico do Rio Grande do Norte anunciou que investiga um esquema de explora\u00e7\u00e3o irregular de apostas de quotas &#8230;<\/p>\n","protected":false},"author":0,"featured_media":0,"parent":0,"menu_order":0,"comment_status":"closed","ping_status":"closed","template":"","meta":{"footnotes":""},"class_list":["post-14489","page","type-page","status-publish","hentry"],"yoast_head":"<!-- This site is optimized with the Yoast SEO plugin v27.1.1 - https:\/\/yoast.com\/product\/yoast-seo-wordpress\/ -->\n<title>Investiga\u00e7\u00e3o contra bets em Bod\u00f3 tem bloqueio judicial de R$ 145 milh\u00f5es - Taveira Jr<\/title>\n<meta name=\"robots\" content=\"index, follow, max-snippet:-1, max-image-preview:large, max-video-preview:-1\" \/>\n<link rel=\"canonical\" href=\"https:\/\/deputadotaveirajr.com.br\/index.php\/investigacao-contra-bets-em-bodo-tem-bloqueio-judicial-de-r-145-milhoes\/\" \/>\n<meta property=\"og:locale\" content=\"pt_BR\" \/>\n<meta property=\"og:type\" content=\"article\" \/>\n<meta property=\"og:title\" content=\"Investiga\u00e7\u00e3o contra bets em Bod\u00f3 tem bloqueio judicial de R$ 145 milh\u00f5es - Taveira Jr\" \/>\n<meta property=\"og:description\" content=\"Loterias municipais em funcionamento na cidade de Bod\u00f3 (RN) g1 O Minist\u00e9rio P\u00fablico do Rio Grande do Norte anunciou que investiga um esquema de explora\u00e7\u00e3o irregular de apostas de quotas ...\" \/>\n<meta property=\"og:url\" content=\"https:\/\/deputadotaveirajr.com.br\/index.php\/investigacao-contra-bets-em-bodo-tem-bloqueio-judicial-de-r-145-milhoes\/\" \/>\n<meta property=\"og:site_name\" content=\"Taveira Jr\" \/>\n<meta name=\"twitter:card\" content=\"summary_large_image\" \/>\n<meta name=\"twitter:label1\" content=\"Est. tempo de leitura\" \/>\n\t<meta name=\"twitter:data1\" content=\"5 minutos\" \/>\n<script type=\"application\/ld+json\" class=\"yoast-schema-graph\">{\"@context\":\"https:\/\/schema.org\",\"@graph\":[{\"@type\":\"WebPage\",\"@id\":\"https:\/\/deputadotaveirajr.com.br\/index.php\/investigacao-contra-bets-em-bodo-tem-bloqueio-judicial-de-r-145-milhoes\/\",\"url\":\"https:\/\/deputadotaveirajr.com.br\/index.php\/investigacao-contra-bets-em-bodo-tem-bloqueio-judicial-de-r-145-milhoes\/\",\"name\":\"Investiga\u00e7\u00e3o contra bets em Bod\u00f3 tem bloqueio judicial de R$ 145 milh\u00f5es - Taveira Jr\",\"isPartOf\":{\"@id\":\"https:\/\/deputadotaveirajr.com.br\/#website\"},\"datePublished\":\"2025-11-13T15:03:21+00:00\",\"breadcrumb\":{\"@id\":\"https:\/\/deputadotaveirajr.com.br\/index.php\/investigacao-contra-bets-em-bodo-tem-bloqueio-judicial-de-r-145-milhoes\/#breadcrumb\"},\"inLanguage\":\"pt-BR\",\"potentialAction\":[{\"@type\":\"ReadAction\",\"target\":[\"https:\/\/deputadotaveirajr.com.br\/index.php\/investigacao-contra-bets-em-bodo-tem-bloqueio-judicial-de-r-145-milhoes\/\"]}]},{\"@type\":\"BreadcrumbList\",\"@id\":\"https:\/\/deputadotaveirajr.com.br\/index.php\/investigacao-contra-bets-em-bodo-tem-bloqueio-judicial-de-r-145-milhoes\/#breadcrumb\",\"itemListElement\":[{\"@type\":\"ListItem\",\"position\":1,\"name\":\"In\u00edcio\",\"item\":\"https:\/\/deputadotaveirajr.com.br\/\"},{\"@type\":\"ListItem\",\"position\":2,\"name\":\"Investiga\u00e7\u00e3o contra bets em Bod\u00f3 tem bloqueio judicial de R$ 145 milh\u00f5es\"}]},{\"@type\":\"WebSite\",\"@id\":\"https:\/\/deputadotaveirajr.com.br\/#website\",\"url\":\"https:\/\/deputadotaveirajr.com.br\/\",\"name\":\"Taveira Jr\",\"description\":\"Deputado Estadual\",\"publisher\":{\"@id\":\"https:\/\/deputadotaveirajr.com.br\/#organization\"},\"potentialAction\":[{\"@type\":\"SearchAction\",\"target\":{\"@type\":\"EntryPoint\",\"urlTemplate\":\"https:\/\/deputadotaveirajr.com.br\/?s={search_term_string}\"},\"query-input\":{\"@type\":\"PropertyValueSpecification\",\"valueRequired\":true,\"valueName\":\"search_term_string\"}}],\"inLanguage\":\"pt-BR\"},{\"@type\":\"Organization\",\"@id\":\"https:\/\/deputadotaveirajr.com.br\/#organization\",\"name\":\"Taveira Jr\",\"url\":\"https:\/\/deputadotaveirajr.com.br\/\",\"logo\":{\"@type\":\"ImageObject\",\"inLanguage\":\"pt-BR\",\"@id\":\"https:\/\/deputadotaveirajr.com.br\/#\/schema\/logo\/image\/\",\"url\":\"https:\/\/deputadotaveirajr.com.br\/wp-content\/uploads\/2026\/01\/logolow2a.png\",\"contentUrl\":\"https:\/\/deputadotaveirajr.com.br\/wp-content\/uploads\/2026\/01\/logolow2a.png\",\"width\":290,\"height\":80,\"caption\":\"Taveira Jr\"},\"image\":{\"@id\":\"https:\/\/deputadotaveirajr.com.br\/#\/schema\/logo\/image\/\"}}]}<\/script>\n<!-- \/ Yoast SEO plugin. -->","yoast_head_json":{"title":"Investiga\u00e7\u00e3o contra bets em Bod\u00f3 tem bloqueio judicial de R$ 145 milh\u00f5es - Taveira Jr","robots":{"index":"index","follow":"follow","max-snippet":"max-snippet:-1","max-image-preview":"max-image-preview:large","max-video-preview":"max-video-preview:-1"},"canonical":"https:\/\/deputadotaveirajr.com.br\/index.php\/investigacao-contra-bets-em-bodo-tem-bloqueio-judicial-de-r-145-milhoes\/","og_locale":"pt_BR","og_type":"article","og_title":"Investiga\u00e7\u00e3o contra bets em Bod\u00f3 tem bloqueio judicial de R$ 145 milh\u00f5es - Taveira Jr","og_description":"Loterias municipais em funcionamento na cidade de Bod\u00f3 (RN) g1 O Minist\u00e9rio P\u00fablico do Rio Grande do Norte anunciou que investiga um esquema de explora\u00e7\u00e3o irregular de apostas de quotas ...","og_url":"https:\/\/deputadotaveirajr.com.br\/index.php\/investigacao-contra-bets-em-bodo-tem-bloqueio-judicial-de-r-145-milhoes\/","og_site_name":"Taveira Jr","twitter_card":"summary_large_image","twitter_misc":{"Est. tempo de leitura":"5 minutos"},"schema":{"@context":"https:\/\/schema.org","@graph":[{"@type":"WebPage","@id":"https:\/\/deputadotaveirajr.com.br\/index.php\/investigacao-contra-bets-em-bodo-tem-bloqueio-judicial-de-r-145-milhoes\/","url":"https:\/\/deputadotaveirajr.com.br\/index.php\/investigacao-contra-bets-em-bodo-tem-bloqueio-judicial-de-r-145-milhoes\/","name":"Investiga\u00e7\u00e3o contra bets em Bod\u00f3 tem bloqueio judicial de R$ 145 milh\u00f5es - Taveira Jr","isPartOf":{"@id":"https:\/\/deputadotaveirajr.com.br\/#website"},"datePublished":"2025-11-13T15:03:21+00:00","breadcrumb":{"@id":"https:\/\/deputadotaveirajr.com.br\/index.php\/investigacao-contra-bets-em-bodo-tem-bloqueio-judicial-de-r-145-milhoes\/#breadcrumb"},"inLanguage":"pt-BR","potentialAction":[{"@type":"ReadAction","target":["https:\/\/deputadotaveirajr.com.br\/index.php\/investigacao-contra-bets-em-bodo-tem-bloqueio-judicial-de-r-145-milhoes\/"]}]},{"@type":"BreadcrumbList","@id":"https:\/\/deputadotaveirajr.com.br\/index.php\/investigacao-contra-bets-em-bodo-tem-bloqueio-judicial-de-r-145-milhoes\/#breadcrumb","itemListElement":[{"@type":"ListItem","position":1,"name":"In\u00edcio","item":"https:\/\/deputadotaveirajr.com.br\/"},{"@type":"ListItem","position":2,"name":"Investiga\u00e7\u00e3o contra bets em Bod\u00f3 tem bloqueio judicial de R$ 145 milh\u00f5es"}]},{"@type":"WebSite","@id":"https:\/\/deputadotaveirajr.com.br\/#website","url":"https:\/\/deputadotaveirajr.com.br\/","name":"Taveira Jr","description":"Deputado Estadual","publisher":{"@id":"https:\/\/deputadotaveirajr.com.br\/#organization"},"potentialAction":[{"@type":"SearchAction","target":{"@type":"EntryPoint","urlTemplate":"https:\/\/deputadotaveirajr.com.br\/?s={search_term_string}"},"query-input":{"@type":"PropertyValueSpecification","valueRequired":true,"valueName":"search_term_string"}}],"inLanguage":"pt-BR"},{"@type":"Organization","@id":"https:\/\/deputadotaveirajr.com.br\/#organization","name":"Taveira Jr","url":"https:\/\/deputadotaveirajr.com.br\/","logo":{"@type":"ImageObject","inLanguage":"pt-BR","@id":"https:\/\/deputadotaveirajr.com.br\/#\/schema\/logo\/image\/","url":"https:\/\/deputadotaveirajr.com.br\/wp-content\/uploads\/2026\/01\/logolow2a.png","contentUrl":"https:\/\/deputadotaveirajr.com.br\/wp-content\/uploads\/2026\/01\/logolow2a.png","width":290,"height":80,"caption":"Taveira Jr"},"image":{"@id":"https:\/\/deputadotaveirajr.com.br\/#\/schema\/logo\/image\/"}}]}},"_links":{"self":[{"href":"https:\/\/deputadotaveirajr.com.br\/index.php\/wp-json\/wp\/v2\/pages\/14489","targetHints":{"allow":["GET"]}}],"collection":[{"href":"https:\/\/deputadotaveirajr.com.br\/index.php\/wp-json\/wp\/v2\/pages"}],"about":[{"href":"https:\/\/deputadotaveirajr.com.br\/index.php\/wp-json\/wp\/v2\/types\/page"}],"replies":[{"embeddable":true,"href":"https:\/\/deputadotaveirajr.com.br\/index.php\/wp-json\/wp\/v2\/comments?post=14489"}],"version-history":[{"count":0,"href":"https:\/\/deputadotaveirajr.com.br\/index.php\/wp-json\/wp\/v2\/pages\/14489\/revisions"}],"wp:attachment":[{"href":"https:\/\/deputadotaveirajr.com.br\/index.php\/wp-json\/wp\/v2\/media?parent=14489"}],"curies":[{"name":"wp","href":"https:\/\/api.w.org\/{rel}","templated":true}]}}