{"id":14491,"date":"2025-11-16T12:16:39","date_gmt":"2025-11-16T15:16:39","guid":{"rendered":"https:\/\/deputadotaveirajr.com.br\/index.php\/contas-mais-caras-surpreendem-clientes-com-energia-solar-no-rn\/"},"modified":"2025-11-16T12:16:39","modified_gmt":"2025-11-16T15:16:39","slug":"contas-mais-caras-surpreendem-clientes-com-energia-solar-no-rn","status":"publish","type":"page","link":"https:\/\/deputadotaveirajr.com.br\/index.php\/contas-mais-caras-surpreendem-clientes-com-energia-solar-no-rn\/","title":{"rendered":"Contas mais caras surpreendem clientes com energia solar no RN"},"content":{"rendered":"<p>Conta de luz com energia solar fica mais cara no RN<br \/>\nConsumidores do Rio Grande do Norte que apostaram na energia solar para reduzir a conta de luz foram surpreendidos com a fatura deste m\u00eas. Moradores que instalaram pain\u00e9is fotovoltaicos a partir de 2023 receberam faturas mais altas do que estavam acostumados.<br \/>\nFoi o caso da servidora p\u00fablica Ana Paula Pachelli, que estava acostumada a pagar cerca de R$ 50 por m\u00eas. Em novembro, a fatura veio mais que tr\u00eas vezes maior.<br \/>\n&#8220;Quando eu abri a fatura, R$ 175. Eu ia pagar e disse: n\u00e3o vou pagar n\u00e3o. Vou primeiro descobrir o que est\u00e1 acontecendo&#8221;, contou.<br \/>\n\ud83d\udcf3 Clique aqui para seguir o canal do g1 RN no WhatsApp<br \/>\nDe acordo com a concession\u00e1ria de energia do RN, a Neoenergia Cosern, consumidores que instalaram sistemas de gera\u00e7\u00e3o pr\u00f3pria a partir de 2023 passaram a ter tarifas de distribui\u00e7\u00e3o e ICMS inclu\u00eddos na conta.<br \/>\nA empresa afirmou que as cobran\u00e7as seguem:<br \/>\numa lei federal de 2022, que regulamenta o pagamento da Tarifa de Uso do Sistema de Distribui\u00e7\u00e3o (TUSD) de forma progressiva;<br \/>\ne uma lei estadual de 1996 sobre o pagamento de ICMS pro segmento, que, segundo a empresa, n\u00e3o teria descontos aplic\u00e1veis para quem produz a pr\u00f3pria energia.<br \/>\nCasa com painel de energia solar<br \/>\nAnderson Viegas\/g1 MS\/ARQUIVO<br \/>\nO governo do Rio Grande do Norte, por sua vez, negou qualquer mudan\u00e7a na legisla\u00e7\u00e3o.<br \/>\n&#8220;Tem um marco legal na gera\u00e7\u00e3o distribu\u00edda de 2022, que autoriza as concession\u00e1rias de energia el\u00e9trica a serem remuneradas pelo uso do seu sistema de distribui\u00e7\u00e3o. E, nesse aspecto, todas as concession\u00e1rias brasileiras podem, sim, exigir dos seus consumidores essa remunera\u00e7\u00e3o por esse servi\u00e7o&#8221;, explicou a secret\u00e1ria executiva da Receita do RN, Jane Ara\u00fajo.<br \/>\n&#8220;\u00c9 a \u00fanica explica\u00e7\u00e3o, porque no aspecto da legisla\u00e7\u00e3o estadual, do ICMS, n\u00e3o houve nenhuma mudan\u00e7a que pudesse ocasionar esse impacto&#8221;, completou.<br \/>\nSegundo a secret\u00e1ria, o uso do sistema de distribui\u00e7\u00e3o sempre foi tributado pelo ICMS.<br \/>\n&#8220;Na verdade o que est\u00e1 havendo \u00e9 uma remunera\u00e7\u00e3o autorizada pelo decreto 14.300, de 2022, que, ao ser inclu\u00eddo esse uso do sistema e essa remunera\u00e7\u00e3o para as concession\u00e1rias, passa, sim, a ser tributado pelo ICMS, como sempre foi, e garantido e assegurado pelo pr\u00f3prio STF&#8221;, disse.<br \/>\n Setor questiona cobran\u00e7as<br \/>\nSegundo representantes das empresas do setor de energia solar, o Rio Grande do Norte tem mais de 100 mil instala\u00e7\u00f5es de geradores solares e cerca de 4 mil pessoas trabalham no segmento.<br \/>\nO grupo montou uma comiss\u00e3o e pede que o governo e a concession\u00e1ria revejam as condi\u00e7\u00f5es legais que fizeram as contas aumentarem.<br \/>\n&#8220;Cobran\u00e7a de ICMS que a gente julga que \u00e9 indevida e tamb\u00e9m est\u00e1 havendo agora ilumina\u00e7\u00e3o p\u00fablica. A ilumina\u00e7\u00e3o p\u00fablica depois da reformula\u00e7\u00e3o do sistema de faturamento da Cosern, come\u00e7ou a cobrar da tarifa cheia um cliente, um cidad\u00e3o que pagava R$ 10 de tarifa de ilumina\u00e7\u00e3o p\u00fablica hoje est\u00e1 pagando R$ 70, R$ 80&#8221;, questionou o empres\u00e1rio Waldiney Godoy.<br \/>\n&#8220;Isso \u00e9 inadmiss\u00edvel, porque isso fere aquele senhor, aquela senhora que acreditou em toda a nossa cadeia produtiva e est\u00e1 ali lutando pra pagar sua continha de energia, lutando pra pagar seu financiamento&#8221;, completou.<br \/>\nA servidora p\u00fablica Ana Paula Pachelli, que colocou energia solar em casa investindo em deixar as contas mais baratas, j\u00e1 sentiu o impacto ap\u00f3s o aumento na cobran\u00e7a.<br \/>\n&#8220;A gente colocou a energia solar justamente para pagar um consumo menor. Poder usar um ar-condicionado a noite para dormir ou um escrit\u00f3rio de dia para trabalhar. A gente trabalha home office. Tem agora duas contas. A parcela do financiamento e uma conta de energia alta&#8221;, lamentou.<br \/>\nEm estados como Minas Gerais, Goi\u00e1s, Para\u00edba, Piau\u00ed e Mato Grosso, a cobran\u00e7a do ICMS tamb\u00e9m foi aplicada este ano, mas acabou sendo questionada e suspensa pela Justi\u00e7a.<br \/>\nV\u00eddeos mais assistidos do g1 RN<\/p>","protected":false},"excerpt":{"rendered":"<p>Conta de luz com energia solar fica mais cara no RN Consumidores do Rio Grande do Norte que apostaram na energia solar para reduzir a conta de luz foram surpreendidos &#8230;<\/p>\n","protected":false},"author":0,"featured_media":0,"parent":0,"menu_order":0,"comment_status":"closed","ping_status":"closed","template":"","meta":{"footnotes":""},"class_list":["post-14491","page","type-page","status-publish","hentry"],"yoast_head":"<!-- This site is optimized with the Yoast SEO plugin v27.1.1 - https:\/\/yoast.com\/product\/yoast-seo-wordpress\/ -->\n<title>Contas mais caras surpreendem clientes com energia solar no RN - Taveira Jr<\/title>\n<meta name=\"robots\" content=\"index, follow, max-snippet:-1, max-image-preview:large, max-video-preview:-1\" \/>\n<link rel=\"canonical\" href=\"https:\/\/deputadotaveirajr.com.br\/index.php\/contas-mais-caras-surpreendem-clientes-com-energia-solar-no-rn\/\" \/>\n<meta property=\"og:locale\" content=\"pt_BR\" \/>\n<meta property=\"og:type\" content=\"article\" \/>\n<meta property=\"og:title\" content=\"Contas mais caras surpreendem clientes com energia solar no RN - Taveira Jr\" \/>\n<meta property=\"og:description\" content=\"Conta de luz com energia solar fica mais cara no RN Consumidores do Rio Grande do Norte que apostaram na energia solar para reduzir a conta de luz foram surpreendidos ...\" \/>\n<meta property=\"og:url\" content=\"https:\/\/deputadotaveirajr.com.br\/index.php\/contas-mais-caras-surpreendem-clientes-com-energia-solar-no-rn\/\" \/>\n<meta property=\"og:site_name\" content=\"Taveira Jr\" \/>\n<meta name=\"twitter:card\" content=\"summary_large_image\" \/>\n<meta name=\"twitter:label1\" content=\"Est. tempo de leitura\" \/>\n\t<meta name=\"twitter:data1\" content=\"3 minutos\" \/>\n<script type=\"application\/ld+json\" class=\"yoast-schema-graph\">{\"@context\":\"https:\/\/schema.org\",\"@graph\":[{\"@type\":\"WebPage\",\"@id\":\"https:\/\/deputadotaveirajr.com.br\/index.php\/contas-mais-caras-surpreendem-clientes-com-energia-solar-no-rn\/\",\"url\":\"https:\/\/deputadotaveirajr.com.br\/index.php\/contas-mais-caras-surpreendem-clientes-com-energia-solar-no-rn\/\",\"name\":\"Contas mais caras surpreendem clientes com energia solar no RN - Taveira Jr\",\"isPartOf\":{\"@id\":\"https:\/\/deputadotaveirajr.com.br\/#website\"},\"datePublished\":\"2025-11-16T15:16:39+00:00\",\"breadcrumb\":{\"@id\":\"https:\/\/deputadotaveirajr.com.br\/index.php\/contas-mais-caras-surpreendem-clientes-com-energia-solar-no-rn\/#breadcrumb\"},\"inLanguage\":\"pt-BR\",\"potentialAction\":[{\"@type\":\"ReadAction\",\"target\":[\"https:\/\/deputadotaveirajr.com.br\/index.php\/contas-mais-caras-surpreendem-clientes-com-energia-solar-no-rn\/\"]}]},{\"@type\":\"BreadcrumbList\",\"@id\":\"https:\/\/deputadotaveirajr.com.br\/index.php\/contas-mais-caras-surpreendem-clientes-com-energia-solar-no-rn\/#breadcrumb\",\"itemListElement\":[{\"@type\":\"ListItem\",\"position\":1,\"name\":\"In\u00edcio\",\"item\":\"https:\/\/deputadotaveirajr.com.br\/\"},{\"@type\":\"ListItem\",\"position\":2,\"name\":\"Contas mais caras surpreendem clientes com energia solar no RN\"}]},{\"@type\":\"WebSite\",\"@id\":\"https:\/\/deputadotaveirajr.com.br\/#website\",\"url\":\"https:\/\/deputadotaveirajr.com.br\/\",\"name\":\"Taveira Jr\",\"description\":\"Deputado Estadual\",\"publisher\":{\"@id\":\"https:\/\/deputadotaveirajr.com.br\/#organization\"},\"potentialAction\":[{\"@type\":\"SearchAction\",\"target\":{\"@type\":\"EntryPoint\",\"urlTemplate\":\"https:\/\/deputadotaveirajr.com.br\/?s={search_term_string}\"},\"query-input\":{\"@type\":\"PropertyValueSpecification\",\"valueRequired\":true,\"valueName\":\"search_term_string\"}}],\"inLanguage\":\"pt-BR\"},{\"@type\":\"Organization\",\"@id\":\"https:\/\/deputadotaveirajr.com.br\/#organization\",\"name\":\"Taveira Jr\",\"url\":\"https:\/\/deputadotaveirajr.com.br\/\",\"logo\":{\"@type\":\"ImageObject\",\"inLanguage\":\"pt-BR\",\"@id\":\"https:\/\/deputadotaveirajr.com.br\/#\/schema\/logo\/image\/\",\"url\":\"https:\/\/deputadotaveirajr.com.br\/wp-content\/uploads\/2026\/01\/logolow2a.png\",\"contentUrl\":\"https:\/\/deputadotaveirajr.com.br\/wp-content\/uploads\/2026\/01\/logolow2a.png\",\"width\":290,\"height\":80,\"caption\":\"Taveira Jr\"},\"image\":{\"@id\":\"https:\/\/deputadotaveirajr.com.br\/#\/schema\/logo\/image\/\"}}]}<\/script>\n<!-- \/ Yoast SEO plugin. -->","yoast_head_json":{"title":"Contas mais caras surpreendem clientes com energia solar no RN - Taveira Jr","robots":{"index":"index","follow":"follow","max-snippet":"max-snippet:-1","max-image-preview":"max-image-preview:large","max-video-preview":"max-video-preview:-1"},"canonical":"https:\/\/deputadotaveirajr.com.br\/index.php\/contas-mais-caras-surpreendem-clientes-com-energia-solar-no-rn\/","og_locale":"pt_BR","og_type":"article","og_title":"Contas mais caras surpreendem clientes com energia solar no RN - Taveira Jr","og_description":"Conta de luz com energia solar fica mais cara no RN Consumidores do Rio Grande do Norte que apostaram na energia solar para reduzir a conta de luz foram surpreendidos ...","og_url":"https:\/\/deputadotaveirajr.com.br\/index.php\/contas-mais-caras-surpreendem-clientes-com-energia-solar-no-rn\/","og_site_name":"Taveira Jr","twitter_card":"summary_large_image","twitter_misc":{"Est. tempo de leitura":"3 minutos"},"schema":{"@context":"https:\/\/schema.org","@graph":[{"@type":"WebPage","@id":"https:\/\/deputadotaveirajr.com.br\/index.php\/contas-mais-caras-surpreendem-clientes-com-energia-solar-no-rn\/","url":"https:\/\/deputadotaveirajr.com.br\/index.php\/contas-mais-caras-surpreendem-clientes-com-energia-solar-no-rn\/","name":"Contas mais caras surpreendem clientes com energia solar no RN - Taveira Jr","isPartOf":{"@id":"https:\/\/deputadotaveirajr.com.br\/#website"},"datePublished":"2025-11-16T15:16:39+00:00","breadcrumb":{"@id":"https:\/\/deputadotaveirajr.com.br\/index.php\/contas-mais-caras-surpreendem-clientes-com-energia-solar-no-rn\/#breadcrumb"},"inLanguage":"pt-BR","potentialAction":[{"@type":"ReadAction","target":["https:\/\/deputadotaveirajr.com.br\/index.php\/contas-mais-caras-surpreendem-clientes-com-energia-solar-no-rn\/"]}]},{"@type":"BreadcrumbList","@id":"https:\/\/deputadotaveirajr.com.br\/index.php\/contas-mais-caras-surpreendem-clientes-com-energia-solar-no-rn\/#breadcrumb","itemListElement":[{"@type":"ListItem","position":1,"name":"In\u00edcio","item":"https:\/\/deputadotaveirajr.com.br\/"},{"@type":"ListItem","position":2,"name":"Contas mais caras surpreendem clientes com energia solar no RN"}]},{"@type":"WebSite","@id":"https:\/\/deputadotaveirajr.com.br\/#website","url":"https:\/\/deputadotaveirajr.com.br\/","name":"Taveira Jr","description":"Deputado Estadual","publisher":{"@id":"https:\/\/deputadotaveirajr.com.br\/#organization"},"potentialAction":[{"@type":"SearchAction","target":{"@type":"EntryPoint","urlTemplate":"https:\/\/deputadotaveirajr.com.br\/?s={search_term_string}"},"query-input":{"@type":"PropertyValueSpecification","valueRequired":true,"valueName":"search_term_string"}}],"inLanguage":"pt-BR"},{"@type":"Organization","@id":"https:\/\/deputadotaveirajr.com.br\/#organization","name":"Taveira Jr","url":"https:\/\/deputadotaveirajr.com.br\/","logo":{"@type":"ImageObject","inLanguage":"pt-BR","@id":"https:\/\/deputadotaveirajr.com.br\/#\/schema\/logo\/image\/","url":"https:\/\/deputadotaveirajr.com.br\/wp-content\/uploads\/2026\/01\/logolow2a.png","contentUrl":"https:\/\/deputadotaveirajr.com.br\/wp-content\/uploads\/2026\/01\/logolow2a.png","width":290,"height":80,"caption":"Taveira Jr"},"image":{"@id":"https:\/\/deputadotaveirajr.com.br\/#\/schema\/logo\/image\/"}}]}},"_links":{"self":[{"href":"https:\/\/deputadotaveirajr.com.br\/index.php\/wp-json\/wp\/v2\/pages\/14491","targetHints":{"allow":["GET"]}}],"collection":[{"href":"https:\/\/deputadotaveirajr.com.br\/index.php\/wp-json\/wp\/v2\/pages"}],"about":[{"href":"https:\/\/deputadotaveirajr.com.br\/index.php\/wp-json\/wp\/v2\/types\/page"}],"replies":[{"embeddable":true,"href":"https:\/\/deputadotaveirajr.com.br\/index.php\/wp-json\/wp\/v2\/comments?post=14491"}],"version-history":[{"count":0,"href":"https:\/\/deputadotaveirajr.com.br\/index.php\/wp-json\/wp\/v2\/pages\/14491\/revisions"}],"wp:attachment":[{"href":"https:\/\/deputadotaveirajr.com.br\/index.php\/wp-json\/wp\/v2\/media?parent=14491"}],"curies":[{"name":"wp","href":"https:\/\/api.w.org\/{rel}","templated":true}]}}