{"id":14514,"date":"2025-11-19T18:56:47","date_gmt":"2025-11-19T21:56:47","guid":{"rendered":"https:\/\/deputadotaveirajr.com.br\/index.php\/g1-rn-e-inter-tv-vencem-premio-de-jornalismo-do-sistema-fiern\/"},"modified":"2025-11-19T18:56:47","modified_gmt":"2025-11-19T21:56:47","slug":"g1-rn-e-inter-tv-vencem-premio-de-jornalismo-do-sistema-fiern","status":"publish","type":"page","link":"https:\/\/deputadotaveirajr.com.br\/index.php\/g1-rn-e-inter-tv-vencem-premio-de-jornalismo-do-sistema-fiern\/","title":{"rendered":"g1 RN e Inter TV vencem pr\u00eamio de Jornalismo do Sistema Fiern"},"content":{"rendered":"<p><img decoding=\"async\" src=\"https:\/\/s2-g1.glbimg.com\/9ku0wTBZzfyVD7YUuu6YBlGUEXo=\/i.s3.glbimg.com\/v1\/AUTH_59edd422c0c84a879bd37670ae4f538a\/internal_photos\/bs\/2025\/d\/D\/xwKidhQUSxtWAcIeEi7Q\/whatsapp-image-2025-11-19-at-14.11.34.jpeg\" \/><br \/>     Ant\u00f4nio Ricardo, Leonardo Erys,  Emmily Virg\u00edlio e Elizama Cardoso representaram o g1 RN e a Inter TV na premia\u00e7\u00e3o<br \/>\nFernanda Zauli\/g1<br \/>\nO g1 RN e a Inter TV RN foram premiados no 12\u00ba Pr\u00eamio de Jornalismo do Sistema FIERN, que  aconteceu nesta quarta-feira (19) em Natal.<br \/>\nA premia\u00e7\u00e3o contava com cinco eixos. O g1 RN conquistou o 1\u00ba lugar na categoria de Jornalismo Escrito do Eixo 3, que tinha como tema &#8220;Da Moda \u00e0 Minera\u00e7\u00e3o: desenvolvendo solu\u00e7\u00f5es e formando profissionais&#8221;.<br \/>\n\ud83d\udcf3 Clique aqui para seguir o canal do g1 RN no WhatsApp<br \/>\nA reportagem vencedora foi &#8220;Rio Grande do Norte \u00e9 o estado mais sustent\u00e1vel do pa\u00eds em energia limpa&#8221;, assinada pelos jornalistas Leonardo Erys e Emmily Virg\u00edlio.<br \/>\nJ\u00e1 a Inter TV venceu, na categoria Jornalismo em V\u00eddeo:<br \/>\n1\u00ba lugar no Eixo 5 (&#8220;Sistema FIERN \u2013 Ind\u00fastria do RN: atuando por um futuro mais sustent\u00e1vel&#8221;), que era nacional, com a reportagem \u201cO RN \u00e9 o estado mais sustent\u00e1vel do pa\u00eds em energia limpa\u201d, da jornalista Emmily Virg\u00edlio.<br \/>\n1\u00ba lugar no Eixo 1 (&#8220;FIERN \u2013 Proposi\u00e7\u00e3o e voz ativa em favor da Ind\u00fastria Potiguar&#8221;), com a reportagem \u201cFIERN busca di\u00e1logo com governo americado para reverter quedas das exporta\u00e7\u00f5es potiguares diante do tarifa\u00e7o\u201d, do jornalista Kl\u00e9ber Teixeira.<br \/>\n2\u00ba lugar no Eixo 5,  com a reportagem \u201cTarifa\u00e7o amea\u00e7a exporta\u00e7\u00f5es de sal marinho e de pescado no Rio Grande do Norte\u201d, do jornalista Ayrton Freire.<br \/>\n2\u00ba lugar no Eixo 3 (&#8220;Da Moda \u00e0 Minera\u00e7\u00e3o: desenvolvendo solu\u00e7\u00f5es e formando profissionais&#8221;), com a reportagem \u201cIbama emite licen\u00e7a in\u00e9dita para projeto offshore\u201d, da jornalista Larisse Neves.<br \/>\nVeja, abaixo, reportagem em v\u00eddeo vencedora do pr\u00eamio nacional da Fiern:<br \/>\nRN \u00e9 o estado mais sustent\u00e1vel do pa\u00eds em energia limpa<br \/>\nDe acordo com a Fiern, foram inscritos trabalhos veiculados em jornais, revistas, r\u00e1dios, blogs, sites, portais e TVs no per\u00edodo de 15 de setembro de 2024 a 30 de setembro de 2025.<br \/>\nAs reportagens estavam divididas em cinco eixos tem\u00e1ticos, que mostravam a\u00e7\u00f5es, atividades, programas e projetos do SESI, SENAI, IEL e FIERN para o desenvolvimento da ind\u00fastria local.<br \/>\n\u201cDeixo meu agradecimento especial pelo profissionalismo, parceria e espa\u00e7o dedicado \u00e0s pautas sobre desenvolvimento econ\u00f4mico, social e ambiental do nosso estado. Juntos, a ind\u00fastria, imprensa e sociedade, podemos construir um Rio Grande do Norte mais forte, mais competitivo e, acima de tudo, mais humano&#8221;, disse o presidente da FIERN, Roberto Serquiz, durante a cerim\u00f4nia de premia\u00e7\u00e3o.<br \/>\nJornalistas premiados no 12\u00ba Pr\u00eamio de Jornalismo do Sistema Fiern<br \/>\nDemis Roussos<br \/>\nConfira a lista de vencedores de todas as categorias<br \/>\nEixo 1 \u2013 FIERN \u2013 Proposi\u00e7\u00e3o e voz ativa em favor da Ind\u00fastria Potiguar<br \/>\nJornalismo Escrito<br \/>\n1\u00ba lugar: Margareth Grilo, da Tribuna do Norte, com a s\u00e9rie de mat\u00e9rias Inova RN<br \/>\n2\u00ba lugar: Bruno Vital, da Tribuna do Norte, com a s\u00e9rie de mat\u00e9rias Ciclo dos Ventos.<br \/>\nJornalismo em V\u00eddeo<br \/>\n1\u00ba lugar: Kleber Teixeira, da InterTV, com a mat\u00e9ria \u201cFIERN busca di\u00e1logo com governo americado para reverter quedas das exporta\u00e7\u00f5es potiguares diante do tarifa\u00e7o\u201d<br \/>\n2\u00ba lugar: Simone Silva, da TV C\u00e2mara, com a mat\u00e9ria \u201cElas na ind\u00fastria\u201d<br \/>\nJornalismo em \u00c1udio<br \/>\n1\u00ba lugar: Glynner Freire Brand\u00e3o Costa, da R\u00e1dio Universit\u00e1ria FM, com a mat\u00e9ria \u201cAtum x Tarifa\u00e7o: caiu na rede \u00e9 peixe\u201d<br \/>\n2\u00ba lugar: Ana Patr\u00edcia Furtunato Bezerra, da CBN Natal, com a mat\u00e9ria<br \/>\nEixo 2 \u2013 SESI \u2013 Educa\u00e7\u00e3o de excel\u00eancia e refer\u00eancia para forma\u00e7\u00e3o da ind\u00fastria do futuro<br \/>\nJornalismo Escrito<br \/>\n1\u00ba lugar: Maria Clara N\u00f3brega Pimentel, do Elo Jornal, com a mat\u00e9ria \u201cO futuro da ind\u00fastria Como a juventude tecnol\u00f3gica impulsiona o RN para a frente\u201d<br \/>\n2\u00ba lugar: Larissa Duarte Freire, da Tribuna do Norte, com a mat\u00e9ria \u201cDa sala de aula ao mercado: jovens ganham espa\u00e7o na ind\u00fastria do futuro\u201d<br \/>\nJornalismo em V\u00eddeo<br \/>\n1\u00ba lugar: Mellyssa Almeida da Silva, da TV C\u00e2mara Natal, com a mat\u00e9ria \u201cInterioriza\u00e7\u00e3o da educa\u00e7\u00e3o de qualidade: SESI, uma escola que transformou a educa\u00e7\u00e3o em Macau\u201d<br \/>\n2\u00ba lugar: Rangel Alves de Lima Pontes, da Band Natal, com a mat\u00e9ria \u201cDo manual ao autom\u00e1tico: a inova\u00e7\u00e3o do SESI na ind\u00fastria potiguar\u201d<br \/>\nJornalismo em \u00c1udio<br \/>\nMen\u00e7\u00e3o Honrosa a Mirella Lopes de Aquino, do Podcast O F\u00f4lego, pela reportagem \u201cEduca\u00e7\u00e3o do futuro: escola do RN oferece IA como disciplina obrigat\u00f3ria no ensino m\u00e9dio\u201d<br \/>\nEixo 3 \u2013 SENAI \u2013 Da Moda \u00e0 Minera\u00e7\u00e3o: desenvolvendo solu\u00e7\u00f5es e formando profissionais<br \/>\nJornalismo Escrito<br \/>\n1\u00ba lugar: Leonardo Erys, do g1 RN, com a mat\u00e9ria \u201cRio Grande do Norte \u00e9 o estado mais sustent\u00e1vel do pa\u00eds em energia limpa\u201d<br \/>\n2\u00ba lugar: Jos\u00e9 Fernando Barbosa de Azev\u00eado, do Agora RN, com a mat\u00e9ria \u201cPlataforma de petr\u00f3leo pode se tornar laborat\u00f3rio de pesquisa no RN\u201d<br \/>\nJornalismo em V\u00eddeo<br \/>\n1\u00ba lugar: Andreyna Fabyan de Oliveira Patr\u00edcio, da TV Tropical, com a mat\u00e9ria \u201cMulheres que transformam a Ind\u00fastria Potiguar: qualifica\u00e7\u00e3o gera oportunidades!\u201d<br \/>\n2\u00ba lugar: Larissa Neves Paulo, da InterTV, com a mat\u00e9ria \u201cIbama emite licen\u00e7a in\u00e9dita para projeto offshore\u201d<br \/>\nJornalismo em \u00c1udio<br \/>\n1\u00ba lugar: Glynner Freire Brand\u00e3o Costa, da R\u00e1dio Universit\u00e1ria FM, com a mat\u00e9ria \u201cVentos do Desenvolvimento\u201d<br \/>\n2\u00ba lugar: Kayllani Augusta Lima da Silva, da Jovem Pan News Natal, com a mat\u00e9ria \u201cFor\u00e7a feminina nas energias renov\u00e1veis: a Jornada com o Senai\/RN\u201d<br \/>\nEixo 4 \u2013 IEL \u2013 Gest\u00e3o industrial em pauta: est\u00e1gio e desenvolvimento de carreiras<br \/>\nJornalismo em V\u00eddeo<br \/>\n1\u00ba lugar: Lincoln Ricely Lopes De Medeiros, da Ag\u00eancia Escola UNP, com a mat\u00e9ria \u201cIEL: Inclus\u00e3o que Transforma o Mercado de Trabalho Potiguar\u201d<br \/>\n2\u00ba lugar: Lucas de Aguiar, da Band RN, com a mat\u00e9ria \u201cEstagiar e educar: reconhecendo jovens talentos\u201d<br \/>\nJornalismo em \u00c1udio<br \/>\nMen\u00e7\u00e3o honrosa a Samuel Ferreira da Silva, da R\u00e1dio Universit\u00e1ria Natal, pela mat\u00e9ria \u201cInd\u00fastria: o Jovem t\u00e1 On\u201d<br \/>\nEixo 5 \u2013 Sistema FIERN \u2013 Ind\u00fastria do RN: atuando por um futuro mais sustent\u00e1vel<br \/>\nFotojornalismo<br \/>\n1\u00ba lugar: Alex Regis, da Tribuna do Norte, com a s\u00e9rie de fotografias que ilustrou a mat\u00e9ria \u201cTesouros do Semi\u00e1rido\u201d<br \/>\n2\u00ba lugar: Canind\u00e9 Soares, da Revista Bzzz, com a s\u00e9rie de fotografias que ilustrou a mat\u00e9ria \u201cMercado da constru\u00e7\u00e3o civil de Natal inova com pr\u00e1ticas sustent\u00e1veis e preserva\u00e7\u00e3o do meio ambiente\u201d<br \/>\nJornalismo em V\u00eddeo<br \/>\n1\u00ba lugar: Emmily Virg\u00edlio, da InterTV, com a mat\u00e9ria \u201cO RN \u00e9 o estado mais sustent\u00e1vel do pa\u00eds em energia limpa\u201d<br \/>\n2\u00ba lugar: Ayrton Freire, da InterTV, com a mat\u00e9ria \u201cTarifa\u00e7o amea\u00e7a exporta\u00e7\u00f5es de sal marinho e de pescado no Rio Grande do Norte\u201d<br \/>\nJornalismo Escrito<br \/>\n1\u00ba lugar: \u00cdcaro C\u00e9sar Carvalho, Tribuna do Norte, com a s\u00e9rie de mat\u00e9rias \u201cTesouros do Semi\u00e1rido\u201d<br \/>\n2\u00ba lugar: Armando de Oliveira Lima, do jornal O Povo, com a mat\u00e9ria \u201cO futuro sustent\u00e1vel da ind\u00fastria do Nordeste\u201d<br \/>\nV\u00eddeos mais assistidos do g1 RN<\/p>","protected":false},"excerpt":{"rendered":"<p>Ant\u00f4nio Ricardo, Leonardo Erys, Emmily Virg\u00edlio e Elizama Cardoso representaram o g1 RN e a Inter TV na premia\u00e7\u00e3o Fernanda Zauli\/g1 O g1 RN e a Inter TV RN foram &#8230;<\/p>\n","protected":false},"author":0,"featured_media":14515,"parent":0,"menu_order":0,"comment_status":"closed","ping_status":"closed","template":"","meta":{"footnotes":""},"class_list":["post-14514","page","type-page","status-publish","has-post-thumbnail","hentry"],"yoast_head":"<!-- This site is optimized with the Yoast SEO plugin v27.1.1 - https:\/\/yoast.com\/product\/yoast-seo-wordpress\/ -->\n<title>g1 RN e Inter TV vencem pr\u00eamio de Jornalismo do Sistema Fiern - Taveira Jr<\/title>\n<meta name=\"robots\" content=\"index, follow, max-snippet:-1, max-image-preview:large, max-video-preview:-1\" \/>\n<link rel=\"canonical\" href=\"https:\/\/deputadotaveirajr.com.br\/index.php\/g1-rn-e-inter-tv-vencem-premio-de-jornalismo-do-sistema-fiern\/\" \/>\n<meta property=\"og:locale\" content=\"pt_BR\" \/>\n<meta property=\"og:type\" content=\"article\" \/>\n<meta property=\"og:title\" content=\"g1 RN e Inter TV vencem pr\u00eamio de Jornalismo do Sistema Fiern - Taveira Jr\" \/>\n<meta property=\"og:description\" content=\"Ant\u00f4nio Ricardo, Leonardo Erys, Emmily Virg\u00edlio e Elizama Cardoso representaram o g1 RN e a Inter TV na premia\u00e7\u00e3o Fernanda Zauli\/g1 O g1 RN e a Inter TV RN foram ...\" \/>\n<meta property=\"og:url\" content=\"https:\/\/deputadotaveirajr.com.br\/index.php\/g1-rn-e-inter-tv-vencem-premio-de-jornalismo-do-sistema-fiern\/\" \/>\n<meta property=\"og:site_name\" content=\"Taveira Jr\" \/>\n<meta property=\"og:image\" content=\"https:\/\/s2-g1.glbimg.com\/9ku0wTBZzfyVD7YUuu6YBlGUEXo=\/i.s3.glbimg.com\/v1\/AUTH_59edd422c0c84a879bd37670ae4f538a\/internal_photos\/bs\/2025\/d\/D\/xwKidhQUSxtWAcIeEi7Q\/whatsapp-image-2025-11-19-at-14.11.34.jpeg\" \/>\n<meta name=\"twitter:card\" content=\"summary_large_image\" \/>\n<meta name=\"twitter:label1\" content=\"Est. tempo de leitura\" \/>\n\t<meta name=\"twitter:data1\" content=\"6 minutos\" \/>\n<script type=\"application\/ld+json\" class=\"yoast-schema-graph\">{\"@context\":\"https:\/\/schema.org\",\"@graph\":[{\"@type\":\"WebPage\",\"@id\":\"https:\/\/deputadotaveirajr.com.br\/index.php\/g1-rn-e-inter-tv-vencem-premio-de-jornalismo-do-sistema-fiern\/\",\"url\":\"https:\/\/deputadotaveirajr.com.br\/index.php\/g1-rn-e-inter-tv-vencem-premio-de-jornalismo-do-sistema-fiern\/\",\"name\":\"g1 RN e Inter TV vencem pr\u00eamio de Jornalismo do Sistema Fiern - Taveira Jr\",\"isPartOf\":{\"@id\":\"https:\/\/deputadotaveirajr.com.br\/#website\"},\"primaryImageOfPage\":{\"@id\":\"https:\/\/deputadotaveirajr.com.br\/index.php\/g1-rn-e-inter-tv-vencem-premio-de-jornalismo-do-sistema-fiern\/#primaryimage\"},\"image\":{\"@id\":\"https:\/\/deputadotaveirajr.com.br\/index.php\/g1-rn-e-inter-tv-vencem-premio-de-jornalismo-do-sistema-fiern\/#primaryimage\"},\"thumbnailUrl\":\"https:\/\/deputadotaveirajr.com.br\/wp-content\/uploads\/2025\/11\/whatsapp-image-2025-11-19-at-14.11.34-SrtQV5.jpg\",\"datePublished\":\"2025-11-19T21:56:47+00:00\",\"breadcrumb\":{\"@id\":\"https:\/\/deputadotaveirajr.com.br\/index.php\/g1-rn-e-inter-tv-vencem-premio-de-jornalismo-do-sistema-fiern\/#breadcrumb\"},\"inLanguage\":\"pt-BR\",\"potentialAction\":[{\"@type\":\"ReadAction\",\"target\":[\"https:\/\/deputadotaveirajr.com.br\/index.php\/g1-rn-e-inter-tv-vencem-premio-de-jornalismo-do-sistema-fiern\/\"]}]},{\"@type\":\"ImageObject\",\"inLanguage\":\"pt-BR\",\"@id\":\"https:\/\/deputadotaveirajr.com.br\/index.php\/g1-rn-e-inter-tv-vencem-premio-de-jornalismo-do-sistema-fiern\/#primaryimage\",\"url\":\"https:\/\/deputadotaveirajr.com.br\/wp-content\/uploads\/2025\/11\/whatsapp-image-2025-11-19-at-14.11.34-SrtQV5.jpg\",\"contentUrl\":\"https:\/\/deputadotaveirajr.com.br\/wp-content\/uploads\/2025\/11\/whatsapp-image-2025-11-19-at-14.11.34-SrtQV5.jpg\",\"width\":1200,\"height\":1564},{\"@type\":\"BreadcrumbList\",\"@id\":\"https:\/\/deputadotaveirajr.com.br\/index.php\/g1-rn-e-inter-tv-vencem-premio-de-jornalismo-do-sistema-fiern\/#breadcrumb\",\"itemListElement\":[{\"@type\":\"ListItem\",\"position\":1,\"name\":\"In\u00edcio\",\"item\":\"https:\/\/deputadotaveirajr.com.br\/\"},{\"@type\":\"ListItem\",\"position\":2,\"name\":\"g1 RN e Inter TV vencem pr\u00eamio de Jornalismo do Sistema Fiern\"}]},{\"@type\":\"WebSite\",\"@id\":\"https:\/\/deputadotaveirajr.com.br\/#website\",\"url\":\"https:\/\/deputadotaveirajr.com.br\/\",\"name\":\"Taveira Jr\",\"description\":\"Deputado Estadual\",\"publisher\":{\"@id\":\"https:\/\/deputadotaveirajr.com.br\/#organization\"},\"potentialAction\":[{\"@type\":\"SearchAction\",\"target\":{\"@type\":\"EntryPoint\",\"urlTemplate\":\"https:\/\/deputadotaveirajr.com.br\/?s={search_term_string}\"},\"query-input\":{\"@type\":\"PropertyValueSpecification\",\"valueRequired\":true,\"valueName\":\"search_term_string\"}}],\"inLanguage\":\"pt-BR\"},{\"@type\":\"Organization\",\"@id\":\"https:\/\/deputadotaveirajr.com.br\/#organization\",\"name\":\"Taveira Jr\",\"url\":\"https:\/\/deputadotaveirajr.com.br\/\",\"logo\":{\"@type\":\"ImageObject\",\"inLanguage\":\"pt-BR\",\"@id\":\"https:\/\/deputadotaveirajr.com.br\/#\/schema\/logo\/image\/\",\"url\":\"https:\/\/deputadotaveirajr.com.br\/wp-content\/uploads\/2026\/01\/logolow2a.png\",\"contentUrl\":\"https:\/\/deputadotaveirajr.com.br\/wp-content\/uploads\/2026\/01\/logolow2a.png\",\"width\":290,\"height\":80,\"caption\":\"Taveira Jr\"},\"image\":{\"@id\":\"https:\/\/deputadotaveirajr.com.br\/#\/schema\/logo\/image\/\"}}]}<\/script>\n<!-- \/ Yoast SEO plugin. -->","yoast_head_json":{"title":"g1 RN e Inter TV vencem pr\u00eamio de Jornalismo do Sistema Fiern - Taveira Jr","robots":{"index":"index","follow":"follow","max-snippet":"max-snippet:-1","max-image-preview":"max-image-preview:large","max-video-preview":"max-video-preview:-1"},"canonical":"https:\/\/deputadotaveirajr.com.br\/index.php\/g1-rn-e-inter-tv-vencem-premio-de-jornalismo-do-sistema-fiern\/","og_locale":"pt_BR","og_type":"article","og_title":"g1 RN e Inter TV vencem pr\u00eamio de Jornalismo do Sistema Fiern - Taveira Jr","og_description":"Ant\u00f4nio Ricardo, Leonardo Erys, Emmily Virg\u00edlio e Elizama Cardoso representaram o g1 RN e a Inter TV na premia\u00e7\u00e3o Fernanda Zauli\/g1 O g1 RN e a Inter TV RN foram ...","og_url":"https:\/\/deputadotaveirajr.com.br\/index.php\/g1-rn-e-inter-tv-vencem-premio-de-jornalismo-do-sistema-fiern\/","og_site_name":"Taveira Jr","og_image":[{"url":"https:\/\/s2-g1.glbimg.com\/9ku0wTBZzfyVD7YUuu6YBlGUEXo=\/i.s3.glbimg.com\/v1\/AUTH_59edd422c0c84a879bd37670ae4f538a\/internal_photos\/bs\/2025\/d\/D\/xwKidhQUSxtWAcIeEi7Q\/whatsapp-image-2025-11-19-at-14.11.34.jpeg","type":"","width":"","height":""}],"twitter_card":"summary_large_image","twitter_misc":{"Est. tempo de leitura":"6 minutos"},"schema":{"@context":"https:\/\/schema.org","@graph":[{"@type":"WebPage","@id":"https:\/\/deputadotaveirajr.com.br\/index.php\/g1-rn-e-inter-tv-vencem-premio-de-jornalismo-do-sistema-fiern\/","url":"https:\/\/deputadotaveirajr.com.br\/index.php\/g1-rn-e-inter-tv-vencem-premio-de-jornalismo-do-sistema-fiern\/","name":"g1 RN e Inter TV vencem pr\u00eamio de Jornalismo do Sistema Fiern - Taveira Jr","isPartOf":{"@id":"https:\/\/deputadotaveirajr.com.br\/#website"},"primaryImageOfPage":{"@id":"https:\/\/deputadotaveirajr.com.br\/index.php\/g1-rn-e-inter-tv-vencem-premio-de-jornalismo-do-sistema-fiern\/#primaryimage"},"image":{"@id":"https:\/\/deputadotaveirajr.com.br\/index.php\/g1-rn-e-inter-tv-vencem-premio-de-jornalismo-do-sistema-fiern\/#primaryimage"},"thumbnailUrl":"https:\/\/deputadotaveirajr.com.br\/wp-content\/uploads\/2025\/11\/whatsapp-image-2025-11-19-at-14.11.34-SrtQV5.jpg","datePublished":"2025-11-19T21:56:47+00:00","breadcrumb":{"@id":"https:\/\/deputadotaveirajr.com.br\/index.php\/g1-rn-e-inter-tv-vencem-premio-de-jornalismo-do-sistema-fiern\/#breadcrumb"},"inLanguage":"pt-BR","potentialAction":[{"@type":"ReadAction","target":["https:\/\/deputadotaveirajr.com.br\/index.php\/g1-rn-e-inter-tv-vencem-premio-de-jornalismo-do-sistema-fiern\/"]}]},{"@type":"ImageObject","inLanguage":"pt-BR","@id":"https:\/\/deputadotaveirajr.com.br\/index.php\/g1-rn-e-inter-tv-vencem-premio-de-jornalismo-do-sistema-fiern\/#primaryimage","url":"https:\/\/deputadotaveirajr.com.br\/wp-content\/uploads\/2025\/11\/whatsapp-image-2025-11-19-at-14.11.34-SrtQV5.jpg","contentUrl":"https:\/\/deputadotaveirajr.com.br\/wp-content\/uploads\/2025\/11\/whatsapp-image-2025-11-19-at-14.11.34-SrtQV5.jpg","width":1200,"height":1564},{"@type":"BreadcrumbList","@id":"https:\/\/deputadotaveirajr.com.br\/index.php\/g1-rn-e-inter-tv-vencem-premio-de-jornalismo-do-sistema-fiern\/#breadcrumb","itemListElement":[{"@type":"ListItem","position":1,"name":"In\u00edcio","item":"https:\/\/deputadotaveirajr.com.br\/"},{"@type":"ListItem","position":2,"name":"g1 RN e Inter TV vencem pr\u00eamio de Jornalismo do Sistema Fiern"}]},{"@type":"WebSite","@id":"https:\/\/deputadotaveirajr.com.br\/#website","url":"https:\/\/deputadotaveirajr.com.br\/","name":"Taveira Jr","description":"Deputado Estadual","publisher":{"@id":"https:\/\/deputadotaveirajr.com.br\/#organization"},"potentialAction":[{"@type":"SearchAction","target":{"@type":"EntryPoint","urlTemplate":"https:\/\/deputadotaveirajr.com.br\/?s={search_term_string}"},"query-input":{"@type":"PropertyValueSpecification","valueRequired":true,"valueName":"search_term_string"}}],"inLanguage":"pt-BR"},{"@type":"Organization","@id":"https:\/\/deputadotaveirajr.com.br\/#organization","name":"Taveira Jr","url":"https:\/\/deputadotaveirajr.com.br\/","logo":{"@type":"ImageObject","inLanguage":"pt-BR","@id":"https:\/\/deputadotaveirajr.com.br\/#\/schema\/logo\/image\/","url":"https:\/\/deputadotaveirajr.com.br\/wp-content\/uploads\/2026\/01\/logolow2a.png","contentUrl":"https:\/\/deputadotaveirajr.com.br\/wp-content\/uploads\/2026\/01\/logolow2a.png","width":290,"height":80,"caption":"Taveira Jr"},"image":{"@id":"https:\/\/deputadotaveirajr.com.br\/#\/schema\/logo\/image\/"}}]}},"_links":{"self":[{"href":"https:\/\/deputadotaveirajr.com.br\/index.php\/wp-json\/wp\/v2\/pages\/14514","targetHints":{"allow":["GET"]}}],"collection":[{"href":"https:\/\/deputadotaveirajr.com.br\/index.php\/wp-json\/wp\/v2\/pages"}],"about":[{"href":"https:\/\/deputadotaveirajr.com.br\/index.php\/wp-json\/wp\/v2\/types\/page"}],"replies":[{"embeddable":true,"href":"https:\/\/deputadotaveirajr.com.br\/index.php\/wp-json\/wp\/v2\/comments?post=14514"}],"version-history":[{"count":0,"href":"https:\/\/deputadotaveirajr.com.br\/index.php\/wp-json\/wp\/v2\/pages\/14514\/revisions"}],"wp:featuredmedia":[{"embeddable":true,"href":"https:\/\/deputadotaveirajr.com.br\/index.php\/wp-json\/wp\/v2\/media\/14515"}],"wp:attachment":[{"href":"https:\/\/deputadotaveirajr.com.br\/index.php\/wp-json\/wp\/v2\/media?parent=14514"}],"curies":[{"name":"wp","href":"https:\/\/api.w.org\/{rel}","templated":true}]}}