{"id":14532,"date":"2025-11-22T11:55:39","date_gmt":"2025-11-22T14:55:39","guid":{"rendered":"https:\/\/deputadotaveirajr.com.br\/index.php\/concurso-publico-da-ufersa-tem-24-vagas-para-professor-com-salarios-de-ate-r-14-mil-veja-vagas\/"},"modified":"2025-11-22T11:55:39","modified_gmt":"2025-11-22T14:55:39","slug":"concurso-publico-da-ufersa-tem-24-vagas-para-professor-com-salarios-de-ate-r-14-mil-veja-vagas","status":"publish","type":"page","link":"https:\/\/deputadotaveirajr.com.br\/index.php\/concurso-publico-da-ufersa-tem-24-vagas-para-professor-com-salarios-de-ate-r-14-mil-veja-vagas\/","title":{"rendered":"Concurso p\u00fablico da Ufersa tem 24 vagas para professor com sal\u00e1rios de at\u00e9 R$ 14 mil; veja vagas"},"content":{"rendered":"<p><img decoding=\"async\" src=\"https:\/\/s2-g1.glbimg.com\/iNGtXYfJWGqS9BXVcAUz42vr2cI=\/i.s3.glbimg.com\/v1\/AUTH_59edd422c0c84a879bd37670ae4f538a\/internal_photos\/bs\/2025\/U\/r\/krxclqSuqDwUesKTHUYA\/ufersa.jpg\" \/><br \/>     Campus Ufersa Mossor\u00f3 sede frente fachada<br \/>\nEduardo Mendon\u00e7a\/Ufersa\/Divulga\u00e7\u00e3o<br \/>\nA Universidade Federal Rural do Semi-\u00c1rido (Ufersa) anunciou um concurso p\u00fablico com 24 vagas para a carreira de Professor do Magist\u00e9rio Superior. A remunera\u00e7\u00e3o pode chegar a R$ 14.288,85.<br \/>\nO edital tem oportunidades para forma\u00e7\u00e3o acad\u00eamica em diversas \u00e1reas do conhecimento e com lota\u00e7\u00f5es previstas para os campi de Angicos, Cara\u00fabas, Mossor\u00f3 e Pau dos Ferros.<br \/>\n\ud83d\udcf3 Clique aqui para seguir o canal do g1 RN no WhatsApp<br \/>\nAs inscri\u00e7\u00f5es ser\u00e3o abertas na pr\u00f3xima quarta-feira (26) e seguem at\u00e9 o dia 8 de janeiro de 2026, exclusivamente pela internet.<br \/>\nVeja os v\u00eddeos que est\u00e3o em alta no g1<br \/>\nO processo seletivo consta de quatro fases, entre eliminat\u00f3rias e classificat\u00f3rias:<br \/>\nProva escrita, com as datas de aplica\u00e7\u00e3o distribu\u00eddas por grupos, no dia 15 de mar\u00e7o de 2026 e 26 de abril de 2026<br \/>\nProva de aptid\u00e3o did\u00e1tica<br \/>\nProva de memorial e plano de trabalho<br \/>\nExames de t\u00edtulos<br \/>\nSegundo a institui\u00e7\u00e3o esse \u00e9 o maior concurso em n\u00famero de vagas para Professor Efetivo na Ufersa desde 2016.<br \/>\nVEJA O EDITAL AQUI<br \/>\nConcurso da Ufersa: veja vagas e forma\u00e7\u00f5es exigidas aos candidatos<br \/>\n\u201cEstamos trabalhando diuturnamente para atender da melhor forma poss\u00edvel as lacunas existentes, assim como garantir a expans\u00e3o para novos cursos de gradua\u00e7\u00e3o. Esse edital, com um n\u00famero significativo de vagas, \u00e9 resultado de uma grande for\u00e7a-tarefa com as unidades acad\u00eamicas e administrativas\u201d, disse o reitor da universidade, Rodrigo Codes.<br \/>\nA universidade ainda anunciou &#8220;dever\u00e1 publicar um outro edital para concurso de servidores da carreira de T\u00e9cnico Administrativo&#8221;, em breve, em decorr\u00eancia de novos c\u00f3digos de vagas entregues pelo Minist\u00e9rio da Educa\u00e7\u00e3o em outubro.<br \/>\nVeja os v\u00eddeos mais assistidos no g1 RN<\/p>","protected":false},"excerpt":{"rendered":"<p>Campus Ufersa Mossor\u00f3 sede frente fachada Eduardo Mendon\u00e7a\/Ufersa\/Divulga\u00e7\u00e3o A Universidade Federal Rural do Semi-\u00c1rido (Ufersa) anunciou um concurso p\u00fablico com 24 vagas para a carreira de Professor do Magist\u00e9rio Superior. &#8230;<\/p>\n","protected":false},"author":0,"featured_media":14533,"parent":0,"menu_order":0,"comment_status":"closed","ping_status":"closed","template":"","meta":{"footnotes":""},"class_list":["post-14532","page","type-page","status-publish","has-post-thumbnail","hentry"],"yoast_head":"<!-- This site is optimized with the Yoast SEO plugin v27.1.1 - https:\/\/yoast.com\/product\/yoast-seo-wordpress\/ -->\n<title>Concurso p\u00fablico da Ufersa tem 24 vagas para professor com sal\u00e1rios de at\u00e9 R$ 14 mil; veja vagas - Taveira Jr<\/title>\n<meta name=\"robots\" content=\"index, follow, max-snippet:-1, max-image-preview:large, max-video-preview:-1\" \/>\n<link rel=\"canonical\" href=\"https:\/\/deputadotaveirajr.com.br\/index.php\/concurso-publico-da-ufersa-tem-24-vagas-para-professor-com-salarios-de-ate-r-14-mil-veja-vagas\/\" \/>\n<meta property=\"og:locale\" content=\"pt_BR\" \/>\n<meta property=\"og:type\" content=\"article\" \/>\n<meta property=\"og:title\" content=\"Concurso p\u00fablico da Ufersa tem 24 vagas para professor com sal\u00e1rios de at\u00e9 R$ 14 mil; veja vagas - Taveira Jr\" \/>\n<meta property=\"og:description\" content=\"Campus Ufersa Mossor\u00f3 sede frente fachada Eduardo Mendon\u00e7a\/Ufersa\/Divulga\u00e7\u00e3o A Universidade Federal Rural do Semi-\u00c1rido (Ufersa) anunciou um concurso p\u00fablico com 24 vagas para a carreira de Professor do Magist\u00e9rio Superior. ...\" \/>\n<meta property=\"og:url\" content=\"https:\/\/deputadotaveirajr.com.br\/index.php\/concurso-publico-da-ufersa-tem-24-vagas-para-professor-com-salarios-de-ate-r-14-mil-veja-vagas\/\" \/>\n<meta property=\"og:site_name\" content=\"Taveira Jr\" \/>\n<meta property=\"og:image\" content=\"https:\/\/s2-g1.glbimg.com\/iNGtXYfJWGqS9BXVcAUz42vr2cI=\/i.s3.glbimg.com\/v1\/AUTH_59edd422c0c84a879bd37670ae4f538a\/internal_photos\/bs\/2025\/U\/r\/krxclqSuqDwUesKTHUYA\/ufersa.jpg\" \/>\n<meta name=\"twitter:card\" content=\"summary_large_image\" \/>\n<meta name=\"twitter:label1\" content=\"Est. tempo de leitura\" \/>\n\t<meta name=\"twitter:data1\" content=\"2 minutos\" \/>\n<script type=\"application\/ld+json\" class=\"yoast-schema-graph\">{\"@context\":\"https:\/\/schema.org\",\"@graph\":[{\"@type\":\"WebPage\",\"@id\":\"https:\/\/deputadotaveirajr.com.br\/index.php\/concurso-publico-da-ufersa-tem-24-vagas-para-professor-com-salarios-de-ate-r-14-mil-veja-vagas\/\",\"url\":\"https:\/\/deputadotaveirajr.com.br\/index.php\/concurso-publico-da-ufersa-tem-24-vagas-para-professor-com-salarios-de-ate-r-14-mil-veja-vagas\/\",\"name\":\"Concurso p\u00fablico da Ufersa tem 24 vagas para professor com sal\u00e1rios de at\u00e9 R$ 14 mil; veja vagas - Taveira Jr\",\"isPartOf\":{\"@id\":\"https:\/\/deputadotaveirajr.com.br\/#website\"},\"primaryImageOfPage\":{\"@id\":\"https:\/\/deputadotaveirajr.com.br\/index.php\/concurso-publico-da-ufersa-tem-24-vagas-para-professor-com-salarios-de-ate-r-14-mil-veja-vagas\/#primaryimage\"},\"image\":{\"@id\":\"https:\/\/deputadotaveirajr.com.br\/index.php\/concurso-publico-da-ufersa-tem-24-vagas-para-professor-com-salarios-de-ate-r-14-mil-veja-vagas\/#primaryimage\"},\"thumbnailUrl\":\"https:\/\/deputadotaveirajr.com.br\/wp-content\/uploads\/2025\/11\/ufersa-WE3KZB.jpg\",\"datePublished\":\"2025-11-22T14:55:39+00:00\",\"breadcrumb\":{\"@id\":\"https:\/\/deputadotaveirajr.com.br\/index.php\/concurso-publico-da-ufersa-tem-24-vagas-para-professor-com-salarios-de-ate-r-14-mil-veja-vagas\/#breadcrumb\"},\"inLanguage\":\"pt-BR\",\"potentialAction\":[{\"@type\":\"ReadAction\",\"target\":[\"https:\/\/deputadotaveirajr.com.br\/index.php\/concurso-publico-da-ufersa-tem-24-vagas-para-professor-com-salarios-de-ate-r-14-mil-veja-vagas\/\"]}]},{\"@type\":\"ImageObject\",\"inLanguage\":\"pt-BR\",\"@id\":\"https:\/\/deputadotaveirajr.com.br\/index.php\/concurso-publico-da-ufersa-tem-24-vagas-para-professor-com-salarios-de-ate-r-14-mil-veja-vagas\/#primaryimage\",\"url\":\"https:\/\/deputadotaveirajr.com.br\/wp-content\/uploads\/2025\/11\/ufersa-WE3KZB.jpg\",\"contentUrl\":\"https:\/\/deputadotaveirajr.com.br\/wp-content\/uploads\/2025\/11\/ufersa-WE3KZB.jpg\",\"width\":1479,\"height\":883},{\"@type\":\"BreadcrumbList\",\"@id\":\"https:\/\/deputadotaveirajr.com.br\/index.php\/concurso-publico-da-ufersa-tem-24-vagas-para-professor-com-salarios-de-ate-r-14-mil-veja-vagas\/#breadcrumb\",\"itemListElement\":[{\"@type\":\"ListItem\",\"position\":1,\"name\":\"In\u00edcio\",\"item\":\"https:\/\/deputadotaveirajr.com.br\/\"},{\"@type\":\"ListItem\",\"position\":2,\"name\":\"Concurso p\u00fablico da Ufersa tem 24 vagas para professor com sal\u00e1rios de at\u00e9 R$ 14 mil; veja vagas\"}]},{\"@type\":\"WebSite\",\"@id\":\"https:\/\/deputadotaveirajr.com.br\/#website\",\"url\":\"https:\/\/deputadotaveirajr.com.br\/\",\"name\":\"Taveira Jr\",\"description\":\"Deputado Estadual\",\"publisher\":{\"@id\":\"https:\/\/deputadotaveirajr.com.br\/#organization\"},\"potentialAction\":[{\"@type\":\"SearchAction\",\"target\":{\"@type\":\"EntryPoint\",\"urlTemplate\":\"https:\/\/deputadotaveirajr.com.br\/?s={search_term_string}\"},\"query-input\":{\"@type\":\"PropertyValueSpecification\",\"valueRequired\":true,\"valueName\":\"search_term_string\"}}],\"inLanguage\":\"pt-BR\"},{\"@type\":\"Organization\",\"@id\":\"https:\/\/deputadotaveirajr.com.br\/#organization\",\"name\":\"Taveira Jr\",\"url\":\"https:\/\/deputadotaveirajr.com.br\/\",\"logo\":{\"@type\":\"ImageObject\",\"inLanguage\":\"pt-BR\",\"@id\":\"https:\/\/deputadotaveirajr.com.br\/#\/schema\/logo\/image\/\",\"url\":\"https:\/\/deputadotaveirajr.com.br\/wp-content\/uploads\/2026\/01\/logolow2a.png\",\"contentUrl\":\"https:\/\/deputadotaveirajr.com.br\/wp-content\/uploads\/2026\/01\/logolow2a.png\",\"width\":290,\"height\":80,\"caption\":\"Taveira Jr\"},\"image\":{\"@id\":\"https:\/\/deputadotaveirajr.com.br\/#\/schema\/logo\/image\/\"}}]}<\/script>\n<!-- \/ Yoast SEO plugin. -->","yoast_head_json":{"title":"Concurso p\u00fablico da Ufersa tem 24 vagas para professor com sal\u00e1rios de at\u00e9 R$ 14 mil; veja vagas - Taveira Jr","robots":{"index":"index","follow":"follow","max-snippet":"max-snippet:-1","max-image-preview":"max-image-preview:large","max-video-preview":"max-video-preview:-1"},"canonical":"https:\/\/deputadotaveirajr.com.br\/index.php\/concurso-publico-da-ufersa-tem-24-vagas-para-professor-com-salarios-de-ate-r-14-mil-veja-vagas\/","og_locale":"pt_BR","og_type":"article","og_title":"Concurso p\u00fablico da Ufersa tem 24 vagas para professor com sal\u00e1rios de at\u00e9 R$ 14 mil; veja vagas - Taveira Jr","og_description":"Campus Ufersa Mossor\u00f3 sede frente fachada Eduardo Mendon\u00e7a\/Ufersa\/Divulga\u00e7\u00e3o A Universidade Federal Rural do Semi-\u00c1rido (Ufersa) anunciou um concurso p\u00fablico com 24 vagas para a carreira de Professor do Magist\u00e9rio Superior. ...","og_url":"https:\/\/deputadotaveirajr.com.br\/index.php\/concurso-publico-da-ufersa-tem-24-vagas-para-professor-com-salarios-de-ate-r-14-mil-veja-vagas\/","og_site_name":"Taveira Jr","og_image":[{"url":"https:\/\/s2-g1.glbimg.com\/iNGtXYfJWGqS9BXVcAUz42vr2cI=\/i.s3.glbimg.com\/v1\/AUTH_59edd422c0c84a879bd37670ae4f538a\/internal_photos\/bs\/2025\/U\/r\/krxclqSuqDwUesKTHUYA\/ufersa.jpg","type":"","width":"","height":""}],"twitter_card":"summary_large_image","twitter_misc":{"Est. tempo de leitura":"2 minutos"},"schema":{"@context":"https:\/\/schema.org","@graph":[{"@type":"WebPage","@id":"https:\/\/deputadotaveirajr.com.br\/index.php\/concurso-publico-da-ufersa-tem-24-vagas-para-professor-com-salarios-de-ate-r-14-mil-veja-vagas\/","url":"https:\/\/deputadotaveirajr.com.br\/index.php\/concurso-publico-da-ufersa-tem-24-vagas-para-professor-com-salarios-de-ate-r-14-mil-veja-vagas\/","name":"Concurso p\u00fablico da Ufersa tem 24 vagas para professor com sal\u00e1rios de at\u00e9 R$ 14 mil; veja vagas - Taveira Jr","isPartOf":{"@id":"https:\/\/deputadotaveirajr.com.br\/#website"},"primaryImageOfPage":{"@id":"https:\/\/deputadotaveirajr.com.br\/index.php\/concurso-publico-da-ufersa-tem-24-vagas-para-professor-com-salarios-de-ate-r-14-mil-veja-vagas\/#primaryimage"},"image":{"@id":"https:\/\/deputadotaveirajr.com.br\/index.php\/concurso-publico-da-ufersa-tem-24-vagas-para-professor-com-salarios-de-ate-r-14-mil-veja-vagas\/#primaryimage"},"thumbnailUrl":"https:\/\/deputadotaveirajr.com.br\/wp-content\/uploads\/2025\/11\/ufersa-WE3KZB.jpg","datePublished":"2025-11-22T14:55:39+00:00","breadcrumb":{"@id":"https:\/\/deputadotaveirajr.com.br\/index.php\/concurso-publico-da-ufersa-tem-24-vagas-para-professor-com-salarios-de-ate-r-14-mil-veja-vagas\/#breadcrumb"},"inLanguage":"pt-BR","potentialAction":[{"@type":"ReadAction","target":["https:\/\/deputadotaveirajr.com.br\/index.php\/concurso-publico-da-ufersa-tem-24-vagas-para-professor-com-salarios-de-ate-r-14-mil-veja-vagas\/"]}]},{"@type":"ImageObject","inLanguage":"pt-BR","@id":"https:\/\/deputadotaveirajr.com.br\/index.php\/concurso-publico-da-ufersa-tem-24-vagas-para-professor-com-salarios-de-ate-r-14-mil-veja-vagas\/#primaryimage","url":"https:\/\/deputadotaveirajr.com.br\/wp-content\/uploads\/2025\/11\/ufersa-WE3KZB.jpg","contentUrl":"https:\/\/deputadotaveirajr.com.br\/wp-content\/uploads\/2025\/11\/ufersa-WE3KZB.jpg","width":1479,"height":883},{"@type":"BreadcrumbList","@id":"https:\/\/deputadotaveirajr.com.br\/index.php\/concurso-publico-da-ufersa-tem-24-vagas-para-professor-com-salarios-de-ate-r-14-mil-veja-vagas\/#breadcrumb","itemListElement":[{"@type":"ListItem","position":1,"name":"In\u00edcio","item":"https:\/\/deputadotaveirajr.com.br\/"},{"@type":"ListItem","position":2,"name":"Concurso p\u00fablico da Ufersa tem 24 vagas para professor com sal\u00e1rios de at\u00e9 R$ 14 mil; veja vagas"}]},{"@type":"WebSite","@id":"https:\/\/deputadotaveirajr.com.br\/#website","url":"https:\/\/deputadotaveirajr.com.br\/","name":"Taveira Jr","description":"Deputado Estadual","publisher":{"@id":"https:\/\/deputadotaveirajr.com.br\/#organization"},"potentialAction":[{"@type":"SearchAction","target":{"@type":"EntryPoint","urlTemplate":"https:\/\/deputadotaveirajr.com.br\/?s={search_term_string}"},"query-input":{"@type":"PropertyValueSpecification","valueRequired":true,"valueName":"search_term_string"}}],"inLanguage":"pt-BR"},{"@type":"Organization","@id":"https:\/\/deputadotaveirajr.com.br\/#organization","name":"Taveira Jr","url":"https:\/\/deputadotaveirajr.com.br\/","logo":{"@type":"ImageObject","inLanguage":"pt-BR","@id":"https:\/\/deputadotaveirajr.com.br\/#\/schema\/logo\/image\/","url":"https:\/\/deputadotaveirajr.com.br\/wp-content\/uploads\/2026\/01\/logolow2a.png","contentUrl":"https:\/\/deputadotaveirajr.com.br\/wp-content\/uploads\/2026\/01\/logolow2a.png","width":290,"height":80,"caption":"Taveira Jr"},"image":{"@id":"https:\/\/deputadotaveirajr.com.br\/#\/schema\/logo\/image\/"}}]}},"_links":{"self":[{"href":"https:\/\/deputadotaveirajr.com.br\/index.php\/wp-json\/wp\/v2\/pages\/14532","targetHints":{"allow":["GET"]}}],"collection":[{"href":"https:\/\/deputadotaveirajr.com.br\/index.php\/wp-json\/wp\/v2\/pages"}],"about":[{"href":"https:\/\/deputadotaveirajr.com.br\/index.php\/wp-json\/wp\/v2\/types\/page"}],"replies":[{"embeddable":true,"href":"https:\/\/deputadotaveirajr.com.br\/index.php\/wp-json\/wp\/v2\/comments?post=14532"}],"version-history":[{"count":0,"href":"https:\/\/deputadotaveirajr.com.br\/index.php\/wp-json\/wp\/v2\/pages\/14532\/revisions"}],"wp:featuredmedia":[{"embeddable":true,"href":"https:\/\/deputadotaveirajr.com.br\/index.php\/wp-json\/wp\/v2\/media\/14533"}],"wp:attachment":[{"href":"https:\/\/deputadotaveirajr.com.br\/index.php\/wp-json\/wp\/v2\/media?parent=14532"}],"curies":[{"name":"wp","href":"https:\/\/api.w.org\/{rel}","templated":true}]}}